[INFO] fetching crate ntp-udp 1.1.0-alpha.20231123...
[INFO] testing ntp-udp-1.1.0-alpha.20231123 against 1.75.0 for beta-1.76-1
[INFO] extracting crate ntp-udp 1.1.0-alpha.20231123 into /workspace/builds/worker-6-tc1/source
[INFO] validating manifest of crates.io crate ntp-udp 1.1.0-alpha.20231123 on toolchain 1.75.0
[INFO] running `Command { std: CARGO_HOME="/workspace/cargo-home" RUSTUP_HOME="/workspace/rustup-home" "/workspace/cargo-home/bin/cargo" "+1.75.0" "metadata" "--manifest-path" "Cargo.toml" "--no-deps", kill_on_drop: false }`
[INFO] started tweaking crates.io crate ntp-udp 1.1.0-alpha.20231123
[INFO] finished tweaking crates.io crate ntp-udp 1.1.0-alpha.20231123
[INFO] tweaked toml for crates.io crate ntp-udp 1.1.0-alpha.20231123 written to /workspace/builds/worker-6-tc1/source/Cargo.toml
[INFO] running `Command { std: CARGO_HOME="/workspace/cargo-home" RUSTUP_HOME="/workspace/rustup-home" "/workspace/cargo-home/bin/cargo" "+1.75.0" "generate-lockfile" "--manifest-path" "Cargo.toml", kill_on_drop: false }`
[INFO] [stderr]     Updating crates.io index
[INFO] running `Command { std: CARGO_HOME="/workspace/cargo-home" RUSTUP_HOME="/workspace/rustup-home" "/workspace/cargo-home/bin/cargo" "+1.75.0" "fetch" "--manifest-path" "Cargo.toml", kill_on_drop: false }`
[INFO] [stderr]  Downloading crates ...
[INFO] [stderr]   Downloaded aes-siv v0.7.0
[INFO] [stderr]   Downloaded dbl v0.3.2
[INFO] [stderr]   Downloaded cmac v0.7.2
[INFO] [stderr]   Downloaded ntp-proto v1.1.0
[INFO] running `Command { std: "docker" "create" "-v" "/var/lib/crater-agent-workspace/builds/worker-6-tc1/target:/opt/rustwide/target:rw,Z" "-v" "/var/lib/crater-agent-workspace/builds/worker-6-tc1/source:/opt/rustwide/workdir:ro,Z" "-v" "/var/lib/crater-agent-workspace/cargo-home:/opt/rustwide/cargo-home:ro,Z" "-v" "/var/lib/crater-agent-workspace/rustup-home:/opt/rustwide/rustup-home:ro,Z" "-e" "SOURCE_DIR=/opt/rustwide/workdir" "-e" "CARGO_TARGET_DIR=/opt/rustwide/target" "-e" "CARGO_HOME=/opt/rustwide/cargo-home" "-e" "RUSTUP_HOME=/opt/rustwide/rustup-home" "-w" "/opt/rustwide/workdir" "-m" "1610612736" "--user" "0:0" "--network" "none" "ghcr.io/rust-lang/crates-build-env/linux@sha256:2788e3201cd34a07e3172128adcd8b3090168a8e3bcc40d7c032b9dda1df7d1c" "/opt/rustwide/cargo-home/bin/cargo" "+1.75.0" "metadata" "--no-deps" "--format-version=1", kill_on_drop: false }`
[INFO] [stdout] ab7b36930ecdc76cf23fa531837c9f73c0c738a29e8475a06a7b938bb9895d29
[INFO] running `Command { std: "docker" "start" "-a" "ab7b36930ecdc76cf23fa531837c9f73c0c738a29e8475a06a7b938bb9895d29", kill_on_drop: false }`
[INFO] running `Command { std: "docker" "inspect" "ab7b36930ecdc76cf23fa531837c9f73c0c738a29e8475a06a7b938bb9895d29", kill_on_drop: false }`
[INFO] running `Command { std: "docker" "rm" "-f" "ab7b36930ecdc76cf23fa531837c9f73c0c738a29e8475a06a7b938bb9895d29", kill_on_drop: false }`
[INFO] [stdout] ab7b36930ecdc76cf23fa531837c9f73c0c738a29e8475a06a7b938bb9895d29
[INFO] running `Command { std: "docker" "create" "-v" "/var/lib/crater-agent-workspace/builds/worker-6-tc1/target:/opt/rustwide/target:rw,Z" "-v" "/var/lib/crater-agent-workspace/builds/worker-6-tc1/source:/opt/rustwide/workdir:ro,Z" "-v" "/var/lib/crater-agent-workspace/cargo-home:/opt/rustwide/cargo-home:ro,Z" "-v" "/var/lib/crater-agent-workspace/rustup-home:/opt/rustwide/rustup-home:ro,Z" "-e" "SOURCE_DIR=/opt/rustwide/workdir" "-e" "CARGO_TARGET_DIR=/opt/rustwide/target" "-e" "CARGO_INCREMENTAL=0" "-e" "RUST_BACKTRACE=full" "-e" "RUSTFLAGS=--cap-lints=warn" "-e" "RUSTDOCFLAGS=--cap-lints=warn" "-e" "CARGO_HOME=/opt/rustwide/cargo-home" "-e" "RUSTUP_HOME=/opt/rustwide/rustup-home" "-w" "/opt/rustwide/workdir" "-m" "1610612736" "--user" "0:0" "--network" "none" "ghcr.io/rust-lang/crates-build-env/linux@sha256:2788e3201cd34a07e3172128adcd8b3090168a8e3bcc40d7c032b9dda1df7d1c" "/opt/rustwide/cargo-home/bin/cargo" "+1.75.0" "build" "--frozen" "--message-format=json", kill_on_drop: false }`
[INFO] [stdout] 4091856de4e4e4f630e789c869633fd3555a49548465a05d4b7a7e721fb1fcb7
[INFO] running `Command { std: "docker" "start" "-a" "4091856de4e4e4f630e789c869633fd3555a49548465a05d4b7a7e721fb1fcb7", kill_on_drop: false }`
[INFO] [stderr]    Compiling libc v0.2.151
[INFO] [stderr]    Compiling subtle v2.5.0
[INFO] [stderr]    Compiling spin v0.9.8
[INFO] [stderr]    Compiling rustls v0.21.10
[INFO] [stderr]    Compiling crypto-common v0.1.6
[INFO] [stderr]    Compiling syn v2.0.48
[INFO] [stderr]    Compiling inout v0.1.3
[INFO] [stderr]    Compiling dbl v0.3.2
[INFO] [stderr]    Compiling digest v0.10.7
[INFO] [stderr]    Compiling serde v1.0.194
[INFO] [stderr]    Compiling cipher v0.4.4
[INFO] [stderr]    Compiling tracing-core v0.1.32
[INFO] [stderr]    Compiling aead v0.5.2
[INFO] [stderr]    Compiling zeroize v1.7.0
[INFO] [stderr]    Compiling log v0.4.20
[INFO] [stderr]    Compiling md-5 v0.10.6
[INFO] [stderr]    Compiling cmac v0.7.2
[INFO] [stderr]    Compiling ctr v0.9.2
[INFO] [stderr]    Compiling aes v0.8.3
[INFO] [stderr]    Compiling mio v0.8.10
[INFO] [stderr]    Compiling socket2 v0.5.5
[INFO] [stderr]    Compiling aes-siv v0.7.0
[INFO] [stderr]    Compiling tokio v1.35.1
[INFO] [stderr]    Compiling cc v1.0.83
[INFO] [stderr]    Compiling ring v0.17.7
[INFO] [stderr]    Compiling serde_derive v1.0.194
[INFO] [stderr]    Compiling thiserror-impl v1.0.56
[INFO] [stderr]    Compiling tracing-attributes v0.1.27
[INFO] [stderr]    Compiling tracing v0.1.40
[INFO] [stderr]    Compiling thiserror v1.0.56
[INFO] [stderr]    Compiling sct v0.7.1
[INFO] [stderr]    Compiling rustls-webpki v0.101.7
[INFO] [stderr]    Compiling ntp-proto v1.1.0
[INFO] [stderr]    Compiling ntp-udp v1.1.0-alpha.20231123 (/opt/rustwide/workdir)
[INFO] [stderr]     Finished dev [unoptimized + debuginfo] target(s) in 11.22s
[INFO] running `Command { std: "docker" "inspect" "4091856de4e4e4f630e789c869633fd3555a49548465a05d4b7a7e721fb1fcb7", kill_on_drop: false }`
[INFO] running `Command { std: "docker" "rm" "-f" "4091856de4e4e4f630e789c869633fd3555a49548465a05d4b7a7e721fb1fcb7", kill_on_drop: false }`
[INFO] [stdout] 4091856de4e4e4f630e789c869633fd3555a49548465a05d4b7a7e721fb1fcb7
[INFO] running `Command { std: "docker" "create" "-v" "/var/lib/crater-agent-workspace/builds/worker-6-tc1/target:/opt/rustwide/target:rw,Z" "-v" "/var/lib/crater-agent-workspace/builds/worker-6-tc1/source:/opt/rustwide/workdir:ro,Z" "-v" "/var/lib/crater-agent-workspace/cargo-home:/opt/rustwide/cargo-home:ro,Z" "-v" "/var/lib/crater-agent-workspace/rustup-home:/opt/rustwide/rustup-home:ro,Z" "-e" "SOURCE_DIR=/opt/rustwide/workdir" "-e" "CARGO_TARGET_DIR=/opt/rustwide/target" "-e" "CARGO_INCREMENTAL=0" "-e" "RUST_BACKTRACE=full" "-e" "RUSTFLAGS=--cap-lints=warn" "-e" "RUSTDOCFLAGS=--cap-lints=warn" "-e" "CARGO_HOME=/opt/rustwide/cargo-home" "-e" "RUSTUP_HOME=/opt/rustwide/rustup-home" "-w" "/opt/rustwide/workdir" "-m" "1610612736" "--user" "0:0" "--network" "none" "ghcr.io/rust-lang/crates-build-env/linux@sha256:2788e3201cd34a07e3172128adcd8b3090168a8e3bcc40d7c032b9dda1df7d1c" "/opt/rustwide/cargo-home/bin/cargo" "+1.75.0" "test" "--frozen" "--no-run" "--message-format=json", kill_on_drop: false }`
[INFO] [stdout] 9a9340f9e353836129e77a9e33c6ce7cf8570a25484eb62096ae4dffb6b13658
[INFO] running `Command { std: "docker" "start" "-a" "9a9340f9e353836129e77a9e33c6ce7cf8570a25484eb62096ae4dffb6b13658", kill_on_drop: false }`
[INFO] [stderr]    Compiling tokio v1.35.1
[INFO] [stderr]    Compiling ntp-udp v1.1.0-alpha.20231123 (/opt/rustwide/workdir)
[INFO] [stdout] error[E0433]: failed to resolve: could not find `test` in `tokio`
[INFO] [stdout]    --> src/socket.rs:370:14
[INFO] [stdout]     |
[INFO] [stdout] 370 |     #[tokio::test]
[INFO] [stdout]     |              ^^^^ could not find `test` in `tokio`
[INFO] [stdout] 
[INFO] [stdout] 
[INFO] [stdout] error[E0433]: failed to resolve: could not find `test` in `tokio`
[INFO] [stdout]    --> src/socket.rs:399:14
[INFO] [stdout]     |
[INFO] [stdout] 399 |     #[tokio::test]
[INFO] [stdout]     |              ^^^^ could not find `test` in `tokio`
[INFO] [stdout] 
[INFO] [stdout] 
[INFO] [stdout] error[E0433]: failed to resolve: could not find `test` in `tokio`
[INFO] [stdout]    --> src/socket.rs:428:14
[INFO] [stdout]     |
[INFO] [stdout] 428 |     #[tokio::test]
[INFO] [stdout]     |              ^^^^ could not find `test` in `tokio`
[INFO] [stdout] 
[INFO] [stdout] 
[INFO] [stdout] error[E0433]: failed to resolve: could not find `test` in `tokio`
[INFO] [stdout]    --> src/socket.rs:454:14
[INFO] [stdout]     |
[INFO] [stdout] 454 |     #[tokio::test]
[INFO] [stdout]     |              ^^^^ could not find `test` in `tokio`
[INFO] [stdout] 
[INFO] [stdout] 
[INFO] [stdout] error[E0433]: failed to resolve: could not find `test` in `tokio`
[INFO] [stdout]    --> src/socket.rs:526:14
[INFO] [stdout]     |
[INFO] [stdout] 526 |     #[tokio::test]
[INFO] [stdout]     |              ^^^^ could not find `test` in `tokio`
[INFO] [stdout] 
[INFO] [stdout] 
[INFO] [stdout] error[E0433]: failed to resolve: could not find `test` in `tokio`
[INFO] [stdout]    --> src/socket.rs:532:14
[INFO] [stdout]     |
[INFO] [stdout] 532 |     #[tokio::test]
[INFO] [stdout]     |              ^^^^ could not find `test` in `tokio`
[INFO] [stdout] 
[INFO] [stdout] 
[INFO] [stdout] error[E0433]: failed to resolve: could not find `test` in `tokio`
[INFO] [stdout]    --> src/socket.rs:538:14
[INFO] [stdout]     |
[INFO] [stdout] 538 |     #[tokio::test]
[INFO] [stdout]     |              ^^^^ could not find `test` in `tokio`
[INFO] [stdout] 
[INFO] [stdout] 
[INFO] [stdout] error[E0433]: failed to resolve: could not find `test` in `tokio`
[INFO] [stdout]    --> src/socket.rs:544:14
[INFO] [stdout]     |
[INFO] [stdout] 544 |     #[tokio::test]
[INFO] [stdout]     |              ^^^^ could not find `test` in `tokio`
[INFO] [stdout] 
[INFO] [stdout] 
[INFO] [stdout] error: aborting due to 8 previous errors
[INFO] [stdout] 
[INFO] [stdout] 
[INFO] [stdout] For more information about this error, try `rustc --explain E0433`.
[INFO] [stdout] 
[INFO] [stderr] error: could not compile `ntp-udp` (lib test) due to 9 previous errors
[INFO] running `Command { std: "docker" "inspect" "9a9340f9e353836129e77a9e33c6ce7cf8570a25484eb62096ae4dffb6b13658", kill_on_drop: false }`
[INFO] running `Command { std: "docker" "rm" "-f" "9a9340f9e353836129e77a9e33c6ce7cf8570a25484eb62096ae4dffb6b13658", kill_on_drop: false }`
[INFO] [stdout] 9a9340f9e353836129e77a9e33c6ce7cf8570a25484eb62096ae4dffb6b13658
[INFO] testing ntp-udp-1.1.0-alpha.20231123 against beta-2023-12-22 for beta-1.76-1
[INFO] extracting crate ntp-udp 1.1.0-alpha.20231123 into /workspace/builds/worker-6-tc2/source
[INFO] validating manifest of crates.io crate ntp-udp 1.1.0-alpha.20231123 on toolchain beta-2023-12-22
[INFO] running `Command { std: CARGO_HOME="/workspace/cargo-home" RUSTUP_HOME="/workspace/rustup-home" "/workspace/cargo-home/bin/cargo" "+beta-2023-12-22" "metadata" "--manifest-path" "Cargo.toml" "--no-deps", kill_on_drop: false }`
[INFO] started tweaking crates.io crate ntp-udp 1.1.0-alpha.20231123
[INFO] finished tweaking crates.io crate ntp-udp 1.1.0-alpha.20231123
[INFO] tweaked toml for crates.io crate ntp-udp 1.1.0-alpha.20231123 written to /workspace/builds/worker-6-tc2/source/Cargo.toml
[INFO] running `Command { std: CARGO_HOME="/workspace/cargo-home" RUSTUP_HOME="/workspace/rustup-home" "/workspace/cargo-home/bin/cargo" "+beta-2023-12-22" "generate-lockfile" "--manifest-path" "Cargo.toml", kill_on_drop: false }`
[INFO] [stderr]     Updating crates.io index
[INFO] running `Command { std: CARGO_HOME="/workspace/cargo-home" RUSTUP_HOME="/workspace/rustup-home" "/workspace/cargo-home/bin/cargo" "+beta-2023-12-22" "fetch" "--manifest-path" "Cargo.toml", kill_on_drop: false }`
[INFO] running `Command { std: "docker" "create" "-v" "/var/lib/crater-agent-workspace/builds/worker-6-tc2/target:/opt/rustwide/target:rw,Z" "-v" "/var/lib/crater-agent-workspace/builds/worker-6-tc2/source:/opt/rustwide/workdir:ro,Z" "-v" "/var/lib/crater-agent-workspace/cargo-home:/opt/rustwide/cargo-home:ro,Z" "-v" "/var/lib/crater-agent-workspace/rustup-home:/opt/rustwide/rustup-home:ro,Z" "-e" "SOURCE_DIR=/opt/rustwide/workdir" "-e" "CARGO_TARGET_DIR=/opt/rustwide/target" "-e" "CARGO_HOME=/opt/rustwide/cargo-home" "-e" "RUSTUP_HOME=/opt/rustwide/rustup-home" "-w" "/opt/rustwide/workdir" "-m" "1610612736" "--user" "0:0" "--network" "none" "ghcr.io/rust-lang/crates-build-env/linux@sha256:2788e3201cd34a07e3172128adcd8b3090168a8e3bcc40d7c032b9dda1df7d1c" "/opt/rustwide/cargo-home/bin/cargo" "+beta-2023-12-22" "metadata" "--no-deps" "--format-version=1", kill_on_drop: false }`
[INFO] [stdout] d425263f800712fdaa024bb12c9006f4a0829489540a54c4c0cbb5abb76bede3
[INFO] running `Command { std: "docker" "start" "-a" "d425263f800712fdaa024bb12c9006f4a0829489540a54c4c0cbb5abb76bede3", kill_on_drop: false }`
[INFO] running `Command { std: "docker" "inspect" "d425263f800712fdaa024bb12c9006f4a0829489540a54c4c0cbb5abb76bede3", kill_on_drop: false }`
[INFO] running `Command { std: "docker" "rm" "-f" "d425263f800712fdaa024bb12c9006f4a0829489540a54c4c0cbb5abb76bede3", kill_on_drop: false }`
[INFO] [stdout] d425263f800712fdaa024bb12c9006f4a0829489540a54c4c0cbb5abb76bede3
[INFO] running `Command { std: "docker" "create" "-v" "/var/lib/crater-agent-workspace/builds/worker-6-tc2/target:/opt/rustwide/target:rw,Z" "-v" "/var/lib/crater-agent-workspace/builds/worker-6-tc2/source:/opt/rustwide/workdir:ro,Z" "-v" "/var/lib/crater-agent-workspace/cargo-home:/opt/rustwide/cargo-home:ro,Z" "-v" "/var/lib/crater-agent-workspace/rustup-home:/opt/rustwide/rustup-home:ro,Z" "-e" "SOURCE_DIR=/opt/rustwide/workdir" "-e" "CARGO_TARGET_DIR=/opt/rustwide/target" "-e" "CARGO_INCREMENTAL=0" "-e" "RUST_BACKTRACE=full" "-e" "RUSTFLAGS=--cap-lints=warn" "-e" "RUSTDOCFLAGS=--cap-lints=warn" "-e" "CARGO_HOME=/opt/rustwide/cargo-home" "-e" "RUSTUP_HOME=/opt/rustwide/rustup-home" "-w" "/opt/rustwide/workdir" "-m" "1610612736" "--user" "0:0" "--network" "none" "ghcr.io/rust-lang/crates-build-env/linux@sha256:2788e3201cd34a07e3172128adcd8b3090168a8e3bcc40d7c032b9dda1df7d1c" "/opt/rustwide/cargo-home/bin/cargo" "+beta-2023-12-22" "build" "--frozen" "--message-format=json", kill_on_drop: false }`
[INFO] [stdout] d2ab1881482abdc39d5690b9c5a8b86dd0d16962f9ba7cfda64df1d624e177d0
[INFO] running `Command { std: "docker" "start" "-a" "d2ab1881482abdc39d5690b9c5a8b86dd0d16962f9ba7cfda64df1d624e177d0", kill_on_drop: false }`
[INFO] [stderr]    Compiling libc v0.2.151
[INFO] [stderr]    Compiling subtle v2.5.0
[INFO] [stderr]    Compiling spin v0.9.8
[INFO] [stderr]    Compiling serde v1.0.194
[INFO] [stderr]    Compiling rustls v0.21.10
[INFO] [stderr]    Compiling crypto-common v0.1.6
[INFO] [stderr]    Compiling syn v2.0.48
[INFO] [stderr]    Compiling inout v0.1.3
[INFO] [stderr]    Compiling dbl v0.3.2
[INFO] [stderr]    Compiling cipher v0.4.4
[INFO] [stderr]    Compiling digest v0.10.7
[INFO] [stderr]    Compiling tracing-core v0.1.32
[INFO] [stderr]    Compiling aead v0.5.2
[INFO] [stderr]    Compiling zeroize v1.7.0
[INFO] [stderr]    Compiling log v0.4.20
[INFO] [stderr]    Compiling cmac v0.7.2
[INFO] [stderr]    Compiling ctr v0.9.2
[INFO] [stderr]    Compiling aes v0.8.3
[INFO] [stderr]    Compiling md-5 v0.10.6
[INFO] [stderr]    Compiling mio v0.8.10
[INFO] [stderr]    Compiling socket2 v0.5.5
[INFO] [stderr]    Compiling tokio v1.35.1
[INFO] [stderr]    Compiling aes-siv v0.7.0
[INFO] [stderr]    Compiling cc v1.0.83
[INFO] [stderr]    Compiling ring v0.17.7
[INFO] [stderr]    Compiling serde_derive v1.0.194
[INFO] [stderr]    Compiling thiserror-impl v1.0.56
[INFO] [stderr]    Compiling tracing-attributes v0.1.27
[INFO] [stderr]    Compiling thiserror v1.0.56
[INFO] [stderr]    Compiling tracing v0.1.40
[INFO] [stderr]    Compiling rustls-webpki v0.101.7
[INFO] [stderr]    Compiling sct v0.7.1
[INFO] [stderr]    Compiling ntp-proto v1.1.0
[INFO] [stderr]    Compiling ntp-udp v1.1.0-alpha.20231123 (/opt/rustwide/workdir)
[INFO] [stderr]     Finished dev [unoptimized + debuginfo] target(s) in 14.66s
[INFO] running `Command { std: "docker" "inspect" "d2ab1881482abdc39d5690b9c5a8b86dd0d16962f9ba7cfda64df1d624e177d0", kill_on_drop: false }`
[INFO] running `Command { std: "docker" "rm" "-f" "d2ab1881482abdc39d5690b9c5a8b86dd0d16962f9ba7cfda64df1d624e177d0", kill_on_drop: false }`
[INFO] [stdout] d2ab1881482abdc39d5690b9c5a8b86dd0d16962f9ba7cfda64df1d624e177d0
[INFO] running `Command { std: "docker" "create" "-v" "/var/lib/crater-agent-workspace/builds/worker-6-tc2/target:/opt/rustwide/target:rw,Z" "-v" "/var/lib/crater-agent-workspace/builds/worker-6-tc2/source:/opt/rustwide/workdir:ro,Z" "-v" "/var/lib/crater-agent-workspace/cargo-home:/opt/rustwide/cargo-home:ro,Z" "-v" "/var/lib/crater-agent-workspace/rustup-home:/opt/rustwide/rustup-home:ro,Z" "-e" "SOURCE_DIR=/opt/rustwide/workdir" "-e" "CARGO_TARGET_DIR=/opt/rustwide/target" "-e" "CARGO_INCREMENTAL=0" "-e" "RUST_BACKTRACE=full" "-e" "RUSTFLAGS=--cap-lints=warn" "-e" "RUSTDOCFLAGS=--cap-lints=warn" "-e" "CARGO_HOME=/opt/rustwide/cargo-home" "-e" "RUSTUP_HOME=/opt/rustwide/rustup-home" "-w" "/opt/rustwide/workdir" "-m" "1610612736" "--user" "0:0" "--network" "none" "ghcr.io/rust-lang/crates-build-env/linux@sha256:2788e3201cd34a07e3172128adcd8b3090168a8e3bcc40d7c032b9dda1df7d1c" "/opt/rustwide/cargo-home/bin/cargo" "+beta-2023-12-22" "test" "--frozen" "--no-run" "--message-format=json", kill_on_drop: false }`
[INFO] [stdout] e4f0a1720cb391bac398bb5fb197ab58f3e4bf138cce901376ded3b66a1fb74f
[INFO] running `Command { std: "docker" "start" "-a" "e4f0a1720cb391bac398bb5fb197ab58f3e4bf138cce901376ded3b66a1fb74f", kill_on_drop: false }`
[INFO] [stderr]    Compiling tokio v1.35.1
[INFO] [stderr]    Compiling ntp-udp v1.1.0-alpha.20231123 (/opt/rustwide/workdir)
[INFO] [stdout] error[E0433]: failed to resolve: could not find `test` in `tokio`
[INFO] [stdout]    --> src/socket.rs:370:14
[INFO] [stdout]     |
[INFO] [stdout] 370 |     #[tokio::test]
[INFO] [stdout]     |              ^^^^ could not find `test` in `tokio`
[INFO] [stdout] 
[INFO] [stdout] 
[INFO] [stdout] error[E0433]: failed to resolve: could not find `test` in `tokio`
[INFO] [stdout]    --> src/socket.rs:399:14
[INFO] [stdout]     |
[INFO] [stdout] 399 |     #[tokio::test]
[INFO] [stdout]     |              ^^^^ could not find `test` in `tokio`
[INFO] [stdout] 
[INFO] [stdout] 
[INFO] [stdout] error[E0433]: failed to resolve: could not find `test` in `tokio`
[INFO] [stdout]    --> src/socket.rs:428:14
[INFO] [stdout]     |
[INFO] [stdout] 428 |     #[tokio::test]
[INFO] [stdout]     |              ^^^^ could not find `test` in `tokio`
[INFO] [stdout] 
[INFO] [stdout] 
[INFO] [stdout] error[E0433]: failed to resolve: could not find `test` in `tokio`
[INFO] [stdout]    --> src/socket.rs:454:14
[INFO] [stdout]     |
[INFO] [stdout] 454 |     #[tokio::test]
[INFO] [stdout]     |              ^^^^ could not find `test` in `tokio`
[INFO] [stdout] 
[INFO] [stdout] 
[INFO] [stdout] error[E0433]: failed to resolve: could not find `test` in `tokio`
[INFO] [stdout]    --> src/socket.rs:526:14
[INFO] [stdout]     |
[INFO] [stdout] 526 |     #[tokio::test]
[INFO] [stdout]     |              ^^^^ could not find `test` in `tokio`
[INFO] [stdout] 
[INFO] [stdout] 
[INFO] [stdout] error[E0433]: failed to resolve: could not find `test` in `tokio`
[INFO] [stdout]    --> src/socket.rs:532:14
[INFO] [stdout]     |
[INFO] [stdout] 532 |     #[tokio::test]
[INFO] [stdout]     |              ^^^^ could not find `test` in `tokio`
[INFO] [stdout] 
[INFO] [stdout] 
[INFO] [stdout] error[E0433]: failed to resolve: could not find `test` in `tokio`
[INFO] [stdout]    --> src/socket.rs:538:14
[INFO] [stdout]     |
[INFO] [stdout] 538 |     #[tokio::test]
[INFO] [stdout]     |              ^^^^ could not find `test` in `tokio`
[INFO] [stdout] 
[INFO] [stdout] 
[INFO] [stdout] error[E0433]: failed to resolve: could not find `test` in `tokio`
[INFO] [stdout]    --> src/socket.rs:544:14
[INFO] [stdout]     |
[INFO] [stdout] 544 |     #[tokio::test]
[INFO] [stdout]     |              ^^^^ could not find `test` in `tokio`
[INFO] [stdout] 
[INFO] [stdout] 
[INFO] [stdout] error: aborting due to 8 previous errors
[INFO] [stdout] 
[INFO] [stdout] 
[INFO] [stdout] For more information about this error, try `rustc --explain E0433`.
[INFO] [stdout] 
[INFO] [stderr] error: could not compile `ntp-udp` (lib test) due to 9 previous errors
[INFO] running `Command { std: "docker" "inspect" "e4f0a1720cb391bac398bb5fb197ab58f3e4bf138cce901376ded3b66a1fb74f", kill_on_drop: false }`
[INFO] running `Command { std: "docker" "rm" "-f" "e4f0a1720cb391bac398bb5fb197ab58f3e4bf138cce901376ded3b66a1fb74f", kill_on_drop: false }`
[INFO] [stdout] e4f0a1720cb391bac398bb5fb197ab58f3e4bf138cce901376ded3b66a1fb74f
