[INFO] fetching crate ntfy 0.3.3...
[INFO] testing ntfy-0.3.3 against 1.75.0 for beta-1.76-1
[INFO] extracting crate ntfy 0.3.3 into /workspace/builds/worker-1-tc1/source
[INFO] validating manifest of crates.io crate ntfy 0.3.3 on toolchain 1.75.0
[INFO] running `Command { std: CARGO_HOME="/workspace/cargo-home" RUSTUP_HOME="/workspace/rustup-home" "/workspace/cargo-home/bin/cargo" "+1.75.0" "metadata" "--manifest-path" "Cargo.toml" "--no-deps", kill_on_drop: false }`
[INFO] started tweaking crates.io crate ntfy 0.3.3
[INFO] removed 0 missing examples
[INFO] finished tweaking crates.io crate ntfy 0.3.3
[INFO] tweaked toml for crates.io crate ntfy 0.3.3 written to /workspace/builds/worker-1-tc1/source/Cargo.toml
[INFO] crate crates.io crate ntfy 0.3.3 already has a lockfile, it will not be regenerated
[INFO] running `Command { std: CARGO_HOME="/workspace/cargo-home" RUSTUP_HOME="/workspace/rustup-home" "/workspace/cargo-home/bin/cargo" "+1.75.0" "fetch" "--manifest-path" "Cargo.toml", kill_on_drop: false }`
[INFO] running `Command { std: "docker" "create" "-v" "/var/lib/crater-agent-workspace/builds/worker-1-tc1/target:/opt/rustwide/target:rw,Z" "-v" "/var/lib/crater-agent-workspace/builds/worker-1-tc1/source:/opt/rustwide/workdir:ro,Z" "-v" "/var/lib/crater-agent-workspace/cargo-home:/opt/rustwide/cargo-home:ro,Z" "-v" "/var/lib/crater-agent-workspace/rustup-home:/opt/rustwide/rustup-home:ro,Z" "-e" "SOURCE_DIR=/opt/rustwide/workdir" "-e" "CARGO_TARGET_DIR=/opt/rustwide/target" "-e" "CARGO_HOME=/opt/rustwide/cargo-home" "-e" "RUSTUP_HOME=/opt/rustwide/rustup-home" "-w" "/opt/rustwide/workdir" "-m" "1610612736" "--user" "0:0" "--network" "none" "ghcr.io/rust-lang/crates-build-env/linux@sha256:2788e3201cd34a07e3172128adcd8b3090168a8e3bcc40d7c032b9dda1df7d1c" "/opt/rustwide/cargo-home/bin/cargo" "+1.75.0" "metadata" "--no-deps" "--format-version=1", kill_on_drop: false }`
[INFO] [stdout] 822f1f4a4ec13ce787c93e497a72c615622af79ef39e9d8878852589e2440ef0
[INFO] running `Command { std: "docker" "start" "-a" "822f1f4a4ec13ce787c93e497a72c615622af79ef39e9d8878852589e2440ef0", kill_on_drop: false }`
[INFO] running `Command { std: "docker" "inspect" "822f1f4a4ec13ce787c93e497a72c615622af79ef39e9d8878852589e2440ef0", kill_on_drop: false }`
[INFO] running `Command { std: "docker" "rm" "-f" "822f1f4a4ec13ce787c93e497a72c615622af79ef39e9d8878852589e2440ef0", kill_on_drop: false }`
[INFO] [stdout] 822f1f4a4ec13ce787c93e497a72c615622af79ef39e9d8878852589e2440ef0
[INFO] running `Command { std: "docker" "create" "-v" "/var/lib/crater-agent-workspace/builds/worker-1-tc1/target:/opt/rustwide/target:rw,Z" "-v" "/var/lib/crater-agent-workspace/builds/worker-1-tc1/source:/opt/rustwide/workdir:ro,Z" "-v" "/var/lib/crater-agent-workspace/cargo-home:/opt/rustwide/cargo-home:ro,Z" "-v" "/var/lib/crater-agent-workspace/rustup-home:/opt/rustwide/rustup-home:ro,Z" "-e" "SOURCE_DIR=/opt/rustwide/workdir" "-e" "CARGO_TARGET_DIR=/opt/rustwide/target" "-e" "CARGO_INCREMENTAL=0" "-e" "RUST_BACKTRACE=full" "-e" "RUSTFLAGS=--cap-lints=warn" "-e" "RUSTDOCFLAGS=--cap-lints=warn" "-e" "CARGO_HOME=/opt/rustwide/cargo-home" "-e" "RUSTUP_HOME=/opt/rustwide/rustup-home" "-w" "/opt/rustwide/workdir" "-m" "1610612736" "--user" "0:0" "--network" "none" "ghcr.io/rust-lang/crates-build-env/linux@sha256:2788e3201cd34a07e3172128adcd8b3090168a8e3bcc40d7c032b9dda1df7d1c" "/opt/rustwide/cargo-home/bin/cargo" "+1.75.0" "build" "--frozen" "--message-format=json", kill_on_drop: false }`
[INFO] [stdout] ce3322e37ae6df05ea63c2b728170be05b979b3128188f5bb14fc06e4b41fa2c
[INFO] running `Command { std: "docker" "start" "-a" "ce3322e37ae6df05ea63c2b728170be05b979b3128188f5bb14fc06e4b41fa2c", kill_on_drop: false }`
[INFO] [stderr]    Compiling proc-macro2 v1.0.43
[INFO] [stderr]    Compiling quote v1.0.21
[INFO] [stderr]    Compiling unicode-ident v1.0.3
[INFO] [stderr]    Compiling libc v0.2.132
[INFO] [stderr]    Compiling syn v1.0.99
[INFO] [stderr]    Compiling log v0.4.17
[INFO] [stderr]    Compiling once_cell v1.14.0
[INFO] [stderr]    Compiling pin-project-lite v0.2.9
[INFO] [stderr]    Compiling futures-core v0.3.24
[INFO] [stderr]    Compiling cc v1.0.73
[INFO] [stderr]    Compiling memchr v2.5.0
[INFO] [stderr]    Compiling pkg-config v0.3.25
[INFO] [stderr]    Compiling bytes v1.2.1
[INFO] [stderr]    Compiling tokio v1.21.0
[INFO] [stderr]    Compiling futures-task v0.3.24
[INFO] [stderr]    Compiling itoa v1.0.3
[INFO] [stderr]    Compiling futures-util v0.3.24
[INFO] [stderr]    Compiling serde_derive v1.0.144
[INFO] [stderr]    Compiling tracing-core v0.1.29
[INFO] [stderr]    Compiling indexmap v1.9.1
[INFO] [stderr]    Compiling slab v0.4.7
[INFO] [stderr]    Compiling serde v1.0.144
[INFO] [stderr]    Compiling openssl v0.10.41
[INFO] [stderr]    Compiling futures-sink v0.3.24
[INFO] [stderr]    Compiling native-tls v0.2.10
[INFO] [stderr]    Compiling futures-channel v0.3.24
[INFO] [stderr]    Compiling http v0.2.8
[INFO] [stderr]    Compiling tinyvec_macros v0.1.0
[INFO] [stderr]    Compiling tinyvec v1.6.0
[INFO] [stderr]    Compiling tracing v0.1.36
[INFO] [stderr]    Compiling num-traits v0.2.15
[INFO] [stderr]    Compiling try-lock v0.2.3
[INFO] [stderr]    Compiling percent-encoding v2.2.0
[INFO] [stderr]    Compiling want v0.3.0
[INFO] [stderr]    Compiling num-integer v0.1.45
[INFO] [stderr]    Compiling form_urlencoded v1.1.0
[INFO] [stderr]    Compiling ryu v1.0.11
[INFO] [stderr]    Compiling unicode-bidi v0.3.8
[INFO] [stderr]    Compiling encoding_rs v0.8.31
[INFO] [stderr]    Compiling socket2 v0.4.7
[INFO] [stderr]    Compiling mio v0.8.4
[INFO] [stderr]    Compiling serde_json v1.0.85
[INFO] [stderr]    Compiling httpdate v1.0.2
[INFO] [stderr]    Compiling either v1.8.0
[INFO] [stderr]    Compiling time v0.1.44
[INFO] [stderr]    Compiling ipnet v2.5.0
[INFO] [stderr]    Compiling mime v0.3.16
[INFO] [stderr]    Compiling openssl-sys v0.9.75
[INFO] [stderr]    Compiling http-body v0.4.5
[INFO] [stderr]    Compiling unicode-normalization v0.1.21
[INFO] [stderr]    Compiling iana-time-zone v0.1.53
[INFO] [stderr]    Compiling base64 v0.13.0
[INFO] [stderr]    Compiling idna v0.3.0
[INFO] [stderr]    Compiling chrono v0.4.23
[INFO] [stderr]    Compiling openssl-macros v0.1.0
[INFO] [stderr]    Compiling thiserror-impl v1.0.34
[INFO] [stderr]    Compiling tokio-util v0.7.4
[INFO] [stderr]    Compiling h2 v0.3.14
[INFO] [stderr]    Compiling thiserror v1.0.34
[INFO] [stderr]    Compiling tokio-socks v0.5.1
[INFO] [stderr]    Compiling tokio-native-tls v0.3.0
[INFO] [stderr]    Compiling hyper v0.14.20
[INFO] [stderr]    Compiling serde_urlencoded v0.7.1
[INFO] [stderr]    Compiling url v2.3.1
[INFO] [stderr]    Compiling hyper-tls v0.5.0
[INFO] [stderr]    Compiling reqwest v0.11.11
[INFO] [stderr]    Compiling ntfy v0.3.3 (/opt/rustwide/workdir)
[INFO] [stderr]     Finished dev [unoptimized + debuginfo] target(s) in 10.53s
[INFO] running `Command { std: "docker" "inspect" "ce3322e37ae6df05ea63c2b728170be05b979b3128188f5bb14fc06e4b41fa2c", kill_on_drop: false }`
[INFO] running `Command { std: "docker" "rm" "-f" "ce3322e37ae6df05ea63c2b728170be05b979b3128188f5bb14fc06e4b41fa2c", kill_on_drop: false }`
[INFO] [stdout] ce3322e37ae6df05ea63c2b728170be05b979b3128188f5bb14fc06e4b41fa2c
[INFO] running `Command { std: "docker" "create" "-v" "/var/lib/crater-agent-workspace/builds/worker-1-tc1/target:/opt/rustwide/target:rw,Z" "-v" "/var/lib/crater-agent-workspace/builds/worker-1-tc1/source:/opt/rustwide/workdir:ro,Z" "-v" "/var/lib/crater-agent-workspace/cargo-home:/opt/rustwide/cargo-home:ro,Z" "-v" "/var/lib/crater-agent-workspace/rustup-home:/opt/rustwide/rustup-home:ro,Z" "-e" "SOURCE_DIR=/opt/rustwide/workdir" "-e" "CARGO_TARGET_DIR=/opt/rustwide/target" "-e" "CARGO_INCREMENTAL=0" "-e" "RUST_BACKTRACE=full" "-e" "RUSTFLAGS=--cap-lints=warn" "-e" "RUSTDOCFLAGS=--cap-lints=warn" "-e" "CARGO_HOME=/opt/rustwide/cargo-home" "-e" "RUSTUP_HOME=/opt/rustwide/rustup-home" "-w" "/opt/rustwide/workdir" "-m" "1610612736" "--user" "0:0" "--network" "none" "ghcr.io/rust-lang/crates-build-env/linux@sha256:2788e3201cd34a07e3172128adcd8b3090168a8e3bcc40d7c032b9dda1df7d1c" "/opt/rustwide/cargo-home/bin/cargo" "+1.75.0" "test" "--frozen" "--no-run" "--message-format=json", kill_on_drop: false }`
[INFO] [stdout] b8343bb204270cf9108fb080ca14b10b6684e34a9b5a1af15cd3a46657e423c3
[INFO] running `Command { std: "docker" "start" "-a" "b8343bb204270cf9108fb080ca14b10b6684e34a9b5a1af15cd3a46657e423c3", kill_on_drop: false }`
[INFO] [stderr]    Compiling lock_api v0.4.9
[INFO] [stderr]    Compiling parking_lot_core v0.9.5
[INFO] [stderr]    Compiling scopeguard v1.1.0
[INFO] [stderr]    Compiling smallvec v1.10.0
[INFO] [stderr]    Compiling tokio v1.21.0
[INFO] [stderr]    Compiling num_cpus v1.13.1
[INFO] [stderr]    Compiling signal-hook-registry v1.4.0
[INFO] [stderr]    Compiling tokio-macros v1.8.2
[INFO] [stderr]    Compiling parking_lot v0.12.1
[INFO] [stderr]    Compiling tokio-util v0.7.4
[INFO] [stderr]    Compiling tokio-native-tls v0.3.0
[INFO] [stderr]    Compiling tokio-socks v0.5.1
[INFO] [stderr]    Compiling h2 v0.3.14
[INFO] [stderr]    Compiling hyper v0.14.20
[INFO] [stderr]    Compiling hyper-tls v0.5.0
[INFO] [stderr]    Compiling reqwest v0.11.11
[INFO] [stderr]    Compiling ntfy v0.3.3 (/opt/rustwide/workdir)
[INFO] [stdout] error[E0283]: type annotations needed
[INFO] [stdout]   --> examples/client.rs:25:10
[INFO] [stdout]    |
[INFO] [stdout] 25 |         .tags(vec!["warning".into()]) // Add optional tags
[INFO] [stdout]    |          ^^^^ ---------------------- type must be known at this point
[INFO] [stdout]    |          |
[INFO] [stdout]    |          cannot infer type of the type parameter `S` declared on the method `tags`
[INFO] [stdout]    |
[INFO] [stdout]    = note: cannot satisfy `_: Into<String>`
[INFO] [stdout] note: required by a bound in `Payload::tags`
[INFO] [stdout]   --> /opt/rustwide/workdir/src/payload/mod.rs:75:12
[INFO] [stdout]    |
[INFO] [stdout] 73 |     pub fn tags<S>(self, tags: Vec<S>) -> Self
[INFO] [stdout]    |            ---- required by a bound in this associated function
[INFO] [stdout] 74 |     where
[INFO] [stdout] 75 |         S: Into<String>,
[INFO] [stdout]    |            ^^^^^^^^^^^^ required by this bound in `Payload::tags`
[INFO] [stdout] help: consider specifying the generic argument
[INFO] [stdout]    |
[INFO] [stdout] 25 |         .tags::<S>(vec!["warning".into()]) // Add optional tags
[INFO] [stdout]    |              +++++
[INFO] [stdout] 
[INFO] [stdout] 
[INFO] [stdout] error[E0283]: type annotations needed
[INFO] [stdout]   --> examples/client.rs:25:10
[INFO] [stdout]    |
[INFO] [stdout] 25 |         .tags(vec!["warning".into()]) // Add optional tags
[INFO] [stdout]    |          ^^^^                ---- type must be known at this point
[INFO] [stdout]    |          |
[INFO] [stdout]    |          cannot infer type of the type parameter `S` declared on the method `tags`
[INFO] [stdout]    |
[INFO] [stdout]    = note: multiple `impl`s satisfying `_: From<&str>` found in the following crates: `bytes`, `hyper`, `reqwest`:
[INFO] [stdout]            - impl From<&'static str> for bytes::bytes::Bytes;
[INFO] [stdout]            - impl From<&'static str> for hyper::body::body::Body;
[INFO] [stdout]            - impl From<&'static str> for reqwest::async_impl::body::Body;
[INFO] [stdout]    = note: required for `&str` to implement `Into<_>`
[INFO] [stdout] help: consider specifying the generic argument
[INFO] [stdout]    |
[INFO] [stdout] 25 |         .tags::<S>(vec!["warning".into()]) // Add optional tags
[INFO] [stdout]    |              +++++
[INFO] [stdout] 
[INFO] [stdout] 
[INFO] [stdout] error: aborting due to 2 previous errors
[INFO] [stdout] 
[INFO] [stdout] 
[INFO] [stdout] For more information about this error, try `rustc --explain E0283`.
[INFO] [stdout] 
[INFO] [stderr] error: could not compile `ntfy` (example "client") due to 3 previous errors
[INFO] [stderr] warning: build failed, waiting for other jobs to finish...
[INFO] running `Command { std: "docker" "inspect" "b8343bb204270cf9108fb080ca14b10b6684e34a9b5a1af15cd3a46657e423c3", kill_on_drop: false }`
[INFO] running `Command { std: "docker" "rm" "-f" "b8343bb204270cf9108fb080ca14b10b6684e34a9b5a1af15cd3a46657e423c3", kill_on_drop: false }`
[INFO] [stdout] b8343bb204270cf9108fb080ca14b10b6684e34a9b5a1af15cd3a46657e423c3
[INFO] testing ntfy-0.3.3 against beta-2023-12-22 for beta-1.76-1
[INFO] extracting crate ntfy 0.3.3 into /workspace/builds/worker-1-tc2/source
[INFO] validating manifest of crates.io crate ntfy 0.3.3 on toolchain beta-2023-12-22
[INFO] running `Command { std: CARGO_HOME="/workspace/cargo-home" RUSTUP_HOME="/workspace/rustup-home" "/workspace/cargo-home/bin/cargo" "+beta-2023-12-22" "metadata" "--manifest-path" "Cargo.toml" "--no-deps", kill_on_drop: false }`
[INFO] started tweaking crates.io crate ntfy 0.3.3
[INFO] removed 0 missing examples
[INFO] finished tweaking crates.io crate ntfy 0.3.3
[INFO] tweaked toml for crates.io crate ntfy 0.3.3 written to /workspace/builds/worker-1-tc2/source/Cargo.toml
[INFO] crate crates.io crate ntfy 0.3.3 already has a lockfile, it will not be regenerated
[INFO] running `Command { std: CARGO_HOME="/workspace/cargo-home" RUSTUP_HOME="/workspace/rustup-home" "/workspace/cargo-home/bin/cargo" "+beta-2023-12-22" "fetch" "--manifest-path" "Cargo.toml", kill_on_drop: false }`
[INFO] [stderr]     Blocking waiting for file lock on package cache
[INFO] [stderr]     Blocking waiting for file lock on package cache
[INFO] running `Command { std: "docker" "create" "-v" "/var/lib/crater-agent-workspace/builds/worker-1-tc2/target:/opt/rustwide/target:rw,Z" "-v" "/var/lib/crater-agent-workspace/builds/worker-1-tc2/source:/opt/rustwide/workdir:ro,Z" "-v" "/var/lib/crater-agent-workspace/cargo-home:/opt/rustwide/cargo-home:ro,Z" "-v" "/var/lib/crater-agent-workspace/rustup-home:/opt/rustwide/rustup-home:ro,Z" "-e" "SOURCE_DIR=/opt/rustwide/workdir" "-e" "CARGO_TARGET_DIR=/opt/rustwide/target" "-e" "CARGO_HOME=/opt/rustwide/cargo-home" "-e" "RUSTUP_HOME=/opt/rustwide/rustup-home" "-w" "/opt/rustwide/workdir" "-m" "1610612736" "--user" "0:0" "--network" "none" "ghcr.io/rust-lang/crates-build-env/linux@sha256:2788e3201cd34a07e3172128adcd8b3090168a8e3bcc40d7c032b9dda1df7d1c" "/opt/rustwide/cargo-home/bin/cargo" "+beta-2023-12-22" "metadata" "--no-deps" "--format-version=1", kill_on_drop: false }`
[INFO] [stdout] 74464b55ddad4894f074b5e130ce7f773a46955587e0917e3c22d6064d0eca68
[INFO] running `Command { std: "docker" "start" "-a" "74464b55ddad4894f074b5e130ce7f773a46955587e0917e3c22d6064d0eca68", kill_on_drop: false }`
[INFO] running `Command { std: "docker" "inspect" "74464b55ddad4894f074b5e130ce7f773a46955587e0917e3c22d6064d0eca68", kill_on_drop: false }`
[INFO] running `Command { std: "docker" "rm" "-f" "74464b55ddad4894f074b5e130ce7f773a46955587e0917e3c22d6064d0eca68", kill_on_drop: false }`
[INFO] [stdout] 74464b55ddad4894f074b5e130ce7f773a46955587e0917e3c22d6064d0eca68
[INFO] running `Command { std: "docker" "create" "-v" "/var/lib/crater-agent-workspace/builds/worker-1-tc2/target:/opt/rustwide/target:rw,Z" "-v" "/var/lib/crater-agent-workspace/builds/worker-1-tc2/source:/opt/rustwide/workdir:ro,Z" "-v" "/var/lib/crater-agent-workspace/cargo-home:/opt/rustwide/cargo-home:ro,Z" "-v" "/var/lib/crater-agent-workspace/rustup-home:/opt/rustwide/rustup-home:ro,Z" "-e" "SOURCE_DIR=/opt/rustwide/workdir" "-e" "CARGO_TARGET_DIR=/opt/rustwide/target" "-e" "CARGO_INCREMENTAL=0" "-e" "RUST_BACKTRACE=full" "-e" "RUSTFLAGS=--cap-lints=warn" "-e" "RUSTDOCFLAGS=--cap-lints=warn" "-e" "CARGO_HOME=/opt/rustwide/cargo-home" "-e" "RUSTUP_HOME=/opt/rustwide/rustup-home" "-w" "/opt/rustwide/workdir" "-m" "1610612736" "--user" "0:0" "--network" "none" "ghcr.io/rust-lang/crates-build-env/linux@sha256:2788e3201cd34a07e3172128adcd8b3090168a8e3bcc40d7c032b9dda1df7d1c" "/opt/rustwide/cargo-home/bin/cargo" "+beta-2023-12-22" "build" "--frozen" "--message-format=json", kill_on_drop: false }`
[INFO] [stdout] 5c730090748451e84686d55e76e914505acc330d5e5a33e8a4a71aef7e49cd75
[INFO] running `Command { std: "docker" "start" "-a" "5c730090748451e84686d55e76e914505acc330d5e5a33e8a4a71aef7e49cd75", kill_on_drop: false }`
[INFO] [stderr]    Compiling proc-macro2 v1.0.43
[INFO] [stderr]    Compiling libc v0.2.132
[INFO] [stderr]    Compiling unicode-ident v1.0.3
[INFO] [stderr]    Compiling quote v1.0.21
[INFO] [stderr]    Compiling syn v1.0.99
[INFO] [stderr]    Compiling log v0.4.17
[INFO] [stderr]    Compiling once_cell v1.14.0
[INFO] [stderr]    Compiling pin-project-lite v0.2.9
[INFO] [stderr]    Compiling bytes v1.2.1
[INFO] [stderr]    Compiling cc v1.0.73
[INFO] [stderr]    Compiling futures-core v0.3.24
[INFO] [stderr]    Compiling pkg-config v0.3.25
[INFO] [stderr]    Compiling memchr v2.5.0
[INFO] [stderr]    Compiling tokio v1.21.0
[INFO] [stderr]    Compiling futures-task v0.3.24
[INFO] [stderr]    Compiling itoa v1.0.3
[INFO] [stderr]    Compiling serde_derive v1.0.144
[INFO] [stderr]    Compiling futures-util v0.3.24
[INFO] [stderr]    Compiling slab v0.4.7
[INFO] [stderr]    Compiling tracing-core v0.1.29
[INFO] [stderr]    Compiling indexmap v1.9.1
[INFO] [stderr]    Compiling openssl v0.10.41
[INFO] [stderr]    Compiling serde v1.0.144
[INFO] [stderr]    Compiling http v0.2.8
[INFO] [stderr]    Compiling native-tls v0.2.10
[INFO] [stderr]    Compiling futures-sink v0.3.24
[INFO] [stderr]    Compiling tinyvec_macros v0.1.0
[INFO] [stderr]    Compiling futures-channel v0.3.24
[INFO] [stderr]    Compiling tinyvec v1.6.0
[INFO] [stderr]    Compiling num-traits v0.2.15
[INFO] [stderr]    Compiling percent-encoding v2.2.0
[INFO] [stderr]    Compiling tracing v0.1.36
[INFO] [stderr]    Compiling try-lock v0.2.3
[INFO] [stderr]    Compiling num-integer v0.1.45
[INFO] [stderr]    Compiling want v0.3.0
[INFO] [stderr]    Compiling form_urlencoded v1.1.0
[INFO] [stderr]    Compiling unicode-bidi v0.3.8
[INFO] [stderr]    Compiling ryu v1.0.11
[INFO] [stderr]    Compiling encoding_rs v0.8.31
[INFO] [stderr]    Compiling serde_json v1.0.85
[INFO] [stderr]    Compiling httpdate v1.0.2
[INFO] [stderr]    Compiling either v1.8.0
[INFO] [stderr]    Compiling socket2 v0.4.7
[INFO] [stderr]    Compiling openssl-sys v0.9.75
[INFO] [stderr]    Compiling mio v0.8.4
[INFO] [stderr]    Compiling time v0.1.44
[INFO] [stderr]    Compiling iana-time-zone v0.1.53
[INFO] [stderr]    Compiling base64 v0.13.0
[INFO] [stderr]    Compiling mime v0.3.16
[INFO] [stderr]    Compiling http-body v0.4.5
[INFO] [stderr]    Compiling ipnet v2.5.0
[INFO] [stderr]    Compiling unicode-normalization v0.1.21
[INFO] [stderr]    Compiling idna v0.3.0
[INFO] [stderr]    Compiling chrono v0.4.23
[INFO] [stderr]    Compiling openssl-macros v0.1.0
[INFO] [stderr]    Compiling thiserror-impl v1.0.34
[INFO] [stderr]    Compiling tokio-util v0.7.4
[INFO] [stderr]    Compiling h2 v0.3.14
[INFO] [stderr]    Compiling thiserror v1.0.34
[INFO] [stderr]    Compiling tokio-socks v0.5.1
[INFO] [stderr]    Compiling hyper v0.14.20
[INFO] [stderr]    Compiling tokio-native-tls v0.3.0
[INFO] [stderr]    Compiling hyper-tls v0.5.0
[INFO] [stderr]    Compiling url v2.3.1
[INFO] [stderr]    Compiling serde_urlencoded v0.7.1
[INFO] [stderr]    Compiling reqwest v0.11.11
[INFO] [stderr]    Compiling ntfy v0.3.3 (/opt/rustwide/workdir)
[INFO] [stderr]     Finished dev [unoptimized + debuginfo] target(s) in 18.11s
[INFO] running `Command { std: "docker" "inspect" "5c730090748451e84686d55e76e914505acc330d5e5a33e8a4a71aef7e49cd75", kill_on_drop: false }`
[INFO] running `Command { std: "docker" "rm" "-f" "5c730090748451e84686d55e76e914505acc330d5e5a33e8a4a71aef7e49cd75", kill_on_drop: false }`
[INFO] [stdout] 5c730090748451e84686d55e76e914505acc330d5e5a33e8a4a71aef7e49cd75
[INFO] running `Command { std: "docker" "create" "-v" "/var/lib/crater-agent-workspace/builds/worker-1-tc2/target:/opt/rustwide/target:rw,Z" "-v" "/var/lib/crater-agent-workspace/builds/worker-1-tc2/source:/opt/rustwide/workdir:ro,Z" "-v" "/var/lib/crater-agent-workspace/cargo-home:/opt/rustwide/cargo-home:ro,Z" "-v" "/var/lib/crater-agent-workspace/rustup-home:/opt/rustwide/rustup-home:ro,Z" "-e" "SOURCE_DIR=/opt/rustwide/workdir" "-e" "CARGO_TARGET_DIR=/opt/rustwide/target" "-e" "CARGO_INCREMENTAL=0" "-e" "RUST_BACKTRACE=full" "-e" "RUSTFLAGS=--cap-lints=warn" "-e" "RUSTDOCFLAGS=--cap-lints=warn" "-e" "CARGO_HOME=/opt/rustwide/cargo-home" "-e" "RUSTUP_HOME=/opt/rustwide/rustup-home" "-w" "/opt/rustwide/workdir" "-m" "1610612736" "--user" "0:0" "--network" "none" "ghcr.io/rust-lang/crates-build-env/linux@sha256:2788e3201cd34a07e3172128adcd8b3090168a8e3bcc40d7c032b9dda1df7d1c" "/opt/rustwide/cargo-home/bin/cargo" "+beta-2023-12-22" "test" "--frozen" "--no-run" "--message-format=json", kill_on_drop: false }`
[INFO] [stdout] 2ea783a0c7fc2545250c7e32f9786163eddea4777008ff3c133c2f29933a0eb2
[INFO] running `Command { std: "docker" "start" "-a" "2ea783a0c7fc2545250c7e32f9786163eddea4777008ff3c133c2f29933a0eb2", kill_on_drop: false }`
[INFO] [stderr]    Compiling lock_api v0.4.9
[INFO] [stderr]    Compiling parking_lot_core v0.9.5
[INFO] [stderr]    Compiling scopeguard v1.1.0
[INFO] [stderr]    Compiling smallvec v1.10.0
[INFO] [stderr]    Compiling tokio v1.21.0
[INFO] [stderr]    Compiling signal-hook-registry v1.4.0
[INFO] [stderr]    Compiling num_cpus v1.13.1
[INFO] [stderr]    Compiling tokio-macros v1.8.2
[INFO] [stderr]    Compiling parking_lot v0.12.1
[INFO] [stderr]    Compiling tokio-util v0.7.4
[INFO] [stderr]    Compiling tokio-native-tls v0.3.0
[INFO] [stderr]    Compiling tokio-socks v0.5.1
[INFO] [stderr]    Compiling h2 v0.3.14
[INFO] [stderr]    Compiling hyper v0.14.20
[INFO] [stderr]    Compiling hyper-tls v0.5.0
[INFO] [stderr]    Compiling reqwest v0.11.11
[INFO] [stderr]    Compiling ntfy v0.3.3 (/opt/rustwide/workdir)
[INFO] [stdout] error[E0283]: type annotations needed
[INFO] [stdout]   --> examples/client.rs:25:10
[INFO] [stdout]    |
[INFO] [stdout] 25 |         .tags(vec!["warning".into()]) // Add optional tags
[INFO] [stdout]    |          ^^^^ ---------------------- type must be known at this point
[INFO] [stdout]    |          |
[INFO] [stdout]    |          cannot infer type of the type parameter `S` declared on the method `tags`
[INFO] [stdout]    |
[INFO] [stdout]    = note: cannot satisfy `_: Into<String>`
[INFO] [stdout] note: required by a bound in `Payload::tags`
[INFO] [stdout]   --> /opt/rustwide/workdir/src/payload/mod.rs:75:12
[INFO] [stdout]    |
[INFO] [stdout] 73 |     pub fn tags<S>(self, tags: Vec<S>) -> Self
[INFO] [stdout]    |            ---- required by a bound in this associated function
[INFO] [stdout] 74 |     where
[INFO] [stdout] 75 |         S: Into<String>,
[INFO] [stdout]    |            ^^^^^^^^^^^^ required by this bound in `Payload::tags`
[INFO] [stdout] help: consider specifying the generic argument
[INFO] [stdout]    |
[INFO] [stdout] 25 |         .tags::<S>(vec!["warning".into()]) // Add optional tags
[INFO] [stdout]    |              +++++
[INFO] [stdout] 
[INFO] [stdout] 
[INFO] [stdout] error[E0283]: type annotations needed
[INFO] [stdout]   --> examples/client.rs:25:10
[INFO] [stdout]    |
[INFO] [stdout] 25 |         .tags(vec!["warning".into()]) // Add optional tags
[INFO] [stdout]    |          ^^^^                ---- type must be known at this point
[INFO] [stdout]    |          |
[INFO] [stdout]    |          cannot infer type of the type parameter `S` declared on the method `tags`
[INFO] [stdout]    |
[INFO] [stdout]    = note: multiple `impl`s satisfying `_: From<&str>` found in the following crates: `bytes`, `hyper`, `reqwest`:
[INFO] [stdout]            - impl From<&'static str> for bytes::bytes::Bytes;
[INFO] [stdout]            - impl From<&'static str> for hyper::body::body::Body;
[INFO] [stdout]            - impl From<&'static str> for reqwest::async_impl::body::Body;
[INFO] [stdout]    = note: required for `&str` to implement `Into<_>`
[INFO] [stdout] help: consider specifying the generic argument
[INFO] [stdout]    |
[INFO] [stdout] 25 |         .tags::<S>(vec!["warning".into()]) // Add optional tags
[INFO] [stdout]    |              +++++
[INFO] [stdout] 
[INFO] [stdout] 
[INFO] [stdout] error: aborting due to 2 previous errors
[INFO] [stdout] 
[INFO] [stdout] 
[INFO] [stdout] For more information about this error, try `rustc --explain E0283`.
[INFO] [stdout] 
[INFO] [stderr] error: could not compile `ntfy` (example "client") due to 3 previous errors
[INFO] [stderr] warning: build failed, waiting for other jobs to finish...
[INFO] running `Command { std: "docker" "inspect" "2ea783a0c7fc2545250c7e32f9786163eddea4777008ff3c133c2f29933a0eb2", kill_on_drop: false }`
[INFO] running `Command { std: "docker" "rm" "-f" "2ea783a0c7fc2545250c7e32f9786163eddea4777008ff3c133c2f29933a0eb2", kill_on_drop: false }`
[INFO] [stdout] 2ea783a0c7fc2545250c7e32f9786163eddea4777008ff3c133c2f29933a0eb2
