[INFO] fetching crate nrf-hal 0.1.1...
[INFO] testing nrf-hal-0.1.1 against 1.75.0 for beta-1.76-1
[INFO] extracting crate nrf-hal 0.1.1 into /workspace/builds/worker-3-tc1/source
[INFO] validating manifest of crates.io crate nrf-hal 0.1.1 on toolchain 1.75.0
[INFO] running `Command { std: CARGO_HOME="/workspace/cargo-home" RUSTUP_HOME="/workspace/rustup-home" "/workspace/cargo-home/bin/cargo" "+1.75.0" "metadata" "--manifest-path" "Cargo.toml" "--no-deps", kill_on_drop: false }`
[INFO] started tweaking crates.io crate nrf-hal 0.1.1
[INFO] finished tweaking crates.io crate nrf-hal 0.1.1
[INFO] tweaked toml for crates.io crate nrf-hal 0.1.1 written to /workspace/builds/worker-3-tc1/source/Cargo.toml
[INFO] running `Command { std: CARGO_HOME="/workspace/cargo-home" RUSTUP_HOME="/workspace/rustup-home" "/workspace/cargo-home/bin/cargo" "+1.75.0" "generate-lockfile" "--manifest-path" "Cargo.toml", kill_on_drop: false }`
[INFO] [stderr]     Updating crates.io index
[INFO] running `Command { std: CARGO_HOME="/workspace/cargo-home" RUSTUP_HOME="/workspace/rustup-home" "/workspace/cargo-home/bin/cargo" "+1.75.0" "fetch" "--manifest-path" "Cargo.toml", kill_on_drop: false }`
[INFO] [stderr]  Downloading crates ...
[INFO] [stderr]   Downloaded critical-section v0.2.8
[INFO] [stderr]   Downloaded nrf-usbd v0.1.1
[INFO] [stderr]   Downloaded nrf52833-pac v0.10.1
[INFO] [stderr]   Downloaded nrf52840-pac v0.10.1
[INFO] [stderr]   Downloaded embedded-storage v0.1.0
[INFO] [stderr]   Downloaded nrf52832-pac v0.10.1
[INFO] [stderr]   Downloaded nrf52811-pac v0.10.1
[INFO] [stderr]   Downloaded nrf52810-pac v0.10.1
[INFO] [stderr]   Downloaded nrf5340-app-pac v0.10.1
[INFO] [stderr]   Downloaded nrf5340-net-pac v0.10.1
[INFO] running `Command { std: "docker" "create" "-v" "/var/lib/crater-agent-workspace/builds/worker-3-tc1/target:/opt/rustwide/target:rw,Z" "-v" "/var/lib/crater-agent-workspace/builds/worker-3-tc1/source:/opt/rustwide/workdir:ro,Z" "-v" "/var/lib/crater-agent-workspace/cargo-home:/opt/rustwide/cargo-home:ro,Z" "-v" "/var/lib/crater-agent-workspace/rustup-home:/opt/rustwide/rustup-home:ro,Z" "-e" "SOURCE_DIR=/opt/rustwide/workdir" "-e" "CARGO_TARGET_DIR=/opt/rustwide/target" "-e" "CARGO_HOME=/opt/rustwide/cargo-home" "-e" "RUSTUP_HOME=/opt/rustwide/rustup-home" "-w" "/opt/rustwide/workdir" "-m" "1610612736" "--user" "0:0" "--network" "none" "ghcr.io/rust-lang/crates-build-env/linux@sha256:2788e3201cd34a07e3172128adcd8b3090168a8e3bcc40d7c032b9dda1df7d1c" "/opt/rustwide/cargo-home/bin/cargo" "+1.75.0" "metadata" "--no-deps" "--format-version=1", kill_on_drop: false }`
[INFO] [stdout] 7c597a7efd529e6bc3bf86d2ce04c66f9519d501a0c7738c3cb011850f97eaa7
[INFO] running `Command { std: "docker" "start" "-a" "7c597a7efd529e6bc3bf86d2ce04c66f9519d501a0c7738c3cb011850f97eaa7", kill_on_drop: false }`
[INFO] running `Command { std: "docker" "inspect" "7c597a7efd529e6bc3bf86d2ce04c66f9519d501a0c7738c3cb011850f97eaa7", kill_on_drop: false }`
[INFO] running `Command { std: "docker" "rm" "-f" "7c597a7efd529e6bc3bf86d2ce04c66f9519d501a0c7738c3cb011850f97eaa7", kill_on_drop: false }`
[INFO] [stdout] 7c597a7efd529e6bc3bf86d2ce04c66f9519d501a0c7738c3cb011850f97eaa7
[INFO] running `Command { std: "docker" "create" "-v" "/var/lib/crater-agent-workspace/builds/worker-3-tc1/target:/opt/rustwide/target:rw,Z" "-v" "/var/lib/crater-agent-workspace/builds/worker-3-tc1/source:/opt/rustwide/workdir:ro,Z" "-v" "/var/lib/crater-agent-workspace/cargo-home:/opt/rustwide/cargo-home:ro,Z" "-v" "/var/lib/crater-agent-workspace/rustup-home:/opt/rustwide/rustup-home:ro,Z" "-e" "SOURCE_DIR=/opt/rustwide/workdir" "-e" "CARGO_TARGET_DIR=/opt/rustwide/target" "-e" "CARGO_INCREMENTAL=0" "-e" "RUST_BACKTRACE=full" "-e" "RUSTFLAGS=--cap-lints=warn" "-e" "RUSTDOCFLAGS=--cap-lints=warn" "-e" "CARGO_HOME=/opt/rustwide/cargo-home" "-e" "RUSTUP_HOME=/opt/rustwide/rustup-home" "-w" "/opt/rustwide/workdir" "-m" "1610612736" "--user" "0:0" "--network" "none" "ghcr.io/rust-lang/crates-build-env/linux@sha256:2788e3201cd34a07e3172128adcd8b3090168a8e3bcc40d7c032b9dda1df7d1c" "/opt/rustwide/cargo-home/bin/cargo" "+1.75.0" "build" "--frozen" "--message-format=json", kill_on_drop: false }`
[INFO] [stdout] ae084869e7320a16f1c4961d7380d5a2930faa5e7e089ab6dd0e757d7a8f0ab3
[INFO] running `Command { std: "docker" "start" "-a" "ae084869e7320a16f1c4961d7380d5a2930faa5e7e089ab6dd0e757d7a8f0ab3", kill_on_drop: false }`
[INFO] [stderr]    Compiling semver-parser v0.7.0
[INFO] [stderr]    Compiling semver v1.0.21
[INFO] [stderr]    Compiling typenum v1.17.0
[INFO] [stderr]    Compiling nb v1.1.0
[INFO] [stderr]    Compiling az v1.2.1
[INFO] [stderr]    Compiling fixed v1.24.0
[INFO] [stderr]    Compiling cortex-m v0.7.7
[INFO] [stderr]    Compiling paste v1.0.14
[INFO] [stderr]    Compiling void v1.0.2
[INFO] [stderr]    Compiling vcell v0.1.3
[INFO] [stderr]    Compiling bytemuck v1.14.0
[INFO] [stderr]    Compiling bitfield v0.13.2
[INFO] [stderr]    Compiling stable_deref_trait v1.2.0
[INFO] [stderr]    Compiling embedded-storage v0.1.0
[INFO] [stderr]    Compiling half v2.3.1
[INFO] [stderr]    Compiling chrono v0.4.31
[INFO] [stderr]    Compiling nb v0.1.3
[INFO] [stderr]    Compiling volatile-register v0.2.2
[INFO] [stderr]    Compiling embedded-dma v0.1.2
[INFO] [stderr]    Compiling rand_core v0.6.4
[INFO] [stderr]    Compiling embedded-hal v0.2.7
[INFO] [stderr]    Compiling semver v0.9.0
[INFO] [stderr]    Compiling rustc_version v0.2.3
[INFO] [stderr]    Compiling bare-metal v0.2.5
[INFO] [stderr]    Compiling rustc_version v0.4.0
[INFO] [stderr]    Compiling cast v0.2.7
[INFO] [stderr]    Compiling nrf-hal v0.1.1 (/opt/rustwide/workdir)
[INFO] [stdout] error[E0432]: unresolved import `crate::pac`
[INFO] [stdout]  --> src/clocks.rs:9:12
[INFO] [stdout]   |
[INFO] [stdout] 9 | use crate::pac::CLOCK;
[INFO] [stdout]   |            ^^^ could not find `pac` in the crate root
[INFO] [stdout] 
[INFO] [stdout] 
[INFO] [stdout] error[E0432]: unresolved import `crate::pac`
[INFO] [stdout]   --> src/gpio.rs:11:12
[INFO] [stdout]    |
[INFO] [stdout] 11 | use crate::pac::{p0 as gpio, P0};
[INFO] [stdout]    |            ^^^ could not find `pac` in the crate root
[INFO] [stdout] 
[INFO] [stdout] 
[INFO] [stdout] error[E0432]: unresolved import `crate::pac`
[INFO] [stdout]   --> src/gpio.rs:25:12
[INFO] [stdout]    |
[INFO] [stdout] 25 | use crate::pac::GPIOTE;
[INFO] [stdout]    |            ^^^ could not find `pac` in the crate root
[INFO] [stdout] 
[INFO] [stdout] 
[INFO] [stdout] error[E0433]: failed to resolve: could not find `pac` in the crate root
[INFO] [stdout]  --> src/pwm.rs:6:12
[INFO] [stdout]   |
[INFO] [stdout] 6 | use crate::pac::pwm0::*;
[INFO] [stdout]   |            ^^^ could not find `pac` in the crate root
[INFO] [stdout] 
[INFO] [stdout] 
[INFO] [stdout] error[E0432]: unresolved import `crate::pac`
[INFO] [stdout]   --> src/rtc.rs:13:12
[INFO] [stdout]    |
[INFO] [stdout] 13 | use crate::pac::{rtc0, Interrupt, RTC0, RTC1};
[INFO] [stdout]    |            ^^^ could not find `pac` in the crate root
[INFO] [stdout] 
[INFO] [stdout] 
[INFO] [stdout] error[E0432]: unresolved import `crate::pac`
[INFO] [stdout]   --> src/pwm.rs:12:5
[INFO] [stdout]    |
[INFO] [stdout] 12 |     pac::Interrupt,
[INFO] [stdout]    |     ^^^ could not find `pac` in the crate root
[INFO] [stdout] 
[INFO] [stdout] 
[INFO] [stdout] error[E0432]: unresolved import `crate::pac`
[INFO] [stdout]   --> src/spim.rs:14:12
[INFO] [stdout]    |
[INFO] [stdout] 14 | use crate::pac::{spim0, SPIM0};
[INFO] [stdout]    |            ^^^ could not find `pac` in the crate root
[INFO] [stdout] 
[INFO] [stdout] 
[INFO] [stdout] error[E0433]: failed to resolve: could not find `pac` in the crate root
[INFO] [stdout]   --> src/timer.rs:15:12
[INFO] [stdout]    |
[INFO] [stdout] 15 | use crate::pac::{timer0::RegisterBlock as RegBlock0, Interrupt, TIMER0, TIMER1, TIMER2};
[INFO] [stdout]    |            ^^^ could not find `pac` in the crate root
[INFO] [stdout] 
[INFO] [stdout] 
[INFO] [stdout] error[E0432]: unresolved import `crate::target_constants::EASY_DMA_SIZE`
[INFO] [stdout]   --> src/spim.rs:30:31
[INFO] [stdout]    |
[INFO] [stdout] 30 | use crate::target_constants::{EASY_DMA_SIZE, FORCE_COPY_BUFFER_SIZE};
[INFO] [stdout]    |                               ^^^^^^^^^^^^^ no `EASY_DMA_SIZE` in `target_constants`
[INFO] [stdout]    |
[INFO] [stdout] note: found an item that was configured out
[INFO] [stdout]   --> src/lib.rs:50:15
[INFO] [stdout]    |
[INFO] [stdout] 50 |     pub const EASY_DMA_SIZE: usize = (1 << 14) - 1;
[INFO] [stdout]    |               ^^^^^^^^^^^^^
[INFO] [stdout]    = note: the item is gated behind the `52805` feature
[INFO] [stdout] note: found an item that was configured out
[INFO] [stdout]   --> src/lib.rs:52:15
[INFO] [stdout]    |
[INFO] [stdout] 52 |     pub const EASY_DMA_SIZE: usize = (1 << 10) - 1;
[INFO] [stdout]    |               ^^^^^^^^^^^^^
[INFO] [stdout]    = note: the item is gated behind the `52810` feature
[INFO] [stdout] note: found an item that was configured out
[INFO] [stdout]   --> src/lib.rs:54:15
[INFO] [stdout]    |
[INFO] [stdout] 54 |     pub const EASY_DMA_SIZE: usize = (1 << 14) - 1;
[INFO] [stdout]    |               ^^^^^^^^^^^^^
[INFO] [stdout]    = note: the item is gated behind the `52811` feature
[INFO] [stdout] note: found an item that was configured out
[INFO] [stdout]   --> src/lib.rs:56:15
[INFO] [stdout]    |
[INFO] [stdout] 56 |     pub const EASY_DMA_SIZE: usize = (1 << 15) - 1;
[INFO] [stdout]    |               ^^^^^^^^^^^^^
[INFO] [stdout]    = note: the item is gated behind the `52820` feature
[INFO] [stdout] note: found an item that was configured out
[INFO] [stdout]   --> src/lib.rs:58:15
[INFO] [stdout]    |
[INFO] [stdout] 58 |     pub const EASY_DMA_SIZE: usize = (1 << 8) - 1;
[INFO] [stdout]    |               ^^^^^^^^^^^^^
[INFO] [stdout]    = note: the item is gated behind the `52832` feature
[INFO] [stdout] note: found an item that was configured out
[INFO] [stdout]   --> src/lib.rs:60:15
[INFO] [stdout]    |
[INFO] [stdout] 60 |     pub const EASY_DMA_SIZE: usize = (1 << 16) - 1;
[INFO] [stdout]    |               ^^^^^^^^^^^^^
[INFO] [stdout]    = note: the item is gated behind the `52833` feature
[INFO] [stdout] note: found an item that was configured out
[INFO] [stdout]   --> src/lib.rs:62:15
[INFO] [stdout]    |
[INFO] [stdout] 62 |     pub const EASY_DMA_SIZE: usize = (1 << 16) - 1;
[INFO] [stdout]    |               ^^^^^^^^^^^^^
[INFO] [stdout]    = note: the item is gated behind the `52840` feature
[INFO] [stdout] note: found an item that was configured out
[INFO] [stdout]   --> src/lib.rs:64:15
[INFO] [stdout]    |
[INFO] [stdout] 64 |     pub const EASY_DMA_SIZE: usize = (1 << 16) - 1;
[INFO] [stdout]    |               ^^^^^^^^^^^^^
[INFO] [stdout]    = note: the item is gated behind the `5340` feature
[INFO] [stdout] note: found an item that was configured out
[INFO] [stdout]   --> src/lib.rs:66:15
[INFO] [stdout]    |
[INFO] [stdout] 66 |     pub const EASY_DMA_SIZE: usize = (1 << 12) - 1;
[INFO] [stdout]    |               ^^^^^^^^^^^^^
[INFO] [stdout]    = note: the item is gated behind the `9160` feature
[INFO] [stdout] 
[INFO] [stdout] 
[INFO] [stdout] error[E0432]: unresolved import `crate::pac`
[INFO] [stdout]   --> src/timer.rs:15:12
[INFO] [stdout]    |
[INFO] [stdout] 15 | use crate::pac::{timer0::RegisterBlock as RegBlock0, Interrupt, TIMER0, TIMER1, TIMER2};
[INFO] [stdout]    |            ^^^ could not find `pac` in the crate root
[INFO] [stdout] 
[INFO] [stdout] 
[INFO] [stdout] error[E0432]: unresolved import `crate::pac`
[INFO] [stdout]   --> src/timer.rs:18:12
[INFO] [stdout]    |
[INFO] [stdout] 18 | use crate::pac::{TIMER3, TIMER4};
[INFO] [stdout]    |            ^^^ could not find `pac` in the crate root
[INFO] [stdout] 
[INFO] [stdout] 
[INFO] [stdout] error[E0432]: unresolved import `crate::pac`
[INFO] [stdout]   --> src/twim.rs:20:12
[INFO] [stdout]    |
[INFO] [stdout] 20 | use crate::pac::{twim0, TWIM0};
[INFO] [stdout]    |            ^^^ could not find `pac` in the crate root
[INFO] [stdout] 
[INFO] [stdout] 
[INFO] [stdout] error[E0432]: unresolved import `crate::target_constants::EASY_DMA_SIZE`
[INFO] [stdout]   --> src/twim.rs:38:24
[INFO] [stdout]    |
[INFO] [stdout] 38 |     target_constants::{EASY_DMA_SIZE, FORCE_COPY_BUFFER_SIZE},
[INFO] [stdout]    |                        ^^^^^^^^^^^^^ no `EASY_DMA_SIZE` in `target_constants`
[INFO] [stdout]    |
[INFO] [stdout] note: found an item that was configured out
[INFO] [stdout]   --> src/lib.rs:50:15
[INFO] [stdout]    |
[INFO] [stdout] 50 |     pub const EASY_DMA_SIZE: usize = (1 << 14) - 1;
[INFO] [stdout]    |               ^^^^^^^^^^^^^
[INFO] [stdout]    = note: the item is gated behind the `52805` feature
[INFO] [stdout] note: found an item that was configured out
[INFO] [stdout]   --> src/lib.rs:52:15
[INFO] [stdout]    |
[INFO] [stdout] 52 |     pub const EASY_DMA_SIZE: usize = (1 << 10) - 1;
[INFO] [stdout]    |               ^^^^^^^^^^^^^
[INFO] [stdout]    = note: the item is gated behind the `52810` feature
[INFO] [stdout] note: found an item that was configured out
[INFO] [stdout]   --> src/lib.rs:54:15
[INFO] [stdout]    |
[INFO] [stdout] 54 |     pub const EASY_DMA_SIZE: usize = (1 << 14) - 1;
[INFO] [stdout]    |               ^^^^^^^^^^^^^
[INFO] [stdout]    = note: the item is gated behind the `52811` feature
[INFO] [stdout] note: found an item that was configured out
[INFO] [stdout]   --> src/lib.rs:56:15
[INFO] [stdout]    |
[INFO] [stdout] 56 |     pub const EASY_DMA_SIZE: usize = (1 << 15) - 1;
[INFO] [stdout]    |               ^^^^^^^^^^^^^
[INFO] [stdout]    = note: the item is gated behind the `52820` feature
[INFO] [stdout] note: found an item that was configured out
[INFO] [stdout]   --> src/lib.rs:58:15
[INFO] [stdout]    |
[INFO] [stdout] 58 |     pub const EASY_DMA_SIZE: usize = (1 << 8) - 1;
[INFO] [stdout]    |               ^^^^^^^^^^^^^
[INFO] [stdout]    = note: the item is gated behind the `52832` feature
[INFO] [stdout] note: found an item that was configured out
[INFO] [stdout]   --> src/lib.rs:60:15
[INFO] [stdout]    |
[INFO] [stdout] 60 |     pub const EASY_DMA_SIZE: usize = (1 << 16) - 1;
[INFO] [stdout]    |               ^^^^^^^^^^^^^
[INFO] [stdout]    = note: the item is gated behind the `52833` feature
[INFO] [stdout] note: found an item that was configured out
[INFO] [stdout]   --> src/lib.rs:62:15
[INFO] [stdout]    |
[INFO] [stdout] 62 |     pub const EASY_DMA_SIZE: usize = (1 << 16) - 1;
[INFO] [stdout]    |               ^^^^^^^^^^^^^
[INFO] [stdout]    = note: the item is gated behind the `52840` feature
[INFO] [stdout] note: found an item that was configured out
[INFO] [stdout]   --> src/lib.rs:64:15
[INFO] [stdout]    |
[INFO] [stdout] 64 |     pub const EASY_DMA_SIZE: usize = (1 << 16) - 1;
[INFO] [stdout]    |               ^^^^^^^^^^^^^
[INFO] [stdout]    = note: the item is gated behind the `5340` feature
[INFO] [stdout] note: found an item that was configured out
[INFO] [stdout]   --> src/lib.rs:66:15
[INFO] [stdout]    |
[INFO] [stdout] 66 |     pub const EASY_DMA_SIZE: usize = (1 << 12) - 1;
[INFO] [stdout]    |               ^^^^^^^^^^^^^
[INFO] [stdout]    = note: the item is gated behind the `9160` feature
[INFO] [stdout] 
[INFO] [stdout] 
[INFO] [stdout] error[E0433]: failed to resolve: could not find `pac` in the crate root
[INFO] [stdout]     --> src/pwm.rs:1006:26
[INFO] [stdout]      |
[INFO] [stdout] 1006 | impl Instance for crate::pac::PWM0 {
[INFO] [stdout]      |                          ^^^ could not find `pac` in the crate root
[INFO] [stdout] 
[INFO] [stdout] 
[INFO] [stdout] error[E0433]: failed to resolve: could not find `pac` in the crate root
[INFO] [stdout]     --> src/pwm.rs:1020:26
[INFO] [stdout]      |
[INFO] [stdout] 1020 | impl Instance for crate::pac::PWM1 {
[INFO] [stdout]      |                          ^^^ could not find `pac` in the crate root
[INFO] [stdout] 
[INFO] [stdout] 
[INFO] [stdout] error[E0433]: failed to resolve: could not find `pac` in the crate root
[INFO] [stdout]     --> src/pwm.rs:1033:26
[INFO] [stdout]      |
[INFO] [stdout] 1033 | impl Instance for crate::pac::PWM2 {
[INFO] [stdout]      |                          ^^^ could not find `pac` in the crate root
[INFO] [stdout] 
[INFO] [stdout] 
[INFO] [stdout] error[E0433]: failed to resolve: could not find `pac` in the crate root
[INFO] [stdout]     --> src/pwm.rs:1047:26
[INFO] [stdout]      |
[INFO] [stdout] 1047 | impl Instance for crate::pac::PWM3 {
[INFO] [stdout]      |                          ^^^ could not find `pac` in the crate root
[INFO] [stdout] 
[INFO] [stdout] 
[INFO] [stdout] error[E0433]: failed to resolve: could not find `pac` in the crate root
[INFO] [stdout]     --> src/pwm.rs:1090:28
[INFO] [stdout]      |
[INFO] [stdout] 1090 |     impl Sealed for crate::pac::PWM0 {}
[INFO] [stdout]      |                            ^^^ could not find `pac` in the crate root
[INFO] [stdout] 
[INFO] [stdout] 
[INFO] [stdout] error[E0433]: failed to resolve: could not find `pac` in the crate root
[INFO] [stdout]     --> src/pwm.rs:1098:28
[INFO] [stdout]      |
[INFO] [stdout] 1098 |     impl Sealed for crate::pac::PWM1 {}
[INFO] [stdout]      |                            ^^^ could not find `pac` in the crate root
[INFO] [stdout] 
[INFO] [stdout] 
[INFO] [stdout] error[E0433]: failed to resolve: could not find `pac` in the crate root
[INFO] [stdout]     --> src/pwm.rs:1106:28
[INFO] [stdout]      |
[INFO] [stdout] 1106 |     impl Sealed for crate::pac::PWM2 {}
[INFO] [stdout]      |                            ^^^ could not find `pac` in the crate root
[INFO] [stdout] 
[INFO] [stdout] 
[INFO] [stdout] error[E0433]: failed to resolve: could not find `pac` in the crate root
[INFO] [stdout]     --> src/pwm.rs:1115:28
[INFO] [stdout]      |
[INFO] [stdout] 1115 |     impl Sealed for crate::pac::PWM3 {}
[INFO] [stdout]      |                            ^^^ could not find `pac` in the crate root
[INFO] [stdout] 
[INFO] [stdout] 
[INFO] [stdout] error[E0412]: cannot find type `RegisterBlock` in this scope
[INFO] [stdout]    --> src/pwm.rs:989:53
[INFO] [stdout]     |
[INFO] [stdout] 989 | pub trait Instance: sealed::Sealed + Deref<Target = RegisterBlock> {
[INFO] [stdout]     |                                                     ^^^^^^^^^^^^^ not found in this scope
[INFO] [stdout]     |
[INFO] [stdout] help: consider importing one of these items
[INFO] [stdout]     |
[INFO] [stdout] 5   + use cortex_m::peripheral::cbp::RegisterBlock;
[INFO] [stdout]     |
[INFO] [stdout] 5   + use cortex_m::peripheral::cpuid::RegisterBlock;
[INFO] [stdout]     |
[INFO] [stdout] 5   + use cortex_m::peripheral::dcb::RegisterBlock;
[INFO] [stdout]     |
[INFO] [stdout] 5   + use cortex_m::peripheral::dwt::RegisterBlock;
[INFO] [stdout]     |
[INFO] [stdout]       and 9 other candidates
[INFO] [stdout] 
[INFO] [stdout] 
[INFO] [stdout] error[E0425]: cannot find value `EASY_DMA_SIZE` in this scope
[INFO] [stdout]   --> src/lib.rs:76:50
[INFO] [stdout]    |
[INFO] [stdout] 76 |     const _CHECK_FORCE_COPY_BUFFER_SIZE: usize = EASY_DMA_SIZE - FORCE_COPY_BUFFER_SIZE;
[INFO] [stdout]    |                                                  ^^^^^^^^^^^^^ not found in this scope
[INFO] [stdout] 
[INFO] [stdout] 
[INFO] [stdout] warning: unused import: `slice_in_ram`
[INFO] [stdout]   --> src/spim.rs:31:13
[INFO] [stdout]    |
[INFO] [stdout] 31 | use crate::{slice_in_ram, slice_in_ram_or, DmaSlice};
[INFO] [stdout]    |             ^^^^^^^^^^^^
[INFO] [stdout]    |
[INFO] [stdout]    = note: `#[warn(unused_imports)]` on by default
[INFO] [stdout] 
[INFO] [stdout] 
[INFO] [stdout] error: aborting due to 23 previous errors; 1 warning emitted
[INFO] [stdout] 
[INFO] [stdout] 
[INFO] [stdout] Some errors have detailed explanations: E0412, E0425, E0432, E0433.
[INFO] [stdout] 
[INFO] [stdout] For more information about an error, try `rustc --explain E0412`.
[INFO] [stdout] 
[INFO] [stderr] error: could not compile `nrf-hal` (lib) due to 24 previous errors; 1 warning emitted
[INFO] [stderr] warning: build failed, waiting for other jobs to finish...
[INFO] running `Command { std: "docker" "inspect" "ae084869e7320a16f1c4961d7380d5a2930faa5e7e089ab6dd0e757d7a8f0ab3", kill_on_drop: false }`
[INFO] running `Command { std: "docker" "rm" "-f" "ae084869e7320a16f1c4961d7380d5a2930faa5e7e089ab6dd0e757d7a8f0ab3", kill_on_drop: false }`
[INFO] [stdout] ae084869e7320a16f1c4961d7380d5a2930faa5e7e089ab6dd0e757d7a8f0ab3
[INFO] testing nrf-hal-0.1.1 against beta-2023-12-22 for beta-1.76-1
[INFO] extracting crate nrf-hal 0.1.1 into /workspace/builds/worker-3-tc2/source
[INFO] validating manifest of crates.io crate nrf-hal 0.1.1 on toolchain beta-2023-12-22
[INFO] running `Command { std: CARGO_HOME="/workspace/cargo-home" RUSTUP_HOME="/workspace/rustup-home" "/workspace/cargo-home/bin/cargo" "+beta-2023-12-22" "metadata" "--manifest-path" "Cargo.toml" "--no-deps", kill_on_drop: false }`
[INFO] started tweaking crates.io crate nrf-hal 0.1.1
[INFO] finished tweaking crates.io crate nrf-hal 0.1.1
[INFO] tweaked toml for crates.io crate nrf-hal 0.1.1 written to /workspace/builds/worker-3-tc2/source/Cargo.toml
[INFO] running `Command { std: CARGO_HOME="/workspace/cargo-home" RUSTUP_HOME="/workspace/rustup-home" "/workspace/cargo-home/bin/cargo" "+beta-2023-12-22" "generate-lockfile" "--manifest-path" "Cargo.toml", kill_on_drop: false }`
[INFO] [stderr]     Blocking waiting for file lock on package cache
[INFO] [stderr]     Updating crates.io index
[INFO] running `Command { std: CARGO_HOME="/workspace/cargo-home" RUSTUP_HOME="/workspace/rustup-home" "/workspace/cargo-home/bin/cargo" "+beta-2023-12-22" "fetch" "--manifest-path" "Cargo.toml", kill_on_drop: false }`
[INFO] [stderr]     Blocking waiting for file lock on package cache
[INFO] running `Command { std: "docker" "create" "-v" "/var/lib/crater-agent-workspace/builds/worker-3-tc2/target:/opt/rustwide/target:rw,Z" "-v" "/var/lib/crater-agent-workspace/builds/worker-3-tc2/source:/opt/rustwide/workdir:ro,Z" "-v" "/var/lib/crater-agent-workspace/cargo-home:/opt/rustwide/cargo-home:ro,Z" "-v" "/var/lib/crater-agent-workspace/rustup-home:/opt/rustwide/rustup-home:ro,Z" "-e" "SOURCE_DIR=/opt/rustwide/workdir" "-e" "CARGO_TARGET_DIR=/opt/rustwide/target" "-e" "CARGO_HOME=/opt/rustwide/cargo-home" "-e" "RUSTUP_HOME=/opt/rustwide/rustup-home" "-w" "/opt/rustwide/workdir" "-m" "1610612736" "--user" "0:0" "--network" "none" "ghcr.io/rust-lang/crates-build-env/linux@sha256:2788e3201cd34a07e3172128adcd8b3090168a8e3bcc40d7c032b9dda1df7d1c" "/opt/rustwide/cargo-home/bin/cargo" "+beta-2023-12-22" "metadata" "--no-deps" "--format-version=1", kill_on_drop: false }`
[INFO] [stdout] 6043b41f21a71e8710d033ec4db8c3baace4c564eff679ae95ffb6428d8874f1
[INFO] running `Command { std: "docker" "start" "-a" "6043b41f21a71e8710d033ec4db8c3baace4c564eff679ae95ffb6428d8874f1", kill_on_drop: false }`
[INFO] running `Command { std: "docker" "inspect" "6043b41f21a71e8710d033ec4db8c3baace4c564eff679ae95ffb6428d8874f1", kill_on_drop: false }`
[INFO] running `Command { std: "docker" "rm" "-f" "6043b41f21a71e8710d033ec4db8c3baace4c564eff679ae95ffb6428d8874f1", kill_on_drop: false }`
[INFO] [stdout] 6043b41f21a71e8710d033ec4db8c3baace4c564eff679ae95ffb6428d8874f1
[INFO] running `Command { std: "docker" "create" "-v" "/var/lib/crater-agent-workspace/builds/worker-3-tc2/target:/opt/rustwide/target:rw,Z" "-v" "/var/lib/crater-agent-workspace/builds/worker-3-tc2/source:/opt/rustwide/workdir:ro,Z" "-v" "/var/lib/crater-agent-workspace/cargo-home:/opt/rustwide/cargo-home:ro,Z" "-v" "/var/lib/crater-agent-workspace/rustup-home:/opt/rustwide/rustup-home:ro,Z" "-e" "SOURCE_DIR=/opt/rustwide/workdir" "-e" "CARGO_TARGET_DIR=/opt/rustwide/target" "-e" "CARGO_INCREMENTAL=0" "-e" "RUST_BACKTRACE=full" "-e" "RUSTFLAGS=--cap-lints=warn" "-e" "RUSTDOCFLAGS=--cap-lints=warn" "-e" "CARGO_HOME=/opt/rustwide/cargo-home" "-e" "RUSTUP_HOME=/opt/rustwide/rustup-home" "-w" "/opt/rustwide/workdir" "-m" "1610612736" "--user" "0:0" "--network" "none" "ghcr.io/rust-lang/crates-build-env/linux@sha256:2788e3201cd34a07e3172128adcd8b3090168a8e3bcc40d7c032b9dda1df7d1c" "/opt/rustwide/cargo-home/bin/cargo" "+beta-2023-12-22" "build" "--frozen" "--message-format=json", kill_on_drop: false }`
[INFO] [stdout] 92c519cf88ef777915480530eb85f57ac305455e321ba31e34e59202677fa4b6
[INFO] running `Command { std: "docker" "start" "-a" "92c519cf88ef777915480530eb85f57ac305455e321ba31e34e59202677fa4b6", kill_on_drop: false }`
[INFO] [stderr]    Compiling semver v1.0.21
[INFO] [stderr]    Compiling semver-parser v0.7.0
[INFO] [stderr]    Compiling az v1.2.1
[INFO] [stderr]    Compiling typenum v1.17.0
[INFO] [stderr]    Compiling nb v1.1.0
[INFO] [stderr]    Compiling fixed v1.24.0
[INFO] [stderr]    Compiling vcell v0.1.3
[INFO] [stderr]    Compiling paste v1.0.14
[INFO] [stderr]    Compiling void v1.0.2
[INFO] [stderr]    Compiling cortex-m v0.7.7
[INFO] [stderr]    Compiling half v2.3.1
[INFO] [stderr]    Compiling bytemuck v1.14.0
[INFO] [stderr]    Compiling stable_deref_trait v1.2.0
[INFO] [stderr]    Compiling bitfield v0.13.2
[INFO] [stderr]    Compiling rand_core v0.6.4
[INFO] [stderr]    Compiling chrono v0.4.31
[INFO] [stderr]    Compiling nb v0.1.3
[INFO] [stderr]    Compiling volatile-register v0.2.2
[INFO] [stderr]    Compiling embedded-dma v0.1.2
[INFO] [stderr]    Compiling embedded-hal v0.2.7
[INFO] [stderr]    Compiling embedded-storage v0.1.0
[INFO] [stderr]    Compiling semver v0.9.0
[INFO] [stderr]    Compiling rustc_version v0.2.3
[INFO] [stderr]    Compiling bare-metal v0.2.5
[INFO] [stderr]    Compiling rustc_version v0.4.0
[INFO] [stderr]    Compiling cast v0.2.7
[INFO] [stderr]    Compiling nrf-hal v0.1.1 (/opt/rustwide/workdir)
[INFO] [stdout] error[E0432]: unresolved import `crate::pac`
[INFO] [stdout]  --> src/clocks.rs:9:12
[INFO] [stdout]   |
[INFO] [stdout] 9 | use crate::pac::CLOCK;
[INFO] [stdout]   |            ^^^ could not find `pac` in the crate root
[INFO] [stdout] 
[INFO] [stdout] 
[INFO] [stdout] error[E0432]: unresolved import `crate::pac`
[INFO] [stdout]   --> src/gpio.rs:11:12
[INFO] [stdout]    |
[INFO] [stdout] 11 | use crate::pac::{p0 as gpio, P0};
[INFO] [stdout]    |            ^^^ could not find `pac` in the crate root
[INFO] [stdout] 
[INFO] [stdout] 
[INFO] [stdout] error[E0432]: unresolved import `crate::pac`
[INFO] [stdout]   --> src/gpio.rs:25:12
[INFO] [stdout]    |
[INFO] [stdout] 25 | use crate::pac::GPIOTE;
[INFO] [stdout]    |            ^^^ could not find `pac` in the crate root
[INFO] [stdout] 
[INFO] [stdout] 
[INFO] [stdout] error[E0433]: failed to resolve: could not find `pac` in the crate root
[INFO] [stdout]  --> src/pwm.rs:6:12
[INFO] [stdout]   |
[INFO] [stdout] 6 | use crate::pac::pwm0::*;
[INFO] [stdout]   |            ^^^ could not find `pac` in the crate root
[INFO] [stdout] 
[INFO] [stdout] 
[INFO] [stdout] error[E0432]: unresolved import `crate::pac`
[INFO] [stdout]   --> src/rtc.rs:13:12
[INFO] [stdout]    |
[INFO] [stdout] 13 | use crate::pac::{rtc0, Interrupt, RTC0, RTC1};
[INFO] [stdout]    |            ^^^ could not find `pac` in the crate root
[INFO] [stdout] 
[INFO] [stdout] 
[INFO] [stdout] error[E0432]: unresolved import `crate::pac`
[INFO] [stdout]   --> src/pwm.rs:12:5
[INFO] [stdout]    |
[INFO] [stdout] 12 |     pac::Interrupt,
[INFO] [stdout]    |     ^^^ could not find `pac` in the crate root
[INFO] [stdout] 
[INFO] [stdout] 
[INFO] [stdout] error[E0432]: unresolved import `crate::pac`
[INFO] [stdout]   --> src/spim.rs:14:12
[INFO] [stdout]    |
[INFO] [stdout] 14 | use crate::pac::{spim0, SPIM0};
[INFO] [stdout]    |            ^^^ could not find `pac` in the crate root
[INFO] [stdout] 
[INFO] [stdout] 
[INFO] [stdout] error[E0433]: failed to resolve: could not find `pac` in the crate root
[INFO] [stdout]   --> src/timer.rs:15:12
[INFO] [stdout]    |
[INFO] [stdout] 15 | use crate::pac::{timer0::RegisterBlock as RegBlock0, Interrupt, TIMER0, TIMER1, TIMER2};
[INFO] [stdout]    |            ^^^ could not find `pac` in the crate root
[INFO] [stdout] 
[INFO] [stdout] 
[INFO] [stdout] error[E0432]: unresolved import `crate::target_constants::EASY_DMA_SIZE`
[INFO] [stdout]   --> src/spim.rs:30:31
[INFO] [stdout]    |
[INFO] [stdout] 30 | use crate::target_constants::{EASY_DMA_SIZE, FORCE_COPY_BUFFER_SIZE};
[INFO] [stdout]    |                               ^^^^^^^^^^^^^ no `EASY_DMA_SIZE` in `target_constants`
[INFO] [stdout]    |
[INFO] [stdout] note: found an item that was configured out
[INFO] [stdout]   --> src/lib.rs:50:15
[INFO] [stdout]    |
[INFO] [stdout] 50 |     pub const EASY_DMA_SIZE: usize = (1 << 14) - 1;
[INFO] [stdout]    |               ^^^^^^^^^^^^^
[INFO] [stdout]    = note: the item is gated behind the `52805` feature
[INFO] [stdout] note: found an item that was configured out
[INFO] [stdout]   --> src/lib.rs:52:15
[INFO] [stdout]    |
[INFO] [stdout] 52 |     pub const EASY_DMA_SIZE: usize = (1 << 10) - 1;
[INFO] [stdout]    |               ^^^^^^^^^^^^^
[INFO] [stdout]    = note: the item is gated behind the `52810` feature
[INFO] [stdout] note: found an item that was configured out
[INFO] [stdout]   --> src/lib.rs:54:15
[INFO] [stdout]    |
[INFO] [stdout] 54 |     pub const EASY_DMA_SIZE: usize = (1 << 14) - 1;
[INFO] [stdout]    |               ^^^^^^^^^^^^^
[INFO] [stdout]    = note: the item is gated behind the `52811` feature
[INFO] [stdout] note: found an item that was configured out
[INFO] [stdout]   --> src/lib.rs:56:15
[INFO] [stdout]    |
[INFO] [stdout] 56 |     pub const EASY_DMA_SIZE: usize = (1 << 15) - 1;
[INFO] [stdout]    |               ^^^^^^^^^^^^^
[INFO] [stdout]    = note: the item is gated behind the `52820` feature
[INFO] [stdout] note: found an item that was configured out
[INFO] [stdout]   --> src/lib.rs:58:15
[INFO] [stdout]    |
[INFO] [stdout] 58 |     pub const EASY_DMA_SIZE: usize = (1 << 8) - 1;
[INFO] [stdout]    |               ^^^^^^^^^^^^^
[INFO] [stdout]    = note: the item is gated behind the `52832` feature
[INFO] [stdout] note: found an item that was configured out
[INFO] [stdout]   --> src/lib.rs:60:15
[INFO] [stdout]    |
[INFO] [stdout] 60 |     pub const EASY_DMA_SIZE: usize = (1 << 16) - 1;
[INFO] [stdout]    |               ^^^^^^^^^^^^^
[INFO] [stdout]    = note: the item is gated behind the `52833` feature
[INFO] [stdout] note: found an item that was configured out
[INFO] [stdout]   --> src/lib.rs:62:15
[INFO] [stdout]    |
[INFO] [stdout] 62 |     pub const EASY_DMA_SIZE: usize = (1 << 16) - 1;
[INFO] [stdout]    |               ^^^^^^^^^^^^^
[INFO] [stdout]    = note: the item is gated behind the `52840` feature
[INFO] [stdout] note: found an item that was configured out
[INFO] [stdout]   --> src/lib.rs:64:15
[INFO] [stdout]    |
[INFO] [stdout] 64 |     pub const EASY_DMA_SIZE: usize = (1 << 16) - 1;
[INFO] [stdout]    |               ^^^^^^^^^^^^^
[INFO] [stdout]    = note: the item is gated behind the `5340` feature
[INFO] [stdout] note: found an item that was configured out
[INFO] [stdout]   --> src/lib.rs:66:15
[INFO] [stdout]    |
[INFO] [stdout] 66 |     pub const EASY_DMA_SIZE: usize = (1 << 12) - 1;
[INFO] [stdout]    |               ^^^^^^^^^^^^^
[INFO] [stdout]    = note: the item is gated behind the `9160` feature
[INFO] [stdout] 
[INFO] [stdout] 
[INFO] [stdout] error[E0432]: unresolved import `crate::pac`
[INFO] [stdout]   --> src/timer.rs:15:12
[INFO] [stdout]    |
[INFO] [stdout] 15 | use crate::pac::{timer0::RegisterBlock as RegBlock0, Interrupt, TIMER0, TIMER1, TIMER2};
[INFO] [stdout]    |            ^^^ could not find `pac` in the crate root
[INFO] [stdout] 
[INFO] [stdout] 
[INFO] [stdout] error[E0432]: unresolved import `crate::pac`
[INFO] [stdout]   --> src/timer.rs:18:12
[INFO] [stdout]    |
[INFO] [stdout] 18 | use crate::pac::{TIMER3, TIMER4};
[INFO] [stdout]    |            ^^^ could not find `pac` in the crate root
[INFO] [stdout] 
[INFO] [stdout] 
[INFO] [stdout] error[E0432]: unresolved import `crate::pac`
[INFO] [stdout]   --> src/twim.rs:20:12
[INFO] [stdout]    |
[INFO] [stdout] 20 | use crate::pac::{twim0, TWIM0};
[INFO] [stdout]    |            ^^^ could not find `pac` in the crate root
[INFO] [stdout] 
[INFO] [stdout] 
[INFO] [stdout] error[E0432]: unresolved import `crate::target_constants::EASY_DMA_SIZE`
[INFO] [stdout]   --> src/twim.rs:38:24
[INFO] [stdout]    |
[INFO] [stdout] 38 |     target_constants::{EASY_DMA_SIZE, FORCE_COPY_BUFFER_SIZE},
[INFO] [stdout]    |                        ^^^^^^^^^^^^^ no `EASY_DMA_SIZE` in `target_constants`
[INFO] [stdout]    |
[INFO] [stdout] note: found an item that was configured out
[INFO] [stdout]   --> src/lib.rs:50:15
[INFO] [stdout]    |
[INFO] [stdout] 50 |     pub const EASY_DMA_SIZE: usize = (1 << 14) - 1;
[INFO] [stdout]    |               ^^^^^^^^^^^^^
[INFO] [stdout]    = note: the item is gated behind the `52805` feature
[INFO] [stdout] note: found an item that was configured out
[INFO] [stdout]   --> src/lib.rs:52:15
[INFO] [stdout]    |
[INFO] [stdout] 52 |     pub const EASY_DMA_SIZE: usize = (1 << 10) - 1;
[INFO] [stdout]    |               ^^^^^^^^^^^^^
[INFO] [stdout]    = note: the item is gated behind the `52810` feature
[INFO] [stdout] note: found an item that was configured out
[INFO] [stdout]   --> src/lib.rs:54:15
[INFO] [stdout]    |
[INFO] [stdout] 54 |     pub const EASY_DMA_SIZE: usize = (1 << 14) - 1;
[INFO] [stdout]    |               ^^^^^^^^^^^^^
[INFO] [stdout]    = note: the item is gated behind the `52811` feature
[INFO] [stdout] note: found an item that was configured out
[INFO] [stdout]   --> src/lib.rs:56:15
[INFO] [stdout]    |
[INFO] [stdout] 56 |     pub const EASY_DMA_SIZE: usize = (1 << 15) - 1;
[INFO] [stdout]    |               ^^^^^^^^^^^^^
[INFO] [stdout]    = note: the item is gated behind the `52820` feature
[INFO] [stdout] note: found an item that was configured out
[INFO] [stdout]   --> src/lib.rs:58:15
[INFO] [stdout]    |
[INFO] [stdout] 58 |     pub const EASY_DMA_SIZE: usize = (1 << 8) - 1;
[INFO] [stdout]    |               ^^^^^^^^^^^^^
[INFO] [stdout]    = note: the item is gated behind the `52832` feature
[INFO] [stdout] note: found an item that was configured out
[INFO] [stdout]   --> src/lib.rs:60:15
[INFO] [stdout]    |
[INFO] [stdout] 60 |     pub const EASY_DMA_SIZE: usize = (1 << 16) - 1;
[INFO] [stdout]    |               ^^^^^^^^^^^^^
[INFO] [stdout]    = note: the item is gated behind the `52833` feature
[INFO] [stdout] note: found an item that was configured out
[INFO] [stdout]   --> src/lib.rs:62:15
[INFO] [stdout]    |
[INFO] [stdout] 62 |     pub const EASY_DMA_SIZE: usize = (1 << 16) - 1;
[INFO] [stdout]    |               ^^^^^^^^^^^^^
[INFO] [stdout]    = note: the item is gated behind the `52840` feature
[INFO] [stdout] note: found an item that was configured out
[INFO] [stdout]   --> src/lib.rs:64:15
[INFO] [stdout]    |
[INFO] [stdout] 64 |     pub const EASY_DMA_SIZE: usize = (1 << 16) - 1;
[INFO] [stdout]    |               ^^^^^^^^^^^^^
[INFO] [stdout]    = note: the item is gated behind the `5340` feature
[INFO] [stdout] note: found an item that was configured out
[INFO] [stdout]   --> src/lib.rs:66:15
[INFO] [stdout]    |
[INFO] [stdout] 66 |     pub const EASY_DMA_SIZE: usize = (1 << 12) - 1;
[INFO] [stdout]    |               ^^^^^^^^^^^^^
[INFO] [stdout]    = note: the item is gated behind the `9160` feature
[INFO] [stdout] 
[INFO] [stdout] 
[INFO] [stdout] error[E0433]: failed to resolve: could not find `pac` in the crate root
[INFO] [stdout]     --> src/pwm.rs:1006:26
[INFO] [stdout]      |
[INFO] [stdout] 1006 | impl Instance for crate::pac::PWM0 {
[INFO] [stdout]      |                          ^^^ could not find `pac` in the crate root
[INFO] [stdout] 
[INFO] [stdout] 
[INFO] [stdout] error[E0433]: failed to resolve: could not find `pac` in the crate root
[INFO] [stdout]     --> src/pwm.rs:1020:26
[INFO] [stdout]      |
[INFO] [stdout] 1020 | impl Instance for crate::pac::PWM1 {
[INFO] [stdout]      |                          ^^^ could not find `pac` in the crate root
[INFO] [stdout] 
[INFO] [stdout] 
[INFO] [stdout] error[E0433]: failed to resolve: could not find `pac` in the crate root
[INFO] [stdout]     --> src/pwm.rs:1033:26
[INFO] [stdout]      |
[INFO] [stdout] 1033 | impl Instance for crate::pac::PWM2 {
[INFO] [stdout]      |                          ^^^ could not find `pac` in the crate root
[INFO] [stdout] 
[INFO] [stdout] 
[INFO] [stdout] error[E0433]: failed to resolve: could not find `pac` in the crate root
[INFO] [stdout]     --> src/pwm.rs:1047:26
[INFO] [stdout]      |
[INFO] [stdout] 1047 | impl Instance for crate::pac::PWM3 {
[INFO] [stdout]      |                          ^^^ could not find `pac` in the crate root
[INFO] [stdout] 
[INFO] [stdout] 
[INFO] [stdout] error[E0433]: failed to resolve: could not find `pac` in the crate root
[INFO] [stdout]     --> src/pwm.rs:1090:28
[INFO] [stdout]      |
[INFO] [stdout] 1090 |     impl Sealed for crate::pac::PWM0 {}
[INFO] [stdout]      |                            ^^^ could not find `pac` in the crate root
[INFO] [stdout] 
[INFO] [stdout] 
[INFO] [stdout] error[E0433]: failed to resolve: could not find `pac` in the crate root
[INFO] [stdout]     --> src/pwm.rs:1098:28
[INFO] [stdout]      |
[INFO] [stdout] 1098 |     impl Sealed for crate::pac::PWM1 {}
[INFO] [stdout]      |                            ^^^ could not find `pac` in the crate root
[INFO] [stdout] 
[INFO] [stdout] 
[INFO] [stdout] error[E0433]: failed to resolve: could not find `pac` in the crate root
[INFO] [stdout]     --> src/pwm.rs:1106:28
[INFO] [stdout]      |
[INFO] [stdout] 1106 |     impl Sealed for crate::pac::PWM2 {}
[INFO] [stdout]      |                            ^^^ could not find `pac` in the crate root
[INFO] [stdout] 
[INFO] [stdout] 
[INFO] [stdout] error[E0433]: failed to resolve: could not find `pac` in the crate root
[INFO] [stdout]     --> src/pwm.rs:1115:28
[INFO] [stdout]      |
[INFO] [stdout] 1115 |     impl Sealed for crate::pac::PWM3 {}
[INFO] [stdout]      |                            ^^^ could not find `pac` in the crate root
[INFO] [stdout] 
[INFO] [stdout] 
[INFO] [stdout] error[E0412]: cannot find type `RegisterBlock` in this scope
[INFO] [stdout]    --> src/pwm.rs:989:53
[INFO] [stdout]     |
[INFO] [stdout] 989 | pub trait Instance: sealed::Sealed + Deref<Target = RegisterBlock> {
[INFO] [stdout]     |                                                     ^^^^^^^^^^^^^ not found in this scope
[INFO] [stdout]     |
[INFO] [stdout] help: consider importing one of these items
[INFO] [stdout]     |
[INFO] [stdout] 5   + use cortex_m::peripheral::cbp::RegisterBlock;
[INFO] [stdout]     |
[INFO] [stdout] 5   + use cortex_m::peripheral::cpuid::RegisterBlock;
[INFO] [stdout]     |
[INFO] [stdout] 5   + use cortex_m::peripheral::dcb::RegisterBlock;
[INFO] [stdout]     |
[INFO] [stdout] 5   + use cortex_m::peripheral::dwt::RegisterBlock;
[INFO] [stdout]     |
[INFO] [stdout]       and 9 other candidates
[INFO] [stdout] 
[INFO] [stdout] 
[INFO] [stdout] error[E0425]: cannot find value `EASY_DMA_SIZE` in this scope
[INFO] [stdout]   --> src/lib.rs:76:50
[INFO] [stdout]    |
[INFO] [stdout] 76 |     const _CHECK_FORCE_COPY_BUFFER_SIZE: usize = EASY_DMA_SIZE - FORCE_COPY_BUFFER_SIZE;
[INFO] [stdout]    |                                                  ^^^^^^^^^^^^^ not found in this scope
[INFO] [stdout] 
[INFO] [stdout] 
[INFO] [stdout] warning: unused import: `slice_in_ram`
[INFO] [stdout]   --> src/spim.rs:31:13
[INFO] [stdout]    |
[INFO] [stdout] 31 | use crate::{slice_in_ram, slice_in_ram_or, DmaSlice};
[INFO] [stdout]    |             ^^^^^^^^^^^^
[INFO] [stdout]    |
[INFO] [stdout]    = note: `#[warn(unused_imports)]` on by default
[INFO] [stdout] 
[INFO] [stdout] 
[INFO] [stdout] error: aborting due to 23 previous errors; 1 warning emitted
[INFO] [stdout] 
[INFO] [stdout] 
[INFO] [stdout] Some errors have detailed explanations: E0412, E0425, E0432, E0433.
[INFO] [stdout] 
[INFO] [stdout] For more information about an error, try `rustc --explain E0412`.
[INFO] [stdout] 
[INFO] [stderr] error: could not compile `nrf-hal` (lib) due to 24 previous errors; 1 warning emitted
[INFO] [stderr] warning: build failed, waiting for other jobs to finish...
[INFO] running `Command { std: "docker" "inspect" "92c519cf88ef777915480530eb85f57ac305455e321ba31e34e59202677fa4b6", kill_on_drop: false }`
[INFO] running `Command { std: "docker" "rm" "-f" "92c519cf88ef777915480530eb85f57ac305455e321ba31e34e59202677fa4b6", kill_on_drop: false }`
[INFO] [stdout] 92c519cf88ef777915480530eb85f57ac305455e321ba31e34e59202677fa4b6
