[INFO] fetching crate nothing 0.1.11...
[INFO] testing nothing-0.1.11 against 1.75.0 for beta-1.76-1
[INFO] extracting crate nothing 0.1.11 into /workspace/builds/worker-7-tc1/source
[INFO] validating manifest of crates.io crate nothing 0.1.11 on toolchain 1.75.0
[INFO] running `Command { std: CARGO_HOME="/workspace/cargo-home" RUSTUP_HOME="/workspace/rustup-home" "/workspace/cargo-home/bin/cargo" "+1.75.0" "metadata" "--manifest-path" "Cargo.toml" "--no-deps", kill_on_drop: false }`
[INFO] removed /workspace/builds/worker-7-tc1/source/.cargo/config.toml
[INFO] removed /workspace/builds/worker-7-tc1/source/rust-toolchain
[INFO] started tweaking crates.io crate nothing 0.1.11
[INFO] finished tweaking crates.io crate nothing 0.1.11
[INFO] tweaked toml for crates.io crate nothing 0.1.11 written to /workspace/builds/worker-7-tc1/source/Cargo.toml
[INFO] crate crates.io crate nothing 0.1.11 already has a lockfile, it will not be regenerated
[INFO] running `Command { std: CARGO_HOME="/workspace/cargo-home" RUSTUP_HOME="/workspace/rustup-home" "/workspace/cargo-home/bin/cargo" "+1.75.0" "fetch" "--manifest-path" "Cargo.toml", kill_on_drop: false }`
[INFO] [stderr]  Downloading crates ...
[INFO] [stderr]   Downloaded pmutil v0.5.3
[INFO] [stderr]   Downloaded is-macro v0.2.0
[INFO] running `Command { std: "docker" "create" "-v" "/var/lib/crater-agent-workspace/builds/worker-7-tc1/target:/opt/rustwide/target:rw,Z" "-v" "/var/lib/crater-agent-workspace/builds/worker-7-tc1/source:/opt/rustwide/workdir:ro,Z" "-v" "/var/lib/crater-agent-workspace/cargo-home:/opt/rustwide/cargo-home:ro,Z" "-v" "/var/lib/crater-agent-workspace/rustup-home:/opt/rustwide/rustup-home:ro,Z" "-e" "SOURCE_DIR=/opt/rustwide/workdir" "-e" "CARGO_TARGET_DIR=/opt/rustwide/target" "-e" "CARGO_HOME=/opt/rustwide/cargo-home" "-e" "RUSTUP_HOME=/opt/rustwide/rustup-home" "-w" "/opt/rustwide/workdir" "-m" "1610612736" "--user" "0:0" "--network" "none" "ghcr.io/rust-lang/crates-build-env/linux@sha256:2788e3201cd34a07e3172128adcd8b3090168a8e3bcc40d7c032b9dda1df7d1c" "/opt/rustwide/cargo-home/bin/cargo" "+1.75.0" "metadata" "--no-deps" "--format-version=1", kill_on_drop: false }`
[INFO] [stdout] 8b1819af9c0658feee26c8486b02fcf8876d345784d3b12deb5796f605803ac6
[INFO] running `Command { std: "docker" "start" "-a" "8b1819af9c0658feee26c8486b02fcf8876d345784d3b12deb5796f605803ac6", kill_on_drop: false }`
[INFO] running `Command { std: "docker" "inspect" "8b1819af9c0658feee26c8486b02fcf8876d345784d3b12deb5796f605803ac6", kill_on_drop: false }`
[INFO] running `Command { std: "docker" "rm" "-f" "8b1819af9c0658feee26c8486b02fcf8876d345784d3b12deb5796f605803ac6", kill_on_drop: false }`
[INFO] [stdout] 8b1819af9c0658feee26c8486b02fcf8876d345784d3b12deb5796f605803ac6
[INFO] running `Command { std: "docker" "create" "-v" "/var/lib/crater-agent-workspace/builds/worker-7-tc1/target:/opt/rustwide/target:rw,Z" "-v" "/var/lib/crater-agent-workspace/builds/worker-7-tc1/source:/opt/rustwide/workdir:ro,Z" "-v" "/var/lib/crater-agent-workspace/cargo-home:/opt/rustwide/cargo-home:ro,Z" "-v" "/var/lib/crater-agent-workspace/rustup-home:/opt/rustwide/rustup-home:ro,Z" "-e" "SOURCE_DIR=/opt/rustwide/workdir" "-e" "CARGO_TARGET_DIR=/opt/rustwide/target" "-e" "CARGO_INCREMENTAL=0" "-e" "RUST_BACKTRACE=full" "-e" "RUSTFLAGS=--cap-lints=warn" "-e" "RUSTDOCFLAGS=--cap-lints=warn" "-e" "CARGO_HOME=/opt/rustwide/cargo-home" "-e" "RUSTUP_HOME=/opt/rustwide/rustup-home" "-w" "/opt/rustwide/workdir" "-m" "1610612736" "--user" "0:0" "--network" "none" "ghcr.io/rust-lang/crates-build-env/linux@sha256:2788e3201cd34a07e3172128adcd8b3090168a8e3bcc40d7c032b9dda1df7d1c" "/opt/rustwide/cargo-home/bin/cargo" "+1.75.0" "build" "--frozen" "--message-format=json", kill_on_drop: false }`
[INFO] [stdout] fd445feb116b1b6d2513aafb8826d98282e764cab47057953b13c959de3d4f0c
[INFO] running `Command { std: "docker" "start" "-a" "fd445feb116b1b6d2513aafb8826d98282e764cab47057953b13c959de3d4f0c", kill_on_drop: false }`
[INFO] [stderr]    Compiling proc-macro2 v1.0.37
[INFO] [stderr]    Compiling syn v1.0.91
[INFO] [stderr]    Compiling Inflector v0.11.4
[INFO] [stderr]    Compiling quote v1.0.18
[INFO] [stderr]    Compiling pmutil v0.5.3
[INFO] [stderr]    Compiling is-macro v0.2.0
[INFO] [stderr]    Compiling nothing v0.1.11 (/opt/rustwide/workdir)
[INFO] [stdout] error[E0554]: `#![feature]` may not be used on the stable release channel
[INFO] [stdout]   --> lib.rs:42:1
[INFO] [stdout]    |
[INFO] [stdout] 42 | #![feature(derive_default_enum)]
[INFO] [stdout]    | ^^^^^^^^^^^^^^^^^^^^^^^^^^^^^^^^ help: remove the attribute
[INFO] [stdout]    |
[INFO] [stdout]    = help: the feature `derive_default_enum` has been stable since `1.62.0` and no longer requires an attribute to enable
[INFO] [stdout] 
[INFO] [stdout] 
[INFO] [stdout] error[E0554]: `#![feature]` may not be used on the stable release channel
[INFO] [stdout]   --> lib.rs:43:1
[INFO] [stdout]    |
[INFO] [stdout] 43 | #![feature(try_trait_v2)]
[INFO] [stdout]    | ^^^^^^^^^^^^^^^^^^^^^^^^^
[INFO] [stdout] 
[INFO] [stdout] 
[INFO] [stdout] warning: the feature `derive_default_enum` has been stable since 1.62.0 and no longer requires an attribute to enable
[INFO] [stdout]   --> lib.rs:42:12
[INFO] [stdout]    |
[INFO] [stdout] 42 | #![feature(derive_default_enum)]
[INFO] [stdout]    |            ^^^^^^^^^^^^^^^^^^^
[INFO] [stdout]    |
[INFO] [stdout]    = note: `#[warn(stable_features)]` on by default
[INFO] [stdout] 
[INFO] [stdout] 
[INFO] [stdout] error[E0554]: `#![feature]` may not be used on the stable release channel
[INFO] [stdout]   --> lib.rs:43:12
[INFO] [stdout]    |
[INFO] [stdout] 43 | #![feature(try_trait_v2)]
[INFO] [stdout]    |            ^^^^^^^^^^^^
[INFO] [stdout] 
[INFO] [stdout] 
[INFO] [stdout] error: aborting due to 3 previous errors; 1 warning emitted
[INFO] [stdout] 
[INFO] [stdout] 
[INFO] [stdout] For more information about this error, try `rustc --explain E0554`.
[INFO] [stdout] 
[INFO] [stderr] error: could not compile `nothing` (lib) due to 4 previous errors; 1 warning emitted
[INFO] running `Command { std: "docker" "inspect" "fd445feb116b1b6d2513aafb8826d98282e764cab47057953b13c959de3d4f0c", kill_on_drop: false }`
[INFO] running `Command { std: "docker" "rm" "-f" "fd445feb116b1b6d2513aafb8826d98282e764cab47057953b13c959de3d4f0c", kill_on_drop: false }`
[INFO] [stdout] fd445feb116b1b6d2513aafb8826d98282e764cab47057953b13c959de3d4f0c
[INFO] testing nothing-0.1.11 against beta-2023-12-22 for beta-1.76-1
[INFO] extracting crate nothing 0.1.11 into /workspace/builds/worker-7-tc2/source
[INFO] validating manifest of crates.io crate nothing 0.1.11 on toolchain beta-2023-12-22
[INFO] running `Command { std: CARGO_HOME="/workspace/cargo-home" RUSTUP_HOME="/workspace/rustup-home" "/workspace/cargo-home/bin/cargo" "+beta-2023-12-22" "metadata" "--manifest-path" "Cargo.toml" "--no-deps", kill_on_drop: false }`
[INFO] removed /workspace/builds/worker-7-tc2/source/.cargo/config.toml
[INFO] removed /workspace/builds/worker-7-tc2/source/rust-toolchain
[INFO] started tweaking crates.io crate nothing 0.1.11
[INFO] finished tweaking crates.io crate nothing 0.1.11
[INFO] tweaked toml for crates.io crate nothing 0.1.11 written to /workspace/builds/worker-7-tc2/source/Cargo.toml
[INFO] crate crates.io crate nothing 0.1.11 already has a lockfile, it will not be regenerated
[INFO] running `Command { std: CARGO_HOME="/workspace/cargo-home" RUSTUP_HOME="/workspace/rustup-home" "/workspace/cargo-home/bin/cargo" "+beta-2023-12-22" "fetch" "--manifest-path" "Cargo.toml", kill_on_drop: false }`
[INFO] running `Command { std: "docker" "create" "-v" "/var/lib/crater-agent-workspace/builds/worker-7-tc2/target:/opt/rustwide/target:rw,Z" "-v" "/var/lib/crater-agent-workspace/builds/worker-7-tc2/source:/opt/rustwide/workdir:ro,Z" "-v" "/var/lib/crater-agent-workspace/cargo-home:/opt/rustwide/cargo-home:ro,Z" "-v" "/var/lib/crater-agent-workspace/rustup-home:/opt/rustwide/rustup-home:ro,Z" "-e" "SOURCE_DIR=/opt/rustwide/workdir" "-e" "CARGO_TARGET_DIR=/opt/rustwide/target" "-e" "CARGO_HOME=/opt/rustwide/cargo-home" "-e" "RUSTUP_HOME=/opt/rustwide/rustup-home" "-w" "/opt/rustwide/workdir" "-m" "1610612736" "--user" "0:0" "--network" "none" "ghcr.io/rust-lang/crates-build-env/linux@sha256:2788e3201cd34a07e3172128adcd8b3090168a8e3bcc40d7c032b9dda1df7d1c" "/opt/rustwide/cargo-home/bin/cargo" "+beta-2023-12-22" "metadata" "--no-deps" "--format-version=1", kill_on_drop: false }`
[INFO] [stdout] ef281e4f685298ca89cdd8f55eabd3a8a2616dd21cdf4df3a165e11285153614
[INFO] running `Command { std: "docker" "start" "-a" "ef281e4f685298ca89cdd8f55eabd3a8a2616dd21cdf4df3a165e11285153614", kill_on_drop: false }`
[INFO] running `Command { std: "docker" "inspect" "ef281e4f685298ca89cdd8f55eabd3a8a2616dd21cdf4df3a165e11285153614", kill_on_drop: false }`
[INFO] running `Command { std: "docker" "rm" "-f" "ef281e4f685298ca89cdd8f55eabd3a8a2616dd21cdf4df3a165e11285153614", kill_on_drop: false }`
[INFO] [stdout] ef281e4f685298ca89cdd8f55eabd3a8a2616dd21cdf4df3a165e11285153614
[INFO] running `Command { std: "docker" "create" "-v" "/var/lib/crater-agent-workspace/builds/worker-7-tc2/target:/opt/rustwide/target:rw,Z" "-v" "/var/lib/crater-agent-workspace/builds/worker-7-tc2/source:/opt/rustwide/workdir:ro,Z" "-v" "/var/lib/crater-agent-workspace/cargo-home:/opt/rustwide/cargo-home:ro,Z" "-v" "/var/lib/crater-agent-workspace/rustup-home:/opt/rustwide/rustup-home:ro,Z" "-e" "SOURCE_DIR=/opt/rustwide/workdir" "-e" "CARGO_TARGET_DIR=/opt/rustwide/target" "-e" "CARGO_INCREMENTAL=0" "-e" "RUST_BACKTRACE=full" "-e" "RUSTFLAGS=--cap-lints=warn" "-e" "RUSTDOCFLAGS=--cap-lints=warn" "-e" "CARGO_HOME=/opt/rustwide/cargo-home" "-e" "RUSTUP_HOME=/opt/rustwide/rustup-home" "-w" "/opt/rustwide/workdir" "-m" "1610612736" "--user" "0:0" "--network" "none" "ghcr.io/rust-lang/crates-build-env/linux@sha256:2788e3201cd34a07e3172128adcd8b3090168a8e3bcc40d7c032b9dda1df7d1c" "/opt/rustwide/cargo-home/bin/cargo" "+beta-2023-12-22" "build" "--frozen" "--message-format=json", kill_on_drop: false }`
[INFO] [stdout] d522ccf746c55c7521a89d8c2dc0f75a009edd78a1c410ffff3176610f9554c3
[INFO] running `Command { std: "docker" "start" "-a" "d522ccf746c55c7521a89d8c2dc0f75a009edd78a1c410ffff3176610f9554c3", kill_on_drop: false }`
[INFO] [stderr]    Compiling proc-macro2 v1.0.37
[INFO] [stderr]    Compiling syn v1.0.91
[INFO] [stderr]    Compiling Inflector v0.11.4
[INFO] [stderr]    Compiling quote v1.0.18
[INFO] [stderr]    Compiling pmutil v0.5.3
[INFO] [stderr]    Compiling is-macro v0.2.0
[INFO] [stderr]    Compiling nothing v0.1.11 (/opt/rustwide/workdir)
[INFO] [stdout] error[E0554]: `#![feature]` may not be used on the beta release channel
[INFO] [stdout]   --> lib.rs:42:1
[INFO] [stdout]    |
[INFO] [stdout] 42 | #![feature(derive_default_enum)]
[INFO] [stdout]    | ^^^^^^^^^^^^^^^^^^^^^^^^^^^^^^^^ help: remove the attribute
[INFO] [stdout]    |
[INFO] [stdout]    = help: the feature `derive_default_enum` has been stable since `1.62.0` and no longer requires an attribute to enable
[INFO] [stdout] 
[INFO] [stdout] 
[INFO] [stdout] error[E0554]: `#![feature]` may not be used on the beta release channel
[INFO] [stdout]   --> lib.rs:43:1
[INFO] [stdout]    |
[INFO] [stdout] 43 | #![feature(try_trait_v2)]
[INFO] [stdout]    | ^^^^^^^^^^^^^^^^^^^^^^^^^
[INFO] [stdout] 
[INFO] [stdout] 
[INFO] [stdout] warning: the feature `derive_default_enum` has been stable since 1.62.0 and no longer requires an attribute to enable
[INFO] [stdout]   --> lib.rs:42:12
[INFO] [stdout]    |
[INFO] [stdout] 42 | #![feature(derive_default_enum)]
[INFO] [stdout]    |            ^^^^^^^^^^^^^^^^^^^
[INFO] [stdout]    |
[INFO] [stdout]    = note: `#[warn(stable_features)]` on by default
[INFO] [stdout] 
[INFO] [stdout] 
[INFO] [stdout] error[E0554]: `#![feature]` may not be used on the beta release channel
[INFO] [stdout]   --> lib.rs:43:12
[INFO] [stdout]    |
[INFO] [stdout] 43 | #![feature(try_trait_v2)]
[INFO] [stdout]    |            ^^^^^^^^^^^^
[INFO] [stdout] 
[INFO] [stdout] 
[INFO] [stdout] error: aborting due to 3 previous errors; 1 warning emitted
[INFO] [stdout] 
[INFO] [stdout] 
[INFO] [stdout] For more information about this error, try `rustc --explain E0554`.
[INFO] [stdout] 
[INFO] [stderr] error: could not compile `nothing` (lib) due to 4 previous errors; 1 warning emitted
[INFO] running `Command { std: "docker" "inspect" "d522ccf746c55c7521a89d8c2dc0f75a009edd78a1c410ffff3176610f9554c3", kill_on_drop: false }`
[INFO] running `Command { std: "docker" "rm" "-f" "d522ccf746c55c7521a89d8c2dc0f75a009edd78a1c410ffff3176610f9554c3", kill_on_drop: false }`
[INFO] [stdout] d522ccf746c55c7521a89d8c2dc0f75a009edd78a1c410ffff3176610f9554c3
