[INFO] fetching crate notedown-rs 0.0.2...
[INFO] testing notedown-rs-0.0.2 against 1.75.0 for beta-1.76-1
[INFO] extracting crate notedown-rs 0.0.2 into /workspace/builds/worker-2-tc1/source
[INFO] validating manifest of crates.io crate notedown-rs 0.0.2 on toolchain 1.75.0
[INFO] running `Command { std: CARGO_HOME="/workspace/cargo-home" RUSTUP_HOME="/workspace/rustup-home" "/workspace/cargo-home/bin/cargo" "+1.75.0" "metadata" "--manifest-path" "Cargo.toml" "--no-deps", kill_on_drop: false }`
[INFO] started tweaking crates.io crate notedown-rs 0.0.2
[INFO] finished tweaking crates.io crate notedown-rs 0.0.2
[INFO] tweaked toml for crates.io crate notedown-rs 0.0.2 written to /workspace/builds/worker-2-tc1/source/Cargo.toml
[INFO] running `Command { std: CARGO_HOME="/workspace/cargo-home" RUSTUP_HOME="/workspace/rustup-home" "/workspace/cargo-home/bin/cargo" "+1.75.0" "generate-lockfile" "--manifest-path" "Cargo.toml", kill_on_drop: false }`
[INFO] [stderr]     Updating crates.io index
[INFO] running `Command { std: CARGO_HOME="/workspace/cargo-home" RUSTUP_HOME="/workspace/rustup-home" "/workspace/cargo-home/bin/cargo" "+1.75.0" "fetch" "--manifest-path" "Cargo.toml", kill_on_drop: false }`
[INFO] running `Command { std: "docker" "create" "-v" "/var/lib/crater-agent-workspace/builds/worker-2-tc1/target:/opt/rustwide/target:rw,Z" "-v" "/var/lib/crater-agent-workspace/builds/worker-2-tc1/source:/opt/rustwide/workdir:ro,Z" "-v" "/var/lib/crater-agent-workspace/cargo-home:/opt/rustwide/cargo-home:ro,Z" "-v" "/var/lib/crater-agent-workspace/rustup-home:/opt/rustwide/rustup-home:ro,Z" "-e" "SOURCE_DIR=/opt/rustwide/workdir" "-e" "CARGO_TARGET_DIR=/opt/rustwide/target" "-e" "CARGO_HOME=/opt/rustwide/cargo-home" "-e" "RUSTUP_HOME=/opt/rustwide/rustup-home" "-w" "/opt/rustwide/workdir" "-m" "1610612736" "--user" "0:0" "--network" "none" "ghcr.io/rust-lang/crates-build-env/linux@sha256:2788e3201cd34a07e3172128adcd8b3090168a8e3bcc40d7c032b9dda1df7d1c" "/opt/rustwide/cargo-home/bin/cargo" "+1.75.0" "metadata" "--no-deps" "--format-version=1", kill_on_drop: false }`
[INFO] [stdout] 4955d9fa20236e3f107b327d6ae0aba55b26fb6767e8f805acdfd73cd781aa50
[INFO] running `Command { std: "docker" "start" "-a" "4955d9fa20236e3f107b327d6ae0aba55b26fb6767e8f805acdfd73cd781aa50", kill_on_drop: false }`
[INFO] running `Command { std: "docker" "inspect" "4955d9fa20236e3f107b327d6ae0aba55b26fb6767e8f805acdfd73cd781aa50", kill_on_drop: false }`
[INFO] running `Command { std: "docker" "rm" "-f" "4955d9fa20236e3f107b327d6ae0aba55b26fb6767e8f805acdfd73cd781aa50", kill_on_drop: false }`
[INFO] [stdout] 4955d9fa20236e3f107b327d6ae0aba55b26fb6767e8f805acdfd73cd781aa50
[INFO] running `Command { std: "docker" "create" "-v" "/var/lib/crater-agent-workspace/builds/worker-2-tc1/target:/opt/rustwide/target:rw,Z" "-v" "/var/lib/crater-agent-workspace/builds/worker-2-tc1/source:/opt/rustwide/workdir:ro,Z" "-v" "/var/lib/crater-agent-workspace/cargo-home:/opt/rustwide/cargo-home:ro,Z" "-v" "/var/lib/crater-agent-workspace/rustup-home:/opt/rustwide/rustup-home:ro,Z" "-e" "SOURCE_DIR=/opt/rustwide/workdir" "-e" "CARGO_TARGET_DIR=/opt/rustwide/target" "-e" "CARGO_INCREMENTAL=0" "-e" "RUST_BACKTRACE=full" "-e" "RUSTFLAGS=--cap-lints=warn" "-e" "RUSTDOCFLAGS=--cap-lints=warn" "-e" "CARGO_HOME=/opt/rustwide/cargo-home" "-e" "RUSTUP_HOME=/opt/rustwide/rustup-home" "-w" "/opt/rustwide/workdir" "-m" "1610612736" "--user" "0:0" "--network" "none" "ghcr.io/rust-lang/crates-build-env/linux@sha256:2788e3201cd34a07e3172128adcd8b3090168a8e3bcc40d7c032b9dda1df7d1c" "/opt/rustwide/cargo-home/bin/cargo" "+1.75.0" "build" "--frozen" "--message-format=json", kill_on_drop: false }`
[INFO] [stdout] f13f20794444a4f6e10884a7f89ef7c002e66226c9c429323e6d2726685892b7
[INFO] running `Command { std: "docker" "start" "-a" "f13f20794444a4f6e10884a7f89ef7c002e66226c9c429323e6d2726685892b7", kill_on_drop: false }`
[INFO] [stderr]    Compiling proc-macro2 v1.0.75
[INFO] [stderr]    Compiling unicode-ident v1.0.12
[INFO] [stderr]    Compiling thiserror v1.0.56
[INFO] [stderr]    Compiling ucd-trie v0.1.6
[INFO] [stderr]    Compiling memchr v2.7.1
[INFO] [stderr]    Compiling rustix v0.38.28
[INFO] [stderr]    Compiling once_cell v1.19.0
[INFO] [stderr]    Compiling linux-raw-sys v0.4.12
[INFO] [stderr]    Compiling bitflags v2.4.1
[INFO] [stderr]    Compiling lazy_static v1.4.0
[INFO] [stderr]    Compiling quote v1.0.35
[INFO] [stderr]    Compiling syn v2.0.48
[INFO] [stderr]    Compiling is-terminal v0.4.10
[INFO] [stderr]    Compiling colored v1.9.4
[INFO] [stderr]    Compiling thiserror-impl v1.0.56
[INFO] [stderr]    Compiling pest v2.7.6
[INFO] [stderr]    Compiling pest_meta v2.7.6
[INFO] [stderr]    Compiling pest_generator v2.7.6
[INFO] [stderr]    Compiling pest_derive v2.7.6
[INFO] [stderr]    Compiling notedown-rs v0.0.2 (/opt/rustwide/workdir)
[INFO] [stdout] error: proc-macro derive panicked
[INFO] [stdout]  --> src/parser/note_down.rs:1:10
[INFO] [stdout]   |
[INFO] [stdout] 1 | #[derive(Parser)]
[INFO] [stdout]   |          ^^^^^^
[INFO] [stdout]   |
[INFO] [stdout]   = help: message: error parsing 
[INFO] [stdout]             --> 17:1
[INFO] [stdout]              |
[INFO] [stdout]           17 | //!#E06C75: Header
[INFO] [stdout]              | ^---
[INFO] [stdout]              |
[INFO] [stdout]              = expected EOI or rule
[INFO] [stdout] 
[INFO] [stdout] 
[INFO] [stdout] error: proc-macro derive panicked
[INFO] [stdout]  --> src/parser/note_text.rs:1:10
[INFO] [stdout]   |
[INFO] [stdout] 1 | #[derive(Parser)]
[INFO] [stdout]   |          ^^^^^^
[INFO] [stdout]   |
[INFO] [stdout]   = help: message: error parsing 
[INFO] [stdout]             --> 40:1
[INFO] [stdout]              |
[INFO] [stdout]           40 | //!#C678DD: Function|Escaped
[INFO] [stdout]              | ^---
[INFO] [stdout]              |
[INFO] [stdout]              = expected EOI or rule
[INFO] [stdout] 
[INFO] [stdout] 
[INFO] [stdout] error[E0432]: unresolved import `self::note_down::Rule`
[INFO] [stdout]  --> src/parser/mod.rs:1:53
[INFO] [stdout]   |
[INFO] [stdout] 1 | pub use self::note_down::{Parser as NotedownParser, Rule as NotedownRule};
[INFO] [stdout]   |                                                     ^^^^^^^^^^^^^^^^^^^^ no `Rule` in `parser::note_down`
[INFO] [stdout] 
[INFO] [stdout] 
[INFO] [stdout] error[E0432]: unresolved import `self::note_text::Rule`
[INFO] [stdout]  --> src/parser/mod.rs:2:53
[INFO] [stdout]   |
[INFO] [stdout] 2 | pub use self::note_text::{Parser as TextModeParser, Rule as TextModeRule};
[INFO] [stdout]   |                                                     ^^^^^^^^^^^^^^^^^^^^ no `Rule` in `parser::note_text`
[INFO] [stdout] 
[INFO] [stdout] 
[INFO] [stdout] error[E0432]: unresolved imports `crate::NotedownRule`, `crate::TextModeRule`
[INFO] [stdout]  --> src/utils.rs:3:41
[INFO] [stdout]   |
[INFO] [stdout] 3 |     NotedownAST as AST, NotedownParser, NotedownRule, TextModeParser, TextModeRule, ToAST,
[INFO] [stdout]   |                                         ^^^^^^^^^^^^                  ^^^^^^^^^^^^ no `TextModeRule` in the root
[INFO] [stdout]   |                                         |
[INFO] [stdout]   |                                         no `NotedownRule` in the root
[INFO] [stdout]   |                                         help: a similar name exists in the module: `NotedownAST`
[INFO] [stdout]   |
[INFO] [stdout]   = help: consider importing this unresolved item through its public re-export instead:
[INFO] [stdout]           crate::parser::NotedownRule
[INFO] [stdout]   = help: consider importing this unresolved item through its public re-export instead:
[INFO] [stdout]           crate::parser::TextModeRule
[INFO] [stdout] 
[INFO] [stdout] 
[INFO] [stdout] error: aborting due to 5 previous errors
[INFO] [stdout] 
[INFO] [stdout] 
[INFO] [stdout] For more information about this error, try `rustc --explain E0432`.
[INFO] [stdout] 
[INFO] [stderr] error: could not compile `notedown-rs` (lib) due to 6 previous errors
[INFO] running `Command { std: "docker" "inspect" "f13f20794444a4f6e10884a7f89ef7c002e66226c9c429323e6d2726685892b7", kill_on_drop: false }`
[INFO] running `Command { std: "docker" "rm" "-f" "f13f20794444a4f6e10884a7f89ef7c002e66226c9c429323e6d2726685892b7", kill_on_drop: false }`
[INFO] [stdout] f13f20794444a4f6e10884a7f89ef7c002e66226c9c429323e6d2726685892b7
