[INFO] fetching crate notation_bevy 0.5.0...
[INFO] testing notation_bevy-0.5.0 against 1.75.0 for beta-1.76-1
[INFO] extracting crate notation_bevy 0.5.0 into /workspace/builds/worker-4-tc1/source
[INFO] validating manifest of crates.io crate notation_bevy 0.5.0 on toolchain 1.75.0
[INFO] running `Command { std: CARGO_HOME="/workspace/cargo-home" RUSTUP_HOME="/workspace/rustup-home" "/workspace/cargo-home/bin/cargo" "+1.75.0" "metadata" "--manifest-path" "Cargo.toml" "--no-deps", kill_on_drop: false }`
[INFO] started tweaking crates.io crate notation_bevy 0.5.0
[INFO] finished tweaking crates.io crate notation_bevy 0.5.0
[INFO] tweaked toml for crates.io crate notation_bevy 0.5.0 written to /workspace/builds/worker-4-tc1/source/Cargo.toml
[INFO] running `Command { std: CARGO_HOME="/workspace/cargo-home" RUSTUP_HOME="/workspace/rustup-home" "/workspace/cargo-home/bin/cargo" "+1.75.0" "generate-lockfile" "--manifest-path" "Cargo.toml", kill_on_drop: false }`
[INFO] [stderr]     Updating crates.io index
[INFO] running `Command { std: CARGO_HOME="/workspace/cargo-home" RUSTUP_HOME="/workspace/rustup-home" "/workspace/cargo-home/bin/cargo" "+1.75.0" "fetch" "--manifest-path" "Cargo.toml", kill_on_drop: false }`
[INFO] [stderr]     Blocking waiting for file lock on package cache
[INFO] [stderr]     Blocking waiting for file lock on package cache
[INFO] [stderr]  Downloading crates ...
[INFO] [stderr]   Downloaded core-error v0.0.0
[INFO] [stderr]   Downloaded lyon_geom v0.17.7
[INFO] [stderr]   Downloaded coremidi v0.4.0
[INFO] [stderr]   Downloaded fehler v1.0.0
[INFO] [stderr]   Downloaded ringbuf v0.2.8
[INFO] [stderr]   Downloaded core-foundation v0.2.3
[INFO] [stderr]   Downloaded atk-sys v0.15.1
[INFO] [stderr]   Downloaded cairo-sys-rs v0.15.1
[INFO] [stderr]   Downloaded kira v0.5.3
[INFO] [stderr]   Downloaded pango-sys v0.15.10
[INFO] [stderr]   Downloaded fluidlite v0.2.1
[INFO] [stderr]   Downloaded bevy_kira_audio v0.8.0
[INFO] [stderr]   Downloaded fluidlite-sys v0.2.1
[INFO] [stderr]   Downloaded windows_aarch64_msvc v0.30.0
[INFO] [stderr]   Downloaded windows_i686_msvc v0.30.0
[INFO] [stderr]   Downloaded windows_i686_gnu v0.30.0
[INFO] [stderr]   Downloaded notation_midi v0.5.0
[INFO] [stderr]   Downloaded notation_core v0.5.0
[INFO] [stderr]   Downloaded windows v0.30.0
[INFO] [stderr]   Downloaded bevy_egui v0.10.3
[INFO] [stderr]   Downloaded bevy_asset_loader v0.8.0
[INFO] [stderr]   Downloaded notation_model v0.5.0
[INFO] [stderr]   Downloaded midi-msg v0.3.0
[INFO] [stderr]   Downloaded bevy_prototype_lyon v0.4.0
[INFO] [stderr]   Downloaded notation_guitar v0.5.0
[INFO] [stderr]   Downloaded notation_fretted v0.5.0
[INFO] [stderr]   Downloaded float_eq v0.7.0
[INFO] [stderr]   Downloaded bevy_easings v0.5.1
[INFO] [stderr]   Downloaded notation_proto v0.5.0
[INFO] [stderr]   Downloaded rfd v0.6.4
[INFO] [stderr]   Downloaded notation_dsl v0.5.0
[INFO] [stderr]   Downloaded bevy_asset_loader_derive v0.8.0
[INFO] [stderr]   Downloaded notation_bevy_utils v0.4.2
[INFO] [stderr]   Downloaded helgoboss-midi v0.2.0
[INFO] [stderr]   Downloaded epaint v0.16.0
[INFO] [stderr]   Downloaded windows_x86_64_gnu v0.30.0
[INFO] [stderr]   Downloaded windows_x86_64_msvc v0.30.0
[INFO] [stderr]   Downloaded gdk-sys v0.15.1
[INFO] [stderr]   Downloaded gio-sys v0.15.10
[INFO] [stderr]   Downloaded gtk-sys v0.15.3
[INFO] [stderr]   Downloaded alsa v0.4.3
[INFO] [stderr]   Downloaded lyon_path v0.17.7
[INFO] [stderr]   Downloaded egui v0.16.1
[INFO] [stderr]   Downloaded basedrop v0.1.2
[INFO] [stderr]   Downloaded lyon_tessellation v0.17.10
[INFO] [stderr]   Downloaded midir v0.7.0
[INFO] [stderr]   Downloaded gdk-pixbuf-sys v0.15.10
[INFO] [stderr]   Downloaded dmsort v1.0.2
[INFO] [stderr]   Downloaded hexasphere v6.1.0
[INFO] [stderr]   Downloaded emath v0.16.0
[INFO] [stderr]   Downloaded webbrowser v0.5.5
[INFO] [stderr]   Downloaded unic-langid-macros-impl v0.9.4
[INFO] [stderr]   Downloaded core-foundation-sys v0.2.3
[INFO] [stderr]   Downloaded cargo-manifest v0.2.9
[INFO] [stderr]   Downloaded notation_audio v0.4.0
[INFO] [stderr]   Downloaded coremidi-sys v2.0.2
[INFO] [stderr]   Downloaded fehler-macros v1.0.0
[INFO] [stderr]   Downloaded unic-langid-macros v0.9.4
[INFO] running `Command { std: "docker" "create" "-v" "/var/lib/crater-agent-workspace/builds/worker-4-tc1/target:/opt/rustwide/target:rw,Z" "-v" "/var/lib/crater-agent-workspace/builds/worker-4-tc1/source:/opt/rustwide/workdir:ro,Z" "-v" "/var/lib/crater-agent-workspace/cargo-home:/opt/rustwide/cargo-home:ro,Z" "-v" "/var/lib/crater-agent-workspace/rustup-home:/opt/rustwide/rustup-home:ro,Z" "-e" "SOURCE_DIR=/opt/rustwide/workdir" "-e" "CARGO_TARGET_DIR=/opt/rustwide/target" "-e" "CARGO_HOME=/opt/rustwide/cargo-home" "-e" "RUSTUP_HOME=/opt/rustwide/rustup-home" "-w" "/opt/rustwide/workdir" "-m" "1610612736" "--user" "0:0" "--network" "none" "ghcr.io/rust-lang/crates-build-env/linux@sha256:2788e3201cd34a07e3172128adcd8b3090168a8e3bcc40d7c032b9dda1df7d1c" "/opt/rustwide/cargo-home/bin/cargo" "+1.75.0" "metadata" "--no-deps" "--format-version=1", kill_on_drop: false }`
[INFO] [stdout] f796e3cbd7f1c0b446e0b8cd089911aec772d128970c68e269a69acb5f2eac58
[INFO] running `Command { std: "docker" "start" "-a" "f796e3cbd7f1c0b446e0b8cd089911aec772d128970c68e269a69acb5f2eac58", kill_on_drop: false }`
[INFO] running `Command { std: "docker" "inspect" "f796e3cbd7f1c0b446e0b8cd089911aec772d128970c68e269a69acb5f2eac58", kill_on_drop: false }`
[INFO] running `Command { std: "docker" "rm" "-f" "f796e3cbd7f1c0b446e0b8cd089911aec772d128970c68e269a69acb5f2eac58", kill_on_drop: false }`
[INFO] [stdout] f796e3cbd7f1c0b446e0b8cd089911aec772d128970c68e269a69acb5f2eac58
[INFO] running `Command { std: "docker" "create" "-v" "/var/lib/crater-agent-workspace/builds/worker-4-tc1/target:/opt/rustwide/target:rw,Z" "-v" "/var/lib/crater-agent-workspace/builds/worker-4-tc1/source:/opt/rustwide/workdir:ro,Z" "-v" "/var/lib/crater-agent-workspace/cargo-home:/opt/rustwide/cargo-home:ro,Z" "-v" "/var/lib/crater-agent-workspace/rustup-home:/opt/rustwide/rustup-home:ro,Z" "-e" "SOURCE_DIR=/opt/rustwide/workdir" "-e" "CARGO_TARGET_DIR=/opt/rustwide/target" "-e" "CARGO_INCREMENTAL=0" "-e" "RUST_BACKTRACE=full" "-e" "RUSTFLAGS=--cap-lints=warn" "-e" "RUSTDOCFLAGS=--cap-lints=warn" "-e" "CARGO_HOME=/opt/rustwide/cargo-home" "-e" "RUSTUP_HOME=/opt/rustwide/rustup-home" "-w" "/opt/rustwide/workdir" "-m" "1610612736" "--user" "0:0" "--network" "none" "ghcr.io/rust-lang/crates-build-env/linux@sha256:2788e3201cd34a07e3172128adcd8b3090168a8e3bcc40d7c032b9dda1df7d1c" "/opt/rustwide/cargo-home/bin/cargo" "+1.75.0" "build" "--frozen" "--message-format=json", kill_on_drop: false }`
[INFO] [stdout] 10138316e158baccd0487cb8cea45fd0824dbf090f4eaaeb6ec4ddc21de150ab
[INFO] running `Command { std: "docker" "start" "-a" "10138316e158baccd0487cb8cea45fd0824dbf090f4eaaeb6ec4ddc21de150ab", kill_on_drop: false }`
[INFO] [stderr]    Compiling serde v1.0.194
[INFO] [stderr]    Compiling syn v1.0.109
[INFO] [stderr]    Compiling indexmap v1.9.3
[INFO] [stderr]    Compiling pkg-config v0.3.28
[INFO] [stderr]    Compiling hashbrown v0.12.3
[INFO] [stderr]    Compiling syn v2.0.48
[INFO] [stderr]    Compiling getrandom v0.2.11
[INFO] [stderr]    Compiling crossbeam-utils v0.8.18
[INFO] [stderr]    Compiling instant v0.1.12
[INFO] [stderr]    Compiling parking_lot_core v0.8.6
[INFO] [stderr]    Compiling byteorder v1.5.0
[INFO] [stderr]    Compiling target-lexicon v0.12.13
[INFO] [stderr]    Compiling hashbrown v0.14.3
[INFO] [stderr]    Compiling serde_spanned v0.6.5
[INFO] [stderr]    Compiling toml_datetime v0.6.5
[INFO] [stderr]    Compiling tracing-core v0.1.32
[INFO] [stderr]    Compiling ahash v0.7.7
[INFO] [stderr]    Compiling toml v0.5.11
[INFO] [stderr]    Compiling concurrent-queue v2.4.0
[INFO] [stderr]    Compiling smallvec v1.11.2
[INFO] [stderr]    Compiling parking v2.2.0
[INFO] [stderr]    Compiling indexmap v2.1.0
[INFO] [stderr]    Compiling cfg-expr v0.15.6
[INFO] [stderr]    Compiling heck v0.4.1
[INFO] [stderr]    Compiling fixedbitset v0.4.2
[INFO] [stderr]    Compiling version-compare v0.1.1
[INFO] [stderr]    Compiling mint v0.5.9
[INFO] [stderr]    Compiling event-listener v4.0.2
[INFO] [stderr]    Compiling uuid v0.8.2
[INFO] [stderr]    Compiling fxhash v0.2.1
[INFO] [stderr]    Compiling bitflags v1.3.2
[INFO] [stderr]    Compiling event-listener-strategy v0.4.0
[INFO] [stderr]    Compiling async-lock v3.2.0
[INFO] [stderr]    Compiling futures-lite v2.1.0
[INFO] [stderr]    Compiling fastrand v1.9.0
[INFO] [stderr]    Compiling toml_edit v0.21.0
[INFO] [stderr]    Compiling event-listener v2.5.3
[INFO] [stderr]    Compiling futures-io v0.3.30
[INFO] [stderr]    Compiling fastrand v2.0.1
[INFO] [stderr]    Compiling async-task v4.7.0
[INFO] [stderr]    Compiling downcast-rs v1.2.0
[INFO] [stderr]    Compiling waker-fn v1.1.1
[INFO] [stderr]    Compiling futures-lite v1.13.0
[INFO] [stderr]    Compiling async-executor v1.8.0
[INFO] [stderr]    Compiling async-channel v1.9.0
[INFO] [stderr]    Compiling allocator-api2 v0.2.16
[INFO] [stderr]    Compiling cty v0.2.2
[INFO] [stderr]    Compiling raw-window-handle v0.4.3
[INFO] [stderr]    Compiling aho-corasick v1.1.2
[INFO] [stderr]    Compiling regex-syntax v0.6.29
[INFO] [stderr]    Compiling regex-syntax v0.8.2
[INFO] [stderr]    Compiling bevy_tasks v0.6.0
[INFO] [stderr]    Compiling toml v0.8.8
[INFO] [stderr]    Compiling system-deps v6.2.0
[INFO] [stderr]    Compiling overload v0.1.1
[INFO] [stderr]    Compiling nu-ansi-term v0.46.0
[INFO] [stderr]    Compiling regex-automata v0.4.3
[INFO] [stderr]    Compiling regex-automata v0.1.10
[INFO] [stderr]    Compiling sharded-slab v0.1.7
[INFO] [stderr]    Compiling tracing-log v0.2.0
[INFO] [stderr]    Compiling matchers v0.1.0
[INFO] [stderr]    Compiling thread_local v1.1.7
[INFO] [stderr]    Compiling libloading v0.7.4
[INFO] [stderr]    Compiling bit-vec v0.6.3
[INFO] [stderr]    Compiling bitflags v2.4.1
[INFO] [stderr]    Compiling ash v0.34.0+1.2.203
[INFO] [stderr]    Compiling unicode-width v0.1.11
[INFO] [stderr]    Compiling khronos-egl v4.1.0
[INFO] [stderr]    Compiling unicode-xid v0.2.4
[INFO] [stderr]    Compiling regex v1.10.2
[INFO] [stderr]    Compiling codespan-reporting v0.11.1
[INFO] [stderr]    Compiling pp-rs v0.2.1
[INFO] [stderr]    Compiling gpu-descriptor-types v0.1.2
[INFO] [stderr]    Compiling bit-set v0.5.3
[INFO] [stderr]    Compiling petgraph v0.6.4
[INFO] [stderr]    Compiling gpu-alloc-types v0.2.0
[INFO] [stderr]    Compiling serde_derive v1.0.194
[INFO] [stderr]    Compiling thiserror-impl v1.0.56
[INFO] [stderr]    Compiling bytemuck_derive v1.5.0
[INFO] [stderr]    Compiling tracing-attributes v0.1.27
[INFO] [stderr]    Compiling spirv v0.2.0+1.5.4
[INFO] [stderr]    Compiling tracing-log v0.1.4
[INFO] [stderr]    Compiling rand_core v0.6.4
[INFO] [stderr]    Compiling cfg_aliases v0.1.1
[INFO] [stderr]    Compiling hexf-parse v0.2.1
[INFO] [stderr]    Compiling wgpu-core v0.12.2
[INFO] [stderr]    Compiling bytemuck v1.14.0
[INFO] [stderr]    Compiling rand_chacha v0.3.1
[INFO] [stderr]    Compiling gpu-alloc v0.5.4
[INFO] [stderr]    Compiling gpu-descriptor v0.2.4
[INFO] [stderr]    Compiling thiserror v1.0.56
[INFO] [stderr]    Compiling naga v0.8.5
[INFO] [stderr]    Compiling wgpu-types v0.12.0
[INFO] [stderr]    Compiling num-iter v0.1.43
[INFO] [stderr]    Compiling tracing v0.1.40
[INFO] [stderr]    Compiling num-rational v0.3.2
[INFO] [stderr]    Compiling profiling v1.0.13
[INFO] [stderr]    Compiling inplace_it v0.3.5
[INFO] [stderr]    Compiling arrayvec v0.7.4
[INFO] [stderr]    Compiling glow v0.11.2
[INFO] [stderr]    Compiling renderdoc-sys v0.7.1
[INFO] [stderr]    Compiling rand v0.8.5
[INFO] [stderr]    Compiling deflate v0.8.6
[INFO] [stderr]    Compiling crossbeam-channel v0.5.10
[INFO] [stderr]    Compiling copyless v0.1.5
[INFO] [stderr]    Compiling png v0.16.8
[INFO] [stderr]    Compiling euclid v0.22.9
[INFO] [stderr]    Compiling hex v0.4.3
[INFO] [stderr]    Compiling ttf-parser v0.20.0
[INFO] [stderr]    Compiling image v0.23.14
[INFO] [stderr]    Compiling cargo-manifest v0.2.9
[INFO] [stderr]    Compiling ab_glyph_rasterizer v0.1.8
[INFO] [stderr]    Compiling serde_json v1.0.111
[INFO] [stderr]    Compiling approx v0.5.1
[INFO] [stderr]    Compiling x11-dl v2.21.0
[INFO] [stderr]    Compiling libm v0.1.4
[INFO] [stderr]    Compiling svg_fmt v0.4.1
[INFO] [stderr]    Compiling inflections v1.1.1
[INFO] [stderr]    Compiling guillotiere v0.6.2
[INFO] [stderr]    Compiling bevy_macro_utils v0.6.0
[INFO] [stderr]    Compiling owned_ttf_parser v0.20.0
[INFO] [stderr]    Compiling gltf-derive v0.16.0
[INFO] [stderr]    Compiling ab_glyph v0.2.23
[INFO] [stderr]    Compiling parking_lot v0.11.2
[INFO] [stderr]    Compiling glam v0.20.5
[INFO] [stderr]    Compiling erased-serde v0.3.31
[INFO] [stderr]    Compiling tracing-subscriber v0.3.18
[INFO] [stderr]    Compiling glib-sys v0.15.10
[INFO] [stderr]    Compiling base64 v0.13.1
[INFO] [stderr]    Compiling winit v0.26.1
[INFO] [stderr]    Compiling rectangle-pack v0.4.2
[INFO] [stderr]    Compiling xi-unicode v0.3.0
[INFO] [stderr]    Compiling bevy_derive v0.6.0
[INFO] [stderr]    Compiling bevy_reflect_derive v0.6.0
[INFO] [stderr]    Compiling bevy_ecs_macros v0.6.0
[INFO] [stderr]    Compiling bevy-crevice-derive v0.6.0
[INFO] [stderr]    Compiling wgpu-hal v0.12.5
[INFO] [stderr]    Compiling bevy_utils v0.6.0
[INFO] [stderr]    Compiling hexasphere v6.1.0
[INFO] [stderr]    Compiling glyph_brush_layout v0.2.3
[INFO] [stderr]    Compiling gltf-json v0.16.0
[INFO] [stderr]    Compiling ron v0.7.1
[INFO] [stderr]    Compiling bevy_crevice v0.6.1
[INFO] [stderr]    Compiling bevy_reflect v0.6.0
[INFO] [stderr]    Compiling gobject-sys v0.15.10
[INFO] [stderr]    Compiling mio v0.8.10
[INFO] [stderr]    Compiling bevy_ecs v0.6.1
[INFO] [stderr]    Compiling bevy_math v0.6.0
[INFO] [stderr]    Compiling stretch v0.3.2
[INFO] [stderr]    Compiling gltf v0.16.0
[INFO] [stderr]    Compiling gio-sys v0.15.10
[INFO] [stderr]    Compiling gdk-sys v0.15.1
[INFO] [stderr]    Compiling atk-sys v0.15.1
[INFO] [stderr]    Compiling fehler-macros v1.0.0
[INFO] [stderr]    Compiling xcb v0.8.2
[INFO] [stderr]    Compiling bevy_app v0.6.0
[INFO] [stderr]    Compiling bevy_log v0.6.0
[INFO] [stderr]    Compiling bevy_core v0.6.0
[INFO] [stderr]    Compiling bevy_transform v0.6.0
[INFO] [stderr]    Compiling bevy_diagnostic v0.6.0
[INFO] [stderr]    Compiling bevy_asset v0.6.0
[INFO] [stderr]    Compiling bevy_window v0.6.0
[INFO] [stderr]    Compiling wgpu v0.12.0
[INFO] [stderr]    Compiling bevy_input v0.6.0
[INFO] [stderr]    Compiling fehler v1.0.0
[INFO] [stderr] error: failed to run custom build command for `xcb v0.8.2`
[INFO] [stderr] note: To improve backtraces for build dependencies, set the CARGO_PROFILE_DEV_BUILD_OVERRIDE_DEBUG=true environment variable to enable debug information generation.
[INFO] [stderr] 
[INFO] [stderr] Caused by:
[INFO] [stderr]   process didn't exit successfully: `/opt/rustwide/target/debug/build/xcb-efa45b73e1353a16/build-script-build` (exit status: 101)
[INFO] [stderr]   --- stderr
[INFO] [stderr]   error occured in handler:  ('request: ', ('xcb', 'SELinux', 'GetClientContext'))
[INFO] [stderr]   Traceback (most recent call last):
[INFO] [stderr]     File "/opt/rustwide/cargo-home/registry/src/index.crates.io-6f17d22bba15001f/xcb-0.8.2/rs_client.py", line 2448, in <module>
[INFO] [stderr]       module.generate()
[INFO] [stderr]     File "/opt/rustwide/cargo-home/registry/src/index.crates.io-6f17d22bba15001f/xcb-0.8.2/xcbgen/state.py", line 108, in generate
[INFO] [stderr]       self.close()
[INFO] [stderr]     File "/opt/rustwide/cargo-home/registry/src/index.crates.io-6f17d22bba15001f/xcb-0.8.2/rs_client.py", line 296, in rs_close
[INFO] [stderr]       _f.writeout(os.path.join(module.rs_srcdir, "ffi", "%s.rs" % _module_name(_ns.ext_name)))
[INFO] [stderr]     File "/opt/rustwide/cargo-home/registry/src/index.crates.io-6f17d22bba15001f/xcb-0.8.2/rs_client.py", line 114, in writeout
[INFO] [stderr]       with open(path, 'w') as f:
[INFO] [stderr]   OSError: [Errno 30] Read-only file system: '/opt/rustwide/cargo-home/registry/src/index.crates.io-6f17d22bba15001f/xcb-0.8.2/src/ffi/selinux.rs'
[INFO] [stderr]   thread 'main' panicked at /opt/rustwide/cargo-home/registry/src/index.crates.io-6f17d22bba15001f/xcb-0.8.2/build.rs:75:17:
[INFO] [stderr]   processing of /opt/rustwide/cargo-home/registry/src/index.crates.io-6f17d22bba15001f/xcb-0.8.2/xml/xselinux.xml returned non-zero (1)
[INFO] [stderr]   stack backtrace:
[INFO] [stderr]      0:     0x55f7d11f82cc - std::backtrace_rs::backtrace::libunwind::trace::ha637c64ce894333a
[INFO] [stderr]                                  at /rustc/82e1608dfa6e0b5569232559e3d385fea5a93112/library/std/src/../../backtrace/src/backtrace/libunwind.rs:104:5
[INFO] [stderr]      1:     0x55f7d11f82cc - std::backtrace_rs::backtrace::trace_unsynchronized::h47f62dea28e0c88d
[INFO] [stderr]                                  at /rustc/82e1608dfa6e0b5569232559e3d385fea5a93112/library/std/src/../../backtrace/src/backtrace/mod.rs:66:5
[INFO] [stderr]      2:     0x55f7d11f82cc - std::sys_common::backtrace::_print_fmt::h9eef0abe20ede486
[INFO] [stderr]                                  at /rustc/82e1608dfa6e0b5569232559e3d385fea5a93112/library/std/src/sys_common/backtrace.rs:67:5
[INFO] [stderr]      3:     0x55f7d11f82cc - <std::sys_common::backtrace::_print::DisplayBacktrace as core::fmt::Display>::fmt::hed7f999df88cc644
[INFO] [stderr]                                  at /rustc/82e1608dfa6e0b5569232559e3d385fea5a93112/library/std/src/sys_common/backtrace.rs:44:22
[INFO] [stderr]      4:     0x55f7d121b6c0 - core::fmt::rt::Argument::fmt::h1539a9308b8d058d
[INFO] [stderr]                                  at /rustc/82e1608dfa6e0b5569232559e3d385fea5a93112/library/core/src/fmt/rt.rs:142:9
[INFO] [stderr]      5:     0x55f7d121b6c0 - core::fmt::write::h3a39390d8560d9c9
[INFO] [stderr]                                  at /rustc/82e1608dfa6e0b5569232559e3d385fea5a93112/library/core/src/fmt/mod.rs:1120:17
[INFO] [stderr]      6:     0x55f7d11f629f - std::io::Write::write_fmt::h5fc9997dfe05f882
[INFO] [stderr]                                  at /rustc/82e1608dfa6e0b5569232559e3d385fea5a93112/library/std/src/io/mod.rs:1762:15
[INFO] [stderr]      7:     0x55f7d11f80b4 - std::sys_common::backtrace::_print::h894006fb5c6f3d45
[INFO] [stderr]                                  at /rustc/82e1608dfa6e0b5569232559e3d385fea5a93112/library/std/src/sys_common/backtrace.rs:47:5
[INFO] [stderr]      8:     0x55f7d11f80b4 - std::sys_common::backtrace::print::h23a2d212c6fff936
[INFO] [stderr]                                  at /rustc/82e1608dfa6e0b5569232559e3d385fea5a93112/library/std/src/sys_common/backtrace.rs:34:9
[INFO] [stderr]      9:     0x55f7d11f9757 - std::panicking::default_hook::{{closure}}::h8a1d2ee00185001a
[INFO] [stderr]     10:     0x55f7d11f94bf - std::panicking::default_hook::h6038f2eba384e475
[INFO] [stderr]                                  at /rustc/82e1608dfa6e0b5569232559e3d385fea5a93112/library/std/src/panicking.rs:292:9
[INFO] [stderr]     11:     0x55f7d11f9bd8 - std::panicking::rust_panic_with_hook::h2b5517d590cab22e
[INFO] [stderr]                                  at /rustc/82e1608dfa6e0b5569232559e3d385fea5a93112/library/std/src/panicking.rs:779:13
[INFO] [stderr]     12:     0x55f7d11f9abe - std::panicking::begin_panic_handler::{{closure}}::h233112c06e0ef43e
[INFO] [stderr]                                  at /rustc/82e1608dfa6e0b5569232559e3d385fea5a93112/library/std/src/panicking.rs:657:13
[INFO] [stderr]     13:     0x55f7d11f8796 - std::sys_common::backtrace::__rust_end_short_backtrace::h6e893f24d7ebbff8
[INFO] [stderr]                                  at /rustc/82e1608dfa6e0b5569232559e3d385fea5a93112/library/std/src/sys_common/backtrace.rs:170:18
[INFO] [stderr]     14:     0x55f7d11f9822 - rust_begin_unwind
[INFO] [stderr]                                  at /rustc/82e1608dfa6e0b5569232559e3d385fea5a93112/library/std/src/panicking.rs:645:5
[INFO] [stderr]     15:     0x55f7d11d2285 - core::panicking::panic_fmt::hbf0e066aabfa482c
[INFO] [stderr]                                  at /rustc/82e1608dfa6e0b5569232559e3d385fea5a93112/library/core/src/panicking.rs:72:14
[INFO] [stderr]     16:     0x55f7d11d81e1 - build_script_build::main::{{closure}}::h67b45d97882c91eb
[INFO] [stderr]     17:     0x55f7d11d70d5 - build_script_build::visit_xml::h77383339663b5b6c
[INFO] [stderr]     18:     0x55f7d11d7773 - build_script_build::main::h7665c42f65608034
[INFO] [stderr]     19:     0x55f7d11d3d93 - core::ops::function::FnOnce::call_once::h13ce998e53fa1156
[INFO] [stderr]     20:     0x55f7d11d2dc6 - std::sys_common::backtrace::__rust_begin_short_backtrace::hc1aa0ef88c76034b
[INFO] [stderr]     21:     0x55f7d11d3509 - std::rt::lang_start::{{closure}}::h1a5702d488399f8f
[INFO] [stderr]     22:     0x55f7d11f2fa7 - core::ops::function::impls::<impl core::ops::function::FnOnce<A> for &F>::call_once::hd95060ecd5e1ca24
[INFO] [stderr]                                  at /rustc/82e1608dfa6e0b5569232559e3d385fea5a93112/library/core/src/ops/function.rs:284:13
[INFO] [stderr]     23:     0x55f7d11f2fa7 - std::panicking::try::do_call::h6e8cf51db32a6e4b
[INFO] [stderr]                                  at /rustc/82e1608dfa6e0b5569232559e3d385fea5a93112/library/std/src/panicking.rs:552:40
[INFO] [stderr]     24:     0x55f7d11f2fa7 - std::panicking::try::h3a52eefe24fe3c29
[INFO] [stderr]                                  at /rustc/82e1608dfa6e0b5569232559e3d385fea5a93112/library/std/src/panicking.rs:516:19
[INFO] [stderr]     25:     0x55f7d11f2fa7 - std::panic::catch_unwind::h24c28c23c02c3841
[INFO] [stderr]                                  at /rustc/82e1608dfa6e0b5569232559e3d385fea5a93112/library/std/src/panic.rs:142:14
[INFO] [stderr]     26:     0x55f7d11f2fa7 - std::rt::lang_start_internal::{{closure}}::h705d3c9cbc06ef47
[INFO] [stderr]                                  at /rustc/82e1608dfa6e0b5569232559e3d385fea5a93112/library/std/src/rt.rs:148:48
[INFO] [stderr]     27:     0x55f7d11f2fa7 - std::panicking::try::do_call::ha21f52ba13158470
[INFO] [stderr]                                  at /rustc/82e1608dfa6e0b5569232559e3d385fea5a93112/library/std/src/panicking.rs:552:40
[INFO] [stderr]     28:     0x55f7d11f2fa7 - std::panicking::try::h5581346bf6aeb1f8
[INFO] [stderr]                                  at /rustc/82e1608dfa6e0b5569232559e3d385fea5a93112/library/std/src/panicking.rs:516:19
[INFO] [stderr]     29:     0x55f7d11f2fa7 - std::panic::catch_unwind::h7919645a6b72e25b
[INFO] [stderr]                                  at /rustc/82e1608dfa6e0b5569232559e3d385fea5a93112/library/std/src/panic.rs:142:14
[INFO] [stderr]     30:     0x55f7d11f2fa7 - std::rt::lang_start_internal::h12de51168669836e
[INFO] [stderr]                                  at /rustc/82e1608dfa6e0b5569232559e3d385fea5a93112/library/std/src/rt.rs:148:20
[INFO] [stderr]     31:     0x55f7d11d34e7 - std::rt::lang_start::h657ca652616854eb
[INFO] [stderr]     32:     0x55f7d11d8265 - main
[INFO] [stderr]     33:     0x7f3e55349d90 - <unknown>
[INFO] [stderr]     34:     0x7f3e55349e40 - __libc_start_main
[INFO] [stderr]     35:     0x55f7d11d29a5 - _start
[INFO] [stderr]     36:                0x0 - <unknown>
[INFO] [stderr] warning: build failed, waiting for other jobs to finish...
[INFO] running `Command { std: "docker" "inspect" "10138316e158baccd0487cb8cea45fd0824dbf090f4eaaeb6ec4ddc21de150ab", kill_on_drop: false }`
[INFO] running `Command { std: "docker" "rm" "-f" "10138316e158baccd0487cb8cea45fd0824dbf090f4eaaeb6ec4ddc21de150ab", kill_on_drop: false }`
[INFO] [stdout] 10138316e158baccd0487cb8cea45fd0824dbf090f4eaaeb6ec4ddc21de150ab
[INFO] testing notation_bevy-0.5.0 against beta-2023-12-22 for beta-1.76-1
[INFO] extracting crate notation_bevy 0.5.0 into /workspace/builds/worker-4-tc2/source
[INFO] validating manifest of crates.io crate notation_bevy 0.5.0 on toolchain beta-2023-12-22
[INFO] running `Command { std: CARGO_HOME="/workspace/cargo-home" RUSTUP_HOME="/workspace/rustup-home" "/workspace/cargo-home/bin/cargo" "+beta-2023-12-22" "metadata" "--manifest-path" "Cargo.toml" "--no-deps", kill_on_drop: false }`
[INFO] started tweaking crates.io crate notation_bevy 0.5.0
[INFO] finished tweaking crates.io crate notation_bevy 0.5.0
[INFO] tweaked toml for crates.io crate notation_bevy 0.5.0 written to /workspace/builds/worker-4-tc2/source/Cargo.toml
[INFO] running `Command { std: CARGO_HOME="/workspace/cargo-home" RUSTUP_HOME="/workspace/rustup-home" "/workspace/cargo-home/bin/cargo" "+beta-2023-12-22" "generate-lockfile" "--manifest-path" "Cargo.toml", kill_on_drop: false }`
[INFO] [stderr]     Updating crates.io index
[INFO] running `Command { std: CARGO_HOME="/workspace/cargo-home" RUSTUP_HOME="/workspace/rustup-home" "/workspace/cargo-home/bin/cargo" "+beta-2023-12-22" "fetch" "--manifest-path" "Cargo.toml", kill_on_drop: false }`
[INFO] running `Command { std: "docker" "create" "-v" "/var/lib/crater-agent-workspace/builds/worker-4-tc2/target:/opt/rustwide/target:rw,Z" "-v" "/var/lib/crater-agent-workspace/builds/worker-4-tc2/source:/opt/rustwide/workdir:ro,Z" "-v" "/var/lib/crater-agent-workspace/cargo-home:/opt/rustwide/cargo-home:ro,Z" "-v" "/var/lib/crater-agent-workspace/rustup-home:/opt/rustwide/rustup-home:ro,Z" "-e" "SOURCE_DIR=/opt/rustwide/workdir" "-e" "CARGO_TARGET_DIR=/opt/rustwide/target" "-e" "CARGO_HOME=/opt/rustwide/cargo-home" "-e" "RUSTUP_HOME=/opt/rustwide/rustup-home" "-w" "/opt/rustwide/workdir" "-m" "1610612736" "--user" "0:0" "--network" "none" "ghcr.io/rust-lang/crates-build-env/linux@sha256:2788e3201cd34a07e3172128adcd8b3090168a8e3bcc40d7c032b9dda1df7d1c" "/opt/rustwide/cargo-home/bin/cargo" "+beta-2023-12-22" "metadata" "--no-deps" "--format-version=1", kill_on_drop: false }`
[INFO] [stdout] 68dd1326f669d1073812664d284b00b7a7ac7dd48525a33b398bb7acd36c0d29
[INFO] running `Command { std: "docker" "start" "-a" "68dd1326f669d1073812664d284b00b7a7ac7dd48525a33b398bb7acd36c0d29", kill_on_drop: false }`
[INFO] running `Command { std: "docker" "inspect" "68dd1326f669d1073812664d284b00b7a7ac7dd48525a33b398bb7acd36c0d29", kill_on_drop: false }`
[INFO] running `Command { std: "docker" "rm" "-f" "68dd1326f669d1073812664d284b00b7a7ac7dd48525a33b398bb7acd36c0d29", kill_on_drop: false }`
[INFO] [stdout] 68dd1326f669d1073812664d284b00b7a7ac7dd48525a33b398bb7acd36c0d29
[INFO] running `Command { std: "docker" "create" "-v" "/var/lib/crater-agent-workspace/builds/worker-4-tc2/target:/opt/rustwide/target:rw,Z" "-v" "/var/lib/crater-agent-workspace/builds/worker-4-tc2/source:/opt/rustwide/workdir:ro,Z" "-v" "/var/lib/crater-agent-workspace/cargo-home:/opt/rustwide/cargo-home:ro,Z" "-v" "/var/lib/crater-agent-workspace/rustup-home:/opt/rustwide/rustup-home:ro,Z" "-e" "SOURCE_DIR=/opt/rustwide/workdir" "-e" "CARGO_TARGET_DIR=/opt/rustwide/target" "-e" "CARGO_INCREMENTAL=0" "-e" "RUST_BACKTRACE=full" "-e" "RUSTFLAGS=--cap-lints=warn" "-e" "RUSTDOCFLAGS=--cap-lints=warn" "-e" "CARGO_HOME=/opt/rustwide/cargo-home" "-e" "RUSTUP_HOME=/opt/rustwide/rustup-home" "-w" "/opt/rustwide/workdir" "-m" "1610612736" "--user" "0:0" "--network" "none" "ghcr.io/rust-lang/crates-build-env/linux@sha256:2788e3201cd34a07e3172128adcd8b3090168a8e3bcc40d7c032b9dda1df7d1c" "/opt/rustwide/cargo-home/bin/cargo" "+beta-2023-12-22" "build" "--frozen" "--message-format=json", kill_on_drop: false }`
[INFO] [stdout] 1aaf487c4776aef4e7db9364aace1d5ffaf11ef5e226e9dd04d6771690cc027d
[INFO] running `Command { std: "docker" "start" "-a" "1aaf487c4776aef4e7db9364aace1d5ffaf11ef5e226e9dd04d6771690cc027d", kill_on_drop: false }`
[INFO] [stderr]    Compiling serde v1.0.194
[INFO] [stderr]    Compiling syn v1.0.109
[INFO] [stderr]    Compiling indexmap v1.9.3
[INFO] [stderr]    Compiling pkg-config v0.3.28
[INFO] [stderr]    Compiling hashbrown v0.12.3
[INFO] [stderr]    Compiling syn v2.0.48
[INFO] [stderr]    Compiling getrandom v0.2.11
[INFO] [stderr]    Compiling crossbeam-utils v0.8.18
[INFO] [stderr]    Compiling instant v0.1.12
[INFO] [stderr]    Compiling parking_lot_core v0.8.6
[INFO] [stderr]    Compiling target-lexicon v0.12.13
[INFO] [stderr]    Compiling hashbrown v0.14.3
[INFO] [stderr]    Compiling byteorder v1.5.0
[INFO] [stderr]    Compiling toml_datetime v0.6.5
[INFO] [stderr]    Compiling serde_spanned v0.6.5
[INFO] [stderr]    Compiling tracing-core v0.1.32
[INFO] [stderr]    Compiling ahash v0.7.7
[INFO] [stderr]    Compiling toml v0.5.11
[INFO] [stderr]    Compiling indexmap v2.1.0
[INFO] [stderr]    Compiling concurrent-queue v2.4.0
[INFO] [stderr]    Compiling smallvec v1.11.2
[INFO] [stderr]    Compiling parking v2.2.0
[INFO] [stderr]    Compiling cfg-expr v0.15.6
[INFO] [stderr]    Compiling heck v0.4.1
[INFO] [stderr]    Compiling version-compare v0.1.1
[INFO] [stderr]    Compiling fixedbitset v0.4.2
[INFO] [stderr]    Compiling toml_edit v0.21.0
[INFO] [stderr]    Compiling mint v0.5.9
[INFO] [stderr]    Compiling event-listener v4.0.2
[INFO] [stderr]    Compiling event-listener-strategy v0.4.0
[INFO] [stderr]    Compiling fxhash v0.2.1
[INFO] [stderr]    Compiling uuid v0.8.2
[INFO] [stderr]    Compiling bitflags v1.3.2
[INFO] [stderr]    Compiling async-lock v3.2.0
[INFO] [stderr]    Compiling futures-lite v2.1.0
[INFO] [stderr]    Compiling async-task v4.7.0
[INFO] [stderr]    Compiling fastrand v2.0.1
[INFO] [stderr]    Compiling waker-fn v1.1.1
[INFO] [stderr]    Compiling futures-io v0.3.30
[INFO] [stderr]    Compiling event-listener v2.5.3
[INFO] [stderr]    Compiling downcast-rs v1.2.0
[INFO] [stderr]    Compiling fastrand v1.9.0
[INFO] [stderr]    Compiling async-executor v1.8.0
[INFO] [stderr]    Compiling async-channel v1.9.0
[INFO] [stderr]    Compiling allocator-api2 v0.2.16
[INFO] [stderr]    Compiling futures-lite v1.13.0
[INFO] [stderr]    Compiling cty v0.2.2
[INFO] [stderr]    Compiling raw-window-handle v0.4.3
[INFO] [stderr]    Compiling aho-corasick v1.1.2
[INFO] [stderr]    Compiling regex-syntax v0.6.29
[INFO] [stderr]    Compiling regex-syntax v0.8.2
[INFO] [stderr]    Compiling toml v0.8.8
[INFO] [stderr]    Compiling bevy_tasks v0.6.0
[INFO] [stderr]    Compiling system-deps v6.2.0
[INFO] [stderr]    Compiling overload v0.1.1
[INFO] [stderr]    Compiling nu-ansi-term v0.46.0
[INFO] [stderr]    Compiling regex-automata v0.4.3
[INFO] [stderr]    Compiling regex-automata v0.1.10
[INFO] [stderr]    Compiling sharded-slab v0.1.7
[INFO] [stderr]    Compiling tracing-log v0.2.0
[INFO] [stderr]    Compiling thread_local v1.1.7
[INFO] [stderr]    Compiling libloading v0.7.4
[INFO] [stderr]    Compiling unicode-width v0.1.11
[INFO] [stderr]    Compiling matchers v0.1.0
[INFO] [stderr]    Compiling khronos-egl v4.1.0
[INFO] [stderr]    Compiling unicode-xid v0.2.4
[INFO] [stderr]    Compiling bit-vec v0.6.3
[INFO] [stderr]    Compiling ash v0.34.0+1.2.203
[INFO] [stderr]    Compiling bitflags v2.4.1
[INFO] [stderr]    Compiling serde_derive v1.0.194
[INFO] [stderr]    Compiling thiserror-impl v1.0.56
[INFO] [stderr]    Compiling bytemuck_derive v1.5.0
[INFO] [stderr]    Compiling tracing-attributes v0.1.27
[INFO] [stderr]    Compiling gpu-descriptor-types v0.1.2
[INFO] [stderr]    Compiling bit-set v0.5.3
[INFO] [stderr]    Compiling pp-rs v0.2.1
[INFO] [stderr]    Compiling codespan-reporting v0.11.1
[INFO] [stderr]    Compiling petgraph v0.6.4
[INFO] [stderr]    Compiling regex v1.10.2
[INFO] [stderr]    Compiling bytemuck v1.14.0
[INFO] [stderr]    Compiling spirv v0.2.0+1.5.4
[INFO] [stderr]    Compiling gpu-alloc-types v0.2.0
[INFO] [stderr]    Compiling tracing-log v0.1.4
[INFO] [stderr]    Compiling thiserror v1.0.56
[INFO] [stderr]    Compiling rand_core v0.6.4
[INFO] [stderr]    Compiling cfg_aliases v0.1.1
[INFO] [stderr]    Compiling hexf-parse v0.2.1
[INFO] [stderr]    Compiling rand_chacha v0.3.1
[INFO] [stderr]    Compiling wgpu-core v0.12.2
[INFO] [stderr]    Compiling tracing v0.1.40
[INFO] [stderr]    Compiling gpu-alloc v0.5.4
[INFO] [stderr]    Compiling gpu-descriptor v0.2.4
[INFO] [stderr]    Compiling naga v0.8.5
[INFO] [stderr]    Compiling wgpu-types v0.12.0
[INFO] [stderr]    Compiling num-rational v0.3.2
[INFO] [stderr]    Compiling num-iter v0.1.43
[INFO] [stderr]    Compiling inplace_it v0.3.5
[INFO] [stderr]    Compiling profiling v1.0.13
[INFO] [stderr]    Compiling renderdoc-sys v0.7.1
[INFO] [stderr]    Compiling glow v0.11.2
[INFO] [stderr]    Compiling arrayvec v0.7.4
[INFO] [stderr]    Compiling rand v0.8.5
[INFO] [stderr]    Compiling deflate v0.8.6
[INFO] [stderr]    Compiling crossbeam-channel v0.5.10
[INFO] [stderr]    Compiling copyless v0.1.5
[INFO] [stderr]    Compiling cargo-manifest v0.2.9
[INFO] [stderr]    Compiling png v0.16.8
[INFO] [stderr]    Compiling euclid v0.22.9
[INFO] [stderr]    Compiling image v0.23.14
[INFO] [stderr]    Compiling ttf-parser v0.20.0
[INFO] [stderr]    Compiling hex v0.4.3
[INFO] [stderr]    Compiling ab_glyph_rasterizer v0.1.8
[INFO] [stderr]    Compiling bevy_macro_utils v0.6.0
[INFO] [stderr]    Compiling serde_json v1.0.111
[INFO] [stderr]    Compiling approx v0.5.1
[INFO] [stderr]    Compiling x11-dl v2.21.0
[INFO] [stderr]    Compiling inflections v1.1.1
[INFO] [stderr]    Compiling svg_fmt v0.4.1
[INFO] [stderr]    Compiling libm v0.1.4
[INFO] [stderr]    Compiling guillotiere v0.6.2
[INFO] [stderr]    Compiling glam v0.20.5
[INFO] [stderr]    Compiling parking_lot v0.11.2
[INFO] [stderr]    Compiling erased-serde v0.3.31
[INFO] [stderr]    Compiling tracing-subscriber v0.3.18
[INFO] [stderr]    Compiling owned_ttf_parser v0.20.0
[INFO] [stderr]    Compiling ab_glyph v0.2.23
[INFO] [stderr]    Compiling bevy_derive v0.6.0
[INFO] [stderr]    Compiling bevy_reflect_derive v0.6.0
[INFO] [stderr]    Compiling bevy_ecs_macros v0.6.0
[INFO] [stderr]    Compiling bevy-crevice-derive v0.6.0
[INFO] [stderr]    Compiling bevy_utils v0.6.0
[INFO] [stderr]    Compiling wgpu-hal v0.12.5
[INFO] [stderr]    Compiling hexasphere v6.1.0
[INFO] [stderr]    Compiling gltf-derive v0.16.0
[INFO] [stderr]    Compiling glib-sys v0.15.10
[INFO] [stderr]    Compiling bevy_reflect v0.6.0
[INFO] [stderr]    Compiling bevy_crevice v0.6.1
[INFO] [stderr]    Compiling base64 v0.13.1
[INFO] [stderr]    Compiling rectangle-pack v0.4.2
[INFO] [stderr]    Compiling winit v0.26.1
[INFO] [stderr]    Compiling xi-unicode v0.3.0
[INFO] [stderr]    Compiling ron v0.7.1
[INFO] [stderr]    Compiling glyph_brush_layout v0.2.3
[INFO] [stderr]    Compiling gltf-json v0.16.0
[INFO] [stderr]    Compiling bevy_ecs v0.6.1
[INFO] [stderr]    Compiling bevy_math v0.6.0
[INFO] [stderr]    Compiling gobject-sys v0.15.10
[INFO] [stderr]    Compiling mio v0.8.10
[INFO] [stderr]    Compiling gltf v0.16.0
[INFO] [stderr]    Compiling stretch v0.3.2
[INFO] [stderr]    Compiling fehler-macros v1.0.0
[INFO] [stderr]    Compiling gdk-sys v0.15.1
[INFO] [stderr]    Compiling bevy_app v0.6.0
[INFO] [stderr]    Compiling wgpu v0.12.0
[INFO] [stderr]    Compiling bevy_core v0.6.0
[INFO] [stderr]    Compiling bevy_log v0.6.0
[INFO] [stderr]    Compiling bevy_transform v0.6.0
[INFO] [stderr]    Compiling bevy_window v0.6.0
[INFO] [stderr]    Compiling bevy_diagnostic v0.6.0
[INFO] [stderr]    Compiling bevy_input v0.6.0
[INFO] [stderr]    Compiling bevy_asset v0.6.0
[INFO] [stderr]    Compiling bevy_winit v0.6.1
[INFO] [stderr]    Compiling atk-sys v0.15.1
[INFO] [stderr]    Compiling gio-sys v0.15.10
[INFO] [stderr]    Compiling xcb v0.8.2
[INFO] [stderr]    Compiling fehler v1.0.0
[INFO] [stderr]    Compiling serde_arrays v0.1.0
[INFO] [stderr]    Compiling bevy_render v0.6.1
[INFO] [stderr]    Compiling bevy_scene v0.6.0
[INFO] [stderr]    Compiling displaydoc v0.2.4
[INFO] [stderr] error: failed to run custom build command for `xcb v0.8.2`
[INFO] [stderr] note: To improve backtraces for build dependencies, set the CARGO_PROFILE_DEV_BUILD_OVERRIDE_DEBUG=true environment variable to enable debug information generation.
[INFO] [stderr] 
[INFO] [stderr] Caused by:
[INFO] [stderr]   process didn't exit successfully: `/opt/rustwide/target/debug/build/xcb-f0075b67112e47c9/build-script-build` (exit status: 101)
[INFO] [stderr]   --- stderr
[INFO] [stderr]   error occured in handler:  ('request: ', ('xcb', 'SELinux', 'GetClientContext'))
[INFO] [stderr]   Traceback (most recent call last):
[INFO] [stderr]     File "/opt/rustwide/cargo-home/registry/src/index.crates.io-6f17d22bba15001f/xcb-0.8.2/rs_client.py", line 2448, in <module>
[INFO] [stderr]       module.generate()
[INFO] [stderr]     File "/opt/rustwide/cargo-home/registry/src/index.crates.io-6f17d22bba15001f/xcb-0.8.2/xcbgen/state.py", line 108, in generate
[INFO] [stderr]       self.close()
[INFO] [stderr]     File "/opt/rustwide/cargo-home/registry/src/index.crates.io-6f17d22bba15001f/xcb-0.8.2/rs_client.py", line 296, in rs_close
[INFO] [stderr]       _f.writeout(os.path.join(module.rs_srcdir, "ffi", "%s.rs" % _module_name(_ns.ext_name)))
[INFO] [stderr]     File "/opt/rustwide/cargo-home/registry/src/index.crates.io-6f17d22bba15001f/xcb-0.8.2/rs_client.py", line 114, in writeout
[INFO] [stderr]       with open(path, 'w') as f:
[INFO] [stderr]   OSError: [Errno 30] Read-only file system: '/opt/rustwide/cargo-home/registry/src/index.crates.io-6f17d22bba15001f/xcb-0.8.2/src/ffi/selinux.rs'
[INFO] [stderr]   thread 'main' panicked at /opt/rustwide/cargo-home/registry/src/index.crates.io-6f17d22bba15001f/xcb-0.8.2/build.rs:75:17:
[INFO] [stderr]   processing of /opt/rustwide/cargo-home/registry/src/index.crates.io-6f17d22bba15001f/xcb-0.8.2/xml/xselinux.xml returned non-zero (1)
[INFO] [stderr]   stack backtrace:
[INFO] [stderr]      0:     0x55f0ccfec376 - std::backtrace_rs::backtrace::libunwind::trace::h261606ad26a499c1
[INFO] [stderr]                                  at /rustc/0e09125c6c3c2fd70d7de961bcf0e51575235fad/library/std/src/../../backtrace/src/backtrace/libunwind.rs:104:5
[INFO] [stderr]      1:     0x55f0ccfec376 - std::backtrace_rs::backtrace::trace_unsynchronized::hd183f0625477fb28
[INFO] [stderr]                                  at /rustc/0e09125c6c3c2fd70d7de961bcf0e51575235fad/library/std/src/../../backtrace/src/backtrace/mod.rs:66:5
[INFO] [stderr]      2:     0x55f0ccfec376 - std::sys_common::backtrace::_print_fmt::hd7f8fef21b4eda67
[INFO] [stderr]                                  at /rustc/0e09125c6c3c2fd70d7de961bcf0e51575235fad/library/std/src/sys_common/backtrace.rs:68:5
[INFO] [stderr]      3:     0x55f0ccfec376 - <std::sys_common::backtrace::_print::DisplayBacktrace as core::fmt::Display>::fmt::h623d9b51f2f453f1
[INFO] [stderr]                                  at /rustc/0e09125c6c3c2fd70d7de961bcf0e51575235fad/library/std/src/sys_common/backtrace.rs:44:22
[INFO] [stderr]      4:     0x55f0cd00eaa0 - core::fmt::rt::Argument::fmt::h9f417ac76a86f368
[INFO] [stderr]                                  at /rustc/0e09125c6c3c2fd70d7de961bcf0e51575235fad/library/core/src/fmt/rt.rs:142:9
[INFO] [stderr]      5:     0x55f0cd00eaa0 - core::fmt::write::hc9b6faf4ac2aeff7
[INFO] [stderr]                                  at /rustc/0e09125c6c3c2fd70d7de961bcf0e51575235fad/library/core/src/fmt/mod.rs:1120:17
[INFO] [stderr]      6:     0x55f0ccfea3ef - std::io::Write::write_fmt::hfead1eee52c2e65e
[INFO] [stderr]                                  at /rustc/0e09125c6c3c2fd70d7de961bcf0e51575235fad/library/std/src/io/mod.rs:1810:15
[INFO] [stderr]      7:     0x55f0ccfec154 - std::sys_common::backtrace::_print::hd5d66399c7df88a2
[INFO] [stderr]                                  at /rustc/0e09125c6c3c2fd70d7de961bcf0e51575235fad/library/std/src/sys_common/backtrace.rs:47:5
[INFO] [stderr]      8:     0x55f0ccfec154 - std::sys_common::backtrace::print::he81ed2da642d37e5
[INFO] [stderr]                                  at /rustc/0e09125c6c3c2fd70d7de961bcf0e51575235fad/library/std/src/sys_common/backtrace.rs:34:9
[INFO] [stderr]      9:     0x55f0ccfed847 - std::panicking::default_hook::{{closure}}::h85773f4fa117163d
[INFO] [stderr]     10:     0x55f0ccfed5a9 - std::panicking::default_hook::h6a1694a91d09b278
[INFO] [stderr]                                  at /rustc/0e09125c6c3c2fd70d7de961bcf0e51575235fad/library/std/src/panicking.rs:292:9
[INFO] [stderr]     11:     0x55f0ccfedcd8 - std::panicking::rust_panic_with_hook::h0a7ad96e90f7145b
[INFO] [stderr]                                  at /rustc/0e09125c6c3c2fd70d7de961bcf0e51575235fad/library/std/src/panicking.rs:779:13
[INFO] [stderr]     12:     0x55f0ccfedbb2 - std::panicking::begin_panic_handler::{{closure}}::h7919090525c6485e
[INFO] [stderr]                                  at /rustc/0e09125c6c3c2fd70d7de961bcf0e51575235fad/library/std/src/panicking.rs:657:13
[INFO] [stderr]     13:     0x55f0ccfec876 - std::sys_common::backtrace::__rust_end_short_backtrace::hf3289479464f7dfe
[INFO] [stderr]                                  at /rustc/0e09125c6c3c2fd70d7de961bcf0e51575235fad/library/std/src/sys_common/backtrace.rs:171:18
[INFO] [stderr]     14:     0x55f0ccfed910 - rust_begin_unwind
[INFO] [stderr]                                  at /rustc/0e09125c6c3c2fd70d7de961bcf0e51575235fad/library/std/src/panicking.rs:645:5
[INFO] [stderr]     15:     0x55f0ccfc6285 - core::panicking::panic_fmt::hcc9f77c5c132af55
[INFO] [stderr]                                  at /rustc/0e09125c6c3c2fd70d7de961bcf0e51575235fad/library/core/src/panicking.rs:72:14
[INFO] [stderr]     16:     0x55f0ccfcc1b1 - build_script_build::main::{{closure}}::hc69501e177f90679
[INFO] [stderr]     17:     0x55f0ccfcb0a3 - build_script_build::visit_xml::h8ab04f20b12feba0
[INFO] [stderr]     18:     0x55f0ccfcb743 - build_script_build::main::h16d440678aecde21
[INFO] [stderr]     19:     0x55f0ccfc7d53 - core::ops::function::FnOnce::call_once::h326c398bbc52caa3
[INFO] [stderr]     20:     0x55f0ccfc6dd6 - std::sys_common::backtrace::__rust_begin_short_backtrace::hf4df249787b91a4d
[INFO] [stderr]     21:     0x55f0ccfc7509 - std::rt::lang_start::{{closure}}::hd0f770c86c611919
[INFO] [stderr]     22:     0x55f0ccfe6fd1 - core::ops::function::impls::<impl core::ops::function::FnOnce<A> for &F>::call_once::h4eb4c5e1620f29b0
[INFO] [stderr]                                  at /rustc/0e09125c6c3c2fd70d7de961bcf0e51575235fad/library/core/src/ops/function.rs:284:13
[INFO] [stderr]     23:     0x55f0ccfe6fd1 - std::panicking::try::do_call::h73fd26535faffcdf
[INFO] [stderr]                                  at /rustc/0e09125c6c3c2fd70d7de961bcf0e51575235fad/library/std/src/panicking.rs:552:40
[INFO] [stderr]     24:     0x55f0ccfe6fd1 - std::panicking::try::h77ff1d98f0fb9f39
[INFO] [stderr]                                  at /rustc/0e09125c6c3c2fd70d7de961bcf0e51575235fad/library/std/src/panicking.rs:516:19
[INFO] [stderr]     25:     0x55f0ccfe6fd1 - std::panic::catch_unwind::hab3caf2448b95e37
[INFO] [stderr]                                  at /rustc/0e09125c6c3c2fd70d7de961bcf0e51575235fad/library/std/src/panic.rs:142:14
[INFO] [stderr]     26:     0x55f0ccfe6fd1 - std::rt::lang_start_internal::{{closure}}::h8086711f9c783f78
[INFO] [stderr]                                  at /rustc/0e09125c6c3c2fd70d7de961bcf0e51575235fad/library/std/src/rt.rs:148:48
[INFO] [stderr]     27:     0x55f0ccfe6fd1 - std::panicking::try::do_call::hf920d4dc291cd6ca
[INFO] [stderr]                                  at /rustc/0e09125c6c3c2fd70d7de961bcf0e51575235fad/library/std/src/panicking.rs:552:40
[INFO] [stderr]     28:     0x55f0ccfe6fd1 - std::panicking::try::h2b806ccc0a85db74
[INFO] [stderr]                                  at /rustc/0e09125c6c3c2fd70d7de961bcf0e51575235fad/library/std/src/panicking.rs:516:19
[INFO] [stderr]     29:     0x55f0ccfe6fd1 - std::panic::catch_unwind::h038489539c507df2
[INFO] [stderr]                                  at /rustc/0e09125c6c3c2fd70d7de961bcf0e51575235fad/library/std/src/panic.rs:142:14
[INFO] [stderr]     30:     0x55f0ccfe6fd1 - std::rt::lang_start_internal::h28503b88912e8a5c
[INFO] [stderr]                                  at /rustc/0e09125c6c3c2fd70d7de961bcf0e51575235fad/library/std/src/rt.rs:148:20
[INFO] [stderr]     31:     0x55f0ccfc74e7 - std::rt::lang_start::hc59657e3533dd30c
[INFO] [stderr]     32:     0x55f0ccfcc235 - main
[INFO] [stderr]     33:     0x7ff15bd0cd90 - <unknown>
[INFO] [stderr]     34:     0x7ff15bd0ce40 - __libc_start_main
[INFO] [stderr]     35:     0x55f0ccfc69b5 - _start
[INFO] [stderr]     36:                0x0 - <unknown>
[INFO] [stderr] warning: build failed, waiting for other jobs to finish...
[INFO] running `Command { std: "docker" "inspect" "1aaf487c4776aef4e7db9364aace1d5ffaf11ef5e226e9dd04d6771690cc027d", kill_on_drop: false }`
[INFO] running `Command { std: "docker" "rm" "-f" "1aaf487c4776aef4e7db9364aace1d5ffaf11ef5e226e9dd04d6771690cc027d", kill_on_drop: false }`
[INFO] [stdout] 1aaf487c4776aef4e7db9364aace1d5ffaf11ef5e226e9dd04d6771690cc027d
