[INFO] fetching crate nostd-float-math-monitor 0.0.8...
[INFO] testing nostd-float-math-monitor-0.0.8 against 1.75.0 for beta-1.76-1
[INFO] extracting crate nostd-float-math-monitor 0.0.8 into /workspace/builds/worker-2-tc1/source
[INFO] validating manifest of crates.io crate nostd-float-math-monitor 0.0.8 on toolchain 1.75.0
[INFO] running `Command { std: CARGO_HOME="/workspace/cargo-home" RUSTUP_HOME="/workspace/rustup-home" "/workspace/cargo-home/bin/cargo" "+1.75.0" "metadata" "--manifest-path" "Cargo.toml" "--no-deps", kill_on_drop: false }`
[INFO] started tweaking crates.io crate nostd-float-math-monitor 0.0.8
[INFO] finished tweaking crates.io crate nostd-float-math-monitor 0.0.8
[INFO] tweaked toml for crates.io crate nostd-float-math-monitor 0.0.8 written to /workspace/builds/worker-2-tc1/source/Cargo.toml
[INFO] crate crates.io crate nostd-float-math-monitor 0.0.8 already has a lockfile, it will not be regenerated
[INFO] running `Command { std: CARGO_HOME="/workspace/cargo-home" RUSTUP_HOME="/workspace/rustup-home" "/workspace/cargo-home/bin/cargo" "+1.75.0" "fetch" "--manifest-path" "Cargo.toml", kill_on_drop: false }`
[INFO] [stderr]  Downloading crates ...
[INFO] [stderr]   Downloaded cargo_toml v0.15.2
[INFO] [stderr]   Downloaded syn v2.0.11
[INFO] running `Command { std: "docker" "create" "-v" "/var/lib/crater-agent-workspace/builds/worker-2-tc1/target:/opt/rustwide/target:rw,Z" "-v" "/var/lib/crater-agent-workspace/builds/worker-2-tc1/source:/opt/rustwide/workdir:ro,Z" "-v" "/var/lib/crater-agent-workspace/cargo-home:/opt/rustwide/cargo-home:ro,Z" "-v" "/var/lib/crater-agent-workspace/rustup-home:/opt/rustwide/rustup-home:ro,Z" "-e" "SOURCE_DIR=/opt/rustwide/workdir" "-e" "CARGO_TARGET_DIR=/opt/rustwide/target" "-e" "CARGO_HOME=/opt/rustwide/cargo-home" "-e" "RUSTUP_HOME=/opt/rustwide/rustup-home" "-w" "/opt/rustwide/workdir" "-m" "1610612736" "--user" "0:0" "--network" "none" "ghcr.io/rust-lang/crates-build-env/linux@sha256:2788e3201cd34a07e3172128adcd8b3090168a8e3bcc40d7c032b9dda1df7d1c" "/opt/rustwide/cargo-home/bin/cargo" "+1.75.0" "metadata" "--no-deps" "--format-version=1", kill_on_drop: false }`
[INFO] [stdout] 46db7291d5d062b7ea5a80c26198732b9bdc2329abe3e5761f0077d9089f7dc1
[INFO] running `Command { std: "docker" "start" "-a" "46db7291d5d062b7ea5a80c26198732b9bdc2329abe3e5761f0077d9089f7dc1", kill_on_drop: false }`
[INFO] running `Command { std: "docker" "inspect" "46db7291d5d062b7ea5a80c26198732b9bdc2329abe3e5761f0077d9089f7dc1", kill_on_drop: false }`
[INFO] running `Command { std: "docker" "rm" "-f" "46db7291d5d062b7ea5a80c26198732b9bdc2329abe3e5761f0077d9089f7dc1", kill_on_drop: false }`
[INFO] [stdout] 46db7291d5d062b7ea5a80c26198732b9bdc2329abe3e5761f0077d9089f7dc1
[INFO] running `Command { std: "docker" "create" "-v" "/var/lib/crater-agent-workspace/builds/worker-2-tc1/target:/opt/rustwide/target:rw,Z" "-v" "/var/lib/crater-agent-workspace/builds/worker-2-tc1/source:/opt/rustwide/workdir:ro,Z" "-v" "/var/lib/crater-agent-workspace/cargo-home:/opt/rustwide/cargo-home:ro,Z" "-v" "/var/lib/crater-agent-workspace/rustup-home:/opt/rustwide/rustup-home:ro,Z" "-e" "SOURCE_DIR=/opt/rustwide/workdir" "-e" "CARGO_TARGET_DIR=/opt/rustwide/target" "-e" "CARGO_INCREMENTAL=0" "-e" "RUST_BACKTRACE=full" "-e" "RUSTFLAGS=--cap-lints=warn" "-e" "RUSTDOCFLAGS=--cap-lints=warn" "-e" "CARGO_HOME=/opt/rustwide/cargo-home" "-e" "RUSTUP_HOME=/opt/rustwide/rustup-home" "-w" "/opt/rustwide/workdir" "-m" "1610612736" "--user" "0:0" "--network" "none" "ghcr.io/rust-lang/crates-build-env/linux@sha256:2788e3201cd34a07e3172128adcd8b3090168a8e3bcc40d7c032b9dda1df7d1c" "/opt/rustwide/cargo-home/bin/cargo" "+1.75.0" "build" "--frozen" "--message-format=json", kill_on_drop: false }`
[INFO] [stdout] 8d3b323b87ca352d1f7cf7d593faf20c3278573468dfa201d22d1f3fde35bef6
[INFO] running `Command { std: "docker" "start" "-a" "8d3b323b87ca352d1f7cf7d593faf20c3278573468dfa201d22d1f3fde35bef6", kill_on_drop: false }`
[INFO] [stderr]    Compiling autocfg v1.1.0
[INFO] [stderr]    Compiling proc-macro2 v1.0.54
[INFO] [stderr]    Compiling quote v1.0.26
[INFO] [stderr]    Compiling unicode-ident v1.0.8
[INFO] [stderr]    Compiling memchr v2.5.0
[INFO] [stderr]    Compiling serde_derive v1.0.159
[INFO] [stderr]    Compiling serde v1.0.159
[INFO] [stderr]    Compiling libc v0.2.140
[INFO] [stderr]    Compiling hashbrown v0.12.3
[INFO] [stderr]    Compiling cc v1.0.79
[INFO] [stderr]    Compiling adler v1.0.2
[INFO] [stderr]    Compiling gimli v0.27.2
[INFO] [stderr]    Compiling version_check v0.9.4
[INFO] [stderr]    Compiling winnow v0.4.1
[INFO] [stderr]    Compiling bit-vec v0.6.3
[INFO] [stderr]    Compiling regex-syntax v0.6.29
[INFO] [stderr]    Compiling miniz_oxide v0.6.2
[INFO] [stderr]    Compiling cfg-if v1.0.0
[INFO] [stderr]    Compiling rustc-demangle v0.1.22
[INFO] [stderr]    Compiling os_str_bytes v6.5.0
[INFO] [stderr]    Compiling error-chain v0.12.4
[INFO] [stderr]    Compiling bit-set v0.5.3
[INFO] [stderr]    Compiling once_cell v1.17.1
[INFO] [stderr]    Compiling textwrap v0.16.0
[INFO] [stderr]    Compiling indexmap v1.9.3
[INFO] [stderr]    Compiling num-traits v0.2.15
[INFO] [stderr]    Compiling num-integer v0.1.45
[INFO] [stderr]    Compiling clap_lex v0.2.4
[INFO] [stderr]    Compiling bitflags v1.3.2
[INFO] [stderr]    Compiling iana-time-zone v0.1.54
[INFO] [stderr]    Compiling glob v0.3.1
[INFO] [stderr]    Compiling aho-corasick v0.7.20
[INFO] [stderr]    Compiling object v0.30.3
[INFO] [stderr]    Compiling syn v2.0.11
[INFO] [stderr]    Compiling clap v3.2.23
[INFO] [stderr]    Compiling backtrace v0.3.67
[INFO] [stderr]    Compiling time v0.1.45
[INFO] [stderr]    Compiling regex v1.7.3
[INFO] [stderr]    Compiling chrono v0.4.24
[INFO] [stderr]    Compiling addr2line v0.19.0
[INFO] [stderr]    Compiling fancy-regex v0.11.0
[INFO] [stderr]    Compiling toml_datetime v0.6.1
[INFO] [stderr]    Compiling serde_spanned v0.6.1
[INFO] [stderr]    Compiling toml_edit v0.19.8
[INFO] [stderr]    Compiling toml v0.7.3
[INFO] [stderr]    Compiling cargo_toml v0.15.2
[INFO] [stderr]    Compiling nostd-float-math-monitor v0.0.8 (/opt/rustwide/workdir)
[INFO] [stdout] error[E0433]: failed to resolve: use of undeclared type `State`
[INFO] [stdout]    --> src/main.rs:295:9
[INFO] [stdout]     |
[INFO] [stdout] 295 |         State::default(),
[INFO] [stdout]     |         ^^^^^ use of undeclared type `State`
[INFO] [stdout]     |
[INFO] [stdout] help: consider importing this struct
[INFO] [stdout]     |
[INFO] [stdout] 1   + use error_chain::State;
[INFO] [stdout]     |
[INFO] [stdout] 
[INFO] [stdout] 
[INFO] [stdout] warning: unused import: `chrono::Utc`
[INFO] [stdout]  --> src/main.rs:1:5
[INFO] [stdout]   |
[INFO] [stdout] 1 | use chrono::Utc;
[INFO] [stdout]   |     ^^^^^^^^^^^
[INFO] [stdout]   |
[INFO] [stdout]   = note: `#[warn(unused_imports)]` on by default
[INFO] [stdout] 
[INFO] [stdout] 
[INFO] [stdout] error[E0599]: no function or associated item named `new` found for struct `Error` in the current scope
[INFO] [stdout]    --> src/main.rs:293:16
[INFO] [stdout]     |
[INFO] [stdout] 22  | / error_chain! {
[INFO] [stdout] 23  | |     foreign_links {
[INFO] [stdout] 24  | |         Glob(glob::GlobError);
[INFO] [stdout] 25  | |         Pattern(glob::PatternError);
[INFO] [stdout] ...   |
[INFO] [stdout] 30  | |     }
[INFO] [stdout] 31  | | }
[INFO] [stdout]     | |_- function or associated item `new` not found for this struct
[INFO] [stdout] ...
[INFO] [stdout] 293 |       Err(Error::new(
[INFO] [stdout]     |                  ^^^ function or associated item not found in `Error`
[INFO] [stdout]     |
[INFO] [stdout] note: if you're trying to build a new `Error` consider using one of the following associated functions:
[INFO] [stdout]       Error::from_kind
[INFO] [stdout]       Error::with_chain
[INFO] [stdout]       Error::with_boxed_chain
[INFO] [stdout]    --> src/main.rs:22:1
[INFO] [stdout]     |
[INFO] [stdout] 22  | / error_chain! {
[INFO] [stdout] 23  | |     foreign_links {
[INFO] [stdout] 24  | |         Glob(glob::GlobError);
[INFO] [stdout] 25  | |         Pattern(glob::PatternError);
[INFO] [stdout] ...   |
[INFO] [stdout] 30  | |     }
[INFO] [stdout] 31  | | }
[INFO] [stdout]     | |_^
[INFO] [stdout]     = help: items from traits can only be used if the trait is in scope
[INFO] [stdout]     = note: this error originates in the macro `impl_error_chain_processed` which comes from the expansion of the macro `error_chain` (in Nightly builds, run with -Z macro-backtrace for more info)
[INFO] [stdout] help: the following trait is implemented but not in scope; perhaps add a `use` for it:
[INFO] [stdout]     |
[INFO] [stdout] 1   + use error_chain::ChainedError;
[INFO] [stdout]     |
[INFO] [stdout] 
[INFO] [stdout] 
[INFO] [stdout] error: aborting due to 2 previous errors; 1 warning emitted
[INFO] [stdout] 
[INFO] [stdout] 
[INFO] [stdout] Some errors have detailed explanations: E0433, E0599.
[INFO] [stdout] 
[INFO] [stdout] For more information about an error, try `rustc --explain E0433`.
[INFO] [stdout] 
[INFO] [stderr] error: could not compile `nostd-float-math-monitor` (bin "nostd-float-math-monitor") due to 3 previous errors; 1 warning emitted
[INFO] running `Command { std: "docker" "inspect" "8d3b323b87ca352d1f7cf7d593faf20c3278573468dfa201d22d1f3fde35bef6", kill_on_drop: false }`
[INFO] running `Command { std: "docker" "rm" "-f" "8d3b323b87ca352d1f7cf7d593faf20c3278573468dfa201d22d1f3fde35bef6", kill_on_drop: false }`
[INFO] [stdout] 8d3b323b87ca352d1f7cf7d593faf20c3278573468dfa201d22d1f3fde35bef6
[INFO] testing nostd-float-math-monitor-0.0.8 against beta-2023-12-22 for beta-1.76-1
[INFO] extracting crate nostd-float-math-monitor 0.0.8 into /workspace/builds/worker-2-tc2/source
[INFO] validating manifest of crates.io crate nostd-float-math-monitor 0.0.8 on toolchain beta-2023-12-22
[INFO] running `Command { std: CARGO_HOME="/workspace/cargo-home" RUSTUP_HOME="/workspace/rustup-home" "/workspace/cargo-home/bin/cargo" "+beta-2023-12-22" "metadata" "--manifest-path" "Cargo.toml" "--no-deps", kill_on_drop: false }`
[INFO] started tweaking crates.io crate nostd-float-math-monitor 0.0.8
[INFO] finished tweaking crates.io crate nostd-float-math-monitor 0.0.8
[INFO] tweaked toml for crates.io crate nostd-float-math-monitor 0.0.8 written to /workspace/builds/worker-2-tc2/source/Cargo.toml
[INFO] crate crates.io crate nostd-float-math-monitor 0.0.8 already has a lockfile, it will not be regenerated
[INFO] running `Command { std: CARGO_HOME="/workspace/cargo-home" RUSTUP_HOME="/workspace/rustup-home" "/workspace/cargo-home/bin/cargo" "+beta-2023-12-22" "fetch" "--manifest-path" "Cargo.toml", kill_on_drop: false }`
[INFO] running `Command { std: "docker" "create" "-v" "/var/lib/crater-agent-workspace/builds/worker-2-tc2/target:/opt/rustwide/target:rw,Z" "-v" "/var/lib/crater-agent-workspace/builds/worker-2-tc2/source:/opt/rustwide/workdir:ro,Z" "-v" "/var/lib/crater-agent-workspace/cargo-home:/opt/rustwide/cargo-home:ro,Z" "-v" "/var/lib/crater-agent-workspace/rustup-home:/opt/rustwide/rustup-home:ro,Z" "-e" "SOURCE_DIR=/opt/rustwide/workdir" "-e" "CARGO_TARGET_DIR=/opt/rustwide/target" "-e" "CARGO_HOME=/opt/rustwide/cargo-home" "-e" "RUSTUP_HOME=/opt/rustwide/rustup-home" "-w" "/opt/rustwide/workdir" "-m" "1610612736" "--user" "0:0" "--network" "none" "ghcr.io/rust-lang/crates-build-env/linux@sha256:2788e3201cd34a07e3172128adcd8b3090168a8e3bcc40d7c032b9dda1df7d1c" "/opt/rustwide/cargo-home/bin/cargo" "+beta-2023-12-22" "metadata" "--no-deps" "--format-version=1", kill_on_drop: false }`
[INFO] [stdout] cbf2550c41c7d853bdd038fa48704b0df8ed406874e337b8417630b127d5015a
[INFO] running `Command { std: "docker" "start" "-a" "cbf2550c41c7d853bdd038fa48704b0df8ed406874e337b8417630b127d5015a", kill_on_drop: false }`
[INFO] running `Command { std: "docker" "inspect" "cbf2550c41c7d853bdd038fa48704b0df8ed406874e337b8417630b127d5015a", kill_on_drop: false }`
[INFO] running `Command { std: "docker" "rm" "-f" "cbf2550c41c7d853bdd038fa48704b0df8ed406874e337b8417630b127d5015a", kill_on_drop: false }`
[INFO] [stdout] cbf2550c41c7d853bdd038fa48704b0df8ed406874e337b8417630b127d5015a
[INFO] running `Command { std: "docker" "create" "-v" "/var/lib/crater-agent-workspace/builds/worker-2-tc2/target:/opt/rustwide/target:rw,Z" "-v" "/var/lib/crater-agent-workspace/builds/worker-2-tc2/source:/opt/rustwide/workdir:ro,Z" "-v" "/var/lib/crater-agent-workspace/cargo-home:/opt/rustwide/cargo-home:ro,Z" "-v" "/var/lib/crater-agent-workspace/rustup-home:/opt/rustwide/rustup-home:ro,Z" "-e" "SOURCE_DIR=/opt/rustwide/workdir" "-e" "CARGO_TARGET_DIR=/opt/rustwide/target" "-e" "CARGO_INCREMENTAL=0" "-e" "RUST_BACKTRACE=full" "-e" "RUSTFLAGS=--cap-lints=warn" "-e" "RUSTDOCFLAGS=--cap-lints=warn" "-e" "CARGO_HOME=/opt/rustwide/cargo-home" "-e" "RUSTUP_HOME=/opt/rustwide/rustup-home" "-w" "/opt/rustwide/workdir" "-m" "1610612736" "--user" "0:0" "--network" "none" "ghcr.io/rust-lang/crates-build-env/linux@sha256:2788e3201cd34a07e3172128adcd8b3090168a8e3bcc40d7c032b9dda1df7d1c" "/opt/rustwide/cargo-home/bin/cargo" "+beta-2023-12-22" "build" "--frozen" "--message-format=json", kill_on_drop: false }`
[INFO] [stdout] 8a7aab2418a8500d5d5ce656b41621c1aa018d09fbffce1a531212c3390d5267
[INFO] running `Command { std: "docker" "start" "-a" "8a7aab2418a8500d5d5ce656b41621c1aa018d09fbffce1a531212c3390d5267", kill_on_drop: false }`
[INFO] [stderr]    Compiling autocfg v1.1.0
[INFO] [stderr]    Compiling proc-macro2 v1.0.54
[INFO] [stderr]    Compiling quote v1.0.26
[INFO] [stderr]    Compiling unicode-ident v1.0.8
[INFO] [stderr]    Compiling serde_derive v1.0.159
[INFO] [stderr]    Compiling memchr v2.5.0
[INFO] [stderr]    Compiling serde v1.0.159
[INFO] [stderr]    Compiling libc v0.2.140
[INFO] [stderr]    Compiling hashbrown v0.12.3
[INFO] [stderr]    Compiling cc v1.0.79
[INFO] [stderr]    Compiling adler v1.0.2
[INFO] [stderr]    Compiling version_check v0.9.4
[INFO] [stderr]    Compiling winnow v0.4.1
[INFO] [stderr]    Compiling gimli v0.27.2
[INFO] [stderr]    Compiling os_str_bytes v6.5.0
[INFO] [stderr]    Compiling rustc-demangle v0.1.22
[INFO] [stderr]    Compiling miniz_oxide v0.6.2
[INFO] [stderr]    Compiling cfg-if v1.0.0
[INFO] [stderr]    Compiling bit-vec v0.6.3
[INFO] [stderr]    Compiling regex-syntax v0.6.29
[INFO] [stderr]    Compiling clap_lex v0.2.4
[INFO] [stderr]    Compiling error-chain v0.12.4
[INFO] [stderr]    Compiling bit-set v0.5.3
[INFO] [stderr]    Compiling textwrap v0.16.0
[INFO] [stderr]    Compiling bitflags v1.3.2
[INFO] [stderr]    Compiling indexmap v1.9.3
[INFO] [stderr]    Compiling num-traits v0.2.15
[INFO] [stderr]    Compiling num-integer v0.1.45
[INFO] [stderr]    Compiling once_cell v1.17.1
[INFO] [stderr]    Compiling iana-time-zone v0.1.54
[INFO] [stderr]    Compiling aho-corasick v0.7.20
[INFO] [stderr]    Compiling object v0.30.3
[INFO] [stderr]    Compiling glob v0.3.1
[INFO] [stderr]    Compiling backtrace v0.3.67
[INFO] [stderr]    Compiling clap v3.2.23
[INFO] [stderr]    Compiling syn v2.0.11
[INFO] [stderr]    Compiling time v0.1.45
[INFO] [stderr]    Compiling regex v1.7.3
[INFO] [stderr]    Compiling chrono v0.4.24
[INFO] [stderr]    Compiling addr2line v0.19.0
[INFO] [stderr]    Compiling fancy-regex v0.11.0
[INFO] [stderr]    Compiling toml_datetime v0.6.1
[INFO] [stderr]    Compiling serde_spanned v0.6.1
[INFO] [stderr]    Compiling toml_edit v0.19.8
[INFO] [stderr]    Compiling toml v0.7.3
[INFO] [stderr]    Compiling cargo_toml v0.15.2
[INFO] [stderr]    Compiling nostd-float-math-monitor v0.0.8 (/opt/rustwide/workdir)
[INFO] [stdout] error[E0433]: failed to resolve: use of undeclared type `State`
[INFO] [stdout]    --> src/main.rs:295:9
[INFO] [stdout]     |
[INFO] [stdout] 295 |         State::default(),
[INFO] [stdout]     |         ^^^^^ use of undeclared type `State`
[INFO] [stdout]     |
[INFO] [stdout] help: consider importing this struct
[INFO] [stdout]     |
[INFO] [stdout] 1   + use error_chain::State;
[INFO] [stdout]     |
[INFO] [stdout] 
[INFO] [stdout] 
[INFO] [stdout] warning: unused import: `chrono::Utc`
[INFO] [stdout]  --> src/main.rs:1:5
[INFO] [stdout]   |
[INFO] [stdout] 1 | use chrono::Utc;
[INFO] [stdout]   |     ^^^^^^^^^^^
[INFO] [stdout]   |
[INFO] [stdout]   = note: `#[warn(unused_imports)]` on by default
[INFO] [stdout] 
[INFO] [stdout] 
[INFO] [stdout] error[E0599]: no function or associated item named `new` found for struct `Error` in the current scope
[INFO] [stdout]    --> src/main.rs:293:16
[INFO] [stdout]     |
[INFO] [stdout] 22  | / error_chain! {
[INFO] [stdout] 23  | |     foreign_links {
[INFO] [stdout] 24  | |         Glob(glob::GlobError);
[INFO] [stdout] 25  | |         Pattern(glob::PatternError);
[INFO] [stdout] ...   |
[INFO] [stdout] 30  | |     }
[INFO] [stdout] 31  | | }
[INFO] [stdout]     | |_- function or associated item `new` not found for this struct
[INFO] [stdout] ...
[INFO] [stdout] 293 |       Err(Error::new(
[INFO] [stdout]     |                  ^^^ function or associated item not found in `Error`
[INFO] [stdout]     |
[INFO] [stdout] note: if you're trying to build a new `Error` consider using one of the following associated functions:
[INFO] [stdout]       Error::from_kind
[INFO] [stdout]       Error::with_chain
[INFO] [stdout]       Error::with_boxed_chain
[INFO] [stdout]    --> src/main.rs:22:1
[INFO] [stdout]     |
[INFO] [stdout] 22  | / error_chain! {
[INFO] [stdout] 23  | |     foreign_links {
[INFO] [stdout] 24  | |         Glob(glob::GlobError);
[INFO] [stdout] 25  | |         Pattern(glob::PatternError);
[INFO] [stdout] ...   |
[INFO] [stdout] 30  | |     }
[INFO] [stdout] 31  | | }
[INFO] [stdout]     | |_^
[INFO] [stdout]     = help: items from traits can only be used if the trait is in scope
[INFO] [stdout]     = note: this error originates in the macro `impl_error_chain_processed` which comes from the expansion of the macro `error_chain` (in Nightly builds, run with -Z macro-backtrace for more info)
[INFO] [stdout] help: the following trait is implemented but not in scope; perhaps add a `use` for it:
[INFO] [stdout]     |
[INFO] [stdout] 1   + use error_chain::ChainedError;
[INFO] [stdout]     |
[INFO] [stdout] 
[INFO] [stdout] 
[INFO] [stdout] error: aborting due to 2 previous errors; 1 warning emitted
[INFO] [stdout] 
[INFO] [stdout] 
[INFO] [stdout] Some errors have detailed explanations: E0433, E0599.
[INFO] [stdout] 
[INFO] [stdout] For more information about an error, try `rustc --explain E0433`.
[INFO] [stdout] 
[INFO] [stderr] error: could not compile `nostd-float-math-monitor` (bin "nostd-float-math-monitor") due to 3 previous errors; 1 warning emitted
[INFO] running `Command { std: "docker" "inspect" "8a7aab2418a8500d5d5ce656b41621c1aa018d09fbffce1a531212c3390d5267", kill_on_drop: false }`
[INFO] running `Command { std: "docker" "rm" "-f" "8a7aab2418a8500d5d5ce656b41621c1aa018d09fbffce1a531212c3390d5267", kill_on_drop: false }`
[INFO] [stdout] 8a7aab2418a8500d5d5ce656b41621c1aa018d09fbffce1a531212c3390d5267
