[INFO] fetching crate noosphere-fs 0.5.3...
[INFO] testing noosphere-fs-0.5.3 against 1.75.0 for beta-1.76-1
[INFO] extracting crate noosphere-fs 0.5.3 into /workspace/builds/worker-6-tc1/source
[INFO] validating manifest of crates.io crate noosphere-fs 0.5.3 on toolchain 1.75.0
[INFO] running `Command { std: CARGO_HOME="/workspace/cargo-home" RUSTUP_HOME="/workspace/rustup-home" "/workspace/cargo-home/bin/cargo" "+1.75.0" "metadata" "--manifest-path" "Cargo.toml" "--no-deps", kill_on_drop: false }`
[INFO] started tweaking crates.io crate noosphere-fs 0.5.3
[INFO] finished tweaking crates.io crate noosphere-fs 0.5.3
[INFO] tweaked toml for crates.io crate noosphere-fs 0.5.3 written to /workspace/builds/worker-6-tc1/source/Cargo.toml
[INFO] running `Command { std: CARGO_HOME="/workspace/cargo-home" RUSTUP_HOME="/workspace/rustup-home" "/workspace/cargo-home/bin/cargo" "+1.75.0" "generate-lockfile" "--manifest-path" "Cargo.toml", kill_on_drop: false }`
[INFO] [stderr]     Blocking waiting for file lock on package cache
[INFO] [stderr]     Updating crates.io index
[INFO] running `Command { std: CARGO_HOME="/workspace/cargo-home" RUSTUP_HOME="/workspace/rustup-home" "/workspace/cargo-home/bin/cargo" "+1.75.0" "fetch" "--manifest-path" "Cargo.toml", kill_on_drop: false }`
[INFO] [stderr]     Blocking waiting for file lock on package cache
[INFO] [stderr]  Downloading crates ...
[INFO] [stderr]   Downloaded async-once-cell v0.3.1
[INFO] [stderr]   Downloaded multihash v0.17.0
[INFO] [stderr]   Downloaded cid v0.9.0
[INFO] [stderr]   Downloaded rexie v0.4.2
[INFO] [stderr]   Downloaded libipld-cbor v0.15.0
[INFO] [stderr]   Downloaded fastcdc v1.0.8
[INFO] [stderr]   Downloaded crdts v7.3.2
[INFO] [stderr]   Downloaded noosphere-storage v0.5.0
[INFO] [stderr]   Downloaded libipld-core v0.15.0
[INFO] [stderr]   Downloaded noosphere-storage v0.4.2
[INFO] [stderr]   Downloaded noosphere-collections v0.3.3
[INFO] [stderr]   Downloaded noosphere-core v0.6.3
[INFO] [stderr]   Downloaded ucan v0.1.2
[INFO] running `Command { std: "docker" "create" "-v" "/var/lib/crater-agent-workspace/builds/worker-6-tc1/target:/opt/rustwide/target:rw,Z" "-v" "/var/lib/crater-agent-workspace/builds/worker-6-tc1/source:/opt/rustwide/workdir:ro,Z" "-v" "/var/lib/crater-agent-workspace/cargo-home:/opt/rustwide/cargo-home:ro,Z" "-v" "/var/lib/crater-agent-workspace/rustup-home:/opt/rustwide/rustup-home:ro,Z" "-e" "SOURCE_DIR=/opt/rustwide/workdir" "-e" "CARGO_TARGET_DIR=/opt/rustwide/target" "-e" "CARGO_HOME=/opt/rustwide/cargo-home" "-e" "RUSTUP_HOME=/opt/rustwide/rustup-home" "-w" "/opt/rustwide/workdir" "-m" "1610612736" "--user" "0:0" "--network" "none" "ghcr.io/rust-lang/crates-build-env/linux@sha256:2788e3201cd34a07e3172128adcd8b3090168a8e3bcc40d7c032b9dda1df7d1c" "/opt/rustwide/cargo-home/bin/cargo" "+1.75.0" "metadata" "--no-deps" "--format-version=1", kill_on_drop: false }`
[INFO] [stdout] df0be9a80aa9012be97d3c283ce102b6dc9d403f978832109e300376bf34e7a6
[INFO] running `Command { std: "docker" "start" "-a" "df0be9a80aa9012be97d3c283ce102b6dc9d403f978832109e300376bf34e7a6", kill_on_drop: false }`
[INFO] running `Command { std: "docker" "inspect" "df0be9a80aa9012be97d3c283ce102b6dc9d403f978832109e300376bf34e7a6", kill_on_drop: false }`
[INFO] running `Command { std: "docker" "rm" "-f" "df0be9a80aa9012be97d3c283ce102b6dc9d403f978832109e300376bf34e7a6", kill_on_drop: false }`
[INFO] [stdout] df0be9a80aa9012be97d3c283ce102b6dc9d403f978832109e300376bf34e7a6
[INFO] running `Command { std: "docker" "create" "-v" "/var/lib/crater-agent-workspace/builds/worker-6-tc1/target:/opt/rustwide/target:rw,Z" "-v" "/var/lib/crater-agent-workspace/builds/worker-6-tc1/source:/opt/rustwide/workdir:ro,Z" "-v" "/var/lib/crater-agent-workspace/cargo-home:/opt/rustwide/cargo-home:ro,Z" "-v" "/var/lib/crater-agent-workspace/rustup-home:/opt/rustwide/rustup-home:ro,Z" "-e" "SOURCE_DIR=/opt/rustwide/workdir" "-e" "CARGO_TARGET_DIR=/opt/rustwide/target" "-e" "CARGO_INCREMENTAL=0" "-e" "RUST_BACKTRACE=full" "-e" "RUSTFLAGS=--cap-lints=warn" "-e" "RUSTDOCFLAGS=--cap-lints=warn" "-e" "CARGO_HOME=/opt/rustwide/cargo-home" "-e" "RUSTUP_HOME=/opt/rustwide/rustup-home" "-w" "/opt/rustwide/workdir" "-m" "1610612736" "--user" "0:0" "--network" "none" "ghcr.io/rust-lang/crates-build-env/linux@sha256:2788e3201cd34a07e3172128adcd8b3090168a8e3bcc40d7c032b9dda1df7d1c" "/opt/rustwide/cargo-home/bin/cargo" "+1.75.0" "build" "--frozen" "--message-format=json", kill_on_drop: false }`
[INFO] [stdout] f2d09add5ceaacc1d9d2c24f39f63835a64568e7c2764283fb55e78d9abef4ff
[INFO] running `Command { std: "docker" "start" "-a" "f2d09add5ceaacc1d9d2c24f39f63835a64568e7c2764283fb55e78d9abef4ff", kill_on_drop: false }`
[INFO] [stderr]    Compiling proc-macro2 v1.0.75
[INFO] [stderr]    Compiling version_check v0.9.4
[INFO] [stderr]    Compiling typenum v1.17.0
[INFO] [stderr]    Compiling memchr v2.7.1
[INFO] [stderr]    Compiling serde v1.0.194
[INFO] [stderr]    Compiling pin-project-lite v0.2.13
[INFO] [stderr]    Compiling subtle v2.5.0
[INFO] [stderr]    Compiling getrandom v0.2.11
[INFO] [stderr]    Compiling const-oid v0.9.6
[INFO] [stderr]    Compiling syn v1.0.109
[INFO] [stderr]    Compiling libc v0.2.151
[INFO] [stderr]    Compiling futures-core v0.3.30
[INFO] [stderr]    Compiling generic-array v0.14.7
[INFO] [stderr]    Compiling proc-macro-error-attr v1.0.4
[INFO] [stderr]    Compiling proc-macro-error v1.0.4
[INFO] [stderr]    Compiling arrayref v0.3.7
[INFO] [stderr]    Compiling constant_time_eq v0.3.0
[INFO] [stderr]    Compiling arrayvec v0.7.4
[INFO] [stderr]    Compiling rand_core v0.6.4
[INFO] [stderr]    Compiling quote v1.0.35
[INFO] [stderr]    Compiling unicode-xid v0.2.4
[INFO] [stderr]    Compiling syn v2.0.48
[INFO] [stderr]    Compiling once_cell v1.19.0
[INFO] [stderr]    Compiling futures-io v0.3.30
[INFO] [stderr]    Compiling blake2b_simd v1.0.2
[INFO] [stderr]    Compiling core2 v0.4.0
[INFO] [stderr]    Compiling slab v0.4.9
[INFO] [stderr]    Compiling cc v1.0.83
[INFO] [stderr]    Compiling crossbeam-utils v0.8.18
[INFO] [stderr]    Compiling unsigned-varint v0.7.2
[INFO] [stderr]    Compiling data-encoding v2.5.0
[INFO] [stderr]    Compiling smallvec v1.11.2
[INFO] [stderr]    Compiling value-bag v1.4.3
[INFO] [stderr]    Compiling cpufeatures v0.2.12
[INFO] [stderr]    Compiling log v0.4.20
[INFO] [stderr]    Compiling scopeguard v1.2.0
[INFO] [stderr]    Compiling base-x v0.2.11
[INFO] [stderr]    Compiling blake3 v1.5.0
[INFO] [stderr]    Compiling lock_api v0.4.11
[INFO] [stderr]    Compiling anyhow v1.0.79
[INFO] [stderr]    Compiling parking v2.2.0
[INFO] [stderr]    Compiling concurrent-queue v2.4.0
[INFO] [stderr]    Compiling tracing-core v0.1.32
[INFO] [stderr]    Compiling itoa v1.0.10
[INFO] [stderr]    Compiling futures-sink v0.3.30
[INFO] [stderr]    Compiling keccak v0.1.4
[INFO] [stderr]    Compiling blake2s_simd v1.0.2
[INFO] [stderr]    Compiling parking_lot_core v0.9.9
[INFO] [stderr]    Compiling pin-utils v0.1.0
[INFO] [stderr]    Compiling toml v0.5.11
[INFO] [stderr]    Compiling synstructure v0.12.6
[INFO] [stderr]    Compiling futures-channel v0.3.30
[INFO] [stderr]    Compiling bytes v1.5.0
[INFO] [stderr]    Compiling libm v0.2.8
[INFO] [stderr]    Compiling futures-task v0.3.30
[INFO] [stderr]    Compiling rand_chacha v0.3.1
[INFO] [stderr]    Compiling event-listener v4.0.2
[INFO] [stderr]    Compiling num-traits v0.2.17
[INFO] [stderr]    Compiling base64ct v1.6.0
[INFO] [stderr]    Compiling tinyvec_macros v0.1.1
[INFO] [stderr]    Compiling tinyvec v1.6.0
[INFO] [stderr]    Compiling event-listener-strategy v0.4.0
[INFO] [stderr]    Compiling parking_lot v0.12.1
[INFO] [stderr]    Compiling pem-rfc7468 v0.7.0
[INFO] [stderr]    Compiling rand v0.8.5
[INFO] [stderr]    Compiling signal-hook-registry v1.4.1
[INFO] [stderr]    Compiling mio v0.8.10
[INFO] [stderr]    Compiling socket2 v0.5.5
[INFO] [stderr]    Compiling byteorder v1.5.0
[INFO] [stderr]    Compiling fastrand v2.0.1
[INFO] [stderr]    Compiling unicode-normalization v0.1.22
[INFO] [stderr]    Compiling ring v0.17.7
[INFO] [stderr]    Compiling num-integer v0.1.45
[INFO] [stderr]    Compiling ryu v1.0.16
[INFO] [stderr]    Compiling rustversion v1.0.14
[INFO] [stderr]    Compiling serde_json v1.0.111
[INFO] [stderr]    Compiling data-encoding-macro-internal v0.1.12
[INFO] [stderr]    Compiling rustix v0.38.28
[INFO] [stderr]    Compiling percent-encoding v2.3.1
[INFO] [stderr]    Compiling form_urlencoded v1.2.1
[INFO] [stderr]    Compiling futures-lite v2.1.0
[INFO] [stderr]    Compiling async-lock v3.2.0
[INFO] [stderr]    Compiling instant v0.1.12
[INFO] [stderr]    Compiling linux-raw-sys v0.4.12
[INFO] [stderr]    Compiling bitflags v2.4.1
[INFO] [stderr]    Compiling unicode-bidi v0.3.14
[INFO] [stderr]    Compiling zeroize_derive v1.4.2
[INFO] [stderr]    Compiling serde_derive v1.0.194
[INFO] [stderr]    Compiling thiserror-impl v1.0.56
[INFO] [stderr]    Compiling data-encoding-macro v0.1.14
[INFO] [stderr]    Compiling multibase v0.9.1
[INFO] [stderr]    Compiling tracing-attributes v0.1.27
[INFO] [stderr]    Compiling futures-macro v0.3.30
[INFO] [stderr]    Compiling tokio-macros v2.2.0
[INFO] [stderr]    Compiling zeroize v1.7.0
[INFO] [stderr]    Compiling io-lifetimes v1.0.11
[INFO] [stderr]    Compiling der v0.7.8
[INFO] [stderr]    Compiling tokio v1.35.1
[INFO] [stderr]    Compiling thiserror v1.0.56
[INFO] [stderr]    Compiling crypto-common v0.1.6
[INFO] [stderr]    Compiling block-buffer v0.10.4
[INFO] [stderr]    Compiling proc-macro-crate v1.1.3
[INFO] [stderr]    Compiling futures-util v0.3.30
[INFO] [stderr]    Compiling digest v0.10.7
[INFO] [stderr]    Compiling sha2 v0.10.8
[INFO] [stderr]    Compiling multihash-derive v0.8.1
[INFO] [stderr]    Compiling sha3 v0.10.8
[INFO] [stderr]    Compiling spki v0.7.3
[INFO] [stderr]    Compiling tracing v0.1.40
[INFO] [stderr]    Compiling pkcs8 v0.10.2
[INFO] [stderr]    Compiling idna v0.5.0
[INFO] [stderr]    Compiling polling v2.8.0
[INFO] [stderr]    Compiling async-trait v0.1.77
[INFO] [stderr]    Compiling heck v0.4.1
[INFO] [stderr]    Compiling spin v0.9.8
[INFO] [stderr]    Compiling untrusted v0.9.0
[INFO] [stderr]    Compiling base64 v0.21.5
[INFO] [stderr]    Compiling event-listener v2.5.3
[INFO] [stderr]    Compiling rustix v0.37.27
[INFO] [stderr]    Compiling async-task v4.7.0
[INFO] [stderr]    Compiling atomic-waker v1.1.2
[INFO] [stderr]    Compiling piper v0.2.1
[INFO] [stderr]    Compiling url v2.5.0
[INFO] [stderr]    Compiling async-channel v2.1.1
[INFO] [stderr]    Compiling num-iter v0.1.43
[INFO] [stderr]    Compiling async-io v1.13.0
[INFO] [stderr]    Compiling linux-raw-sys v0.3.8
[INFO] [stderr]    Compiling futures-executor v0.3.30
[INFO] [stderr]    Compiling fnv v1.0.7
[INFO] [stderr]    Compiling waker-fn v1.1.1
[INFO] [stderr]    Compiling parking_lot_core v0.8.6
[INFO] [stderr]    Compiling fastrand v1.9.0
[INFO] [stderr]    Compiling http v0.2.11
[INFO] [stderr]    Compiling futures-lite v1.13.0
[INFO] [stderr]    Compiling polling v3.3.1
[INFO] [stderr]    Compiling async-io v2.2.2
[INFO] [stderr]    Compiling futures v0.3.30
[INFO] [stderr]    Compiling blocking v1.5.1
[INFO] [stderr]    Compiling async-executor v1.8.0
[INFO] [stderr]    Compiling async-lock v2.8.0
[INFO] [stderr]    Compiling multihash v0.17.0
[INFO] [stderr]    Compiling async-recursion v1.0.5
[INFO] [stderr]    Compiling ff v0.13.0
[INFO] [stderr]    Compiling socket2 v0.4.10
[INFO] [stderr]    Compiling strum v0.24.1
[INFO] [stderr]    Compiling base16ct v0.2.0
[INFO] [stderr]    Compiling equivalent v1.0.1
[INFO] [stderr]    Compiling hashbrown v0.14.3
[INFO] [stderr]    Compiling httparse v1.8.0
[INFO] [stderr]    Compiling rustls v0.21.10
[INFO] [stderr]    Compiling sec1 v0.7.3
[INFO] [stderr]    Compiling group v0.13.0
[INFO] [stderr]    Compiling async-global-executor v2.4.1
[INFO] [stderr]    Compiling tokio-util v0.7.10
[INFO] [stderr]    Compiling sct v0.7.1
[INFO] [stderr]    Compiling serde-big-array v0.3.3
[INFO] [stderr]    Compiling serde_bytes v0.11.14
[INFO] [stderr]    Compiling multihash v0.18.1
[INFO] [stderr]    Compiling multihash v0.16.3
[INFO] [stderr]    Compiling cid v0.9.0
[INFO] [stderr]    Compiling cid v0.8.6
[INFO] [stderr]    Compiling indexmap v2.1.0
[INFO] [stderr]    Compiling rustls-webpki v0.101.7
[INFO] [stderr]    Compiling cid v0.10.1
[INFO] [stderr]    Compiling libipld-core v0.16.0
[INFO] [stderr]    Compiling async-channel v1.9.0
[INFO] [stderr]    Compiling hmac v0.12.1
[INFO] [stderr]    Compiling crypto-bigint v0.5.5
[INFO] [stderr]    Compiling kv-log-macro v1.0.7
[INFO] [stderr]    Compiling aho-corasick v1.1.2
[INFO] [stderr]    Compiling ahash v0.7.7
[INFO] [stderr]    Compiling num-bigint v0.4.4
[INFO] [stderr]    Compiling try-lock v0.2.5
[INFO] [stderr]    Compiling regex-syntax v0.8.2
[INFO] [stderr]    Compiling libipld-json v0.16.0
[INFO] [stderr]    Compiling want v0.3.1
[INFO] [stderr]    Compiling h2 v0.3.22
[INFO] [stderr]    Compiling async-std v1.12.0
[INFO] [stderr]    Compiling libipld-core v0.15.0
[INFO] [stderr]    Compiling cbor4ii v0.2.14
[INFO] [stderr]    Compiling elliptic-curve v0.13.8
[INFO] [stderr]    Compiling regex-automata v0.4.3
[INFO] [stderr]    Compiling parking_lot v0.11.2
[INFO] [stderr]    Compiling http-body v0.4.6
[INFO] [stderr]    Compiling strum_macros v0.24.3
[INFO] [stderr]    Compiling signature v2.2.0
[INFO] [stderr]    Compiling digest v0.9.0
[INFO] [stderr]    Compiling async-stream-impl v0.3.5
[INFO] [stderr]    Compiling fxhash v0.2.1
[INFO] [stderr]    Compiling crossbeam-epoch v0.9.17
[INFO] [stderr]    Compiling fs2 v0.4.3
[INFO] [stderr]    Compiling num-rational v0.4.1
[INFO] [stderr]    Compiling tower-service v0.3.2
[INFO] [stderr]    Compiling num-bigint-dig v0.8.4
[INFO] [stderr]    Compiling bs58 v0.4.0
[INFO] [stderr]    Compiling crunchy v0.2.2
[INFO] [stderr]    Compiling spin v0.5.2
[INFO] [stderr]    Compiling httpdate v1.0.3
[INFO] [stderr]    Compiling lazy_static v1.4.0
[INFO] [stderr]    Compiling regex v1.10.2
[INFO] [stderr]    Compiling hyper v0.14.28
[INFO] [stderr]    Compiling sled v0.34.7
[INFO] [stderr]    Compiling async-stream v0.3.5
[INFO] [stderr]    Compiling ucan v0.1.2
[INFO] [stderr]    Compiling tokio-rustls v0.24.1
[INFO] [stderr]    Compiling serde_ipld_dagcbor v0.2.2
[INFO] [stderr]    Compiling libipld-cbor v0.15.0
[INFO] [stderr]    Compiling rfc6979 v0.4.0
[INFO] [stderr]    Compiling tokio-stream v0.1.14
[INFO] [stderr]    Compiling block-buffer v0.9.0
[INFO] [stderr]    Compiling serde_tuple_macros v0.5.0
[INFO] [stderr]    Compiling tiny-keccak v2.0.2
[INFO] [stderr]    Compiling base64 v0.13.0
[INFO] [stderr]    Compiling rand_core v0.5.1
[INFO] [stderr]    Compiling opaque-debug v0.3.0
[INFO] [stderr]    Compiling sha2 v0.9.9
[INFO] [stderr]    Compiling serde_tuple v0.5.0
[INFO] [stderr]    Compiling curve25519-dalek v3.2.0
[INFO] [stderr]    Compiling hyper-rustls v0.24.2
[INFO] [stderr]    Compiling ecdsa v0.16.9
[INFO] [stderr]    Compiling hashbrown v0.12.3
[INFO] [stderr]    Compiling env_logger v0.8.4
[INFO] [stderr]    Compiling primeorder v0.13.6
[INFO] [stderr]    Compiling fvm_ipld_blockstore v0.1.2
[INFO] [stderr]    Compiling cs_serde_bytes v0.12.2
[INFO] [stderr]    Compiling num-complex v0.4.4
[INFO] [stderr]    Compiling serde_urlencoded v0.7.1
[INFO] [stderr]    Compiling rustls-pemfile v1.0.4
[INFO] [stderr]    Compiling strum_macros v0.25.3
[INFO] [stderr]    Compiling pkcs1 v0.7.5
[INFO] [stderr]    Compiling serde_repr v0.1.18
[INFO] [stderr]    Compiling encoding_rs v0.8.33
[INFO] [stderr]    Compiling webpki-roots v0.25.3
[INFO] [stderr]    Compiling bs58 v0.5.0
[INFO] [stderr]    Compiling ipnet v2.9.0
[INFO] [stderr]    Compiling hex v0.4.3
[INFO] [stderr]    Compiling mime v0.3.17
[INFO] [stderr]    Compiling either v1.9.0
[INFO] [stderr]    Compiling fvm_ipld_encoding v0.3.3
[INFO] [stderr]    Compiling ed25519-zebra v3.1.0
[INFO] [stderr]    Compiling itertools v0.10.5
[INFO] [stderr]    Compiling rsa v0.9.6
[INFO] [stderr]    Compiling num v0.4.1
[INFO] [stderr]    Compiling p256 v0.13.2
[INFO] [stderr]    Compiling forest_hash_utils v0.1.0
[INFO] [stderr]    Compiling reqwest v0.11.23
[INFO] [stderr]    Compiling quickcheck v1.0.3
[INFO] [stderr]    Compiling noosphere-storage v0.5.0
[INFO] [stdout] error[E0432]: unresolved import `libipld_core::serde`
[INFO] [stdout]   --> /opt/rustwide/cargo-home/registry/src/index.crates.io-6f17d22bba15001f/noosphere-storage-0.5.0/src/block.rs:11:5
[INFO] [stdout]    |
[INFO] [stdout] 11 |     serde::{from_ipld, to_ipld},
[INFO] [stdout]    |     ^^^^^ could not find `serde` in `libipld_core`
[INFO] [stdout] 
[INFO] [stdout] 
[INFO] [stdout] error[E0432]: unresolved import `libipld_core::serde`
[INFO] [stdout]  --> /opt/rustwide/cargo-home/registry/src/index.crates.io-6f17d22bba15001f/noosphere-storage-0.5.0/src/encoding.rs:9:5
[INFO] [stdout]   |
[INFO] [stdout] 9 |     serde::{from_ipld, to_ipld},
[INFO] [stdout]   |     ^^^^^ could not find `serde` in `libipld_core`
[INFO] [stdout] 
[INFO] [stdout] 
[INFO] [stdout] error[E0432]: unresolved import `libipld_core::serde`
[INFO] [stdout]   --> /opt/rustwide/cargo-home/registry/src/index.crates.io-6f17d22bba15001f/noosphere-storage-0.5.0/src/store.rs:10:5
[INFO] [stdout]    |
[INFO] [stdout] 10 |     serde::{from_ipld, to_ipld},
[INFO] [stdout]    |     ^^^^^ could not find `serde` in `libipld_core`
[INFO] [stdout] 
[INFO] [stdout] 
[INFO] [stderr]    Compiling pbkdf2 v0.11.0
[INFO] [stderr]    Compiling rustc-hash v1.1.0
[INFO] [stdout] error[E0277]: the trait bound `RawCodec: libipld_core::codec::Codec` is not satisfied
[INFO] [stdout]   --> /opt/rustwide/cargo-home/registry/src/index.crates.io-6f17d22bba15001f/noosphere-storage-0.5.0/src/ucan.rs:17:21
[INFO] [stdout]    |
[INFO] [stdout] 17 | impl<S: BlockStore> UcanStoreTrait<RawCodec> for UcanStore<S> {
[INFO] [stdout]    |                     ^^^^^^^^^^^^^^^^^^^^^^^^ the trait `libipld_core::codec::Codec` is not implemented for `RawCodec`
[INFO] [stdout]    |
[INFO] [stdout]    = help: the following other types implement trait `libipld_core::codec::Codec`:
[INFO] [stdout]              libipld_json::DagJsonCodec
[INFO] [stdout]              libipld_core::raw::RawCodec
[INFO] [stdout] note: required by a bound in `ucan::store::UcanStore`
[INFO] [stdout]   --> /opt/rustwide/cargo-home/registry/src/index.crates.io-6f17d22bba15001f/ucan-0.1.2/src/store.rs:43:24
[INFO] [stdout]    |
[INFO] [stdout] 43 | pub trait UcanStore<C: Codec + Default = RawCodec>: UcanStoreConditionalSendSync {
[INFO] [stdout]    |                        ^^^^^ required by this bound in `UcanStore`
[INFO] [stdout]    = note: `UcanStore` is a "sealed trait", because to implement it you also need to implement `libipld_core::codec::Codec`, which is not accessible; this is usually done to force you to use one of the provided types that already implement it
[INFO] [stdout]    = help: the following types implement the trait:
[INFO] [stdout]              libipld_core::raw::RawCodec
[INFO] [stdout]              libipld_json::DagJsonCodec
[INFO] [stdout] 
[INFO] [stdout] 
[INFO] [stdout] error[E0271]: type mismatch resolving `<RawCodec as TryFrom<u64>>::Error == UnsupportedCodec`
[INFO] [stdout]   --> /opt/rustwide/cargo-home/registry/src/index.crates.io-6f17d22bba15001f/noosphere-storage-0.5.0/src/ucan.rs:17:21
[INFO] [stdout]    |
[INFO] [stdout] 17 | impl<S: BlockStore> UcanStoreTrait<RawCodec> for UcanStore<S> {
[INFO] [stdout]    |                     ^^^^^^^^^^^^^^^^^^^^^^^^ expected `UnsupportedCodec`, found a different `UnsupportedCodec`
[INFO] [stdout]    |
[INFO] [stdout]    = note: `UnsupportedCodec` and `UnsupportedCodec` have similar names, but are actually distinct types
[INFO] [stdout] note: `UnsupportedCodec` is defined in crate `libipld_core`
[INFO] [stdout]   --> /opt/rustwide/cargo-home/registry/src/index.crates.io-6f17d22bba15001f/libipld-core-0.15.0/src/error.rs:20:1
[INFO] [stdout]    |
[INFO] [stdout] 20 | pub struct UnsupportedCodec(pub u64);
[INFO] [stdout]    | ^^^^^^^^^^^^^^^^^^^^^^^^^^^
[INFO] [stdout] note: `UnsupportedCodec` is defined in crate `libipld_core`
[INFO] [stdout]   --> /opt/rustwide/cargo-home/registry/src/index.crates.io-6f17d22bba15001f/libipld-core-0.16.0/src/error.rs:20:1
[INFO] [stdout]    |
[INFO] [stdout] 20 | pub struct UnsupportedCodec(pub u64);
[INFO] [stdout]    | ^^^^^^^^^^^^^^^^^^^^^^^^^^^
[INFO] [stdout]    = note: perhaps two different versions of crate `libipld_core` are being used?
[INFO] [stdout]    = note: required for `RawCodec` to implement `libipld_core::codec::Codec`
[INFO] [stdout] note: required by a bound in `ucan::store::UcanStore`
[INFO] [stdout]   --> /opt/rustwide/cargo-home/registry/src/index.crates.io-6f17d22bba15001f/ucan-0.1.2/src/store.rs:43:24
[INFO] [stdout]    |
[INFO] [stdout] 43 | pub trait UcanStore<C: Codec + Default = RawCodec>: UcanStoreConditionalSendSync {
[INFO] [stdout]    |                        ^^^^^ required by this bound in `UcanStore`
[INFO] [stdout]    = note: `UcanStore` is a "sealed trait", because to implement it you also need to implement `libipld_core::codec::Codec`, which is not accessible; this is usually done to force you to use one of the provided types that already implement it
[INFO] [stdout]    = help: the following types implement the trait:
[INFO] [stdout]              libipld_core::raw::RawCodec
[INFO] [stdout]              libipld_json::DagJsonCodec
[INFO] [stdout] 
[INFO] [stdout] 
[INFO] [stderr]    Compiling async-once-cell v0.3.1
[INFO] [stdout] error[E0277]: the trait bound `CidGeneric<64>: serde::Serialize` is not satisfied
[INFO] [stdout]   --> /opt/rustwide/cargo-home/registry/src/index.crates.io-6f17d22bba15001f/noosphere-storage-0.5.0/src/db.rs:95:44
[INFO] [stdout]    |
[INFO] [stdout] 95 |             .set_key(identity.to_string(), version)
[INFO] [stdout]    |              -------                       ^^^^^^^ the trait `serde::Serialize` is not implemented for `CidGeneric<64>`
[INFO] [stdout]    |              |
[INFO] [stdout]    |              required by a bound introduced by this call
[INFO] [stdout]    |
[INFO] [stdout]    = help: the following other types implement trait `serde::Serialize`:
[INFO] [stdout]              bool
[INFO] [stdout]              char
[INFO] [stdout]              isize
[INFO] [stdout]              i8
[INFO] [stdout]              i16
[INFO] [stdout]              i32
[INFO] [stdout]              i64
[INFO] [stdout]              i128
[INFO] [stdout]            and 145 others
[INFO] [stdout]    = note: required for `&CidGeneric<64>` to implement `serde::Serialize`
[INFO] [stdout] note: required by a bound in `key_value::KeyValueStore::set_key`
[INFO] [stdout]   --> /opt/rustwide/cargo-home/registry/src/index.crates.io-6f17d22bba15001f/noosphere-storage-0.5.0/src/key_value.rs:41:12
[INFO] [stdout]    |
[INFO] [stdout] 38 |     async fn set_key<K, V>(&mut self, key: K, value: V) -> Result<()>
[INFO] [stdout]    |              ------- required by a bound in this associated function
[INFO] [stdout] ...
[INFO] [stdout] 41 |         V: Serialize + KeyValueStoreSend;
[INFO] [stdout]    |            ^^^^^^^^^ required by this bound in `KeyValueStore::set_key`
[INFO] [stdout] 
[INFO] [stdout] 
[INFO] [stdout] error[E0277]: the trait bound `for<'de> CidGeneric<64>: Deserialize<'de>` is not satisfied
[INFO] [stdout]    --> /opt/rustwide/cargo-home/registry/src/index.crates.io-6f17d22bba15001f/noosphere-storage-0.5.0/src/db.rs:101:28
[INFO] [stdout]     |
[INFO] [stdout] 101 |         self.version_store.get_key(identity).await
[INFO] [stdout]     |                            ^^^^^^^ the trait `for<'de> Deserialize<'de>` is not implemented for `CidGeneric<64>`
[INFO] [stdout]     |
[INFO] [stdout]     = help: the following other types implement trait `Deserialize<'de>`:
[INFO] [stdout]               bool
[INFO] [stdout]               char
[INFO] [stdout]               isize
[INFO] [stdout]               i8
[INFO] [stdout]               i16
[INFO] [stdout]               i32
[INFO] [stdout]               i64
[INFO] [stdout]               i128
[INFO] [stdout]             and 146 others
[INFO] [stdout]     = note: required for `CidGeneric<64>` to implement `DeserializeOwned`
[INFO] [stdout] note: required by a bound in `key_value::KeyValueStore::get_key`
[INFO] [stdout]    --> /opt/rustwide/cargo-home/registry/src/index.crates.io-6f17d22bba15001f/noosphere-storage-0.5.0/src/key_value.rs:48:12
[INFO] [stdout]     |
[INFO] [stdout] 45  |     async fn get_key<K, V>(&self, key: K) -> Result<Option<V>>
[INFO] [stdout]     |              ------- required by a bound in this associated function
[INFO] [stdout] ...
[INFO] [stdout] 48  |         V: DeserializeOwned + KeyValueStoreSend;
[INFO] [stdout]     |            ^^^^^^^^^^^^^^^^ required by this bound in `KeyValueStore::get_key`
[INFO] [stdout] 
[INFO] [stdout] 
[INFO] [stdout] error[E0277]: the trait bound `for<'de> CidGeneric<64>: Deserialize<'de>` is not satisfied
[INFO] [stdout]    --> /opt/rustwide/cargo-home/registry/src/index.crates.io-6f17d22bba15001f/noosphere-storage-0.5.0/src/db.rs:133:14
[INFO] [stdout]     |
[INFO] [stdout] 133 |             .get_key(identity)
[INFO] [stdout]     |              ^^^^^^^ the trait `for<'de> Deserialize<'de>` is not implemented for `CidGeneric<64>`
[INFO] [stdout]     |
[INFO] [stdout]     = help: the following other types implement trait `Deserialize<'de>`:
[INFO] [stdout]               bool
[INFO] [stdout]               char
[INFO] [stdout]               isize
[INFO] [stdout]               i8
[INFO] [stdout]               i16
[INFO] [stdout]               i32
[INFO] [stdout]               i64
[INFO] [stdout]               i128
[INFO] [stdout]             and 146 others
[INFO] [stdout]     = note: required for `CidGeneric<64>` to implement `DeserializeOwned`
[INFO] [stdout] note: required by a bound in `key_value::KeyValueStore::get_key`
[INFO] [stdout]    --> /opt/rustwide/cargo-home/registry/src/index.crates.io-6f17d22bba15001f/noosphere-storage-0.5.0/src/key_value.rs:48:12
[INFO] [stdout]     |
[INFO] [stdout] 45  |     async fn get_key<K, V>(&self, key: K) -> Result<Option<V>>
[INFO] [stdout]     |              ------- required by a bound in this associated function
[INFO] [stdout] ...
[INFO] [stdout] 48  |         V: DeserializeOwned + KeyValueStoreSend;
[INFO] [stdout]     |            ^^^^^^^^^^^^^^^^ required by this bound in `KeyValueStore::get_key`
[INFO] [stdout] 
[INFO] [stdout] 
[INFO] [stdout] error[E0277]: the trait bound `CidGeneric<64>: Deserialize<'_>` is not satisfied
[INFO] [stdout]    --> /opt/rustwide/cargo-home/registry/src/index.crates.io-6f17d22bba15001f/noosphere-storage-0.5.0/src/db.rs:140:25
[INFO] [stdout]     |
[INFO] [stdout] 140 |         self.link_store.get_key(&cid.to_string()).await
[INFO] [stdout]     |                         ^^^^^^^ the trait `Deserialize<'_>` is not implemented for `CidGeneric<64>`
[INFO] [stdout]     |
[INFO] [stdout]     = help: the following other types implement trait `Deserialize<'de>`:
[INFO] [stdout]               bool
[INFO] [stdout]               char
[INFO] [stdout]               isize
[INFO] [stdout]               i8
[INFO] [stdout]               i16
[INFO] [stdout]               i32
[INFO] [stdout]               i64
[INFO] [stdout]               i128
[INFO] [stdout]             and 146 others
[INFO] [stdout]     = note: required for `Vec<CidGeneric<64>>` to implement `for<'de> Deserialize<'de>`
[INFO] [stdout]     = note: required for `Vec<CidGeneric<64>>` to implement `DeserializeOwned`
[INFO] [stdout] note: required by a bound in `key_value::KeyValueStore::get_key`
[INFO] [stdout]    --> /opt/rustwide/cargo-home/registry/src/index.crates.io-6f17d22bba15001f/noosphere-storage-0.5.0/src/key_value.rs:48:12
[INFO] [stdout]     |
[INFO] [stdout] 45  |     async fn get_key<K, V>(&self, key: K) -> Result<Option<V>>
[INFO] [stdout]     |              ------- required by a bound in this associated function
[INFO] [stdout] ...
[INFO] [stdout] 48  |         V: DeserializeOwned + KeyValueStoreSend;
[INFO] [stdout]     |            ^^^^^^^^^^^^^^^^ required by this bound in `KeyValueStore::get_key`
[INFO] [stdout] 
[INFO] [stdout] 
[INFO] [stdout] error[E0053]: method `read` has an incompatible type for trait
[INFO] [stdout]    --> /opt/rustwide/cargo-home/registry/src/index.crates.io-6f17d22bba15001f/noosphere-storage-0.5.0/src/db.rs:279:52
[INFO] [stdout]     |
[INFO] [stdout] 279 |     async fn read<T: Decode<RawCodec>>(&self, cid: &Cid) -> Result<Option<T>> {
[INFO] [stdout]     |                                                    ^^^^
[INFO] [stdout]     |                                                    |
[INFO] [stdout]     |                                                    expected `cid::cid::Cid<64>`, found `CidGeneric<64>`
[INFO] [stdout]     |                                                    help: change the parameter type to match the trait: `&'life1 cid::cid::Cid<64>`
[INFO] [stdout]     |
[INFO] [stdout]     = note: expected signature `fn(&'life0 SphereDb<S>, &'life1 cid::cid::Cid<64>) -> Pin<_>`
[INFO] [stdout]                found signature `fn(&'life0 SphereDb<S>, &'life1 CidGeneric<64>) -> Pin<_>`
[INFO] [stdout] 
[INFO] [stdout] 
[INFO] [stdout] error[E0053]: method `write` has an incompatible type for trait
[INFO] [stdout]    --> /opt/rustwide/cargo-home/registry/src/index.crates.io-6f17d22bba15001f/noosphere-storage-0.5.0/src/db.rs:283:5
[INFO] [stdout]     |
[INFO] [stdout] 283 |     async fn write<T: Encode<RawCodec> + UcanStoreConditionalSend + Debug>(
[INFO] [stdout]     |     ^^^^^
[INFO] [stdout]     |     |
[INFO] [stdout]     |     expected `cid::cid::Cid<64>`, found `CidGeneric<64>`
[INFO] [stdout]     |     help: change the output type to match the trait: `Pin<Box<(dyn Future<Output = Result<cid::cid::Cid<64>, anyhow::Error>> + std::marker::Send + 'async_trait)>>`
[INFO] [stdout]     |
[INFO] [stdout]     = note: expected signature `fn(&'life0 mut SphereDb<S>, _) -> Pin<Box<(dyn Future<Output = Result<cid::cid::Cid<64>, anyhow::Error>> + std::marker::Send + 'async_trait)>>`
[INFO] [stdout]                found signature `fn(&'life0 mut SphereDb<S>, _) -> Pin<Box<(dyn Future<Output = Result<CidGeneric<64>, anyhow::Error>> + std::marker::Send + 'async_trait)>>`
[INFO] [stdout] 
[INFO] [stdout] 
[INFO] [stdout] error[E0053]: method `read` has an incompatible type for trait
[INFO] [stdout]   --> /opt/rustwide/cargo-home/registry/src/index.crates.io-6f17d22bba15001f/noosphere-storage-0.5.0/src/ucan.rs:18:52
[INFO] [stdout]    |
[INFO] [stdout] 18 |     async fn read<T: Decode<RawCodec>>(&self, cid: &Cid) -> Result<Option<T>> {
[INFO] [stdout]    |                                                    ^^^^
[INFO] [stdout]    |                                                    |
[INFO] [stdout]    |                                                    expected `cid::cid::Cid<64>`, found `CidGeneric<64>`
[INFO] [stdout]    |                                                    help: change the parameter type to match the trait: `&'life1 cid::cid::Cid<64>`
[INFO] [stdout]    |
[INFO] [stdout]    = note: expected signature `fn(&'life0 ucan::UcanStore<S>, &'life1 cid::cid::Cid<64>) -> Pin<_>`
[INFO] [stdout]               found signature `fn(&'life0 ucan::UcanStore<S>, &'life1 CidGeneric<64>) -> Pin<_>`
[INFO] [stdout] 
[INFO] [stdout] 
[INFO] [stdout] error[E0053]: method `write` has an incompatible type for trait
[INFO] [stdout]   --> /opt/rustwide/cargo-home/registry/src/index.crates.io-6f17d22bba15001f/noosphere-storage-0.5.0/src/ucan.rs:22:5
[INFO] [stdout]    |
[INFO] [stdout] 22 |     async fn write<T: Encode<RawCodec> + UcanStoreConditionalSend + Debug>(
[INFO] [stdout]    |     ^^^^^
[INFO] [stdout]    |     |
[INFO] [stdout]    |     expected `cid::cid::Cid<64>`, found `CidGeneric<64>`
[INFO] [stdout]    |     help: change the output type to match the trait: `Pin<Box<(dyn Future<Output = Result<cid::cid::Cid<64>, anyhow::Error>> + std::marker::Send + 'async_trait)>>`
[INFO] [stdout]    |
[INFO] [stdout]    = note: expected signature `fn(&'life0 mut ucan::UcanStore<S>, _) -> Pin<Box<(dyn Future<Output = Result<cid::cid::Cid<64>, anyhow::Error>> + std::marker::Send + 'async_trait)>>`
[INFO] [stdout]               found signature `fn(&'life0 mut ucan::UcanStore<S>, _) -> Pin<Box<(dyn Future<Output = Result<CidGeneric<64>, anyhow::Error>> + std::marker::Send + 'async_trait)>>`
[INFO] [stdout] 
[INFO] [stdout] 
[INFO] [stdout] error: aborting due to 13 previous errors
[INFO] [stdout] 
[INFO] [stdout] 
[INFO] [stdout] Some errors have detailed explanations: E0053, E0271, E0277, E0432.
[INFO] [stdout] 
[INFO] [stdout] For more information about an error, try `rustc --explain E0053`.
[INFO] [stdout] 
[INFO] [stderr] error: could not compile `noosphere-storage` (lib) due to 14 previous errors
[INFO] [stderr] warning: build failed, waiting for other jobs to finish...
[INFO] running `Command { std: "docker" "inspect" "f2d09add5ceaacc1d9d2c24f39f63835a64568e7c2764283fb55e78d9abef4ff", kill_on_drop: false }`
[INFO] running `Command { std: "docker" "rm" "-f" "f2d09add5ceaacc1d9d2c24f39f63835a64568e7c2764283fb55e78d9abef4ff", kill_on_drop: false }`
[INFO] [stdout] f2d09add5ceaacc1d9d2c24f39f63835a64568e7c2764283fb55e78d9abef4ff
[INFO] testing noosphere-fs-0.5.3 against beta-2023-12-22 for beta-1.76-1
[INFO] extracting crate noosphere-fs 0.5.3 into /workspace/builds/worker-6-tc2/source
[INFO] validating manifest of crates.io crate noosphere-fs 0.5.3 on toolchain beta-2023-12-22
[INFO] running `Command { std: CARGO_HOME="/workspace/cargo-home" RUSTUP_HOME="/workspace/rustup-home" "/workspace/cargo-home/bin/cargo" "+beta-2023-12-22" "metadata" "--manifest-path" "Cargo.toml" "--no-deps", kill_on_drop: false }`
[INFO] started tweaking crates.io crate noosphere-fs 0.5.3
[INFO] finished tweaking crates.io crate noosphere-fs 0.5.3
[INFO] tweaked toml for crates.io crate noosphere-fs 0.5.3 written to /workspace/builds/worker-6-tc2/source/Cargo.toml
[INFO] running `Command { std: CARGO_HOME="/workspace/cargo-home" RUSTUP_HOME="/workspace/rustup-home" "/workspace/cargo-home/bin/cargo" "+beta-2023-12-22" "generate-lockfile" "--manifest-path" "Cargo.toml", kill_on_drop: false }`
[INFO] [stderr]     Updating crates.io index
[INFO] running `Command { std: CARGO_HOME="/workspace/cargo-home" RUSTUP_HOME="/workspace/rustup-home" "/workspace/cargo-home/bin/cargo" "+beta-2023-12-22" "fetch" "--manifest-path" "Cargo.toml", kill_on_drop: false }`
[INFO] [stderr]     Blocking waiting for file lock on package cache
[INFO] running `Command { std: "docker" "create" "-v" "/var/lib/crater-agent-workspace/builds/worker-6-tc2/target:/opt/rustwide/target:rw,Z" "-v" "/var/lib/crater-agent-workspace/builds/worker-6-tc2/source:/opt/rustwide/workdir:ro,Z" "-v" "/var/lib/crater-agent-workspace/cargo-home:/opt/rustwide/cargo-home:ro,Z" "-v" "/var/lib/crater-agent-workspace/rustup-home:/opt/rustwide/rustup-home:ro,Z" "-e" "SOURCE_DIR=/opt/rustwide/workdir" "-e" "CARGO_TARGET_DIR=/opt/rustwide/target" "-e" "CARGO_HOME=/opt/rustwide/cargo-home" "-e" "RUSTUP_HOME=/opt/rustwide/rustup-home" "-w" "/opt/rustwide/workdir" "-m" "1610612736" "--user" "0:0" "--network" "none" "ghcr.io/rust-lang/crates-build-env/linux@sha256:2788e3201cd34a07e3172128adcd8b3090168a8e3bcc40d7c032b9dda1df7d1c" "/opt/rustwide/cargo-home/bin/cargo" "+beta-2023-12-22" "metadata" "--no-deps" "--format-version=1", kill_on_drop: false }`
[INFO] [stdout] d003dadb6bfca39afaedfc106bbb95bd76ee7f7e1856882e1fe46a91aeaa9088
[INFO] running `Command { std: "docker" "start" "-a" "d003dadb6bfca39afaedfc106bbb95bd76ee7f7e1856882e1fe46a91aeaa9088", kill_on_drop: false }`
[INFO] running `Command { std: "docker" "inspect" "d003dadb6bfca39afaedfc106bbb95bd76ee7f7e1856882e1fe46a91aeaa9088", kill_on_drop: false }`
[INFO] running `Command { std: "docker" "rm" "-f" "d003dadb6bfca39afaedfc106bbb95bd76ee7f7e1856882e1fe46a91aeaa9088", kill_on_drop: false }`
[INFO] [stdout] d003dadb6bfca39afaedfc106bbb95bd76ee7f7e1856882e1fe46a91aeaa9088
[INFO] running `Command { std: "docker" "create" "-v" "/var/lib/crater-agent-workspace/builds/worker-6-tc2/target:/opt/rustwide/target:rw,Z" "-v" "/var/lib/crater-agent-workspace/builds/worker-6-tc2/source:/opt/rustwide/workdir:ro,Z" "-v" "/var/lib/crater-agent-workspace/cargo-home:/opt/rustwide/cargo-home:ro,Z" "-v" "/var/lib/crater-agent-workspace/rustup-home:/opt/rustwide/rustup-home:ro,Z" "-e" "SOURCE_DIR=/opt/rustwide/workdir" "-e" "CARGO_TARGET_DIR=/opt/rustwide/target" "-e" "CARGO_INCREMENTAL=0" "-e" "RUST_BACKTRACE=full" "-e" "RUSTFLAGS=--cap-lints=warn" "-e" "RUSTDOCFLAGS=--cap-lints=warn" "-e" "CARGO_HOME=/opt/rustwide/cargo-home" "-e" "RUSTUP_HOME=/opt/rustwide/rustup-home" "-w" "/opt/rustwide/workdir" "-m" "1610612736" "--user" "0:0" "--network" "none" "ghcr.io/rust-lang/crates-build-env/linux@sha256:2788e3201cd34a07e3172128adcd8b3090168a8e3bcc40d7c032b9dda1df7d1c" "/opt/rustwide/cargo-home/bin/cargo" "+beta-2023-12-22" "build" "--frozen" "--message-format=json", kill_on_drop: false }`
[INFO] [stdout] eb8208e75ae86f3cbc83487b4570d1e49e9a8f43b5781c0a3059213e52d37270
[INFO] running `Command { std: "docker" "start" "-a" "eb8208e75ae86f3cbc83487b4570d1e49e9a8f43b5781c0a3059213e52d37270", kill_on_drop: false }`
[INFO] [stderr]    Compiling proc-macro2 v1.0.75
[INFO] [stderr]    Compiling version_check v0.9.4
[INFO] [stderr]    Compiling typenum v1.17.0
[INFO] [stderr]    Compiling memchr v2.7.1
[INFO] [stderr]    Compiling serde v1.0.194
[INFO] [stderr]    Compiling subtle v2.5.0
[INFO] [stderr]    Compiling pin-project-lite v0.2.13
[INFO] [stderr]    Compiling getrandom v0.2.11
[INFO] [stderr]    Compiling const-oid v0.9.6
[INFO] [stderr]    Compiling syn v1.0.109
[INFO] [stderr]    Compiling libc v0.2.151
[INFO] [stderr]    Compiling futures-core v0.3.30
[INFO] [stderr]    Compiling generic-array v0.14.7
[INFO] [stderr]    Compiling proc-macro-error-attr v1.0.4
[INFO] [stderr]    Compiling proc-macro-error v1.0.4
[INFO] [stderr]    Compiling arrayvec v0.7.4
[INFO] [stderr]    Compiling arrayref v0.3.7
[INFO] [stderr]    Compiling constant_time_eq v0.3.0
[INFO] [stderr]    Compiling rand_core v0.6.4
[INFO] [stderr]    Compiling once_cell v1.19.0
[INFO] [stderr]    Compiling unicode-xid v0.2.4
[INFO] [stderr]    Compiling quote v1.0.35
[INFO] [stderr]    Compiling futures-io v0.3.30
[INFO] [stderr]    Compiling blake2b_simd v1.0.2
[INFO] [stderr]    Compiling syn v2.0.48
[INFO] [stderr]    Compiling core2 v0.4.0
[INFO] [stderr]    Compiling slab v0.4.9
[INFO] [stderr]    Compiling unsigned-varint v0.7.2
[INFO] [stderr]    Compiling cc v1.0.83
[INFO] [stderr]    Compiling crossbeam-utils v0.8.18
[INFO] [stderr]    Compiling data-encoding v2.5.0
[INFO] [stderr]    Compiling value-bag v1.4.3
[INFO] [stderr]    Compiling cpufeatures v0.2.12
[INFO] [stderr]    Compiling smallvec v1.11.2
[INFO] [stderr]    Compiling log v0.4.20
[INFO] [stderr]    Compiling base-x v0.2.11
[INFO] [stderr]    Compiling scopeguard v1.2.0
[INFO] [stderr]    Compiling lock_api v0.4.11
[INFO] [stderr]    Compiling anyhow v1.0.79
[INFO] [stderr]    Compiling blake3 v1.5.0
[INFO] [stderr]    Compiling parking v2.2.0
[INFO] [stderr]    Compiling concurrent-queue v2.4.0
[INFO] [stderr]    Compiling tracing-core v0.1.32
[INFO] [stderr]    Compiling futures-sink v0.3.30
[INFO] [stderr]    Compiling keccak v0.1.4
[INFO] [stderr]    Compiling itoa v1.0.10
[INFO] [stderr]    Compiling toml v0.5.11
[INFO] [stderr]    Compiling blake2s_simd v1.0.2
[INFO] [stderr]    Compiling pin-utils v0.1.0
[INFO] [stderr]    Compiling parking_lot_core v0.9.9
[INFO] [stderr]    Compiling futures-channel v0.3.30
[INFO] [stderr]    Compiling libm v0.2.8
[INFO] [stderr]    Compiling bytes v1.5.0
[INFO] [stderr]    Compiling futures-task v0.3.30
[INFO] [stderr]    Compiling rand_chacha v0.3.1
[INFO] [stderr]    Compiling synstructure v0.12.6
[INFO] [stderr]    Compiling event-listener v4.0.2
[INFO] [stderr]    Compiling num-traits v0.2.17
[INFO] [stderr]    Compiling tinyvec_macros v0.1.1
[INFO] [stderr]    Compiling base64ct v1.6.0
[INFO] [stderr]    Compiling tinyvec v1.6.0
[INFO] [stderr]    Compiling event-listener-strategy v0.4.0
[INFO] [stderr]    Compiling parking_lot v0.12.1
[INFO] [stderr]    Compiling pem-rfc7468 v0.7.0
[INFO] [stderr]    Compiling rand v0.8.5
[INFO] [stderr]    Compiling signal-hook-registry v1.4.1
[INFO] [stderr]    Compiling socket2 v0.5.5
[INFO] [stderr]    Compiling mio v0.8.10
[INFO] [stderr]    Compiling byteorder v1.5.0
[INFO] [stderr]    Compiling fastrand v2.0.1
[INFO] [stderr]    Compiling unicode-normalization v0.1.22
[INFO] [stderr]    Compiling ring v0.17.7
[INFO] [stderr]    Compiling num-integer v0.1.45
[INFO] [stderr]    Compiling rustversion v1.0.14
[INFO] [stderr]    Compiling ryu v1.0.16
[INFO] [stderr]    Compiling serde_json v1.0.111
[INFO] [stderr]    Compiling percent-encoding v2.3.1
[INFO] [stderr]    Compiling rustix v0.38.28
[INFO] [stderr]    Compiling form_urlencoded v1.2.1
[INFO] [stderr]    Compiling futures-lite v2.1.0
[INFO] [stderr]    Compiling async-lock v3.2.0
[INFO] [stderr]    Compiling instant v0.1.12
[INFO] [stderr]    Compiling linux-raw-sys v0.4.12
[INFO] [stderr]    Compiling unicode-bidi v0.3.14
[INFO] [stderr]    Compiling bitflags v2.4.1
[INFO] [stderr]    Compiling zeroize_derive v1.4.2
[INFO] [stderr]    Compiling serde_derive v1.0.194
[INFO] [stderr]    Compiling thiserror-impl v1.0.56
[INFO] [stderr]    Compiling data-encoding-macro-internal v0.1.12
[INFO] [stderr]    Compiling tracing-attributes v0.1.27
[INFO] [stderr]    Compiling futures-macro v0.3.30
[INFO] [stderr]    Compiling zeroize v1.7.0
[INFO] [stderr]    Compiling data-encoding-macro v0.1.14
[INFO] [stderr]    Compiling tokio-macros v2.2.0
[INFO] [stderr]    Compiling multibase v0.9.1
[INFO] [stderr]    Compiling der v0.7.8
[INFO] [stderr]    Compiling io-lifetimes v1.0.11
[INFO] [stderr]    Compiling crypto-common v0.1.6
[INFO] [stderr]    Compiling block-buffer v0.10.4
[INFO] [stderr]    Compiling thiserror v1.0.56
[INFO] [stderr]    Compiling digest v0.10.7
[INFO] [stderr]    Compiling futures-util v0.3.30
[INFO] [stderr]    Compiling proc-macro-crate v1.1.3
[INFO] [stderr]    Compiling sha2 v0.10.8
[INFO] [stderr]    Compiling sha3 v0.10.8
[INFO] [stderr]    Compiling multihash-derive v0.8.1
[INFO] [stderr]    Compiling tokio v1.35.1
[INFO] [stderr]    Compiling idna v0.5.0
[INFO] [stderr]    Compiling tracing v0.1.40
[INFO] [stderr]    Compiling spki v0.7.3
[INFO] [stderr]    Compiling pkcs8 v0.10.2
[INFO] [stderr]    Compiling polling v2.8.0
[INFO] [stderr]    Compiling rustix v0.37.27
[INFO] [stderr]    Compiling untrusted v0.9.0
[INFO] [stderr]    Compiling atomic-waker v1.1.2
[INFO] [stderr]    Compiling heck v0.4.1
[INFO] [stderr]    Compiling base64 v0.21.5
[INFO] [stderr]    Compiling event-listener v2.5.3
[INFO] [stderr]    Compiling spin v0.9.8
[INFO] [stderr]    Compiling async-trait v0.1.77
[INFO] [stderr]    Compiling async-task v4.7.0
[INFO] [stderr]    Compiling piper v0.2.1
[INFO] [stderr]    Compiling url v2.5.0
[INFO] [stderr]    Compiling async-channel v2.1.1
[INFO] [stderr]    Compiling async-io v1.13.0
[INFO] [stderr]    Compiling num-iter v0.1.43
[INFO] [stderr]    Compiling fastrand v1.9.0
[INFO] [stderr]    Compiling linux-raw-sys v0.3.8
[INFO] [stderr]    Compiling fnv v1.0.7
[INFO] [stderr]    Compiling waker-fn v1.1.1
[INFO] [stderr]    Compiling parking_lot_core v0.8.6
[INFO] [stderr]    Compiling futures-executor v0.3.30
[INFO] [stderr]    Compiling polling v3.3.1
[INFO] [stderr]    Compiling futures v0.3.30
[INFO] [stderr]    Compiling futures-lite v1.13.0
[INFO] [stderr]    Compiling http v0.2.11
[INFO] [stderr]    Compiling async-io v2.2.2
[INFO] [stderr]    Compiling blocking v1.5.1
[INFO] [stderr]    Compiling async-executor v1.8.0
[INFO] [stderr]    Compiling async-lock v2.8.0
[INFO] [stderr]    Compiling multihash v0.17.0
[INFO] [stderr]    Compiling async-recursion v1.0.5
[INFO] [stderr]    Compiling ff v0.13.0
[INFO] [stderr]    Compiling socket2 v0.4.10
[INFO] [stderr]    Compiling equivalent v1.0.1
[INFO] [stderr]    Compiling strum v0.24.1
[INFO] [stderr]    Compiling rustls v0.21.10
[INFO] [stderr]    Compiling hashbrown v0.14.3
[INFO] [stderr]    Compiling httparse v1.8.0
[INFO] [stderr]    Compiling base16ct v0.2.0
[INFO] [stderr]    Compiling sec1 v0.7.3
[INFO] [stderr]    Compiling group v0.13.0
[INFO] [stderr]    Compiling tokio-util v0.7.10
[INFO] [stderr]    Compiling async-global-executor v2.4.1
[INFO] [stderr]    Compiling serde-big-array v0.3.3
[INFO] [stderr]    Compiling serde_bytes v0.11.14
[INFO] [stderr]    Compiling multihash v0.18.1
[INFO] [stderr]    Compiling multihash v0.16.3
[INFO] [stderr]    Compiling indexmap v2.1.0
[INFO] [stderr]    Compiling cid v0.8.6
[INFO] [stderr]    Compiling cid v0.10.1
[INFO] [stderr]    Compiling cid v0.9.0
[INFO] [stderr]    Compiling libipld-core v0.16.0
[INFO] [stderr]    Compiling sct v0.7.1
[INFO] [stderr]    Compiling rustls-webpki v0.101.7
[INFO] [stderr]    Compiling async-channel v1.9.0
[INFO] [stderr]    Compiling hmac v0.12.1
[INFO] [stderr]    Compiling crypto-bigint v0.5.5
[INFO] [stderr]    Compiling kv-log-macro v1.0.7
[INFO] [stderr]    Compiling aho-corasick v1.1.2
[INFO] [stderr]    Compiling ahash v0.7.7
[INFO] [stderr]    Compiling libipld-json v0.16.0
[INFO] [stderr]    Compiling num-bigint v0.4.4
[INFO] [stderr]    Compiling try-lock v0.2.5
[INFO] [stderr]    Compiling regex-syntax v0.8.2
[INFO] [stderr]    Compiling want v0.3.1
[INFO] [stderr]    Compiling async-std v1.12.0
[INFO] [stderr]    Compiling parking_lot v0.11.2
[INFO] [stderr]    Compiling h2 v0.3.22
[INFO] [stderr]    Compiling regex-automata v0.4.3
[INFO] [stderr]    Compiling elliptic-curve v0.13.8
[INFO] [stderr]    Compiling libipld-core v0.15.0
[INFO] [stderr]    Compiling cbor4ii v0.2.14
[INFO] [stderr]    Compiling http-body v0.4.6
[INFO] [stderr]    Compiling strum_macros v0.24.3
[INFO] [stderr]    Compiling signature v2.2.0
[INFO] [stderr]    Compiling digest v0.9.0
[INFO] [stderr]    Compiling async-stream-impl v0.3.5
[INFO] [stderr]    Compiling fxhash v0.2.1
[INFO] [stderr]    Compiling crossbeam-epoch v0.9.17
[INFO] [stderr]    Compiling fs2 v0.4.3
[INFO] [stderr]    Compiling num-rational v0.4.1
[INFO] [stderr]    Compiling httpdate v1.0.3
[INFO] [stderr]    Compiling num-bigint-dig v0.8.4
[INFO] [stderr]    Compiling spin v0.5.2
[INFO] [stderr]    Compiling bs58 v0.4.0
[INFO] [stderr]    Compiling tower-service v0.3.2
[INFO] [stderr]    Compiling crunchy v0.2.2
[INFO] [stderr]    Compiling async-stream v0.3.5
[INFO] [stderr]    Compiling hyper v0.14.28
[INFO] [stderr]    Compiling lazy_static v1.4.0
[INFO] [stderr]    Compiling regex v1.10.2
[INFO] [stderr]    Compiling sled v0.34.7
[INFO] [stderr]    Compiling serde_ipld_dagcbor v0.2.2
[INFO] [stderr]    Compiling libipld-cbor v0.15.0
[INFO] [stderr]    Compiling tokio-rustls v0.24.1
[INFO] [stderr]    Compiling rfc6979 v0.4.0
[INFO] [stderr]    Compiling tokio-stream v0.1.14
[INFO] [stderr]    Compiling block-buffer v0.9.0
[INFO] [stderr]    Compiling ucan v0.1.2
[INFO] [stderr]    Compiling serde_tuple_macros v0.5.0
[INFO] [stderr]    Compiling rand_core v0.5.1
[INFO] [stderr]    Compiling opaque-debug v0.3.0
[INFO] [stderr]    Compiling base64 v0.13.0
[INFO] [stderr]    Compiling tiny-keccak v2.0.2
[INFO] [stderr]    Compiling sha2 v0.9.9
[INFO] [stderr]    Compiling hyper-rustls v0.24.2
[INFO] [stderr]    Compiling serde_tuple v0.5.0
[INFO] [stderr]    Compiling curve25519-dalek v3.2.0
[INFO] [stderr]    Compiling ecdsa v0.16.9
[INFO] [stderr]    Compiling hashbrown v0.12.3
[INFO] [stderr]    Compiling env_logger v0.8.4
[INFO] [stderr]    Compiling primeorder v0.13.6
[INFO] [stderr]    Compiling fvm_ipld_blockstore v0.1.2
[INFO] [stderr]    Compiling cs_serde_bytes v0.12.2
[INFO] [stderr]    Compiling serde_urlencoded v0.7.1
[INFO] [stderr]    Compiling num-complex v0.4.4
[INFO] [stderr]    Compiling strum_macros v0.25.3
[INFO] [stderr]    Compiling rustls-pemfile v1.0.4
[INFO] [stderr]    Compiling pkcs1 v0.7.5
[INFO] [stderr]    Compiling serde_repr v0.1.18
[INFO] [stderr]    Compiling encoding_rs v0.8.33
[INFO] [stderr]    Compiling mime v0.3.17
[INFO] [stderr]    Compiling ipnet v2.9.0
[INFO] [stderr]    Compiling either v1.9.0
[INFO] [stderr]    Compiling webpki-roots v0.25.3
[INFO] [stderr]    Compiling bs58 v0.5.0
[INFO] [stderr]    Compiling hex v0.4.3
[INFO] [stderr]    Compiling fvm_ipld_encoding v0.3.3
[INFO] [stderr]    Compiling itertools v0.10.5
[INFO] [stderr]    Compiling ed25519-zebra v3.1.0
[INFO] [stderr]    Compiling num v0.4.1
[INFO] [stderr]    Compiling rsa v0.9.6
[INFO] [stderr]    Compiling forest_hash_utils v0.1.0
[INFO] [stderr]    Compiling p256 v0.13.2
[INFO] [stderr]    Compiling quickcheck v1.0.3
[INFO] [stderr]    Compiling reqwest v0.11.23
[INFO] [stderr]    Compiling noosphere-storage v0.5.0
[INFO] [stdout] error[E0432]: unresolved import `libipld_core::serde`
[INFO] [stdout]   --> /opt/rustwide/cargo-home/registry/src/index.crates.io-6f17d22bba15001f/noosphere-storage-0.5.0/src/block.rs:11:5
[INFO] [stdout]    |
[INFO] [stdout] 11 |     serde::{from_ipld, to_ipld},
[INFO] [stdout]    |     ^^^^^ could not find `serde` in `libipld_core`
[INFO] [stdout] 
[INFO] [stdout] 
[INFO] [stdout] error[E0432]: unresolved import `libipld_core::serde`
[INFO] [stdout]  --> /opt/rustwide/cargo-home/registry/src/index.crates.io-6f17d22bba15001f/noosphere-storage-0.5.0/src/encoding.rs:9:5
[INFO] [stdout]   |
[INFO] [stdout] 9 |     serde::{from_ipld, to_ipld},
[INFO] [stdout]   |     ^^^^^ could not find `serde` in `libipld_core`
[INFO] [stdout] 
[INFO] [stdout] 
[INFO] [stdout] error[E0432]: unresolved import `libipld_core::serde`
[INFO] [stdout]   --> /opt/rustwide/cargo-home/registry/src/index.crates.io-6f17d22bba15001f/noosphere-storage-0.5.0/src/store.rs:10:5
[INFO] [stdout]    |
[INFO] [stdout] 10 |     serde::{from_ipld, to_ipld},
[INFO] [stdout]    |     ^^^^^ could not find `serde` in `libipld_core`
[INFO] [stdout] 
[INFO] [stdout] 
[INFO] [stdout] error[E0277]: the trait bound `RawCodec: libipld_core::codec::Codec` is not satisfied
[INFO] [stdout]   --> /opt/rustwide/cargo-home/registry/src/index.crates.io-6f17d22bba15001f/noosphere-storage-0.5.0/src/ucan.rs:17:21
[INFO] [stdout]    |
[INFO] [stdout] 17 | impl<S: BlockStore> UcanStoreTrait<RawCodec> for UcanStore<S> {
[INFO] [stdout]    |                     ^^^^^^^^^^^^^^^^^^^^^^^^ the trait `libipld_core::codec::Codec` is not implemented for `RawCodec`
[INFO] [stdout]    |
[INFO] [stdout]    = help: the following other types implement trait `libipld_core::codec::Codec`:
[INFO] [stdout]              libipld_json::DagJsonCodec
[INFO] [stdout]              libipld_core::raw::RawCodec
[INFO] [stdout] note: required by a bound in `ucan::store::UcanStore`
[INFO] [stdout]   --> /opt/rustwide/cargo-home/registry/src/index.crates.io-6f17d22bba15001f/ucan-0.1.2/src/store.rs:43:24
[INFO] [stdout]    |
[INFO] [stdout] 43 | pub trait UcanStore<C: Codec + Default = RawCodec>: UcanStoreConditionalSendSync {
[INFO] [stdout]    |                        ^^^^^ required by this bound in `UcanStore`
[INFO] [stdout]    = note: `UcanStore` is a "sealed trait", because to implement it you also need to implement `libipld_core::codec::Codec`, which is not accessible; this is usually done to force you to use one of the provided types that already implement it
[INFO] [stdout]    = help: the following types implement the trait:
[INFO] [stdout]              libipld_core::raw::RawCodec
[INFO] [stdout]              libipld_json::DagJsonCodec
[INFO] [stdout] 
[INFO] [stdout] 
[INFO] [stdout] error[E0271]: type mismatch resolving `<RawCodec as TryFrom<u64>>::Error == UnsupportedCodec`
[INFO] [stdout]   --> /opt/rustwide/cargo-home/registry/src/index.crates.io-6f17d22bba15001f/noosphere-storage-0.5.0/src/ucan.rs:17:21
[INFO] [stdout]    |
[INFO] [stdout] 17 | impl<S: BlockStore> UcanStoreTrait<RawCodec> for UcanStore<S> {
[INFO] [stdout]    |                     ^^^^^^^^^^^^^^^^^^^^^^^^ expected `UnsupportedCodec`, found a different `UnsupportedCodec`
[INFO] [stdout]    |
[INFO] [stdout]    = note: `UnsupportedCodec` and `UnsupportedCodec` have similar names, but are actually distinct types
[INFO] [stdout] note: `UnsupportedCodec` is defined in crate `libipld_core`
[INFO] [stdout]   --> /opt/rustwide/cargo-home/registry/src/index.crates.io-6f17d22bba15001f/libipld-core-0.15.0/src/error.rs:20:1
[INFO] [stdout]    |
[INFO] [stdout] 20 | pub struct UnsupportedCodec(pub u64);
[INFO] [stdout]    | ^^^^^^^^^^^^^^^^^^^^^^^^^^^
[INFO] [stdout] note: `UnsupportedCodec` is defined in crate `libipld_core`
[INFO] [stdout]   --> /opt/rustwide/cargo-home/registry/src/index.crates.io-6f17d22bba15001f/libipld-core-0.16.0/src/error.rs:20:1
[INFO] [stdout]    |
[INFO] [stdout] 20 | pub struct UnsupportedCodec(pub u64);
[INFO] [stdout]    | ^^^^^^^^^^^^^^^^^^^^^^^^^^^
[INFO] [stdout]    = note: perhaps two different versions of crate `libipld_core` are being used?
[INFO] [stdout]    = note: required for `RawCodec` to implement `libipld_core::codec::Codec`
[INFO] [stdout] note: required by a bound in `ucan::store::UcanStore`
[INFO] [stdout]   --> /opt/rustwide/cargo-home/registry/src/index.crates.io-6f17d22bba15001f/ucan-0.1.2/src/store.rs:43:24
[INFO] [stdout]    |
[INFO] [stdout] 43 | pub trait UcanStore<C: Codec + Default = RawCodec>: UcanStoreConditionalSendSync {
[INFO] [stdout]    |                        ^^^^^ required by this bound in `UcanStore`
[INFO] [stdout]    = note: `UcanStore` is a "sealed trait", because to implement it you also need to implement `libipld_core::codec::Codec`, which is not accessible; this is usually done to force you to use one of the provided types that already implement it
[INFO] [stdout]    = help: the following types implement the trait:
[INFO] [stdout]              libipld_core::raw::RawCodec
[INFO] [stdout]              libipld_json::DagJsonCodec
[INFO] [stdout] 
[INFO] [stdout] 
[INFO] [stdout] error[E0277]: the trait bound `CidGeneric<64>: serde::Serialize` is not satisfied
[INFO] [stdout]   --> /opt/rustwide/cargo-home/registry/src/index.crates.io-6f17d22bba15001f/noosphere-storage-0.5.0/src/db.rs:95:44
[INFO] [stdout]    |
[INFO] [stdout] 95 |             .set_key(identity.to_string(), version)
[INFO] [stdout]    |              -------                       ^^^^^^^ the trait `serde::Serialize` is not implemented for `CidGeneric<64>`
[INFO] [stdout]    |              |
[INFO] [stdout]    |              required by a bound introduced by this call
[INFO] [stdout]    |
[INFO] [stdout]    = help: the following other types implement trait `serde::Serialize`:
[INFO] [stdout]              bool
[INFO] [stdout]              char
[INFO] [stdout]              isize
[INFO] [stdout]              i8
[INFO] [stdout]              i16
[INFO] [stdout]              i32
[INFO] [stdout]              i64
[INFO] [stdout]              i128
[INFO] [stdout]            and 145 others
[INFO] [stdout]    = note: required for `&CidGeneric<64>` to implement `serde::Serialize`
[INFO] [stdout] note: required by a bound in `key_value::KeyValueStore::set_key`
[INFO] [stdout]   --> /opt/rustwide/cargo-home/registry/src/index.crates.io-6f17d22bba15001f/noosphere-storage-0.5.0/src/key_value.rs:41:12
[INFO] [stdout]    |
[INFO] [stdout] 38 |     async fn set_key<K, V>(&mut self, key: K, value: V) -> Result<()>
[INFO] [stdout]    |              ------- required by a bound in this associated function
[INFO] [stdout] ...
[INFO] [stdout] 41 |         V: Serialize + KeyValueStoreSend;
[INFO] [stdout]    |            ^^^^^^^^^ required by this bound in `KeyValueStore::set_key`
[INFO] [stdout] 
[INFO] [stdout] 
[INFO] [stdout] error[E0277]: the trait bound `for<'de> CidGeneric<64>: Deserialize<'de>` is not satisfied
[INFO] [stdout]    --> /opt/rustwide/cargo-home/registry/src/index.crates.io-6f17d22bba15001f/noosphere-storage-0.5.0/src/db.rs:101:28
[INFO] [stdout]     |
[INFO] [stdout] 101 |         self.version_store.get_key(identity).await
[INFO] [stdout]     |                            ^^^^^^^ the trait `for<'de> Deserialize<'de>` is not implemented for `CidGeneric<64>`
[INFO] [stdout]     |
[INFO] [stdout]     = help: the following other types implement trait `Deserialize<'de>`:
[INFO] [stdout]               bool
[INFO] [stdout]               char
[INFO] [stdout]               isize
[INFO] [stdout]               i8
[INFO] [stdout]               i16
[INFO] [stdout]               i32
[INFO] [stdout]               i64
[INFO] [stdout]               i128
[INFO] [stdout]             and 146 others
[INFO] [stdout]     = note: required for `CidGeneric<64>` to implement `DeserializeOwned`
[INFO] [stdout] note: required by a bound in `key_value::KeyValueStore::get_key`
[INFO] [stdout]    --> /opt/rustwide/cargo-home/registry/src/index.crates.io-6f17d22bba15001f/noosphere-storage-0.5.0/src/key_value.rs:48:12
[INFO] [stdout]     |
[INFO] [stdout] 45  |     async fn get_key<K, V>(&self, key: K) -> Result<Option<V>>
[INFO] [stdout]     |              ------- required by a bound in this associated function
[INFO] [stdout] ...
[INFO] [stdout] 48  |         V: DeserializeOwned + KeyValueStoreSend;
[INFO] [stdout]     |            ^^^^^^^^^^^^^^^^ required by this bound in `KeyValueStore::get_key`
[INFO] [stdout] 
[INFO] [stdout] 
[INFO] [stdout] error[E0277]: the trait bound `for<'de> CidGeneric<64>: Deserialize<'de>` is not satisfied
[INFO] [stdout]    --> /opt/rustwide/cargo-home/registry/src/index.crates.io-6f17d22bba15001f/noosphere-storage-0.5.0/src/db.rs:133:14
[INFO] [stdout]     |
[INFO] [stdout] 133 |             .get_key(identity)
[INFO] [stdout]     |              ^^^^^^^ the trait `for<'de> Deserialize<'de>` is not implemented for `CidGeneric<64>`
[INFO] [stdout]     |
[INFO] [stdout]     = help: the following other types implement trait `Deserialize<'de>`:
[INFO] [stdout]               bool
[INFO] [stdout]               char
[INFO] [stdout]               isize
[INFO] [stdout]               i8
[INFO] [stdout]               i16
[INFO] [stdout]               i32
[INFO] [stdout]               i64
[INFO] [stdout]               i128
[INFO] [stdout]             and 146 others
[INFO] [stdout]     = note: required for `CidGeneric<64>` to implement `DeserializeOwned`
[INFO] [stdout] note: required by a bound in `key_value::KeyValueStore::get_key`
[INFO] [stdout]    --> /opt/rustwide/cargo-home/registry/src/index.crates.io-6f17d22bba15001f/noosphere-storage-0.5.0/src/key_value.rs:48:12
[INFO] [stdout]     |
[INFO] [stdout] 45  |     async fn get_key<K, V>(&self, key: K) -> Result<Option<V>>
[INFO] [stdout]     |              ------- required by a bound in this associated function
[INFO] [stdout] ...
[INFO] [stdout] 48  |         V: DeserializeOwned + KeyValueStoreSend;
[INFO] [stdout]     |            ^^^^^^^^^^^^^^^^ required by this bound in `KeyValueStore::get_key`
[INFO] [stdout] 
[INFO] [stdout] 
[INFO] [stdout] error[E0277]: the trait bound `CidGeneric<64>: Deserialize<'_>` is not satisfied
[INFO] [stdout]    --> /opt/rustwide/cargo-home/registry/src/index.crates.io-6f17d22bba15001f/noosphere-storage-0.5.0/src/db.rs:140:25
[INFO] [stdout]     |
[INFO] [stdout] 140 |         self.link_store.get_key(&cid.to_string()).await
[INFO] [stdout]     |                         ^^^^^^^ the trait `Deserialize<'_>` is not implemented for `CidGeneric<64>`
[INFO] [stdout]     |
[INFO] [stdout]     = help: the following other types implement trait `Deserialize<'de>`:
[INFO] [stdout]               bool
[INFO] [stdout]               char
[INFO] [stdout]               isize
[INFO] [stdout]               i8
[INFO] [stdout]               i16
[INFO] [stdout]               i32
[INFO] [stdout]               i64
[INFO] [stdout]               i128
[INFO] [stdout]             and 146 others
[INFO] [stdout]     = note: required for `Vec<CidGeneric<64>>` to implement `for<'de> Deserialize<'de>`
[INFO] [stdout]     = note: required for `Vec<CidGeneric<64>>` to implement `DeserializeOwned`
[INFO] [stdout] note: required by a bound in `key_value::KeyValueStore::get_key`
[INFO] [stdout]    --> /opt/rustwide/cargo-home/registry/src/index.crates.io-6f17d22bba15001f/noosphere-storage-0.5.0/src/key_value.rs:48:12
[INFO] [stdout]     |
[INFO] [stdout] 45  |     async fn get_key<K, V>(&self, key: K) -> Result<Option<V>>
[INFO] [stdout]     |              ------- required by a bound in this associated function
[INFO] [stdout] ...
[INFO] [stdout] 48  |         V: DeserializeOwned + KeyValueStoreSend;
[INFO] [stdout]     |            ^^^^^^^^^^^^^^^^ required by this bound in `KeyValueStore::get_key`
[INFO] [stdout] 
[INFO] [stdout] 
[INFO] [stdout] error[E0053]: method `read` has an incompatible type for trait
[INFO] [stdout]    --> /opt/rustwide/cargo-home/registry/src/index.crates.io-6f17d22bba15001f/noosphere-storage-0.5.0/src/db.rs:279:52
[INFO] [stdout]     |
[INFO] [stdout] 279 |     async fn read<T: Decode<RawCodec>>(&self, cid: &Cid) -> Result<Option<T>> {
[INFO] [stdout]     |                                                    ^^^^
[INFO] [stdout]     |                                                    |
[INFO] [stdout]     |                                                    expected `cid::cid::Cid<64>`, found `CidGeneric<64>`
[INFO] [stdout]     |                                                    help: change the parameter type to match the trait: `&'life1 cid::cid::Cid<64>`
[INFO] [stdout]     |
[INFO] [stdout]     = note: expected signature `fn(&'life0 SphereDb<_>, &'life1 cid::cid::Cid<64>) -> Pin<_>`
[INFO] [stdout]                found signature `fn(&'life0 SphereDb<_>, &'life1 CidGeneric<64>) -> Pin<_>`
[INFO] [stdout] 
[INFO] [stdout] 
[INFO] [stdout] error[E0053]: method `write` has an incompatible type for trait
[INFO] [stdout]    --> /opt/rustwide/cargo-home/registry/src/index.crates.io-6f17d22bba15001f/noosphere-storage-0.5.0/src/db.rs:283:5
[INFO] [stdout]     |
[INFO] [stdout] 283 |     async fn write<T: Encode<RawCodec> + UcanStoreConditionalSend + Debug>(
[INFO] [stdout]     |     ^^^^^
[INFO] [stdout]     |     |
[INFO] [stdout]     |     expected `cid::cid::Cid<64>`, found `CidGeneric<64>`
[INFO] [stdout]     |     help: change the output type to match the trait: `Pin<Box<(dyn Future<Output = Result<cid::cid::Cid<64>, anyhow::Error>> + std::marker::Send + 'async_trait)>>`
[INFO] [stdout]     |
[INFO] [stdout]     = note: expected signature `fn(&'life0 mut SphereDb<_>, _) -> Pin<Box<(dyn Future<Output = Result<cid::cid::Cid<64>, anyhow::Error>> + std::marker::Send + 'async_trait)>>`
[INFO] [stdout]                found signature `fn(&'life0 mut SphereDb<_>, _) -> Pin<Box<(dyn Future<Output = Result<CidGeneric<64>, anyhow::Error>> + std::marker::Send + 'async_trait)>>`
[INFO] [stdout] 
[INFO] [stdout] 
[INFO] [stdout] error[E0053]: method `read` has an incompatible type for trait
[INFO] [stdout]   --> /opt/rustwide/cargo-home/registry/src/index.crates.io-6f17d22bba15001f/noosphere-storage-0.5.0/src/ucan.rs:18:52
[INFO] [stdout]    |
[INFO] [stdout] 18 |     async fn read<T: Decode<RawCodec>>(&self, cid: &Cid) -> Result<Option<T>> {
[INFO] [stdout]    |                                                    ^^^^
[INFO] [stdout]    |                                                    |
[INFO] [stdout]    |                                                    expected `cid::cid::Cid<64>`, found `CidGeneric<64>`
[INFO] [stdout]    |                                                    help: change the parameter type to match the trait: `&'life1 cid::cid::Cid<64>`
[INFO] [stdout]    |
[INFO] [stdout]    = note: expected signature `fn(&'life0 ucan::UcanStore<_>, &'life1 cid::cid::Cid<64>) -> Pin<_>`
[INFO] [stdout]               found signature `fn(&'life0 ucan::UcanStore<_>, &'life1 CidGeneric<64>) -> Pin<_>`
[INFO] [stdout] 
[INFO] [stdout] 
[INFO] [stdout] error[E0053]: method `write` has an incompatible type for trait
[INFO] [stdout]   --> /opt/rustwide/cargo-home/registry/src/index.crates.io-6f17d22bba15001f/noosphere-storage-0.5.0/src/ucan.rs:22:5
[INFO] [stdout]    |
[INFO] [stdout] 22 |     async fn write<T: Encode<RawCodec> + UcanStoreConditionalSend + Debug>(
[INFO] [stdout]    |     ^^^^^
[INFO] [stdout]    |     |
[INFO] [stdout]    |     expected `cid::cid::Cid<64>`, found `CidGeneric<64>`
[INFO] [stdout]    |     help: change the output type to match the trait: `Pin<Box<(dyn Future<Output = Result<cid::cid::Cid<64>, anyhow::Error>> + std::marker::Send + 'async_trait)>>`
[INFO] [stdout]    |
[INFO] [stdout]    = note: expected signature `fn(&'life0 mut ucan::UcanStore<_>, _) -> Pin<Box<(dyn Future<Output = Result<cid::cid::Cid<64>, anyhow::Error>> + std::marker::Send + 'async_trait)>>`
[INFO] [stdout]               found signature `fn(&'life0 mut ucan::UcanStore<_>, _) -> Pin<Box<(dyn Future<Output = Result<CidGeneric<64>, anyhow::Error>> + std::marker::Send + 'async_trait)>>`
[INFO] [stdout] 
[INFO] [stdout] 
[INFO] [stdout] error: aborting due to 13 previous errors
[INFO] [stdout] 
[INFO] [stdout] 
[INFO] [stdout] Some errors have detailed explanations: E0053, E0271, E0277, E0432.
[INFO] [stdout] 
[INFO] [stdout] For more information about an error, try `rustc --explain E0053`.
[INFO] [stdout] 
[INFO] [stderr] error: could not compile `noosphere-storage` (lib) due to 14 previous errors
[INFO] [stderr] warning: build failed, waiting for other jobs to finish...
[INFO] running `Command { std: "docker" "inspect" "eb8208e75ae86f3cbc83487b4570d1e49e9a8f43b5781c0a3059213e52d37270", kill_on_drop: false }`
[INFO] running `Command { std: "docker" "rm" "-f" "eb8208e75ae86f3cbc83487b4570d1e49e9a8f43b5781c0a3059213e52d37270", kill_on_drop: false }`
[INFO] [stdout] eb8208e75ae86f3cbc83487b4570d1e49e9a8f43b5781c0a3059213e52d37270
