[INFO] fetching crate nom-xml 0.1.2-pre-alpha...
[INFO] testing nom-xml-0.1.2-pre-alpha against 1.75.0 for beta-1.76-1
[INFO] extracting crate nom-xml 0.1.2-pre-alpha into /workspace/builds/worker-1-tc1/source
[INFO] validating manifest of crates.io crate nom-xml 0.1.2-pre-alpha on toolchain 1.75.0
[INFO] running `Command { std: CARGO_HOME="/workspace/cargo-home" RUSTUP_HOME="/workspace/rustup-home" "/workspace/cargo-home/bin/cargo" "+1.75.0" "metadata" "--manifest-path" "Cargo.toml" "--no-deps", kill_on_drop: false }`
[INFO] started tweaking crates.io crate nom-xml 0.1.2-pre-alpha
[INFO] finished tweaking crates.io crate nom-xml 0.1.2-pre-alpha
[INFO] tweaked toml for crates.io crate nom-xml 0.1.2-pre-alpha written to /workspace/builds/worker-1-tc1/source/Cargo.toml
[INFO] crate crates.io crate nom-xml 0.1.2-pre-alpha already has a lockfile, it will not be regenerated
[INFO] running `Command { std: CARGO_HOME="/workspace/cargo-home" RUSTUP_HOME="/workspace/rustup-home" "/workspace/cargo-home/bin/cargo" "+1.75.0" "fetch" "--manifest-path" "Cargo.toml", kill_on_drop: false }`
[INFO] running `Command { std: "docker" "create" "-v" "/var/lib/crater-agent-workspace/builds/worker-1-tc1/target:/opt/rustwide/target:rw,Z" "-v" "/var/lib/crater-agent-workspace/builds/worker-1-tc1/source:/opt/rustwide/workdir:ro,Z" "-v" "/var/lib/crater-agent-workspace/cargo-home:/opt/rustwide/cargo-home:ro,Z" "-v" "/var/lib/crater-agent-workspace/rustup-home:/opt/rustwide/rustup-home:ro,Z" "-e" "SOURCE_DIR=/opt/rustwide/workdir" "-e" "CARGO_TARGET_DIR=/opt/rustwide/target" "-e" "CARGO_HOME=/opt/rustwide/cargo-home" "-e" "RUSTUP_HOME=/opt/rustwide/rustup-home" "-w" "/opt/rustwide/workdir" "-m" "1610612736" "--user" "0:0" "--network" "none" "ghcr.io/rust-lang/crates-build-env/linux@sha256:2788e3201cd34a07e3172128adcd8b3090168a8e3bcc40d7c032b9dda1df7d1c" "/opt/rustwide/cargo-home/bin/cargo" "+1.75.0" "metadata" "--no-deps" "--format-version=1", kill_on_drop: false }`
[INFO] [stdout] 527772c4e140149a05809586423de05356506510a63911f0d7a0cef8a7c9f785
[INFO] running `Command { std: "docker" "start" "-a" "527772c4e140149a05809586423de05356506510a63911f0d7a0cef8a7c9f785", kill_on_drop: false }`
[INFO] running `Command { std: "docker" "inspect" "527772c4e140149a05809586423de05356506510a63911f0d7a0cef8a7c9f785", kill_on_drop: false }`
[INFO] running `Command { std: "docker" "rm" "-f" "527772c4e140149a05809586423de05356506510a63911f0d7a0cef8a7c9f785", kill_on_drop: false }`
[INFO] [stdout] 527772c4e140149a05809586423de05356506510a63911f0d7a0cef8a7c9f785
[INFO] running `Command { std: "docker" "create" "-v" "/var/lib/crater-agent-workspace/builds/worker-1-tc1/target:/opt/rustwide/target:rw,Z" "-v" "/var/lib/crater-agent-workspace/builds/worker-1-tc1/source:/opt/rustwide/workdir:ro,Z" "-v" "/var/lib/crater-agent-workspace/cargo-home:/opt/rustwide/cargo-home:ro,Z" "-v" "/var/lib/crater-agent-workspace/rustup-home:/opt/rustwide/rustup-home:ro,Z" "-e" "SOURCE_DIR=/opt/rustwide/workdir" "-e" "CARGO_TARGET_DIR=/opt/rustwide/target" "-e" "CARGO_INCREMENTAL=0" "-e" "RUST_BACKTRACE=full" "-e" "RUSTFLAGS=--cap-lints=warn" "-e" "RUSTDOCFLAGS=--cap-lints=warn" "-e" "CARGO_HOME=/opt/rustwide/cargo-home" "-e" "RUSTUP_HOME=/opt/rustwide/rustup-home" "-w" "/opt/rustwide/workdir" "-m" "1610612736" "--user" "0:0" "--network" "none" "ghcr.io/rust-lang/crates-build-env/linux@sha256:2788e3201cd34a07e3172128adcd8b3090168a8e3bcc40d7c032b9dda1df7d1c" "/opt/rustwide/cargo-home/bin/cargo" "+1.75.0" "build" "--frozen" "--message-format=json", kill_on_drop: false }`
[INFO] [stdout] 8b4e7e2a0d238283e280c6add1f1dbeb78721e4a3c9a1bbc3e41cb591c2da843
[INFO] running `Command { std: "docker" "start" "-a" "8b4e7e2a0d238283e280c6add1f1dbeb78721e4a3c9a1bbc3e41cb591c2da843", kill_on_drop: false }`
[INFO] [stderr]    Compiling crossbeam-utils v0.8.15
[INFO] [stderr]    Compiling proc-macro2 v1.0.56
[INFO] [stderr]    Compiling memoffset v0.8.0
[INFO] [stderr]    Compiling quote v1.0.27
[INFO] [stderr]    Compiling unicode-ident v1.0.8
[INFO] [stderr]    Compiling crossbeam-epoch v0.9.14
[INFO] [stderr]    Compiling libc v0.2.144
[INFO] [stderr]    Compiling serde_derive v1.0.162
[INFO] [stderr]    Compiling serde v1.0.162
[INFO] [stderr]    Compiling rayon-core v1.11.0
[INFO] [stderr]    Compiling memchr v2.5.0
[INFO] [stderr]    Compiling serde_json v1.0.96
[INFO] [stderr]    Compiling either v1.8.1
[INFO] [stderr]    Compiling minimal-lexical v0.2.1
[INFO] [stderr]    Compiling ryu v1.0.13
[INFO] [stderr]    Compiling itoa v1.0.6
[INFO] [stderr]    Compiling crossbeam-channel v0.5.8
[INFO] [stderr]    Compiling nom v7.1.3
[INFO] [stderr]    Compiling syn v2.0.15
[INFO] [stderr]    Compiling crossbeam-deque v0.8.3
[INFO] [stderr]    Compiling num_cpus v1.15.0
[INFO] [stderr]    Compiling rayon v1.7.0
[INFO] [stderr]    Compiling nom-xml v0.1.2-pre-alpha (/opt/rustwide/workdir)
[INFO] [stdout] warning: unused imports: `namespaces::ParseNamespace`, `tag::Tag`
[INFO] [stdout]  --> src/extract.rs:3:13
[INFO] [stdout]   |
[INFO] [stdout] 3 | use crate::{namespaces::ParseNamespace, tag::Tag, Document, QualifiedName};
[INFO] [stdout]   |             ^^^^^^^^^^^^^^^^^^^^^^^^^^  ^^^^^^^^
[INFO] [stdout]   |
[INFO] [stdout]   = note: `#[warn(unused_imports)]` on by default
[INFO] [stdout] 
[INFO] [stdout] 
[INFO] [stdout] warning: unused import: `std::borrow::Cow`
[INFO] [stdout]  --> src/tag.rs:1:5
[INFO] [stdout]   |
[INFO] [stdout] 1 | use std::borrow::Cow;
[INFO] [stdout]   |     ^^^^^^^^^^^^^^^^
[INFO] [stdout] 
[INFO] [stdout] 
[INFO] [stdout] warning: unused import: `branch::alt`
[INFO] [stdout]  --> src/tag.rs:4:5
[INFO] [stdout]   |
[INFO] [stdout] 4 |     branch::alt,
[INFO] [stdout]   |     ^^^^^^^^^^^
[INFO] [stdout] 
[INFO] [stdout] 
[INFO] [stdout] warning: unused import: `QualifiedName`
[INFO] [stdout]   --> src/tag.rs:13:83
[INFO] [stdout]    |
[INFO] [stdout] 13 | use crate::{attribute::Attribute, namespaces::ParseNamespace, parse::Parse, Name, QualifiedName};
[INFO] [stdout]    |                                                                                   ^^^^^^^^^^^^^
[INFO] [stdout] 
[INFO] [stdout] 
[INFO] [stdout] warning: unused variable: `name`
[INFO] [stdout]    --> src/prolog/internal_subset.rs:254:21
[INFO] [stdout]     |
[INFO] [stdout] 254 |         let (input, name) = Self::parse_name(input)?;
[INFO] [stdout]     |                     ^^^^ help: if this is intentional, prefix it with an underscore: `_name`
[INFO] [stdout]     |
[INFO] [stdout]     = note: `#[warn(unused_variables)]` on by default
[INFO] [stdout] 
[INFO] [stdout] 
[INFO] [stdout] warning: unused variable: `end_tag`
[INFO] [stdout]    --> src/lib.rs:258:53
[INFO] [stdout]     |
[INFO] [stdout] 258 |             Document::Element(start_tag, inner_doc, end_tag) => {
[INFO] [stdout]     |                                                     ^^^^^^^ help: if this is intentional, prefix it with an underscore: `_end_tag`
[INFO] [stdout] 
[INFO] [stdout] 
[INFO] [stdout] warning: associated function `parse_qualified_content_particle` is never used
[INFO] [stdout]   --> src/prolog/declaration_content.rs:85:8
[INFO] [stdout]    |
[INFO] [stdout] 56 | impl<'a> ContentParticle<'a> {
[INFO] [stdout]    | ---------------------------- associated function in this implementation
[INFO] [stdout] ...
[INFO] [stdout] 85 |     fn parse_qualified_content_particle(input: &'a str) -> IResult<&'a str, ContentParticle<'a>> {
[INFO] [stdout]    |        ^^^^^^^^^^^^^^^^^^^^^^^^^^^^^^^^
[INFO] [stdout]    |
[INFO] [stdout]    = note: `#[warn(dead_code)]` on by default
[INFO] [stdout] 
[INFO] [stdout] 
[INFO] [stdout] warning: associated function `parse_qualified_doctype` is never used
[INFO] [stdout]   --> src/prolog/doctype.rs:56:8
[INFO] [stdout]    |
[INFO] [stdout] 54 | impl<'a> DocType<'a> {
[INFO] [stdout]    | -------------------- associated function in this implementation
[INFO] [stdout] 55 |     // [16] doctypedecl ::= '<!DOCTYPE' S QName (S ExternalID)? S? ('[' (markupdecl | PEReference | S)* ']' S?)? '>'
[INFO] [stdout] 56 |     fn parse_qualified_doctype(input: &'a str) -> IResult<&'a str, DocType<'a>> {
[INFO] [stdout]    |        ^^^^^^^^^^^^^^^^^^^^^^^
[INFO] [stdout] 
[INFO] [stdout] 
[INFO] [stdout] warning: associated functions `parse_qualified_element_declaration` and `parse_perameter_definition` are never used
[INFO] [stdout]    --> src/prolog/internal_subset.rs:160:8
[INFO] [stdout]     |
[INFO] [stdout] 76  | impl<'a> InternalSubset<'a> {
[INFO] [stdout]     | --------------------------- associated functions in this implementation
[INFO] [stdout] ...
[INFO] [stdout] 160 |     fn parse_qualified_element_declaration(input: &'a str) -> IResult<&'a str, InternalSubset<'a>> {
[INFO] [stdout]     |        ^^^^^^^^^^^^^^^^^^^^^^^^^^^^^^^^^^^
[INFO] [stdout] ...
[INFO] [stdout] 321 |     fn parse_perameter_definition(
[INFO] [stdout]     |        ^^^^^^^^^^^^^^^^^^^^^^^^^^
[INFO] [stdout] 
[INFO] [stdout] 
[INFO] [stdout] warning: 9 warnings emitted
[INFO] [stdout] 
[INFO] [stdout] 
[INFO] [stderr]     Finished dev [unoptimized + debuginfo] target(s) in 17.33s
[INFO] running `Command { std: "docker" "inspect" "8b4e7e2a0d238283e280c6add1f1dbeb78721e4a3c9a1bbc3e41cb591c2da843", kill_on_drop: false }`
[INFO] running `Command { std: "docker" "rm" "-f" "8b4e7e2a0d238283e280c6add1f1dbeb78721e4a3c9a1bbc3e41cb591c2da843", kill_on_drop: false }`
[INFO] [stdout] 8b4e7e2a0d238283e280c6add1f1dbeb78721e4a3c9a1bbc3e41cb591c2da843
[INFO] running `Command { std: "docker" "create" "-v" "/var/lib/crater-agent-workspace/builds/worker-1-tc1/target:/opt/rustwide/target:rw,Z" "-v" "/var/lib/crater-agent-workspace/builds/worker-1-tc1/source:/opt/rustwide/workdir:ro,Z" "-v" "/var/lib/crater-agent-workspace/cargo-home:/opt/rustwide/cargo-home:ro,Z" "-v" "/var/lib/crater-agent-workspace/rustup-home:/opt/rustwide/rustup-home:ro,Z" "-e" "SOURCE_DIR=/opt/rustwide/workdir" "-e" "CARGO_TARGET_DIR=/opt/rustwide/target" "-e" "CARGO_INCREMENTAL=0" "-e" "RUST_BACKTRACE=full" "-e" "RUSTFLAGS=--cap-lints=warn" "-e" "RUSTDOCFLAGS=--cap-lints=warn" "-e" "CARGO_HOME=/opt/rustwide/cargo-home" "-e" "RUSTUP_HOME=/opt/rustwide/rustup-home" "-w" "/opt/rustwide/workdir" "-m" "1610612736" "--user" "0:0" "--network" "none" "ghcr.io/rust-lang/crates-build-env/linux@sha256:2788e3201cd34a07e3172128adcd8b3090168a8e3bcc40d7c032b9dda1df7d1c" "/opt/rustwide/cargo-home/bin/cargo" "+1.75.0" "test" "--frozen" "--no-run" "--message-format=json", kill_on_drop: false }`
[INFO] [stdout] 87c823e2f78e555429a0156800e513eafa3e9167c6ddc3cb77943186758dfa82
[INFO] running `Command { std: "docker" "start" "-a" "87c823e2f78e555429a0156800e513eafa3e9167c6ddc3cb77943186758dfa82", kill_on_drop: false }`
[INFO] [stdout] warning: unused imports: `namespaces::ParseNamespace`, `tag::Tag`
[INFO] [stdout]  --> src/extract.rs:3:13
[INFO] [stdout]   |
[INFO] [stdout] 3 | use crate::{namespaces::ParseNamespace, tag::Tag, Document, QualifiedName};
[INFO] [stdout]   |             ^^^^^^^^^^^^^^^^^^^^^^^^^^  ^^^^^^^^
[INFO] [stdout]   |
[INFO] [stdout]   = note: `#[warn(unused_imports)]` on by default
[INFO] [stdout] 
[INFO] [stdout] 
[INFO] [stdout] warning: unused import: `std::borrow::Cow`
[INFO] [stdout]  --> src/tag.rs:1:5
[INFO] [stdout]   |
[INFO] [stdout] 1 | use std::borrow::Cow;
[INFO] [stdout]   |     ^^^^^^^^^^^^^^^^
[INFO] [stdout] 
[INFO] [stdout] 
[INFO] [stdout] warning: unused import: `branch::alt`
[INFO] [stdout]  --> src/tag.rs:4:5
[INFO] [stdout]   |
[INFO] [stdout] 4 |     branch::alt,
[INFO] [stdout]   |     ^^^^^^^^^^^
[INFO] [stdout] 
[INFO] [stdout] 
[INFO] [stdout] warning: unused import: `QualifiedName`
[INFO] [stdout]   --> src/tag.rs:13:83
[INFO] [stdout]    |
[INFO] [stdout] 13 | use crate::{attribute::Attribute, namespaces::ParseNamespace, parse::Parse, Name, QualifiedName};
[INFO] [stdout]    |                                                                                   ^^^^^^^^^^^^^
[INFO] [stdout] 
[INFO] [stdout] 
[INFO] [stdout] warning: unused variable: `name`
[INFO] [stdout]    --> src/prolog/internal_subset.rs:254:21
[INFO] [stdout]     |
[INFO] [stdout] 254 |         let (input, name) = Self::parse_name(input)?;
[INFO] [stdout]     |                     ^^^^ help: if this is intentional, prefix it with an underscore: `_name`
[INFO] [stdout]     |
[INFO] [stdout]     = note: `#[warn(unused_variables)]` on by default
[INFO] [stdout] 
[INFO] [stdout] 
[INFO] [stdout] warning: unused variable: `end_tag`
[INFO] [stdout]    --> src/lib.rs:258:53
[INFO] [stdout]     |
[INFO] [stdout] 258 |             Document::Element(start_tag, inner_doc, end_tag) => {
[INFO] [stdout]     |                                                     ^^^^^^^ help: if this is intentional, prefix it with an underscore: `_end_tag`
[INFO] [stdout] 
[INFO] [stdout] 
[INFO] [stdout] warning: associated function `parse_qualified_content_particle` is never used
[INFO] [stdout]   --> src/prolog/declaration_content.rs:85:8
[INFO] [stdout]    |
[INFO] [stdout] 56 | impl<'a> ContentParticle<'a> {
[INFO] [stdout]    | ---------------------------- associated function in this implementation
[INFO] [stdout] ...
[INFO] [stdout] 85 |     fn parse_qualified_content_particle(input: &'a str) -> IResult<&'a str, ContentParticle<'a>> {
[INFO] [stdout]    |        ^^^^^^^^^^^^^^^^^^^^^^^^^^^^^^^^
[INFO] [stdout]    |
[INFO] [stdout]    = note: `#[warn(dead_code)]` on by default
[INFO] [stdout] 
[INFO] [stdout] 
[INFO] [stdout] warning: associated function `parse_qualified_doctype` is never used
[INFO] [stdout]   --> src/prolog/doctype.rs:56:8
[INFO] [stdout]    |
[INFO] [stdout] 54 | impl<'a> DocType<'a> {
[INFO] [stdout]    | -------------------- associated function in this implementation
[INFO] [stdout] 55 |     // [16] doctypedecl ::= '<!DOCTYPE' S QName (S ExternalID)? S? ('[' (markupdecl | PEReference | S)* ']' S?)? '>'
[INFO] [stdout] 56 |     fn parse_qualified_doctype(input: &'a str) -> IResult<&'a str, DocType<'a>> {
[INFO] [stdout]    |        ^^^^^^^^^^^^^^^^^^^^^^^
[INFO] [stdout] 
[INFO] [stdout] 
[INFO] [stdout] warning: associated functions `parse_qualified_element_declaration` and `parse_perameter_definition` are never used
[INFO] [stdout]    --> src/prolog/internal_subset.rs:160:8
[INFO] [stdout]     |
[INFO] [stdout] 76  | impl<'a> InternalSubset<'a> {
[INFO] [stdout]     | --------------------------- associated functions in this implementation
[INFO] [stdout] ...
[INFO] [stdout] 160 |     fn parse_qualified_element_declaration(input: &'a str) -> IResult<&'a str, InternalSubset<'a>> {
[INFO] [stdout]     |        ^^^^^^^^^^^^^^^^^^^^^^^^^^^^^^^^^^^
[INFO] [stdout] ...
[INFO] [stdout] 321 |     fn parse_perameter_definition(
[INFO] [stdout]     |        ^^^^^^^^^^^^^^^^^^^^^^^^^^
[INFO] [stdout] 
[INFO] [stdout] 
[INFO] [stderr]    Compiling nom-xml v0.1.2-pre-alpha (/opt/rustwide/workdir)
[INFO] [stdout] warning: 9 warnings emitted
[INFO] [stdout] 
[INFO] [stdout] 
[INFO] [stdout] warning: unused imports: `namespaces::ParseNamespace`, `tag::Tag`
[INFO] [stdout]  --> src/extract.rs:3:13
[INFO] [stdout]   |
[INFO] [stdout] 3 | use crate::{namespaces::ParseNamespace, tag::Tag, Document, QualifiedName};
[INFO] [stdout]   |             ^^^^^^^^^^^^^^^^^^^^^^^^^^  ^^^^^^^^
[INFO] [stdout]   |
[INFO] [stdout]   = note: `#[warn(unused_imports)]` on by default
[INFO] [stdout] 
[INFO] [stdout] 
[INFO] [stdout] warning: unused import: `std::borrow::Cow`
[INFO] [stdout]  --> src/tag.rs:1:5
[INFO] [stdout]   |
[INFO] [stdout] 1 | use std::borrow::Cow;
[INFO] [stdout]   |     ^^^^^^^^^^^^^^^^
[INFO] [stdout] 
[INFO] [stdout] 
[INFO] [stdout] warning: unused import: `branch::alt`
[INFO] [stdout]  --> src/tag.rs:4:5
[INFO] [stdout]   |
[INFO] [stdout] 4 |     branch::alt,
[INFO] [stdout]   |     ^^^^^^^^^^^
[INFO] [stdout] 
[INFO] [stdout] 
[INFO] [stdout] warning: unused import: `QualifiedName`
[INFO] [stdout]   --> src/tag.rs:13:83
[INFO] [stdout]    |
[INFO] [stdout] 13 | use crate::{attribute::Attribute, namespaces::ParseNamespace, parse::Parse, Name, QualifiedName};
[INFO] [stdout]    |                                                                                   ^^^^^^^^^^^^^
[INFO] [stdout] 
[INFO] [stdout] 
[INFO] [stdout] error[E0432]: unresolved imports `nom_xml::document`, `nom_xml::parse_file`
[INFO] [stdout]  --> tests/compliance.rs:5:5
[INFO] [stdout]   |
[INFO] [stdout] 5 |     document::Document,
[INFO] [stdout]   |     ^^^^^^^^ could not find `document` in `nom_xml`
[INFO] [stdout] 6 |     parse_file,
[INFO] [stdout]   |     ^^^^^^^^^^ no `parse_file` in the root
[INFO] [stdout] 
[INFO] [stdout] 
[INFO] [stdout] error[E0277]: the trait bound `QualifiedName<'_>: From<&str>` is not satisfied
[INFO] [stdout]   --> tests/compliance.rs:32:33
[INFO] [stdout]    |
[INFO] [stdout] 32 |                     name: "doc".into(),
[INFO] [stdout]    |                                 ^^^^ the trait `From<&str>` is not implemented for `QualifiedName<'_>`
[INFO] [stdout]    |
[INFO] [stdout]    = note: required for `&str` to implement `Into<QualifiedName<'_>>`
[INFO] [stdout] 
[INFO] [stdout] 
[INFO] [stdout] error[E0277]: the trait bound `QualifiedName<'_>: From<&str>` is not satisfied
[INFO] [stdout]   --> tests/compliance.rs:35:37
[INFO] [stdout]    |
[INFO] [stdout] 35 |                         name: "doc".into(),
[INFO] [stdout]    |                                     ^^^^ the trait `From<&str>` is not implemented for `QualifiedName<'_>`
[INFO] [stdout]    |
[INFO] [stdout]    = note: required for `&str` to implement `Into<QualifiedName<'_>>`
[INFO] [stdout] 
[INFO] [stdout] 
[INFO] [stdout] error[E0560]: struct `Tag<'_>` has no field named `namespace`
[INFO] [stdout]   --> tests/compliance.rs:50:21
[INFO] [stdout]    |
[INFO] [stdout] 50 |                     namespace: None,
[INFO] [stdout]    |                     ^^^^^^^^^ `Tag<'_>` does not have this field
[INFO] [stdout]    |
[INFO] [stdout]    = note: all struct fields are already assigned
[INFO] [stdout] 
[INFO] [stdout] 
[INFO] [stdout] error[E0277]: the trait bound `QualifiedName<'_>: From<&str>` is not satisfied
[INFO] [stdout]   --> tests/compliance.rs:49:33
[INFO] [stdout]    |
[INFO] [stdout] 49 |                     name: "doc".into(),
[INFO] [stdout]    |                                 ^^^^ the trait `From<&str>` is not implemented for `QualifiedName<'_>`
[INFO] [stdout]    |
[INFO] [stdout]    = note: required for `&str` to implement `Into<QualifiedName<'_>>`
[INFO] [stdout] 
[INFO] [stdout] 
[INFO] [stdout] error[E0560]: struct `Tag<'_>` has no field named `namespace`
[INFO] [stdout]   --> tests/compliance.rs:57:21
[INFO] [stdout]    |
[INFO] [stdout] 57 |                     namespace: None,
[INFO] [stdout]    |                     ^^^^^^^^^ `Tag<'_>` does not have this field
[INFO] [stdout]    |
[INFO] [stdout]    = note: all struct fields are already assigned
[INFO] [stdout] 
[INFO] [stdout] 
[INFO] [stdout] error[E0277]: the trait bound `QualifiedName<'_>: From<&str>` is not satisfied
[INFO] [stdout]   --> tests/compliance.rs:56:33
[INFO] [stdout]    |
[INFO] [stdout] 56 |                     name: "doc".into(),
[INFO] [stdout]    |                                 ^^^^ the trait `From<&str>` is not implemented for `QualifiedName<'_>`
[INFO] [stdout]    |
[INFO] [stdout]    = note: required for `&str` to implement `Into<QualifiedName<'_>>`
[INFO] [stdout] 
[INFO] [stdout] 
[INFO] [stdout] error[E0277]: the trait bound `QualifiedName<'_>: From<&str>` is not satisfied
[INFO] [stdout]   --> tests/compliance.rs:77:33
[INFO] [stdout]    |
[INFO] [stdout] 77 |                     name: "doc".into(),
[INFO] [stdout]    |                                 ^^^^ the trait `From<&str>` is not implemented for `QualifiedName<'_>`
[INFO] [stdout]    |
[INFO] [stdout]    = note: required for `&str` to implement `Into<QualifiedName<'_>>`
[INFO] [stdout] 
[INFO] [stdout] 
[INFO] [stdout] error[E0277]: the trait bound `QualifiedName<'_>: From<&str>` is not satisfied
[INFO] [stdout]   --> tests/compliance.rs:80:37
[INFO] [stdout]    |
[INFO] [stdout] 80 |                         name: "doc".into(),
[INFO] [stdout]    |                                     ^^^^ the trait `From<&str>` is not implemented for `QualifiedName<'_>`
[INFO] [stdout]    |
[INFO] [stdout]    = note: required for `&str` to implement `Into<QualifiedName<'_>>`
[INFO] [stdout] 
[INFO] [stdout] 
[INFO] [stdout] error[E0560]: struct `Tag<'_>` has no field named `namespace`
[INFO] [stdout]   --> tests/compliance.rs:95:21
[INFO] [stdout]    |
[INFO] [stdout] 95 |                     namespace: None,
[INFO] [stdout]    |                     ^^^^^^^^^ `Tag<'_>` does not have this field
[INFO] [stdout]    |
[INFO] [stdout]    = note: all struct fields are already assigned
[INFO] [stdout] 
[INFO] [stdout] 
[INFO] [stdout] error[E0277]: the trait bound `QualifiedName<'_>: From<&str>` is not satisfied
[INFO] [stdout]   --> tests/compliance.rs:94:33
[INFO] [stdout]    |
[INFO] [stdout] 94 |                     name: "doc".into(),
[INFO] [stdout]    |                                 ^^^^ the trait `From<&str>` is not implemented for `QualifiedName<'_>`
[INFO] [stdout]    |
[INFO] [stdout]    = note: required for `&str` to implement `Into<QualifiedName<'_>>`
[INFO] [stdout] 
[INFO] [stdout] 
[INFO] [stdout] error[E0560]: struct `Tag<'_>` has no field named `namespace`
[INFO] [stdout]    --> tests/compliance.rs:102:21
[INFO] [stdout]     |
[INFO] [stdout] 102 |                     namespace: None,
[INFO] [stdout]     |                     ^^^^^^^^^ `Tag<'_>` does not have this field
[INFO] [stdout]     |
[INFO] [stdout]     = note: all struct fields are already assigned
[INFO] [stdout] 
[INFO] [stdout] 
[INFO] [stdout] error[E0277]: the trait bound `QualifiedName<'_>: From<&str>` is not satisfied
[INFO] [stdout]    --> tests/compliance.rs:101:33
[INFO] [stdout]     |
[INFO] [stdout] 101 |                     name: "doc".into(),
[INFO] [stdout]     |                                 ^^^^ the trait `From<&str>` is not implemented for `QualifiedName<'_>`
[INFO] [stdout]     |
[INFO] [stdout]     = note: required for `&str` to implement `Into<QualifiedName<'_>>`
[INFO] [stdout] 
[INFO] [stdout] 
[INFO] [stdout] error[E0277]: the trait bound `QualifiedName<'_>: From<&str>` is not satisfied
[INFO] [stdout]    --> tests/compliance.rs:122:33
[INFO] [stdout]     |
[INFO] [stdout] 122 |                     name: "doc".into(),
[INFO] [stdout]     |                                 ^^^^ the trait `From<&str>` is not implemented for `QualifiedName<'_>`
[INFO] [stdout]     |
[INFO] [stdout]     = note: required for `&str` to implement `Into<QualifiedName<'_>>`
[INFO] [stdout] 
[INFO] [stdout] 
[INFO] [stdout] error[E0277]: the trait bound `QualifiedName<'_>: From<&str>` is not satisfied
[INFO] [stdout]    --> tests/compliance.rs:125:37
[INFO] [stdout]     |
[INFO] [stdout] 125 |                         name: "doc".into(),
[INFO] [stdout]     |                                     ^^^^ the trait `From<&str>` is not implemented for `QualifiedName<'_>`
[INFO] [stdout]     |
[INFO] [stdout]     = note: required for `&str` to implement `Into<QualifiedName<'_>>`
[INFO] [stdout] 
[INFO] [stdout] 
[INFO] [stdout] error[E0560]: struct `Tag<'_>` has no field named `namespace`
[INFO] [stdout]    --> tests/compliance.rs:140:21
[INFO] [stdout]     |
[INFO] [stdout] 140 |                     namespace: None,
[INFO] [stdout]     |                     ^^^^^^^^^ `Tag<'_>` does not have this field
[INFO] [stdout]     |
[INFO] [stdout]     = note: all struct fields are already assigned
[INFO] [stdout] 
[INFO] [stdout] 
[INFO] [stdout] error[E0277]: the trait bound `QualifiedName<'_>: From<&str>` is not satisfied
[INFO] [stdout]    --> tests/compliance.rs:139:33
[INFO] [stdout]     |
[INFO] [stdout] 139 |                     name: "doc".into(),
[INFO] [stdout]     |                                 ^^^^ the trait `From<&str>` is not implemented for `QualifiedName<'_>`
[INFO] [stdout]     |
[INFO] [stdout]     = note: required for `&str` to implement `Into<QualifiedName<'_>>`
[INFO] [stdout] 
[INFO] [stdout] 
[INFO] [stdout] error[E0560]: struct `Tag<'_>` has no field named `namespace`
[INFO] [stdout]    --> tests/compliance.rs:147:21
[INFO] [stdout]     |
[INFO] [stdout] 147 |                     namespace: None,
[INFO] [stdout]     |                     ^^^^^^^^^ `Tag<'_>` does not have this field
[INFO] [stdout]     |
[INFO] [stdout]     = note: all struct fields are already assigned
[INFO] [stdout] 
[INFO] [stdout] 
[INFO] [stdout] error[E0277]: the trait bound `QualifiedName<'_>: From<&str>` is not satisfied
[INFO] [stdout]    --> tests/compliance.rs:146:33
[INFO] [stdout]     |
[INFO] [stdout] 146 |                     name: "doc".into(),
[INFO] [stdout]     |                                 ^^^^ the trait `From<&str>` is not implemented for `QualifiedName<'_>`
[INFO] [stdout]     |
[INFO] [stdout]     = note: required for `&str` to implement `Into<QualifiedName<'_>>`
[INFO] [stdout] 
[INFO] [stdout] 
[INFO] [stdout] error[E0277]: the trait bound `QualifiedName<'_>: From<&str>` is not satisfied
[INFO] [stdout]    --> tests/compliance.rs:167:33
[INFO] [stdout]     |
[INFO] [stdout] 167 |                     name: "doc".into(),
[INFO] [stdout]     |                                 ^^^^ the trait `From<&str>` is not implemented for `QualifiedName<'_>`
[INFO] [stdout]     |
[INFO] [stdout]     = note: required for `&str` to implement `Into<QualifiedName<'_>>`
[INFO] [stdout] 
[INFO] [stdout] 
[INFO] [stdout] error[E0277]: the trait bound `QualifiedName<'_>: From<&str>` is not satisfied
[INFO] [stdout]    --> tests/compliance.rs:171:41
[INFO] [stdout]     |
[INFO] [stdout] 171 | ...                   name: "doc".into(),
[INFO] [stdout]     |                                   ^^^^ the trait `From<&str>` is not implemented for `QualifiedName<'_>`
[INFO] [stdout]     |
[INFO] [stdout]     = note: required for `&str` to implement `Into<QualifiedName<'_>>`
[INFO] [stdout] 
[INFO] [stdout] 
[INFO] [stdout] error[E0277]: the trait bound `QualifiedName<'_>: From<&str>` is not satisfied
[INFO] [stdout]    --> tests/compliance.rs:182:41
[INFO] [stdout]     |
[INFO] [stdout] 182 | ...                   name: "doc".into(),
[INFO] [stdout]     |                                   ^^^^ the trait `From<&str>` is not implemented for `QualifiedName<'_>`
[INFO] [stdout]     |
[INFO] [stdout]     = note: required for `&str` to implement `Into<QualifiedName<'_>>`
[INFO] [stdout] 
[INFO] [stdout] 
[INFO] [stdout] error[E0277]: the trait bound `QualifiedName<'_>: From<&str>` is not satisfied
[INFO] [stdout]    --> tests/compliance.rs:184:44
[INFO] [stdout]     |
[INFO] [stdout] 184 | ...                   name: "a1".into(),
[INFO] [stdout]     |                                  ^^^^ the trait `From<&str>` is not implemented for `QualifiedName<'_>`
[INFO] [stdout]     |
[INFO] [stdout]     = note: required for `&str` to implement `Into<QualifiedName<'_>>`
[INFO] [stdout] 
[INFO] [stdout] 
[INFO] [stdout] error[E0560]: struct `Tag<'_>` has no field named `namespace`
[INFO] [stdout]    --> tests/compliance.rs:195:21
[INFO] [stdout]     |
[INFO] [stdout] 195 |                     namespace: None,
[INFO] [stdout]     |                     ^^^^^^^^^ `Tag<'_>` does not have this field
[INFO] [stdout]     |
[INFO] [stdout]     = note: all struct fields are already assigned
[INFO] [stdout] 
[INFO] [stdout] 
[INFO] [stdout] error[E0277]: the trait bound `QualifiedName<'_>: From<&str>` is not satisfied
[INFO] [stdout]    --> tests/compliance.rs:194:33
[INFO] [stdout]     |
[INFO] [stdout] 194 |                     name: "doc".into(),
[INFO] [stdout]     |                                 ^^^^ the trait `From<&str>` is not implemented for `QualifiedName<'_>`
[INFO] [stdout]     |
[INFO] [stdout]     = note: required for `&str` to implement `Into<QualifiedName<'_>>`
[INFO] [stdout] 
[INFO] [stdout] 
[INFO] [stdout] error[E0277]: the trait bound `QualifiedName<'_>: From<&str>` is not satisfied
[INFO] [stdout]    --> tests/compliance.rs:197:36
[INFO] [stdout]     |
[INFO] [stdout] 197 |                         name: "a1".into(),
[INFO] [stdout]     |                                    ^^^^ the trait `From<&str>` is not implemented for `QualifiedName<'_>`
[INFO] [stdout]     |
[INFO] [stdout]     = note: required for `&str` to implement `Into<QualifiedName<'_>>`
[INFO] [stdout] 
[INFO] [stdout] 
[INFO] [stdout] error[E0560]: struct `Tag<'_>` has no field named `namespace`
[INFO] [stdout]    --> tests/compliance.rs:205:21
[INFO] [stdout]     |
[INFO] [stdout] 205 |                     namespace: None,
[INFO] [stdout]     |                     ^^^^^^^^^ `Tag<'_>` does not have this field
[INFO] [stdout]     |
[INFO] [stdout]     = note: all struct fields are already assigned
[INFO] [stdout] 
[INFO] [stdout] 
[INFO] [stdout] error[E0277]: the trait bound `QualifiedName<'_>: From<&str>` is not satisfied
[INFO] [stdout]    --> tests/compliance.rs:204:33
[INFO] [stdout]     |
[INFO] [stdout] 204 |                     name: "doc".into(),
[INFO] [stdout]     |                                 ^^^^ the trait `From<&str>` is not implemented for `QualifiedName<'_>`
[INFO] [stdout]     |
[INFO] [stdout]     = note: required for `&str` to implement `Into<QualifiedName<'_>>`
[INFO] [stdout] 
[INFO] [stdout] 
[INFO] [stdout] error[E0277]: the trait bound `QualifiedName<'_>: From<&str>` is not satisfied
[INFO] [stdout]    --> tests/compliance.rs:225:33
[INFO] [stdout]     |
[INFO] [stdout] 225 |                     name: "doc".into(),
[INFO] [stdout]     |                                 ^^^^ the trait `From<&str>` is not implemented for `QualifiedName<'_>`
[INFO] [stdout]     |
[INFO] [stdout]     = note: required for `&str` to implement `Into<QualifiedName<'_>>`
[INFO] [stdout] 
[INFO] [stdout] 
[INFO] [stdout] error[E0277]: the trait bound `QualifiedName<'_>: From<&str>` is not satisfied
[INFO] [stdout]    --> tests/compliance.rs:229:41
[INFO] [stdout]     |
[INFO] [stdout] 229 | ...                   name: "doc".into(),
[INFO] [stdout]     |                                   ^^^^ the trait `From<&str>` is not implemented for `QualifiedName<'_>`
[INFO] [stdout]     |
[INFO] [stdout]     = note: required for `&str` to implement `Into<QualifiedName<'_>>`
[INFO] [stdout] 
[INFO] [stdout] 
[INFO] [stdout] error[E0277]: the trait bound `QualifiedName<'_>: From<&str>` is not satisfied
[INFO] [stdout]    --> tests/compliance.rs:240:41
[INFO] [stdout]     |
[INFO] [stdout] 240 | ...                   name: "doc".into(),
[INFO] [stdout]     |                                   ^^^^ the trait `From<&str>` is not implemented for `QualifiedName<'_>`
[INFO] [stdout]     |
[INFO] [stdout]     = note: required for `&str` to implement `Into<QualifiedName<'_>>`
[INFO] [stdout] 
[INFO] [stdout] 
[INFO] [stdout] error[E0277]: the trait bound `QualifiedName<'_>: From<&str>` is not satisfied
[INFO] [stdout]    --> tests/compliance.rs:242:44
[INFO] [stdout]     |
[INFO] [stdout] 242 | ...                   name: "a1".into(),
[INFO] [stdout]     |                                  ^^^^ the trait `From<&str>` is not implemented for `QualifiedName<'_>`
[INFO] [stdout]     |
[INFO] [stdout]     = note: required for `&str` to implement `Into<QualifiedName<'_>>`
[INFO] [stdout] 
[INFO] [stdout] 
[INFO] [stdout] error[E0560]: struct `Tag<'_>` has no field named `namespace`
[INFO] [stdout]    --> tests/compliance.rs:253:21
[INFO] [stdout]     |
[INFO] [stdout] 253 |                     namespace: None,
[INFO] [stdout]     |                     ^^^^^^^^^ `Tag<'_>` does not have this field
[INFO] [stdout]     |
[INFO] [stdout]     = note: all struct fields are already assigned
[INFO] [stdout] 
[INFO] [stdout] 
[INFO] [stdout] error[E0277]: the trait bound `QualifiedName<'_>: From<&str>` is not satisfied
[INFO] [stdout]    --> tests/compliance.rs:252:33
[INFO] [stdout]     |
[INFO] [stdout] 252 |                     name: "doc".into(),
[INFO] [stdout]     |                                 ^^^^ the trait `From<&str>` is not implemented for `QualifiedName<'_>`
[INFO] [stdout]     |
[INFO] [stdout]     = note: required for `&str` to implement `Into<QualifiedName<'_>>`
[INFO] [stdout] 
[INFO] [stdout] 
[INFO] [stdout] error[E0277]: the trait bound `QualifiedName<'_>: From<&str>` is not satisfied
[INFO] [stdout]    --> tests/compliance.rs:255:36
[INFO] [stdout]     |
[INFO] [stdout] 255 |                         name: "a1".into(),
[INFO] [stdout]     |                                    ^^^^ the trait `From<&str>` is not implemented for `QualifiedName<'_>`
[INFO] [stdout]     |
[INFO] [stdout]     = note: required for `&str` to implement `Into<QualifiedName<'_>>`
[INFO] [stdout] 
[INFO] [stdout] 
[INFO] [stdout] error[E0560]: struct `Tag<'_>` has no field named `namespace`
[INFO] [stdout]    --> tests/compliance.rs:263:21
[INFO] [stdout]     |
[INFO] [stdout] 263 |                     namespace: None,
[INFO] [stdout]     |                     ^^^^^^^^^ `Tag<'_>` does not have this field
[INFO] [stdout]     |
[INFO] [stdout]     = note: all struct fields are already assigned
[INFO] [stdout] 
[INFO] [stdout] 
[INFO] [stdout] error[E0277]: the trait bound `QualifiedName<'_>: From<&str>` is not satisfied
[INFO] [stdout]    --> tests/compliance.rs:262:33
[INFO] [stdout]     |
[INFO] [stdout] 262 |                     name: "doc".into(),
[INFO] [stdout]     |                                 ^^^^ the trait `From<&str>` is not implemented for `QualifiedName<'_>`
[INFO] [stdout]     |
[INFO] [stdout]     = note: required for `&str` to implement `Into<QualifiedName<'_>>`
[INFO] [stdout] 
[INFO] [stdout] 
[INFO] [stdout] error[E0277]: the trait bound `QualifiedName<'_>: From<&str>` is not satisfied
[INFO] [stdout]    --> tests/compliance.rs:283:33
[INFO] [stdout]     |
[INFO] [stdout] 283 |                     name: "doc".into(),
[INFO] [stdout]     |                                 ^^^^ the trait `From<&str>` is not implemented for `QualifiedName<'_>`
[INFO] [stdout]     |
[INFO] [stdout]     = note: required for `&str` to implement `Into<QualifiedName<'_>>`
[INFO] [stdout] 
[INFO] [stdout] 
[INFO] [stdout] error[E0277]: the trait bound `QualifiedName<'_>: From<&str>` is not satisfied
[INFO] [stdout]    --> tests/compliance.rs:287:41
[INFO] [stdout]     |
[INFO] [stdout] 287 | ...                   name: "doc".into(),
[INFO] [stdout]     |                                   ^^^^ the trait `From<&str>` is not implemented for `QualifiedName<'_>`
[INFO] [stdout]     |
[INFO] [stdout]     = note: required for `&str` to implement `Into<QualifiedName<'_>>`
[INFO] [stdout] 
[INFO] [stdout] 
[INFO] [stdout] error[E0277]: the trait bound `QualifiedName<'_>: From<&str>` is not satisfied
[INFO] [stdout]    --> tests/compliance.rs:298:41
[INFO] [stdout]     |
[INFO] [stdout] 298 | ...                   name: "doc".into(),
[INFO] [stdout]     |                                   ^^^^ the trait `From<&str>` is not implemented for `QualifiedName<'_>`
[INFO] [stdout]     |
[INFO] [stdout]     = note: required for `&str` to implement `Into<QualifiedName<'_>>`
[INFO] [stdout] 
[INFO] [stdout] 
[INFO] [stdout] error[E0277]: the trait bound `QualifiedName<'_>: From<&str>` is not satisfied
[INFO] [stdout]    --> tests/compliance.rs:300:44
[INFO] [stdout]     |
[INFO] [stdout] 300 | ...                   name: "a1".into(),
[INFO] [stdout]     |                                  ^^^^ the trait `From<&str>` is not implemented for `QualifiedName<'_>`
[INFO] [stdout]     |
[INFO] [stdout]     = note: required for `&str` to implement `Into<QualifiedName<'_>>`
[INFO] [stdout] 
[INFO] [stdout] 
[INFO] [stdout] error[E0560]: struct `Tag<'_>` has no field named `namespace`
[INFO] [stdout]    --> tests/compliance.rs:311:21
[INFO] [stdout]     |
[INFO] [stdout] 311 |                     namespace: None,
[INFO] [stdout]     |                     ^^^^^^^^^ `Tag<'_>` does not have this field
[INFO] [stdout]     |
[INFO] [stdout]     = note: all struct fields are already assigned
[INFO] [stdout] 
[INFO] [stdout] 
[INFO] [stdout] error[E0277]: the trait bound `QualifiedName<'_>: From<&str>` is not satisfied
[INFO] [stdout]    --> tests/compliance.rs:310:33
[INFO] [stdout]     |
[INFO] [stdout] 310 |                     name: "doc".into(),
[INFO] [stdout]     |                                 ^^^^ the trait `From<&str>` is not implemented for `QualifiedName<'_>`
[INFO] [stdout]     |
[INFO] [stdout]     = note: required for `&str` to implement `Into<QualifiedName<'_>>`
[INFO] [stdout] 
[INFO] [stdout] 
[INFO] [stdout] error[E0277]: the trait bound `QualifiedName<'_>: From<&str>` is not satisfied
[INFO] [stdout]    --> tests/compliance.rs:313:36
[INFO] [stdout]     |
[INFO] [stdout] 313 |                         name: "a1".into(),
[INFO] [stdout]     |                                    ^^^^ the trait `From<&str>` is not implemented for `QualifiedName<'_>`
[INFO] [stdout]     |
[INFO] [stdout]     = note: required for `&str` to implement `Into<QualifiedName<'_>>`
[INFO] [stdout] 
[INFO] [stdout] 
[INFO] [stdout] error[E0560]: struct `Tag<'_>` has no field named `namespace`
[INFO] [stdout]    --> tests/compliance.rs:321:21
[INFO] [stdout]     |
[INFO] [stdout] 321 |                     namespace: None,
[INFO] [stdout]     |                     ^^^^^^^^^ `Tag<'_>` does not have this field
[INFO] [stdout]     |
[INFO] [stdout]     = note: all struct fields are already assigned
[INFO] [stdout] 
[INFO] [stdout] 
[INFO] [stdout] error[E0277]: the trait bound `QualifiedName<'_>: From<&str>` is not satisfied
[INFO] [stdout]    --> tests/compliance.rs:320:33
[INFO] [stdout]     |
[INFO] [stdout] 320 |                     name: "doc".into(),
[INFO] [stdout]     |                                 ^^^^ the trait `From<&str>` is not implemented for `QualifiedName<'_>`
[INFO] [stdout]     |
[INFO] [stdout]     = note: required for `&str` to implement `Into<QualifiedName<'_>>`
[INFO] [stdout] 
[INFO] [stdout] 
[INFO] [stdout] error[E0277]: the trait bound `QualifiedName<'_>: From<&str>` is not satisfied
[INFO] [stdout]    --> tests/compliance.rs:341:33
[INFO] [stdout]     |
[INFO] [stdout] 341 |                     name: "doc".into(),
[INFO] [stdout]     |                                 ^^^^ the trait `From<&str>` is not implemented for `QualifiedName<'_>`
[INFO] [stdout]     |
[INFO] [stdout]     = note: required for `&str` to implement `Into<QualifiedName<'_>>`
[INFO] [stdout] 
[INFO] [stdout] 
[INFO] [stdout] error[E0277]: the trait bound `QualifiedName<'_>: From<&str>` is not satisfied
[INFO] [stdout]    --> tests/compliance.rs:344:37
[INFO] [stdout]     |
[INFO] [stdout] 344 |                         name: "doc".into(),
[INFO] [stdout]     |                                     ^^^^ the trait `From<&str>` is not implemented for `QualifiedName<'_>`
[INFO] [stdout]     |
[INFO] [stdout]     = note: required for `&str` to implement `Into<QualifiedName<'_>>`
[INFO] [stdout] 
[INFO] [stdout] 
[INFO] [stdout] error[E0560]: struct `Tag<'_>` has no field named `namespace`
[INFO] [stdout]    --> tests/compliance.rs:359:21
[INFO] [stdout]     |
[INFO] [stdout] 359 |                     namespace: None,
[INFO] [stdout]     |                     ^^^^^^^^^ `Tag<'_>` does not have this field
[INFO] [stdout]     |
[INFO] [stdout]     = note: all struct fields are already assigned
[INFO] [stdout] 
[INFO] [stdout] 
[INFO] [stdout] error[E0277]: the trait bound `QualifiedName<'_>: From<&str>` is not satisfied
[INFO] [stdout]    --> tests/compliance.rs:358:33
[INFO] [stdout]     |
[INFO] [stdout] 358 |                     name: "doc".into(),
[INFO] [stdout]     |                                 ^^^^ the trait `From<&str>` is not implemented for `QualifiedName<'_>`
[INFO] [stdout]     |
[INFO] [stdout]     = note: required for `&str` to implement `Into<QualifiedName<'_>>`
[INFO] [stdout] 
[INFO] [stdout] 
[INFO] [stdout] error[E0560]: struct `Tag<'_>` has no field named `namespace`
[INFO] [stdout]    --> tests/compliance.rs:366:21
[INFO] [stdout]     |
[INFO] [stdout] 366 |                     namespace: None,
[INFO] [stdout]     |                     ^^^^^^^^^ `Tag<'_>` does not have this field
[INFO] [stdout]     |
[INFO] [stdout]     = note: all struct fields are already assigned
[INFO] [stdout] 
[INFO] [stdout] 
[INFO] [stdout] error[E0277]: the trait bound `QualifiedName<'_>: From<&str>` is not satisfied
[INFO] [stdout]    --> tests/compliance.rs:365:33
[INFO] [stdout]     |
[INFO] [stdout] 365 |                     name: "doc".into(),
[INFO] [stdout]     |                                 ^^^^ the trait `From<&str>` is not implemented for `QualifiedName<'_>`
[INFO] [stdout]     |
[INFO] [stdout]     = note: required for `&str` to implement `Into<QualifiedName<'_>>`
[INFO] [stdout] 
[INFO] [stdout] 
[INFO] [stdout] error[E0277]: the trait bound `QualifiedName<'_>: From<&str>` is not satisfied
[INFO] [stdout]    --> tests/compliance.rs:386:33
[INFO] [stdout]     |
[INFO] [stdout] 386 |                     name: "doc".into(),
[INFO] [stdout]     |                                 ^^^^ the trait `From<&str>` is not implemented for `QualifiedName<'_>`
[INFO] [stdout]     |
[INFO] [stdout]     = note: required for `&str` to implement `Into<QualifiedName<'_>>`
[INFO] [stdout] 
[INFO] [stdout] 
[INFO] [stdout] error[E0277]: the trait bound `QualifiedName<'_>: From<&str>` is not satisfied
[INFO] [stdout]    --> tests/compliance.rs:389:37
[INFO] [stdout]     |
[INFO] [stdout] 389 |                         name: "doc".into(),
[INFO] [stdout]     |                                     ^^^^ the trait `From<&str>` is not implemented for `QualifiedName<'_>`
[INFO] [stdout]     |
[INFO] [stdout]     = note: required for `&str` to implement `Into<QualifiedName<'_>>`
[INFO] [stdout] 
[INFO] [stdout] 
[INFO] [stdout] error[E0560]: struct `Tag<'_>` has no field named `namespace`
[INFO] [stdout]    --> tests/compliance.rs:404:21
[INFO] [stdout]     |
[INFO] [stdout] 404 |                     namespace: None,
[INFO] [stdout]     |                     ^^^^^^^^^ `Tag<'_>` does not have this field
[INFO] [stdout]     |
[INFO] [stdout]     = note: all struct fields are already assigned
[INFO] [stdout] 
[INFO] [stdout] 
[INFO] [stdout] error[E0277]: the trait bound `QualifiedName<'_>: From<&str>` is not satisfied
[INFO] [stdout]    --> tests/compliance.rs:403:33
[INFO] [stdout]     |
[INFO] [stdout] 403 |                     name: "doc".into(),
[INFO] [stdout]     |                                 ^^^^ the trait `From<&str>` is not implemented for `QualifiedName<'_>`
[INFO] [stdout]     |
[INFO] [stdout]     = note: required for `&str` to implement `Into<QualifiedName<'_>>`
[INFO] [stdout] 
[INFO] [stdout] 
[INFO] [stdout] error[E0560]: struct `Tag<'_>` has no field named `namespace`
[INFO] [stdout]    --> tests/compliance.rs:411:21
[INFO] [stdout]     |
[INFO] [stdout] 411 |                     namespace: None,
[INFO] [stdout]     |                     ^^^^^^^^^ `Tag<'_>` does not have this field
[INFO] [stdout]     |
[INFO] [stdout]     = note: all struct fields are already assigned
[INFO] [stdout] 
[INFO] [stdout] 
[INFO] [stdout] error[E0277]: the trait bound `QualifiedName<'_>: From<&str>` is not satisfied
[INFO] [stdout]    --> tests/compliance.rs:410:33
[INFO] [stdout]     |
[INFO] [stdout] 410 |                     name: "doc".into(),
[INFO] [stdout]     |                                 ^^^^ the trait `From<&str>` is not implemented for `QualifiedName<'_>`
[INFO] [stdout]     |
[INFO] [stdout]     = note: required for `&str` to implement `Into<QualifiedName<'_>>`
[INFO] [stdout] 
[INFO] [stdout] 
[INFO] [stdout] error[E0277]: the trait bound `QualifiedName<'_>: From<&str>` is not satisfied
[INFO] [stdout]    --> tests/compliance.rs:431:33
[INFO] [stdout]     |
[INFO] [stdout] 431 |                     name: "doc".into(),
[INFO] [stdout]     |                                 ^^^^ the trait `From<&str>` is not implemented for `QualifiedName<'_>`
[INFO] [stdout]     |
[INFO] [stdout]     = note: required for `&str` to implement `Into<QualifiedName<'_>>`
[INFO] [stdout] 
[INFO] [stdout] 
[INFO] [stdout] error[E0277]: the trait bound `QualifiedName<'_>: From<&str>` is not satisfied
[INFO] [stdout]    --> tests/compliance.rs:434:37
[INFO] [stdout]     |
[INFO] [stdout] 434 |                         name: "doc".into(),
[INFO] [stdout]     |                                     ^^^^ the trait `From<&str>` is not implemented for `QualifiedName<'_>`
[INFO] [stdout]     |
[INFO] [stdout]     = note: required for `&str` to implement `Into<QualifiedName<'_>>`
[INFO] [stdout] 
[INFO] [stdout] 
[INFO] [stdout] error[E0560]: struct `Tag<'_>` has no field named `namespace`
[INFO] [stdout]    --> tests/compliance.rs:449:21
[INFO] [stdout]     |
[INFO] [stdout] 449 |                     namespace: None,
[INFO] [stdout]     |                     ^^^^^^^^^ `Tag<'_>` does not have this field
[INFO] [stdout]     |
[INFO] [stdout]     = note: all struct fields are already assigned
[INFO] [stdout] 
[INFO] [stdout] 
[INFO] [stdout] error[E0277]: the trait bound `QualifiedName<'_>: From<&str>` is not satisfied
[INFO] [stdout]    --> tests/compliance.rs:448:33
[INFO] [stdout]     |
[INFO] [stdout] 448 |                     name: "doc".into(),
[INFO] [stdout]     |                                 ^^^^ the trait `From<&str>` is not implemented for `QualifiedName<'_>`
[INFO] [stdout]     |
[INFO] [stdout]     = note: required for `&str` to implement `Into<QualifiedName<'_>>`
[INFO] [stdout] 
[INFO] [stdout] 
[INFO] [stdout] error[E0560]: struct `Tag<'_>` has no field named `namespace`
[INFO] [stdout]    --> tests/compliance.rs:456:21
[INFO] [stdout]     |
[INFO] [stdout] 456 |                     namespace: None,
[INFO] [stdout]     |                     ^^^^^^^^^ `Tag<'_>` does not have this field
[INFO] [stdout]     |
[INFO] [stdout]     = note: all struct fields are already assigned
[INFO] [stdout] 
[INFO] [stdout] 
[INFO] [stdout] error[E0277]: the trait bound `QualifiedName<'_>: From<&str>` is not satisfied
[INFO] [stdout]    --> tests/compliance.rs:455:33
[INFO] [stdout]     |
[INFO] [stdout] 455 |                     name: "doc".into(),
[INFO] [stdout]     |                                 ^^^^ the trait `From<&str>` is not implemented for `QualifiedName<'_>`
[INFO] [stdout]     |
[INFO] [stdout]     = note: required for `&str` to implement `Into<QualifiedName<'_>>`
[INFO] [stdout] 
[INFO] [stdout] 
[INFO] [stdout] error[E0277]: the trait bound `QualifiedName<'_>: From<&str>` is not satisfied
[INFO] [stdout]    --> tests/compliance.rs:476:33
[INFO] [stdout]     |
[INFO] [stdout] 476 |                     name: "doc".into(),
[INFO] [stdout]     |                                 ^^^^ the trait `From<&str>` is not implemented for `QualifiedName<'_>`
[INFO] [stdout]     |
[INFO] [stdout]     = note: required for `&str` to implement `Into<QualifiedName<'_>>`
[INFO] [stdout] 
[INFO] [stdout] 
[INFO] [stdout] error[E0277]: the trait bound `QualifiedName<'_>: From<&str>` is not satisfied
[INFO] [stdout]    --> tests/compliance.rs:480:41
[INFO] [stdout]     |
[INFO] [stdout] 480 | ...                   name: "doc".into(),
[INFO] [stdout]     |                                   ^^^^ the trait `From<&str>` is not implemented for `QualifiedName<'_>`
[INFO] [stdout]     |
[INFO] [stdout]     = note: required for `&str` to implement `Into<QualifiedName<'_>>`
[INFO] [stdout] 
[INFO] [stdout] 
[INFO] [stdout] error[E0277]: the trait bound `QualifiedName<'_>: From<&str>` is not satisfied
[INFO] [stdout]    --> tests/compliance.rs:491:41
[INFO] [stdout]     |
[INFO] [stdout] 491 | ...                   name: "doc".into(),
[INFO] [stdout]     |                                   ^^^^ the trait `From<&str>` is not implemented for `QualifiedName<'_>`
[INFO] [stdout]     |
[INFO] [stdout]     = note: required for `&str` to implement `Into<QualifiedName<'_>>`
[INFO] [stdout] 
[INFO] [stdout] 
[INFO] [stdout] error[E0277]: the trait bound `QualifiedName<'_>: From<&str>` is not satisfied
[INFO] [stdout]    --> tests/compliance.rs:493:44
[INFO] [stdout]     |
[INFO] [stdout] 493 | ...                   name: "a1".into(),
[INFO] [stdout]     |                                  ^^^^ the trait `From<&str>` is not implemented for `QualifiedName<'_>`
[INFO] [stdout]     |
[INFO] [stdout]     = note: required for `&str` to implement `Into<QualifiedName<'_>>`
[INFO] [stdout] 
[INFO] [stdout] 
[INFO] [stdout] error[E0560]: struct `Tag<'_>` has no field named `namespace`
[INFO] [stdout]    --> tests/compliance.rs:504:21
[INFO] [stdout]     |
[INFO] [stdout] 504 |                     namespace: None,
[INFO] [stdout]     |                     ^^^^^^^^^ `Tag<'_>` does not have this field
[INFO] [stdout]     |
[INFO] [stdout]     = note: all struct fields are already assigned
[INFO] [stdout] 
[INFO] [stdout] 
[INFO] [stdout] error[E0277]: the trait bound `QualifiedName<'_>: From<&str>` is not satisfied
[INFO] [stdout]    --> tests/compliance.rs:503:33
[INFO] [stdout]     |
[INFO] [stdout] 503 |                     name: "doc".into(),
[INFO] [stdout]     |                                 ^^^^ the trait `From<&str>` is not implemented for `QualifiedName<'_>`
[INFO] [stdout]     |
[INFO] [stdout]     = note: required for `&str` to implement `Into<QualifiedName<'_>>`
[INFO] [stdout] 
[INFO] [stdout] 
[INFO] [stdout] error[E0277]: the trait bound `QualifiedName<'_>: From<&str>` is not satisfied
[INFO] [stdout]    --> tests/compliance.rs:506:36
[INFO] [stdout]     |
[INFO] [stdout] 506 |                         name: "a1".into(),
[INFO] [stdout]     |                                    ^^^^ the trait `From<&str>` is not implemented for `QualifiedName<'_>`
[INFO] [stdout]     |
[INFO] [stdout]     = note: required for `&str` to implement `Into<QualifiedName<'_>>`
[INFO] [stdout] 
[INFO] [stdout] 
[INFO] [stdout] error[E0560]: struct `Tag<'_>` has no field named `namespace`
[INFO] [stdout]    --> tests/compliance.rs:514:21
[INFO] [stdout]     |
[INFO] [stdout] 514 |                     namespace: None,
[INFO] [stdout]     |                     ^^^^^^^^^ `Tag<'_>` does not have this field
[INFO] [stdout]     |
[INFO] [stdout]     = note: all struct fields are already assigned
[INFO] [stdout] 
[INFO] [stdout] 
[INFO] [stdout] error[E0277]: the trait bound `QualifiedName<'_>: From<&str>` is not satisfied
[INFO] [stdout]    --> tests/compliance.rs:513:33
[INFO] [stdout]     |
[INFO] [stdout] 513 |                     name: "doc".into(),
[INFO] [stdout]     |                                 ^^^^ the trait `From<&str>` is not implemented for `QualifiedName<'_>`
[INFO] [stdout]     |
[INFO] [stdout]     = note: required for `&str` to implement `Into<QualifiedName<'_>>`
[INFO] [stdout] 
[INFO] [stdout] 
[INFO] [stdout] error[E0277]: the trait bound `QualifiedName<'_>: From<&str>` is not satisfied
[INFO] [stdout]    --> tests/compliance.rs:534:33
[INFO] [stdout]     |
[INFO] [stdout] 534 |                     name: "doc".into(),
[INFO] [stdout]     |                                 ^^^^ the trait `From<&str>` is not implemented for `QualifiedName<'_>`
[INFO] [stdout]     |
[INFO] [stdout]     = note: required for `&str` to implement `Into<QualifiedName<'_>>`
[INFO] [stdout] 
[INFO] [stdout] 
[INFO] [stdout] error[E0277]: the trait bound `QualifiedName<'_>: From<&str>` is not satisfied
[INFO] [stdout]    --> tests/compliance.rs:538:41
[INFO] [stdout]     |
[INFO] [stdout] 538 | ...                   name: "doc".into(),
[INFO] [stdout]     |                                   ^^^^ the trait `From<&str>` is not implemented for `QualifiedName<'_>`
[INFO] [stdout]     |
[INFO] [stdout]     = note: required for `&str` to implement `Into<QualifiedName<'_>>`
[INFO] [stdout] 
[INFO] [stdout] 
[INFO] [stdout] error[E0277]: the trait bound `QualifiedName<'_>: From<&str>` is not satisfied
[INFO] [stdout]    --> tests/compliance.rs:549:41
[INFO] [stdout]     |
[INFO] [stdout] 549 | ...                   name: "doc".into(),
[INFO] [stdout]     |                                   ^^^^ the trait `From<&str>` is not implemented for `QualifiedName<'_>`
[INFO] [stdout]     |
[INFO] [stdout]     = note: required for `&str` to implement `Into<QualifiedName<'_>>`
[INFO] [stdout] 
[INFO] [stdout] 
[INFO] [stdout] error[E0277]: the trait bound `QualifiedName<'_>: From<&str>` is not satisfied
[INFO] [stdout]    --> tests/compliance.rs:552:48
[INFO] [stdout]     |
[INFO] [stdout] 552 | ...                   name: "a1".into(),
[INFO] [stdout]     |                                  ^^^^ the trait `From<&str>` is not implemented for `QualifiedName<'_>`
[INFO] [stdout]     |
[INFO] [stdout]     = note: required for `&str` to implement `Into<QualifiedName<'_>>`
[INFO] [stdout] 
[INFO] [stdout] 
[INFO] [stdout] error[E0277]: the trait bound `QualifiedName<'_>: From<&str>` is not satisfied
[INFO] [stdout]    --> tests/compliance.rs:557:48
[INFO] [stdout]     |
[INFO] [stdout] 557 | ...                   name: "a2".into(),
[INFO] [stdout]     |                                  ^^^^ the trait `From<&str>` is not implemented for `QualifiedName<'_>`
[INFO] [stdout]     |
[INFO] [stdout]     = note: required for `&str` to implement `Into<QualifiedName<'_>>`
[INFO] [stdout] 
[INFO] [stdout] 
[INFO] [stdout] error[E0560]: struct `Tag<'_>` has no field named `namespace`
[INFO] [stdout]    --> tests/compliance.rs:569:21
[INFO] [stdout]     |
[INFO] [stdout] 569 |                     namespace: None,
[INFO] [stdout]     |                     ^^^^^^^^^ `Tag<'_>` does not have this field
[INFO] [stdout]     |
[INFO] [stdout]     = note: all struct fields are already assigned
[INFO] [stdout] 
[INFO] [stdout] 
[INFO] [stdout] error[E0277]: the trait bound `QualifiedName<'_>: From<&str>` is not satisfied
[INFO] [stdout]    --> tests/compliance.rs:568:33
[INFO] [stdout]     |
[INFO] [stdout] 568 |                     name: "doc".into(),
[INFO] [stdout]     |                                 ^^^^ the trait `From<&str>` is not implemented for `QualifiedName<'_>`
[INFO] [stdout]     |
[INFO] [stdout]     = note: required for `&str` to implement `Into<QualifiedName<'_>>`
[INFO] [stdout] 
[INFO] [stdout] 
[INFO] [stdout] error[E0277]: the trait bound `QualifiedName<'_>: From<&str>` is not satisfied
[INFO] [stdout]    --> tests/compliance.rs:572:40
[INFO] [stdout]     |
[INFO] [stdout] 572 | ...                   name: "a1".into(),
[INFO] [stdout]     |                                  ^^^^ the trait `From<&str>` is not implemented for `QualifiedName<'_>`
[INFO] [stdout]     |
[INFO] [stdout]     = note: required for `&str` to implement `Into<QualifiedName<'_>>`
[INFO] [stdout] 
[INFO] [stdout] 
[INFO] [stdout] error[E0277]: the trait bound `QualifiedName<'_>: From<&str>` is not satisfied
[INFO] [stdout]    --> tests/compliance.rs:576:40
[INFO] [stdout]     |
[INFO] [stdout] 576 | ...                   name: "a2".into(),
[INFO] [stdout]     |                                  ^^^^ the trait `From<&str>` is not implemented for `QualifiedName<'_>`
[INFO] [stdout]     |
[INFO] [stdout]     = note: required for `&str` to implement `Into<QualifiedName<'_>>`
[INFO] [stdout] 
[INFO] [stdout] 
[INFO] [stdout] error[E0560]: struct `Tag<'_>` has no field named `namespace`
[INFO] [stdout]    --> tests/compliance.rs:585:21
[INFO] [stdout]     |
[INFO] [stdout] 585 |                     namespace: None,
[INFO] [stdout]     |                     ^^^^^^^^^ `Tag<'_>` does not have this field
[INFO] [stdout]     |
[INFO] [stdout]     = note: all struct fields are already assigned
[INFO] [stdout] 
[INFO] [stdout] 
[INFO] [stdout] error[E0277]: the trait bound `QualifiedName<'_>: From<&str>` is not satisfied
[INFO] [stdout]    --> tests/compliance.rs:584:33
[INFO] [stdout]     |
[INFO] [stdout] 584 |                     name: "doc".into(),
[INFO] [stdout]     |                                 ^^^^ the trait `From<&str>` is not implemented for `QualifiedName<'_>`
[INFO] [stdout]     |
[INFO] [stdout]     = note: required for `&str` to implement `Into<QualifiedName<'_>>`
[INFO] [stdout] 
[INFO] [stdout] 
[INFO] [stdout] error[E0277]: the trait bound `QualifiedName<'_>: From<&str>` is not satisfied
[INFO] [stdout]    --> tests/compliance.rs:605:33
[INFO] [stdout]     |
[INFO] [stdout] 605 |                     name: "doc".into(),
[INFO] [stdout]     |                                 ^^^^ the trait `From<&str>` is not implemented for `QualifiedName<'_>`
[INFO] [stdout]     |
[INFO] [stdout]     = note: required for `&str` to implement `Into<QualifiedName<'_>>`
[INFO] [stdout] 
[INFO] [stdout] 
[INFO] [stdout] error[E0277]: the trait bound `QualifiedName<'_>: From<&str>` is not satisfied
[INFO] [stdout]    --> tests/compliance.rs:609:41
[INFO] [stdout]     |
[INFO] [stdout] 609 | ...                   name: "doc".into(),
[INFO] [stdout]     |                                   ^^^^ the trait `From<&str>` is not implemented for `QualifiedName<'_>`
[INFO] [stdout]     |
[INFO] [stdout]     = note: required for `&str` to implement `Into<QualifiedName<'_>>`
[INFO] [stdout] 
[INFO] [stdout] 
[INFO] [stdout] error[E0277]: the trait bound `QualifiedName<'_>: From<&str>` is not satisfied
[INFO] [stdout]    --> tests/compliance.rs:620:41
[INFO] [stdout]     |
[INFO] [stdout] 620 | ...                   name: "doc".into(),
[INFO] [stdout]     |                                   ^^^^ the trait `From<&str>` is not implemented for `QualifiedName<'_>`
[INFO] [stdout]     |
[INFO] [stdout]     = note: required for `&str` to implement `Into<QualifiedName<'_>>`
[INFO] [stdout] 
[INFO] [stdout] 
[INFO] [stdout] error[E0277]: the trait bound `QualifiedName<'_>: From<&str>` is not satisfied
[INFO] [stdout]    --> tests/compliance.rs:622:43
[INFO] [stdout]     |
[INFO] [stdout] 622 | ...                   name: ":".into(),
[INFO] [stdout]     |                                 ^^^^ the trait `From<&str>` is not implemented for `QualifiedName<'_>`
[INFO] [stdout]     |
[INFO] [stdout]     = note: required for `&str` to implement `Into<QualifiedName<'_>>`
[INFO] [stdout] 
[INFO] [stdout] 
[INFO] [stdout] error[E0560]: struct `Tag<'_>` has no field named `namespace`
[INFO] [stdout]    --> tests/compliance.rs:633:21
[INFO] [stdout]     |
[INFO] [stdout] 633 |                     namespace: None,
[INFO] [stdout]     |                     ^^^^^^^^^ `Tag<'_>` does not have this field
[INFO] [stdout]     |
[INFO] [stdout]     = note: all struct fields are already assigned
[INFO] [stdout] 
[INFO] [stdout] 
[INFO] [stdout] error[E0277]: the trait bound `QualifiedName<'_>: From<&str>` is not satisfied
[INFO] [stdout]    --> tests/compliance.rs:632:33
[INFO] [stdout]     |
[INFO] [stdout] 632 |                     name: "doc".into(),
[INFO] [stdout]     |                                 ^^^^ the trait `From<&str>` is not implemented for `QualifiedName<'_>`
[INFO] [stdout]     |
[INFO] [stdout]     = note: required for `&str` to implement `Into<QualifiedName<'_>>`
[INFO] [stdout] 
[INFO] [stdout] 
[INFO] [stdout] error[E0277]: the trait bound `QualifiedName<'_>: From<&str>` is not satisfied
[INFO] [stdout]    --> tests/compliance.rs:635:35
[INFO] [stdout]     |
[INFO] [stdout] 635 |                         name: ":".into(),
[INFO] [stdout]     |                                   ^^^^ the trait `From<&str>` is not implemented for `QualifiedName<'_>`
[INFO] [stdout]     |
[INFO] [stdout]     = note: required for `&str` to implement `Into<QualifiedName<'_>>`
[INFO] [stdout] 
[INFO] [stdout] 
[INFO] [stdout] error[E0560]: struct `Tag<'_>` has no field named `namespace`
[INFO] [stdout]    --> tests/compliance.rs:643:21
[INFO] [stdout]     |
[INFO] [stdout] 643 |                     namespace: None,
[INFO] [stdout]     |                     ^^^^^^^^^ `Tag<'_>` does not have this field
[INFO] [stdout]     |
[INFO] [stdout]     = note: all struct fields are already assigned
[INFO] [stdout] 
[INFO] [stdout] 
[INFO] [stdout] error[E0277]: the trait bound `QualifiedName<'_>: From<&str>` is not satisfied
[INFO] [stdout]    --> tests/compliance.rs:642:33
[INFO] [stdout]     |
[INFO] [stdout] 642 |                     name: "doc".into(),
[INFO] [stdout]     |                                 ^^^^ the trait `From<&str>` is not implemented for `QualifiedName<'_>`
[INFO] [stdout]     |
[INFO] [stdout]     = note: required for `&str` to implement `Into<QualifiedName<'_>>`
[INFO] [stdout] 
[INFO] [stdout] 
[INFO] [stdout] error[E0277]: the trait bound `QualifiedName<'_>: From<&str>` is not satisfied
[INFO] [stdout]    --> tests/compliance.rs:663:33
[INFO] [stdout]     |
[INFO] [stdout] 663 |                     name: "doc".into(),
[INFO] [stdout]     |                                 ^^^^ the trait `From<&str>` is not implemented for `QualifiedName<'_>`
[INFO] [stdout]     |
[INFO] [stdout]     = note: required for `&str` to implement `Into<QualifiedName<'_>>`
[INFO] [stdout] 
[INFO] [stdout] 
[INFO] [stdout] error[E0277]: the trait bound `QualifiedName<'_>: From<&str>` is not satisfied
[INFO] [stdout]    --> tests/compliance.rs:667:41
[INFO] [stdout]     |
[INFO] [stdout] 667 | ...                   name: "doc".into(),
[INFO] [stdout]     |                                   ^^^^ the trait `From<&str>` is not implemented for `QualifiedName<'_>`
[INFO] [stdout]     |
[INFO] [stdout]     = note: required for `&str` to implement `Into<QualifiedName<'_>>`
[INFO] [stdout] 
[INFO] [stdout] 
[INFO] [stdout] error[E0277]: the trait bound `QualifiedName<'_>: From<&str>` is not satisfied
[INFO] [stdout]    --> tests/compliance.rs:678:41
[INFO] [stdout]     |
[INFO] [stdout] 678 | ...                   name: "doc".into(),
[INFO] [stdout]     |                                   ^^^^ the trait `From<&str>` is not implemented for `QualifiedName<'_>`
[INFO] [stdout]     |
[INFO] [stdout]     = note: required for `&str` to implement `Into<QualifiedName<'_>>`
[INFO] [stdout] 
[INFO] [stdout] 
[INFO] [stdout] error[E0277]: the trait bound `QualifiedName<'_>: From<&str>` is not satisfied
[INFO] [stdout]    --> tests/compliance.rs:680:55
[INFO] [stdout]     |
[INFO] [stdout] 680 | ...                   name: "_.-0123456789".into(),
[INFO] [stdout]     |                                             ^^^^ the trait `From<&str>` is not implemented for `QualifiedName<'_>`
[INFO] [stdout]     |
[INFO] [stdout]     = note: required for `&str` to implement `Into<QualifiedName<'_>>`
[INFO] [stdout] 
[INFO] [stdout] 
[INFO] [stdout] error[E0560]: struct `Tag<'_>` has no field named `namespace`
[INFO] [stdout]    --> tests/compliance.rs:691:21
[INFO] [stdout]     |
[INFO] [stdout] 691 |                     namespace: None,
[INFO] [stdout]     |                     ^^^^^^^^^ `Tag<'_>` does not have this field
[INFO] [stdout]     |
[INFO] [stdout]     = note: all struct fields are already assigned
[INFO] [stdout] 
[INFO] [stdout] 
[INFO] [stdout] error[E0277]: the trait bound `QualifiedName<'_>: From<&str>` is not satisfied
[INFO] [stdout]    --> tests/compliance.rs:690:33
[INFO] [stdout]     |
[INFO] [stdout] 690 |                     name: "doc".into(),
[INFO] [stdout]     |                                 ^^^^ the trait `From<&str>` is not implemented for `QualifiedName<'_>`
[INFO] [stdout]     |
[INFO] [stdout]     = note: required for `&str` to implement `Into<QualifiedName<'_>>`
[INFO] [stdout] 
[INFO] [stdout] 
[INFO] [stdout] error[E0277]: the trait bound `QualifiedName<'_>: From<&str>` is not satisfied
[INFO] [stdout]    --> tests/compliance.rs:693:47
[INFO] [stdout]     |
[INFO] [stdout] 693 |                         name: "_.-0123456789".into(),
[INFO] [stdout]     |                                               ^^^^ the trait `From<&str>` is not implemented for `QualifiedName<'_>`
[INFO] [stdout]     |
[INFO] [stdout]     = note: required for `&str` to implement `Into<QualifiedName<'_>>`
[INFO] [stdout] 
[INFO] [stdout] 
[INFO] [stdout] error[E0560]: struct `Tag<'_>` has no field named `namespace`
[INFO] [stdout]    --> tests/compliance.rs:701:21
[INFO] [stdout]     |
[INFO] [stdout] 701 |                     namespace: None,
[INFO] [stdout]     |                     ^^^^^^^^^ `Tag<'_>` does not have this field
[INFO] [stdout]     |
[INFO] [stdout]     = note: all struct fields are already assigned
[INFO] [stdout] 
[INFO] [stdout] 
[INFO] [stdout] error[E0277]: the trait bound `QualifiedName<'_>: From<&str>` is not satisfied
[INFO] [stdout]    --> tests/compliance.rs:700:33
[INFO] [stdout]     |
[INFO] [stdout] 700 |                     name: "doc".into(),
[INFO] [stdout]     |                                 ^^^^ the trait `From<&str>` is not implemented for `QualifiedName<'_>`
[INFO] [stdout]     |
[INFO] [stdout]     = note: required for `&str` to implement `Into<QualifiedName<'_>>`
[INFO] [stdout] 
[INFO] [stdout] 
[INFO] [stdout] error[E0277]: the trait bound `QualifiedName<'_>: From<&str>` is not satisfied
[INFO] [stdout]    --> tests/compliance.rs:721:33
[INFO] [stdout]     |
[INFO] [stdout] 721 |                     name: "doc".into(),
[INFO] [stdout]     |                                 ^^^^ the trait `From<&str>` is not implemented for `QualifiedName<'_>`
[INFO] [stdout]     |
[INFO] [stdout]     = note: required for `&str` to implement `Into<QualifiedName<'_>>`
[INFO] [stdout] 
[INFO] [stdout] 
[INFO] [stdout] error[E0277]: the trait bound `QualifiedName<'_>: From<&str>` is not satisfied
[INFO] [stdout]    --> tests/compliance.rs:725:41
[INFO] [stdout]     |
[INFO] [stdout] 725 | ...                   name: "doc".into(),
[INFO] [stdout]     |                                   ^^^^ the trait `From<&str>` is not implemented for `QualifiedName<'_>`
[INFO] [stdout]     |
[INFO] [stdout]     = note: required for `&str` to implement `Into<QualifiedName<'_>>`
[INFO] [stdout] 
[INFO] [stdout] 
[INFO] [stdout] error[E0277]: the trait bound `QualifiedName<'_>: From<&str>` is not satisfied
[INFO] [stdout]    --> tests/compliance.rs:736:41
[INFO] [stdout]     |
[INFO] [stdout] 736 | ...                   name: "doc".into(),
[INFO] [stdout]     |                                   ^^^^ the trait `From<&str>` is not implemented for `QualifiedName<'_>`
[INFO] [stdout]     |
[INFO] [stdout]     = note: required for `&str` to implement `Into<QualifiedName<'_>>`
[INFO] [stdout] 
[INFO] [stdout] 
[INFO] [stdout] error[E0277]: the trait bound `QualifiedName<'_>: From<&str>` is not satisfied
[INFO] [stdout]    --> tests/compliance.rs:738:68
[INFO] [stdout]     |
[INFO] [stdout] 738 | ...                   name: "abcdefghijklmnopqrstuvwxyz".into(),
[INFO] [stdout]     |                                                          ^^^^ the trait `From<&str>` is not implemented for `QualifiedName<'_>`
[INFO] [stdout]     |
[INFO] [stdout]     = note: required for `&str` to implement `Into<QualifiedName<'_>>`
[INFO] [stdout] 
[INFO] [stdout] 
[INFO] [stdout] error[E0560]: struct `Tag<'_>` has no field named `namespace`
[INFO] [stdout]    --> tests/compliance.rs:749:21
[INFO] [stdout]     |
[INFO] [stdout] 749 |                     namespace: None,
[INFO] [stdout]     |                     ^^^^^^^^^ `Tag<'_>` does not have this field
[INFO] [stdout]     |
[INFO] [stdout]     = note: all struct fields are already assigned
[INFO] [stdout] 
[INFO] [stdout] 
[INFO] [stdout] error[E0277]: the trait bound `QualifiedName<'_>: From<&str>` is not satisfied
[INFO] [stdout]    --> tests/compliance.rs:748:33
[INFO] [stdout]     |
[INFO] [stdout] 748 |                     name: "doc".into(),
[INFO] [stdout]     |                                 ^^^^ the trait `From<&str>` is not implemented for `QualifiedName<'_>`
[INFO] [stdout]     |
[INFO] [stdout]     = note: required for `&str` to implement `Into<QualifiedName<'_>>`
[INFO] [stdout] 
[INFO] [stdout] 
[INFO] [stdout] error[E0277]: the trait bound `QualifiedName<'_>: From<&str>` is not satisfied
[INFO] [stdout]    --> tests/compliance.rs:751:60
[INFO] [stdout]     |
[INFO] [stdout] 751 |                         name: "abcdefghijklmnopqrstuvwxyz".into(),
[INFO] [stdout]     |                                                            ^^^^ the trait `From<&str>` is not implemented for `QualifiedName<'_>`
[INFO] [stdout]     |
[INFO] [stdout]     = note: required for `&str` to implement `Into<QualifiedName<'_>>`
[INFO] [stdout] 
[INFO] [stdout] 
[INFO] [stdout] error[E0560]: struct `Tag<'_>` has no field named `namespace`
[INFO] [stdout]    --> tests/compliance.rs:759:21
[INFO] [stdout]     |
[INFO] [stdout] 759 |                     namespace: None,
[INFO] [stdout]     |                     ^^^^^^^^^ `Tag<'_>` does not have this field
[INFO] [stdout]     |
[INFO] [stdout]     = note: all struct fields are already assigned
[INFO] [stdout] 
[INFO] [stdout] 
[INFO] [stdout] error[E0277]: the trait bound `QualifiedName<'_>: From<&str>` is not satisfied
[INFO] [stdout]    --> tests/compliance.rs:758:33
[INFO] [stdout]     |
[INFO] [stdout] 758 |                     name: "doc".into(),
[INFO] [stdout]     |                                 ^^^^ the trait `From<&str>` is not implemented for `QualifiedName<'_>`
[INFO] [stdout]     |
[INFO] [stdout]     = note: required for `&str` to implement `Into<QualifiedName<'_>>`
[INFO] [stdout] 
[INFO] [stdout] 
[INFO] [stdout] error[E0277]: the trait bound `QualifiedName<'_>: From<&str>` is not satisfied
[INFO] [stdout]    --> tests/compliance.rs:779:33
[INFO] [stdout]     |
[INFO] [stdout] 779 |                     name: "doc".into(),
[INFO] [stdout]     |                                 ^^^^ the trait `From<&str>` is not implemented for `QualifiedName<'_>`
[INFO] [stdout]     |
[INFO] [stdout]     = note: required for `&str` to implement `Into<QualifiedName<'_>>`
[INFO] [stdout] 
[INFO] [stdout] 
[INFO] [stdout] error[E0277]: the trait bound `QualifiedName<'_>: From<&str>` is not satisfied
[INFO] [stdout]    --> tests/compliance.rs:783:41
[INFO] [stdout]     |
[INFO] [stdout] 783 | ...                   name: "doc".into(),
[INFO] [stdout]     |                                   ^^^^ the trait `From<&str>` is not implemented for `QualifiedName<'_>`
[INFO] [stdout]     |
[INFO] [stdout]     = note: required for `&str` to implement `Into<QualifiedName<'_>>`
[INFO] [stdout] 
[INFO] [stdout] 
[INFO] [stdout] error[E0277]: the trait bound `QualifiedName<'_>: From<&str>` is not satisfied
[INFO] [stdout]    --> tests/compliance.rs:794:41
[INFO] [stdout]     |
[INFO] [stdout] 794 | ...                   name: "doc".into(),
[INFO] [stdout]     |                                   ^^^^ the trait `From<&str>` is not implemented for `QualifiedName<'_>`
[INFO] [stdout]     |
[INFO] [stdout]     = note: required for `&str` to implement `Into<QualifiedName<'_>>`
[INFO] [stdout] 
[INFO] [stdout] 
[INFO] [stdout] error[E0277]: the trait bound `QualifiedName<'_>: From<&str>` is not satisfied
[INFO] [stdout]    --> tests/compliance.rs:796:68
[INFO] [stdout]     |
[INFO] [stdout] 796 | ...                   name: "ABCDEFGHIJKLMNOPQRSTUVWXYZ".into(),
[INFO] [stdout]     |                                                          ^^^^ the trait `From<&str>` is not implemented for `QualifiedName<'_>`
[INFO] [stdout]     |
[INFO] [stdout]     = note: required for `&str` to implement `Into<QualifiedName<'_>>`
[INFO] [stdout] 
[INFO] [stdout] 
[INFO] [stdout] error[E0560]: struct `Tag<'_>` has no field named `namespace`
[INFO] [stdout]    --> tests/compliance.rs:807:21
[INFO] [stdout]     |
[INFO] [stdout] 807 |                     namespace: None,
[INFO] [stdout]     |                     ^^^^^^^^^ `Tag<'_>` does not have this field
[INFO] [stdout]     |
[INFO] [stdout]     = note: all struct fields are already assigned
[INFO] [stdout] 
[INFO] [stdout] 
[INFO] [stdout] error[E0277]: the trait bound `QualifiedName<'_>: From<&str>` is not satisfied
[INFO] [stdout]    --> tests/compliance.rs:806:33
[INFO] [stdout]     |
[INFO] [stdout] 806 |                     name: "doc".into(),
[INFO] [stdout]     |                                 ^^^^ the trait `From<&str>` is not implemented for `QualifiedName<'_>`
[INFO] [stdout]     |
[INFO] [stdout]     = note: required for `&str` to implement `Into<QualifiedName<'_>>`
[INFO] [stdout] 
[INFO] [stdout] 
[INFO] [stdout] error[E0277]: the trait bound `QualifiedName<'_>: From<&str>` is not satisfied
[INFO] [stdout]    --> tests/compliance.rs:809:60
[INFO] [stdout]     |
[INFO] [stdout] 809 |                         name: "ABCDEFGHIJKLMNOPQRSTUVWXYZ".into(),
[INFO] [stdout]     |                                                            ^^^^ the trait `From<&str>` is not implemented for `QualifiedName<'_>`
[INFO] [stdout]     |
[INFO] [stdout]     = note: required for `&str` to implement `Into<QualifiedName<'_>>`
[INFO] [stdout] 
[INFO] [stdout] 
[INFO] [stdout] error[E0560]: struct `Tag<'_>` has no field named `namespace`
[INFO] [stdout]    --> tests/compliance.rs:817:21
[INFO] [stdout]     |
[INFO] [stdout] 817 |                     namespace: None,
[INFO] [stdout]     |                     ^^^^^^^^^ `Tag<'_>` does not have this field
[INFO] [stdout]     |
[INFO] [stdout]     = note: all struct fields are already assigned
[INFO] [stdout] 
[INFO] [stdout] 
[INFO] [stdout] error[E0277]: the trait bound `QualifiedName<'_>: From<&str>` is not satisfied
[INFO] [stdout]    --> tests/compliance.rs:816:33
[INFO] [stdout]     |
[INFO] [stdout] 816 |                     name: "doc".into(),
[INFO] [stdout]     |                                 ^^^^ the trait `From<&str>` is not implemented for `QualifiedName<'_>`
[INFO] [stdout]     |
[INFO] [stdout]     = note: required for `&str` to implement `Into<QualifiedName<'_>>`
[INFO] [stdout] 
[INFO] [stdout] 
[INFO] [stdout] error[E0277]: the trait bound `QualifiedName<'_>: From<&str>` is not satisfied
[INFO] [stdout]    --> tests/compliance.rs:837:33
[INFO] [stdout]     |
[INFO] [stdout] 837 |                     name: "doc".into(),
[INFO] [stdout]     |                                 ^^^^ the trait `From<&str>` is not implemented for `QualifiedName<'_>`
[INFO] [stdout]     |
[INFO] [stdout]     = note: required for `&str` to implement `Into<QualifiedName<'_>>`
[INFO] [stdout] 
[INFO] [stdout] 
[INFO] [stdout] error[E0277]: the trait bound `QualifiedName<'_>: From<&str>` is not satisfied
[INFO] [stdout]    --> tests/compliance.rs:840:37
[INFO] [stdout]     |
[INFO] [stdout] 840 |                         name: "doc".into(),
[INFO] [stdout]     |                                     ^^^^ the trait `From<&str>` is not implemented for `QualifiedName<'_>`
[INFO] [stdout]     |
[INFO] [stdout]     = note: required for `&str` to implement `Into<QualifiedName<'_>>`
[INFO] [stdout] 
[INFO] [stdout] 
[INFO] [stdout] error[E0560]: struct `Tag<'_>` has no field named `namespace`
[INFO] [stdout]    --> tests/compliance.rs:855:21
[INFO] [stdout]     |
[INFO] [stdout] 855 |                     namespace: None,
[INFO] [stdout]     |                     ^^^^^^^^^ `Tag<'_>` does not have this field
[INFO] [stdout]     |
[INFO] [stdout]     = note: all struct fields are already assigned
[INFO] [stdout] 
[INFO] [stdout] 
[INFO] [stdout] error[E0277]: the trait bound `QualifiedName<'_>: From<&str>` is not satisfied
[INFO] [stdout]    --> tests/compliance.rs:854:33
[INFO] [stdout]     |
[INFO] [stdout] 854 |                     name: "doc".into(),
[INFO] [stdout]     |                                 ^^^^ the trait `From<&str>` is not implemented for `QualifiedName<'_>`
[INFO] [stdout]     |
[INFO] [stdout]     = note: required for `&str` to implement `Into<QualifiedName<'_>>`
[INFO] [stdout] 
[INFO] [stdout] 
[INFO] [stdout] error[E0560]: struct `Tag<'_>` has no field named `namespace`
[INFO] [stdout]    --> tests/compliance.rs:865:21
[INFO] [stdout]     |
[INFO] [stdout] 865 |                     namespace: None,
[INFO] [stdout]     |                     ^^^^^^^^^ `Tag<'_>` does not have this field
[INFO] [stdout]     |
[INFO] [stdout]     = note: all struct fields are already assigned
[INFO] [stdout] 
[INFO] [stdout] 
[INFO] [stdout] error[E0277]: the trait bound `QualifiedName<'_>: From<&str>` is not satisfied
[INFO] [stdout]    --> tests/compliance.rs:864:33
[INFO] [stdout]     |
[INFO] [stdout] 864 |                     name: "doc".into(),
[INFO] [stdout]     |                                 ^^^^ the trait `From<&str>` is not implemented for `QualifiedName<'_>`
[INFO] [stdout]     |
[INFO] [stdout]     = note: required for `&str` to implement `Into<QualifiedName<'_>>`
[INFO] [stdout] 
[INFO] [stdout] 
[INFO] [stdout] error[E0277]: the trait bound `QualifiedName<'_>: From<&str>` is not satisfied
[INFO] [stdout]    --> tests/compliance.rs:885:33
[INFO] [stdout]     |
[INFO] [stdout] 885 |                     name: "doc".into(),
[INFO] [stdout]     |                                 ^^^^ the trait `From<&str>` is not implemented for `QualifiedName<'_>`
[INFO] [stdout]     |
[INFO] [stdout]     = note: required for `&str` to implement `Into<QualifiedName<'_>>`
[INFO] [stdout] 
[INFO] [stdout] 
[INFO] [stdout] error[E0277]: the trait bound `QualifiedName<'_>: From<&str>` is not satisfied
[INFO] [stdout]    --> tests/compliance.rs:888:37
[INFO] [stdout]     |
[INFO] [stdout] 888 |                         name: "doc".into(),
[INFO] [stdout]     |                                     ^^^^ the trait `From<&str>` is not implemented for `QualifiedName<'_>`
[INFO] [stdout]     |
[INFO] [stdout]     = note: required for `&str` to implement `Into<QualifiedName<'_>>`
[INFO] [stdout] 
[INFO] [stdout] 
[INFO] [stdout] error[E0560]: struct `Tag<'_>` has no field named `namespace`
[INFO] [stdout]    --> tests/compliance.rs:903:21
[INFO] [stdout]     |
[INFO] [stdout] 903 |                     namespace: None,
[INFO] [stdout]     |                     ^^^^^^^^^ `Tag<'_>` does not have this field
[INFO] [stdout]     |
[INFO] [stdout]     = note: all struct fields are already assigned
[INFO] [stdout] 
[INFO] [stdout] 
[INFO] [stdout] error[E0277]: the trait bound `QualifiedName<'_>: From<&str>` is not satisfied
[INFO] [stdout]    --> tests/compliance.rs:902:33
[INFO] [stdout]     |
[INFO] [stdout] 902 |                     name: "doc".into(),
[INFO] [stdout]     |                                 ^^^^ the trait `From<&str>` is not implemented for `QualifiedName<'_>`
[INFO] [stdout]     |
[INFO] [stdout]     = note: required for `&str` to implement `Into<QualifiedName<'_>>`
[INFO] [stdout] 
[INFO] [stdout] 
[INFO] [stdout] error[E0560]: struct `Tag<'_>` has no field named `namespace`
[INFO] [stdout]    --> tests/compliance.rs:919:21
[INFO] [stdout]     |
[INFO] [stdout] 919 |                     namespace: None,
[INFO] [stdout]     |                     ^^^^^^^^^ `Tag<'_>` does not have this field
[INFO] [stdout]     |
[INFO] [stdout]     = note: all struct fields are already assigned
[INFO] [stdout] 
[INFO] [stdout] 
[INFO] [stdout] error[E0277]: the trait bound `QualifiedName<'_>: From<&str>` is not satisfied
[INFO] [stdout]    --> tests/compliance.rs:918:33
[INFO] [stdout]     |
[INFO] [stdout] 918 |                     name: "doc".into(),
[INFO] [stdout]     |                                 ^^^^ the trait `From<&str>` is not implemented for `QualifiedName<'_>`
[INFO] [stdout]     |
[INFO] [stdout]     = note: required for `&str` to implement `Into<QualifiedName<'_>>`
[INFO] [stdout] 
[INFO] [stdout] 
[INFO] [stdout] error[E0277]: the trait bound `QualifiedName<'_>: From<&str>` is not satisfied
[INFO] [stdout]    --> tests/compliance.rs:939:33
[INFO] [stdout]     |
[INFO] [stdout] 939 |                     name: "doc".into(),
[INFO] [stdout]     |                                 ^^^^ the trait `From<&str>` is not implemented for `QualifiedName<'_>`
[INFO] [stdout]     |
[INFO] [stdout]     = note: required for `&str` to implement `Into<QualifiedName<'_>>`
[INFO] [stdout] 
[INFO] [stdout] 
[INFO] [stdout] error[E0277]: the trait bound `QualifiedName<'_>: From<&str>` is not satisfied
[INFO] [stdout]    --> tests/compliance.rs:942:37
[INFO] [stdout]     |
[INFO] [stdout] 942 |                         name: "doc".into(),
[INFO] [stdout]     |                                     ^^^^ the trait `From<&str>` is not implemented for `QualifiedName<'_>`
[INFO] [stdout]     |
[INFO] [stdout]     = note: required for `&str` to implement `Into<QualifiedName<'_>>`
[INFO] [stdout] 
[INFO] [stdout] 
[INFO] [stdout] error[E0560]: struct `Tag<'_>` has no field named `namespace`
[INFO] [stdout]    --> tests/compliance.rs:957:21
[INFO] [stdout]     |
[INFO] [stdout] 957 |                     namespace: None,
[INFO] [stdout]     |                     ^^^^^^^^^ `Tag<'_>` does not have this field
[INFO] [stdout]     |
[INFO] [stdout]     = note: all struct fields are already assigned
[INFO] [stdout] 
[INFO] [stdout] 
[INFO] [stdout] error[E0277]: the trait bound `QualifiedName<'_>: From<&str>` is not satisfied
[INFO] [stdout]    --> tests/compliance.rs:956:33
[INFO] [stdout]     |
[INFO] [stdout] 956 |                     name: "doc".into(),
[INFO] [stdout]     |                                 ^^^^ the trait `From<&str>` is not implemented for `QualifiedName<'_>`
[INFO] [stdout]     |
[INFO] [stdout]     = note: required for `&str` to implement `Into<QualifiedName<'_>>`
[INFO] [stdout] 
[INFO] [stdout] 
[INFO] [stdout] error[E0560]: struct `Tag<'_>` has no field named `namespace`
[INFO] [stdout]    --> tests/compliance.rs:967:21
[INFO] [stdout]     |
[INFO] [stdout] 967 |                     namespace: None,
[INFO] [stdout]     |                     ^^^^^^^^^ `Tag<'_>` does not have this field
[INFO] [stdout]     |
[INFO] [stdout]     = note: all struct fields are already assigned
[INFO] [stdout] 
[INFO] [stdout] 
[INFO] [stdout] error[E0277]: the trait bound `QualifiedName<'_>: From<&str>` is not satisfied
[INFO] [stdout]    --> tests/compliance.rs:966:33
[INFO] [stdout]     |
[INFO] [stdout] 966 |                     name: "doc".into(),
[INFO] [stdout]     |                                 ^^^^ the trait `From<&str>` is not implemented for `QualifiedName<'_>`
[INFO] [stdout]     |
[INFO] [stdout]     = note: required for `&str` to implement `Into<QualifiedName<'_>>`
[INFO] [stdout] 
[INFO] [stdout] 
[INFO] [stdout] error[E0277]: the trait bound `QualifiedName<'_>: From<&str>` is not satisfied
[INFO] [stdout]    --> tests/compliance.rs:987:33
[INFO] [stdout]     |
[INFO] [stdout] 987 |                     name: "doc".into(),
[INFO] [stdout]     |                                 ^^^^ the trait `From<&str>` is not implemented for `QualifiedName<'_>`
[INFO] [stdout]     |
[INFO] [stdout]     = note: required for `&str` to implement `Into<QualifiedName<'_>>`
[INFO] [stdout] 
[INFO] [stdout] 
[INFO] [stdout] error[E0277]: the trait bound `QualifiedName<'_>: From<&str>` is not satisfied
[INFO] [stdout]    --> tests/compliance.rs:990:37
[INFO] [stdout]     |
[INFO] [stdout] 990 |                         name: "doc".into(),
[INFO] [stdout]     |                                     ^^^^ the trait `From<&str>` is not implemented for `QualifiedName<'_>`
[INFO] [stdout]     |
[INFO] [stdout]     = note: required for `&str` to implement `Into<QualifiedName<'_>>`
[INFO] [stdout] 
[INFO] [stdout] 
[INFO] [stdout] error[E0560]: struct `Tag<'_>` has no field named `namespace`
[INFO] [stdout]     --> tests/compliance.rs:1005:21
[INFO] [stdout]      |
[INFO] [stdout] 1005 |                     namespace: None,
[INFO] [stdout]      |                     ^^^^^^^^^ `Tag<'_>` does not have this field
[INFO] [stdout]      |
[INFO] [stdout]      = note: all struct fields are already assigned
[INFO] [stdout] 
[INFO] [stdout] 
[INFO] [stdout] error[E0277]: the trait bound `QualifiedName<'_>: From<&str>` is not satisfied
[INFO] [stdout]     --> tests/compliance.rs:1004:33
[INFO] [stdout]      |
[INFO] [stdout] 1004 |                     name: "doc".into(),
[INFO] [stdout]      |                                 ^^^^ the trait `From<&str>` is not implemented for `QualifiedName<'_>`
[INFO] [stdout]      |
[INFO] [stdout]      = note: required for `&str` to implement `Into<QualifiedName<'_>>`
[INFO] [stdout] 
[INFO] [stdout] 
[INFO] [stdout] error[E0560]: struct `Tag<'_>` has no field named `namespace`
[INFO] [stdout]     --> tests/compliance.rs:1012:21
[INFO] [stdout]      |
[INFO] [stdout] 1012 |                     namespace: None,
[INFO] [stdout]      |                     ^^^^^^^^^ `Tag<'_>` does not have this field
[INFO] [stdout]      |
[INFO] [stdout]      = note: all struct fields are already assigned
[INFO] [stdout] 
[INFO] [stdout] 
[INFO] [stdout] error[E0277]: the trait bound `QualifiedName<'_>: From<&str>` is not satisfied
[INFO] [stdout]     --> tests/compliance.rs:1011:33
[INFO] [stdout]      |
[INFO] [stdout] 1011 |                     name: "doc".into(),
[INFO] [stdout]      |                                 ^^^^ the trait `From<&str>` is not implemented for `QualifiedName<'_>`
[INFO] [stdout]      |
[INFO] [stdout]      = note: required for `&str` to implement `Into<QualifiedName<'_>>`
[INFO] [stdout] 
[INFO] [stdout] 
[INFO] [stdout] error[E0277]: the trait bound `QualifiedName<'_>: From<&str>` is not satisfied
[INFO] [stdout]     --> tests/compliance.rs:1032:33
[INFO] [stdout]      |
[INFO] [stdout] 1032 |                     name: "doc".into(),
[INFO] [stdout]      |                                 ^^^^ the trait `From<&str>` is not implemented for `QualifiedName<'_>`
[INFO] [stdout]      |
[INFO] [stdout]      = note: required for `&str` to implement `Into<QualifiedName<'_>>`
[INFO] [stdout] 
[INFO] [stdout] 
[INFO] [stdout] error[E0277]: the trait bound `QualifiedName<'_>: From<&str>` is not satisfied
[INFO] [stdout]     --> tests/compliance.rs:1035:37
[INFO] [stdout]      |
[INFO] [stdout] 1035 |                         name: "doc".into(),
[INFO] [stdout]      |                                     ^^^^ the trait `From<&str>` is not implemented for `QualifiedName<'_>`
[INFO] [stdout]      |
[INFO] [stdout]      = note: required for `&str` to implement `Into<QualifiedName<'_>>`
[INFO] [stdout] 
[INFO] [stdout] 
[INFO] [stdout] error[E0560]: struct `Tag<'_>` has no field named `namespace`
[INFO] [stdout]     --> tests/compliance.rs:1050:21
[INFO] [stdout]      |
[INFO] [stdout] 1050 |                     namespace: None,
[INFO] [stdout]      |                     ^^^^^^^^^ `Tag<'_>` does not have this field
[INFO] [stdout]      |
[INFO] [stdout]      = note: all struct fields are already assigned
[INFO] [stdout] 
[INFO] [stdout] 
[INFO] [stdout] error[E0277]: the trait bound `QualifiedName<'_>: From<&str>` is not satisfied
[INFO] [stdout]     --> tests/compliance.rs:1049:33
[INFO] [stdout]      |
[INFO] [stdout] 1049 |                     name: "doc".into(),
[INFO] [stdout]      |                                 ^^^^ the trait `From<&str>` is not implemented for `QualifiedName<'_>`
[INFO] [stdout]      |
[INFO] [stdout]      = note: required for `&str` to implement `Into<QualifiedName<'_>>`
[INFO] [stdout] 
[INFO] [stdout] 
[INFO] [stdout] error[E0560]: struct `Tag<'_>` has no field named `namespace`
[INFO] [stdout]     --> tests/compliance.rs:1057:21
[INFO] [stdout]      |
[INFO] [stdout] 1057 |                     namespace: None,
[INFO] [stdout]      |                     ^^^^^^^^^ `Tag<'_>` does not have this field
[INFO] [stdout]      |
[INFO] [stdout]      = note: all struct fields are already assigned
[INFO] [stdout] 
[INFO] [stdout] 
[INFO] [stdout] error[E0277]: the trait bound `QualifiedName<'_>: From<&str>` is not satisfied
[INFO] [stdout]     --> tests/compliance.rs:1056:33
[INFO] [stdout]      |
[INFO] [stdout] 1056 |                     name: "doc".into(),
[INFO] [stdout]      |                                 ^^^^ the trait `From<&str>` is not implemented for `QualifiedName<'_>`
[INFO] [stdout]      |
[INFO] [stdout]      = note: required for `&str` to implement `Into<QualifiedName<'_>>`
[INFO] [stdout] 
[INFO] [stdout] 
[INFO] [stdout] error[E0277]: the trait bound `QualifiedName<'_>: From<&str>` is not satisfied
[INFO] [stdout]     --> tests/compliance.rs:1077:33
[INFO] [stdout]      |
[INFO] [stdout] 1077 |                     name: "doc".into(),
[INFO] [stdout]      |                                 ^^^^ the trait `From<&str>` is not implemented for `QualifiedName<'_>`
[INFO] [stdout]      |
[INFO] [stdout]      = note: required for `&str` to implement `Into<QualifiedName<'_>>`
[INFO] [stdout] 
[INFO] [stdout] 
[INFO] [stdout] error[E0277]: the trait bound `QualifiedName<'_>: From<&str>` is not satisfied
[INFO] [stdout]     --> tests/compliance.rs:1080:37
[INFO] [stdout]      |
[INFO] [stdout] 1080 |                         name: "doc".into(),
[INFO] [stdout]      |                                     ^^^^ the trait `From<&str>` is not implemented for `QualifiedName<'_>`
[INFO] [stdout]      |
[INFO] [stdout]      = note: required for `&str` to implement `Into<QualifiedName<'_>>`
[INFO] [stdout] 
[INFO] [stdout] 
[INFO] [stdout] error[E0560]: struct `Tag<'_>` has no field named `namespace`
[INFO] [stdout]     --> tests/compliance.rs:1095:21
[INFO] [stdout]      |
[INFO] [stdout] 1095 |                     namespace: None,
[INFO] [stdout]      |                     ^^^^^^^^^ `Tag<'_>` does not have this field
[INFO] [stdout]      |
[INFO] [stdout]      = note: all struct fields are already assigned
[INFO] [stdout] 
[INFO] [stdout] 
[INFO] [stdout] error[E0277]: the trait bound `QualifiedName<'_>: From<&str>` is not satisfied
[INFO] [stdout]     --> tests/compliance.rs:1094:33
[INFO] [stdout]      |
[INFO] [stdout] 1094 |                     name: "doc".into(),
[INFO] [stdout]      |                                 ^^^^ the trait `From<&str>` is not implemented for `QualifiedName<'_>`
[INFO] [stdout]      |
[INFO] [stdout]      = note: required for `&str` to implement `Into<QualifiedName<'_>>`
[INFO] [stdout] 
[INFO] [stdout] 
[INFO] [stdout] error[E0560]: struct `Tag<'_>` has no field named `namespace`
[INFO] [stdout]     --> tests/compliance.rs:1102:21
[INFO] [stdout]      |
[INFO] [stdout] 1102 |                     namespace: None,
[INFO] [stdout]      |                     ^^^^^^^^^ `Tag<'_>` does not have this field
[INFO] [stdout]      |
[INFO] [stdout]      = note: all struct fields are already assigned
[INFO] [stdout] 
[INFO] [stdout] 
[INFO] [stdout] error[E0277]: the trait bound `QualifiedName<'_>: From<&str>` is not satisfied
[INFO] [stdout]     --> tests/compliance.rs:1101:33
[INFO] [stdout]      |
[INFO] [stdout] 1101 |                     name: "doc".into(),
[INFO] [stdout]      |                                 ^^^^ the trait `From<&str>` is not implemented for `QualifiedName<'_>`
[INFO] [stdout]      |
[INFO] [stdout]      = note: required for `&str` to implement `Into<QualifiedName<'_>>`
[INFO] [stdout] 
[INFO] [stdout] 
[INFO] [stdout] error[E0277]: the trait bound `QualifiedName<'_>: From<&str>` is not satisfied
[INFO] [stdout]     --> tests/compliance.rs:1122:33
[INFO] [stdout]      |
[INFO] [stdout] 1122 |                     name: "doc".into(),
[INFO] [stdout]      |                                 ^^^^ the trait `From<&str>` is not implemented for `QualifiedName<'_>`
[INFO] [stdout]      |
[INFO] [stdout]      = note: required for `&str` to implement `Into<QualifiedName<'_>>`
[INFO] [stdout] 
[INFO] [stdout] 
[INFO] [stdout] error[E0277]: the trait bound `QualifiedName<'_>: From<&str>` is not satisfied
[INFO] [stdout]     --> tests/compliance.rs:1125:37
[INFO] [stdout]      |
[INFO] [stdout] 1125 |                         name: "doc".into(),
[INFO] [stdout]      |                                     ^^^^ the trait `From<&str>` is not implemented for `QualifiedName<'_>`
[INFO] [stdout]      |
[INFO] [stdout]      = note: required for `&str` to implement `Into<QualifiedName<'_>>`
[INFO] [stdout] 
[INFO] [stdout] 
[INFO] [stdout] error[E0560]: struct `Tag<'_>` has no field named `namespace`
[INFO] [stdout]     --> tests/compliance.rs:1140:21
[INFO] [stdout]      |
[INFO] [stdout] 1140 |                     namespace: None,
[INFO] [stdout]      |                     ^^^^^^^^^ `Tag<'_>` does not have this field
[INFO] [stdout]      |
[INFO] [stdout]      = note: all struct fields are already assigned
[INFO] [stdout] 
[INFO] [stdout] 
[INFO] [stdout] error[E0277]: the trait bound `QualifiedName<'_>: From<&str>` is not satisfied
[INFO] [stdout]     --> tests/compliance.rs:1139:33
[INFO] [stdout]      |
[INFO] [stdout] 1139 |                     name: "doc".into(),
[INFO] [stdout]      |                                 ^^^^ the trait `From<&str>` is not implemented for `QualifiedName<'_>`
[INFO] [stdout]      |
[INFO] [stdout]      = note: required for `&str` to implement `Into<QualifiedName<'_>>`
[INFO] [stdout] 
[INFO] [stdout] 
[INFO] [stdout] error[E0560]: struct `Tag<'_>` has no field named `namespace`
[INFO] [stdout]     --> tests/compliance.rs:1147:21
[INFO] [stdout]      |
[INFO] [stdout] 1147 |                     namespace: None,
[INFO] [stdout]      |                     ^^^^^^^^^ `Tag<'_>` does not have this field
[INFO] [stdout]      |
[INFO] [stdout]      = note: all struct fields are already assigned
[INFO] [stdout] 
[INFO] [stdout] 
[INFO] [stdout] error[E0277]: the trait bound `QualifiedName<'_>: From<&str>` is not satisfied
[INFO] [stdout]     --> tests/compliance.rs:1146:33
[INFO] [stdout]      |
[INFO] [stdout] 1146 |                     name: "doc".into(),
[INFO] [stdout]      |                                 ^^^^ the trait `From<&str>` is not implemented for `QualifiedName<'_>`
[INFO] [stdout]      |
[INFO] [stdout]      = note: required for `&str` to implement `Into<QualifiedName<'_>>`
[INFO] [stdout] 
[INFO] [stdout] 
[INFO] [stdout] error[E0277]: the trait bound `QualifiedName<'_>: From<&str>` is not satisfied
[INFO] [stdout]     --> tests/compliance.rs:1167:33
[INFO] [stdout]      |
[INFO] [stdout] 1167 |                     name: "doc".into(),
[INFO] [stdout]      |                                 ^^^^ the trait `From<&str>` is not implemented for `QualifiedName<'_>`
[INFO] [stdout]      |
[INFO] [stdout]      = note: required for `&str` to implement `Into<QualifiedName<'_>>`
[INFO] [stdout] 
[INFO] [stdout] 
[INFO] [stdout] error[E0277]: the trait bound `QualifiedName<'_>: From<&str>` is not satisfied
[INFO] [stdout]     --> tests/compliance.rs:1170:37
[INFO] [stdout]      |
[INFO] [stdout] 1170 |                         name: "doc".into(),
[INFO] [stdout]      |                                     ^^^^ the trait `From<&str>` is not implemented for `QualifiedName<'_>`
[INFO] [stdout]      |
[INFO] [stdout]      = note: required for `&str` to implement `Into<QualifiedName<'_>>`
[INFO] [stdout] 
[INFO] [stdout] 
[INFO] [stdout] error[E0560]: struct `Tag<'_>` has no field named `namespace`
[INFO] [stdout]     --> tests/compliance.rs:1185:21
[INFO] [stdout]      |
[INFO] [stdout] 1185 |                     namespace: None,
[INFO] [stdout]      |                     ^^^^^^^^^ `Tag<'_>` does not have this field
[INFO] [stdout]      |
[INFO] [stdout]      = note: all struct fields are already assigned
[INFO] [stdout] 
[INFO] [stdout] 
[INFO] [stdout] error[E0277]: the trait bound `QualifiedName<'_>: From<&str>` is not satisfied
[INFO] [stdout]     --> tests/compliance.rs:1184:33
[INFO] [stdout]      |
[INFO] [stdout] 1184 |                     name: "doc".into(),
[INFO] [stdout]      |                                 ^^^^ the trait `From<&str>` is not implemented for `QualifiedName<'_>`
[INFO] [stdout]      |
[INFO] [stdout]      = note: required for `&str` to implement `Into<QualifiedName<'_>>`
[INFO] [stdout] 
[INFO] [stdout] 
[INFO] [stdout] error[E0560]: struct `Tag<'_>` has no field named `namespace`
[INFO] [stdout]     --> tests/compliance.rs:1192:21
[INFO] [stdout]      |
[INFO] [stdout] 1192 |                     namespace: None,
[INFO] [stdout]      |                     ^^^^^^^^^ `Tag<'_>` does not have this field
[INFO] [stdout]      |
[INFO] [stdout]      = note: all struct fields are already assigned
[INFO] [stdout] 
[INFO] [stdout] 
[INFO] [stdout] error[E0277]: the trait bound `QualifiedName<'_>: From<&str>` is not satisfied
[INFO] [stdout]     --> tests/compliance.rs:1191:33
[INFO] [stdout]      |
[INFO] [stdout] 1191 |                     name: "doc".into(),
[INFO] [stdout]      |                                 ^^^^ the trait `From<&str>` is not implemented for `QualifiedName<'_>`
[INFO] [stdout]      |
[INFO] [stdout]      = note: required for `&str` to implement `Into<QualifiedName<'_>>`
[INFO] [stdout] 
[INFO] [stdout] 
[INFO] [stdout] error: aborting due to 168 previous errors
[INFO] [stdout] 
[INFO] [stdout] 
[INFO] [stdout] Some errors have detailed explanations: E0277, E0432, E0560.
[INFO] [stdout] 
[INFO] [stdout] For more information about an error, try `rustc --explain E0277`.
[INFO] [stdout] 
[INFO] [stderr] error: could not compile `nom-xml` (test "compliance") due to 169 previous errors
[INFO] [stderr] warning: build failed, waiting for other jobs to finish...
[INFO] [stdout] warning: unused variable: `name`
[INFO] [stdout]    --> src/prolog/internal_subset.rs:254:21
[INFO] [stdout]     |
[INFO] [stdout] 254 |         let (input, name) = Self::parse_name(input)?;
[INFO] [stdout]     |                     ^^^^ help: if this is intentional, prefix it with an underscore: `_name`
[INFO] [stdout]     |
[INFO] [stdout]     = note: `#[warn(unused_variables)]` on by default
[INFO] [stdout] 
[INFO] [stdout] 
[INFO] [stdout] warning: unused variable: `end_tag`
[INFO] [stdout]    --> src/lib.rs:258:53
[INFO] [stdout]     |
[INFO] [stdout] 258 |             Document::Element(start_tag, inner_doc, end_tag) => {
[INFO] [stdout]     |                                                     ^^^^^^^ help: if this is intentional, prefix it with an underscore: `_end_tag`
[INFO] [stdout] 
[INFO] [stdout] 
[INFO] [stdout] warning: associated function `parse_qualified_content_particle` is never used
[INFO] [stdout]   --> src/prolog/declaration_content.rs:85:8
[INFO] [stdout]    |
[INFO] [stdout] 56 | impl<'a> ContentParticle<'a> {
[INFO] [stdout]    | ---------------------------- associated function in this implementation
[INFO] [stdout] ...
[INFO] [stdout] 85 |     fn parse_qualified_content_particle(input: &'a str) -> IResult<&'a str, ContentParticle<'a>> {
[INFO] [stdout]    |        ^^^^^^^^^^^^^^^^^^^^^^^^^^^^^^^^
[INFO] [stdout]    |
[INFO] [stdout]    = note: `#[warn(dead_code)]` on by default
[INFO] [stdout] 
[INFO] [stdout] 
[INFO] [stdout] warning: associated function `parse_qualified_doctype` is never used
[INFO] [stdout]   --> src/prolog/doctype.rs:56:8
[INFO] [stdout]    |
[INFO] [stdout] 54 | impl<'a> DocType<'a> {
[INFO] [stdout]    | -------------------- associated function in this implementation
[INFO] [stdout] 55 |     // [16] doctypedecl ::= '<!DOCTYPE' S QName (S ExternalID)? S? ('[' (markupdecl | PEReference | S)* ']' S?)? '>'
[INFO] [stdout] 56 |     fn parse_qualified_doctype(input: &'a str) -> IResult<&'a str, DocType<'a>> {
[INFO] [stdout]    |        ^^^^^^^^^^^^^^^^^^^^^^^
[INFO] [stdout] 
[INFO] [stdout] 
[INFO] [stdout] warning: associated functions `parse_qualified_element_declaration` and `parse_perameter_definition` are never used
[INFO] [stdout]    --> src/prolog/internal_subset.rs:160:8
[INFO] [stdout]     |
[INFO] [stdout] 76  | impl<'a> InternalSubset<'a> {
[INFO] [stdout]     | --------------------------- associated functions in this implementation
[INFO] [stdout] ...
[INFO] [stdout] 160 |     fn parse_qualified_element_declaration(input: &'a str) -> IResult<&'a str, InternalSubset<'a>> {
[INFO] [stdout]     |        ^^^^^^^^^^^^^^^^^^^^^^^^^^^^^^^^^^^
[INFO] [stdout] ...
[INFO] [stdout] 321 |     fn parse_perameter_definition(
[INFO] [stdout]     |        ^^^^^^^^^^^^^^^^^^^^^^^^^^
[INFO] [stdout] 
[INFO] [stdout] 
[INFO] [stdout] warning: 9 warnings emitted
[INFO] [stdout] 
[INFO] [stdout] 
[INFO] running `Command { std: "docker" "inspect" "87c823e2f78e555429a0156800e513eafa3e9167c6ddc3cb77943186758dfa82", kill_on_drop: false }`
[INFO] running `Command { std: "docker" "rm" "-f" "87c823e2f78e555429a0156800e513eafa3e9167c6ddc3cb77943186758dfa82", kill_on_drop: false }`
[INFO] [stdout] 87c823e2f78e555429a0156800e513eafa3e9167c6ddc3cb77943186758dfa82
