[INFO] fetching crate node-runtime 2.0.1...
[INFO] testing node-runtime-2.0.1 against 1.75.0 for beta-1.76-1
[INFO] extracting crate node-runtime 2.0.1 into /workspace/builds/worker-0-tc1/source
[INFO] validating manifest of crates.io crate node-runtime 2.0.1 on toolchain 1.75.0
[INFO] running `Command { std: CARGO_HOME="/workspace/cargo-home" RUSTUP_HOME="/workspace/rustup-home" "/workspace/cargo-home/bin/cargo" "+1.75.0" "metadata" "--manifest-path" "Cargo.toml" "--no-deps", kill_on_drop: false }`
[INFO] started tweaking crates.io crate node-runtime 2.0.1
[INFO] finished tweaking crates.io crate node-runtime 2.0.1
[INFO] tweaked toml for crates.io crate node-runtime 2.0.1 written to /workspace/builds/worker-0-tc1/source/Cargo.toml
[INFO] running `Command { std: CARGO_HOME="/workspace/cargo-home" RUSTUP_HOME="/workspace/rustup-home" "/workspace/cargo-home/bin/cargo" "+1.75.0" "generate-lockfile" "--manifest-path" "Cargo.toml", kill_on_drop: false }`
[INFO] [stderr]     Updating crates.io index
[INFO] running `Command { std: CARGO_HOME="/workspace/cargo-home" RUSTUP_HOME="/workspace/rustup-home" "/workspace/cargo-home/bin/cargo" "+1.75.0" "fetch" "--manifest-path" "Cargo.toml", kill_on_drop: false }`
[INFO] [stderr]  Downloading crates ...
[INFO] [stderr]   Downloaded noble-transaction-payment-rpc-runtime-api v2.0.0
[INFO] [stderr]   Downloaded noble-session-benchmarking v2.0.1
[INFO] [stderr]   Downloaded noble-randomness-collective-flip v2.0.0
[INFO] [stderr]   Downloaded noble-scheduler v2.0.0
[INFO] [stderr]   Downloaded tetcore-database v2.1.2
[INFO] [stderr]   Downloaded noble-treasury v2.0.0
[INFO] [stderr]   Downloaded noble-recovery v2.0.0
[INFO] [stderr]   Downloaded noble-society v2.0.0
[INFO] [stderr]   Downloaded tp-keyring v2.0.2
[INFO] [stderr]   Downloaded noble-indices v2.0.0
[INFO] [stderr]   Downloaded noble-lottery v2.0.0
[INFO] [stderr]   Downloaded noble-offences-benchmarking v2.0.1
[INFO] [stderr]   Downloaded fabric-executive v2.0.0
[INFO] [stderr]   Downloaded noble-tips v2.0.0
[INFO] [stderr]   Downloaded node-primitives v2.0.0
[INFO] [stderr]   Downloaded tp-offchain v2.0.2
[INFO] [stderr]   Downloaded tp-transaction-pool v2.0.2
[INFO] [stderr]   Downloaded noble-vesting v2.0.0
[INFO] [stderr]   Downloaded noble-transaction-payment v2.0.0
[INFO] [stderr]   Downloaded noble-mmr v2.0.0
[INFO] [stderr]   Downloaded tetsy-wasm v0.31.1
[INFO] [stderr]   Downloaded cargo_metadata v0.12.3
[INFO] [stderr]   Downloaded noble-contracts v2.0.0
[INFO] [stderr]   Downloaded noble-elections-phragmen v3.0.0
[INFO] [stderr]   Downloaded tetsy-wasm-gc-api v0.1.11
[INFO] [stderr]   Downloaded wasm-builder v3.0.1
[INFO] [stderr]   Downloaded tp-blockchain v2.0.2
[INFO] [stderr]   Downloaded noble-collective v2.0.0
[INFO] [stderr]   Downloaded noble-multisig v2.0.0
[INFO] [stderr]   Downloaded tetsy-kvdb v0.9.1
[INFO] [stderr]   Downloaded safe-mix v1.0.1
[INFO] [stderr]   Downloaded noble-sudo v2.0.0
[INFO] [stderr]   Downloaded fabric-system-rpc-runtime-api v2.0.0
[INFO] [stderr]   Downloaded tp-block-builder v2.1.2
[INFO] [stderr]   Downloaded noble-contracts-proc-macro v0.1.0
[INFO] [stderr]   Downloaded tp-sandbox v0.8.2
[INFO] [stderr]   Downloaded twasm-utils v0.16.0
[INFO] [stderr]   Downloaded noble-contracts-primitives v2.0.0
[INFO] [stderr]   Downloaded noble-contracts-rpc-runtime-api v0.8.0
[INFO] [stderr]   Downloaded fabric-system-benchmarking v2.0.0
[INFO] [stderr]   Downloaded noble-mmr-primitives v2.0.0
[INFO] [stderr]   Downloaded noble-utility v2.0.0
[INFO] [stderr]   Downloaded noble-assets v2.0.1
[INFO] [stderr]   Downloaded noble-democracy v2.0.0
[INFO] [stderr]   Downloaded ckb-merkle-mountain-range v0.3.2
[INFO] [stderr]   Downloaded noble-proxy v2.0.0
[INFO] [stderr]   Downloaded noble-authority-discovery v2.0.1
[INFO] [stderr]   Downloaded noble-bounties v2.0.0
[INFO] [stderr]   Downloaded noble-identity v2.0.0
[INFO] [stderr]   Downloaded noble-membership v2.0.0
[INFO] running `Command { std: "docker" "create" "-v" "/var/lib/crater-agent-workspace/builds/worker-0-tc1/target:/opt/rustwide/target:rw,Z" "-v" "/var/lib/crater-agent-workspace/builds/worker-0-tc1/source:/opt/rustwide/workdir:ro,Z" "-v" "/var/lib/crater-agent-workspace/cargo-home:/opt/rustwide/cargo-home:ro,Z" "-v" "/var/lib/crater-agent-workspace/rustup-home:/opt/rustwide/rustup-home:ro,Z" "-e" "SOURCE_DIR=/opt/rustwide/workdir" "-e" "CARGO_TARGET_DIR=/opt/rustwide/target" "-e" "CARGO_HOME=/opt/rustwide/cargo-home" "-e" "RUSTUP_HOME=/opt/rustwide/rustup-home" "-w" "/opt/rustwide/workdir" "-m" "1610612736" "--user" "0:0" "--network" "none" "ghcr.io/rust-lang/crates-build-env/linux@sha256:2788e3201cd34a07e3172128adcd8b3090168a8e3bcc40d7c032b9dda1df7d1c" "/opt/rustwide/cargo-home/bin/cargo" "+1.75.0" "metadata" "--no-deps" "--format-version=1", kill_on_drop: false }`
[INFO] [stdout] c670e47a282479eae5049508fd5d7b5c940e66ec1d88f5b59e95e5bf267a735f
[INFO] running `Command { std: "docker" "start" "-a" "c670e47a282479eae5049508fd5d7b5c940e66ec1d88f5b59e95e5bf267a735f", kill_on_drop: false }`
[INFO] running `Command { std: "docker" "inspect" "c670e47a282479eae5049508fd5d7b5c940e66ec1d88f5b59e95e5bf267a735f", kill_on_drop: false }`
[INFO] running `Command { std: "docker" "rm" "-f" "c670e47a282479eae5049508fd5d7b5c940e66ec1d88f5b59e95e5bf267a735f", kill_on_drop: false }`
[INFO] [stdout] c670e47a282479eae5049508fd5d7b5c940e66ec1d88f5b59e95e5bf267a735f
[INFO] running `Command { std: "docker" "create" "-v" "/var/lib/crater-agent-workspace/builds/worker-0-tc1/target:/opt/rustwide/target:rw,Z" "-v" "/var/lib/crater-agent-workspace/builds/worker-0-tc1/source:/opt/rustwide/workdir:ro,Z" "-v" "/var/lib/crater-agent-workspace/cargo-home:/opt/rustwide/cargo-home:ro,Z" "-v" "/var/lib/crater-agent-workspace/rustup-home:/opt/rustwide/rustup-home:ro,Z" "-e" "SOURCE_DIR=/opt/rustwide/workdir" "-e" "CARGO_TARGET_DIR=/opt/rustwide/target" "-e" "CARGO_INCREMENTAL=0" "-e" "RUST_BACKTRACE=full" "-e" "RUSTFLAGS=--cap-lints=warn" "-e" "RUSTDOCFLAGS=--cap-lints=warn" "-e" "CARGO_HOME=/opt/rustwide/cargo-home" "-e" "RUSTUP_HOME=/opt/rustwide/rustup-home" "-w" "/opt/rustwide/workdir" "-m" "1610612736" "--user" "0:0" "--network" "none" "ghcr.io/rust-lang/crates-build-env/linux@sha256:2788e3201cd34a07e3172128adcd8b3090168a8e3bcc40d7c032b9dda1df7d1c" "/opt/rustwide/cargo-home/bin/cargo" "+1.75.0" "build" "--frozen" "--message-format=json", kill_on_drop: false }`
[INFO] [stdout] 754af7d3136a4791d1adc5c4b3b334946b0364167b40554865a51ad7ceaae78e
[INFO] running `Command { std: "docker" "start" "-a" "754af7d3136a4791d1adc5c4b3b334946b0364167b40554865a51ad7ceaae78e", kill_on_drop: false }`
[INFO] [stderr]    Compiling proc-macro2 v1.0.75
[INFO] [stderr]    Compiling libc v0.2.151
[INFO] [stderr]    Compiling syn v1.0.109
[INFO] [stderr]    Compiling serde v1.0.194
[INFO] [stderr]    Compiling value-bag v1.4.3
[INFO] [stderr]    Compiling byteorder v1.5.0
[INFO] [stderr]    Compiling futures-io v0.3.30
[INFO] [stderr]    Compiling libm v0.2.8
[INFO] [stderr]    Compiling num-traits v0.2.17
[INFO] [stderr]    Compiling log v0.4.20
[INFO] [stderr]    Compiling smallvec v1.11.2
[INFO] [stderr]    Compiling radium v0.6.2
[INFO] [stderr]    Compiling tracing-core v0.1.32
[INFO] [stderr]    Compiling getrandom v0.1.16
[INFO] [stderr]    Compiling arrayvec v0.5.2
[INFO] [stderr]    Compiling wyz v0.2.0
[INFO] [stderr]    Compiling tap v1.0.1
[INFO] [stderr]    Compiling funty v1.1.0
[INFO] [stderr]    Compiling thiserror v1.0.56
[INFO] [stderr]    Compiling lock_api v0.4.11
[INFO] [stderr]    Compiling crunchy v0.2.2
[INFO] [stderr]    Compiling parking_lot_core v0.8.6
[INFO] [stderr]    Compiling bitvec v0.20.4
[INFO] [stderr]    Compiling quote v1.0.35
[INFO] [stderr]    Compiling byte-slice-cast v1.2.2
[INFO] [stderr]    Compiling tracing v0.1.40
[INFO] [stderr]    Compiling syn v2.0.48
[INFO] [stderr]    Compiling generic-array v0.12.4
[INFO] [stderr]    Compiling instant v0.1.12
[INFO] [stderr]    Compiling static_assertions v1.1.0
[INFO] [stderr]    Compiling getrandom v0.2.11
[INFO] [stderr]    Compiling rand_core v0.5.1
[INFO] [stderr]    Compiling rand_core v0.6.4
[INFO] [stderr]    Compiling subtle v2.5.0
[INFO] [stderr]    Compiling parking_lot v0.11.2
[INFO] [stderr]    Compiling anyhow v1.0.79
[INFO] [stderr]    Compiling unicode-xid v0.2.4
[INFO] [stderr]    Compiling rand_chacha v0.3.1
[INFO] [stderr]    Compiling num-integer v0.1.45
[INFO] [stderr]    Compiling digest v0.8.1
[INFO] [stderr]    Compiling num_cpus v1.16.0
[INFO] [stderr]    Compiling rand v0.8.5
[INFO] [stderr]    Compiling rand_chacha v0.2.2
[INFO] [stderr]    Compiling rand_pcg v0.2.1
[INFO] [stderr]    Compiling byte-tools v0.3.1
[INFO] [stderr]    Compiling serde_json v1.0.111
[INFO] [stderr]    Compiling subtle v1.0.0
[INFO] [stderr]    Compiling crypto-mac v0.7.0
[INFO] [stderr]    Compiling rand v0.7.3
[INFO] [stderr]    Compiling block-padding v0.1.5
[INFO] [stderr]    Compiling rustc-hex v2.1.0
[INFO] [stderr]    Compiling block-buffer v0.7.3
[INFO] [stderr]    Compiling tetcore-std v2.1.2
[INFO] [stderr]    Compiling arrayref v0.3.7
[INFO] [stderr]    Compiling opaque-debug v0.2.3
[INFO] [stderr]    Compiling fake-simd v0.1.2
[INFO] [stderr]    Compiling hex v0.4.3
[INFO] [stderr]    Compiling tetsy-fixed-hash v0.7.1
[INFO] [stderr]    Compiling sha2 v0.8.2
[INFO] [stderr]    Compiling hmac v0.7.1
[INFO] [stderr]    Compiling num-bigint v0.2.6
[INFO] [stderr]    Compiling ref-cast v1.0.22
[INFO] [stderr]    Compiling ahash v0.4.8
[INFO] [stderr]    Compiling ansi_term v0.12.1
[INFO] [stderr]    Compiling uint-crate v0.9.1
[INFO] [stderr]    Compiling hashbrown v0.9.1
[INFO] [stderr]    Compiling num-rational v0.2.4
[INFO] [stderr]    Compiling tetsy-util-mem v0.9.1
[INFO] [stderr]    Compiling signature v1.6.4
[INFO] [stderr]    Compiling tetsy-wasm v0.41.0
[INFO] [stderr]    Compiling ed25519 v1.5.3
[INFO] [stderr]    Compiling hmac-drbg v0.2.0
[INFO] [stderr]    Compiling cc v1.0.83
[INFO] [stderr]    Compiling arrayvec v0.4.12
[INFO] [stderr]    Compiling chrono v0.4.31
[INFO] [stderr]    Compiling libsecp256k1 v0.3.5
[INFO] [stderr]    Compiling matchers v0.0.1
[INFO] [stderr]    Compiling Inflector v0.11.4
[INFO] [stderr]    Compiling crypto-mac v0.8.0
[INFO] [stderr]    Compiling sharded-slab v0.1.7
[INFO] [stderr]    Compiling twasmi-validation v0.3.0
[INFO] [stderr]    Compiling tracing-log v0.1.4
[INFO] [stderr]    Compiling thread_local v1.1.7
[INFO] [stderr]    Compiling synstructure v0.12.6
[INFO] [stderr]    Compiling nodrop v0.1.14
[INFO] [stderr]    Compiling tetsy-hash-db v0.15.3
[INFO] [stderr]    Compiling downcast-rs v1.2.0
[INFO] [stderr]    Compiling keccak v0.1.4
[INFO] [stderr]    Compiling environ v1.1.3
[INFO] [stderr]    Compiling memory_units v0.3.0
[INFO] [stderr]    Compiling twasmi v0.6.2
[INFO] [stderr]    Compiling tiny-keccak v2.0.2
[INFO] [stderr]    Compiling either v1.9.0
[INFO] [stderr]    Compiling constant_time_eq v0.1.5
[INFO] [stderr]    Compiling blake2-rfc v0.2.18
[INFO] [stderr]    Compiling hmac v0.8.1
[INFO] [stderr]    Compiling pbkdf2 v0.4.0
[INFO] [stderr]    Compiling pbkdf2 v0.3.0
[INFO] [stderr]    Compiling dyn-clone v1.0.16
[INFO] [stderr]    Compiling twox-hash v1.6.3
[INFO] [stderr]    Compiling tetsy-hash256-std-hasher v0.15.3
[INFO] [stderr]    Compiling base58 v0.1.0
[INFO] [stderr]    Compiling rustc-demangle v0.1.23
[INFO] [stderr]    Compiling backtrace v0.3.69
[INFO] [stderr]    Compiling gimli v0.28.1
[INFO] [stderr]    Compiling miniz_oxide v0.7.1
[INFO] [stderr]    Compiling object v0.32.2
[INFO] [stderr]    Compiling convert_case v0.4.0
[INFO] [stderr]    Compiling tetsy-trie-db v0.22.3
[INFO] [stderr]    Compiling tetsy-trie-root v0.16.1
[INFO] [stderr]    Compiling serde_derive v1.0.194
[INFO] [stderr]    Compiling thiserror-impl v1.0.56
[INFO] [stderr]    Compiling futures-macro v0.3.30
[INFO] [stderr]    Compiling zeroize_derive v1.4.2
[INFO] [stderr]    Compiling impl-trait-for-tuples v0.2.2
[INFO] [stderr]    Compiling debug-derive v2.1.2
[INFO] [stderr]    Compiling ref-cast-impl v1.0.22
[INFO] [stderr]    Compiling futures-util v0.3.30
[INFO] [stderr]    Compiling tetsy-util-mem-derive v0.1.1
[INFO] [stderr]    Compiling zeroize v1.3.0
[INFO] [stderr]    Compiling dyn-clonable-impl v0.9.0
[INFO] [stderr]    Compiling curve25519-dalek v3.2.1
[INFO] [stderr]    Compiling merlin v2.0.1
[INFO] [stderr]    Compiling curve25519-dalek v2.1.3
[INFO] [stderr]    Compiling tiny-bip39 v0.8.2
[INFO] [stderr]    Compiling secrecy v0.7.0
[INFO] [stderr]    Compiling dyn-clonable v0.9.0
[INFO] [stderr]    Compiling addr2line v0.21.0
[INFO] [stderr]    Compiling derive_more v0.99.17
[INFO] [stderr]    Compiling async-trait v0.1.77
[INFO] [stderr]    Compiling integer-sqrt v0.1.5
[INFO] [stderr]    Compiling paste-impl v0.1.18
[INFO] [stderr]    Compiling panic-handler v2.1.2
[INFO] [stderr]    Compiling fabric-support-procedural-tools-derive v2.0.1
[INFO] [stderr]    Compiling paste v0.1.18
[INFO] [stderr]    Compiling rustix v0.38.28
[INFO] [stderr]    Compiling linux-raw-sys v0.4.12
[INFO] [stderr]    Compiling fastrand v2.0.1
[INFO] [stderr]    Compiling matrixmultiply v0.3.8
[INFO] [stderr]    Compiling crossbeam-utils v0.8.18
[INFO] [stderr]    Compiling futures-executor v0.3.30
[INFO] [stderr]    Compiling futures v0.3.30
[INFO] [stderr]    Compiling num-complex v0.4.4
[INFO] [stderr]    Compiling approx v0.5.1
[INFO] [stderr]    Compiling rawpointer v0.2.1
[INFO] [stderr]    Compiling num-rational v0.4.1
[INFO] [stderr]    Compiling simba v0.5.1
[INFO] [stderr]    Compiling nalgebra-macros v0.1.0
[INFO] [stderr]    Compiling rand_distr v0.4.3
[INFO] [stderr]    Compiling parking v2.2.0
[INFO] [stderr]    Compiling concurrent-queue v2.4.0
[INFO] [stderr]    Compiling unicode-segmentation v1.10.1
[INFO] [stderr]    Compiling wasm-timer v0.2.5
[INFO] [stderr]    Compiling event-listener v4.0.2
[INFO] [stderr]    Compiling pin-project-internal v1.1.3
[INFO] [stderr]    Compiling heck v0.3.3
[INFO] [stderr]    Compiling event-listener-strategy v0.4.0
[INFO] [stderr]    Compiling itertools v0.9.0
[INFO] [stderr]    Compiling hashbrown v0.14.3
[INFO] [stderr]    Compiling toml v0.5.11
[INFO] [stderr]    Compiling tetsy-impl-serde v0.3.2
[INFO] [stderr]    Compiling impl-serde v0.3.2
[INFO] [stderr]    Compiling ed25519-dalek v1.0.1
[INFO] [stderr]    Compiling tracing-serde v0.1.3
[INFO] [stderr]    Compiling schnorrkel v0.9.1
[INFO] [stderr]    Compiling equivalent v1.0.1
[INFO] [stderr]    Compiling home v0.5.9
[INFO] [stderr]    Compiling prost-derive v0.7.0
[INFO] [stderr]    Compiling indexmap v2.1.0
[INFO] [stderr]    Compiling proc-macro-crate v0.1.5
[INFO] [stderr]    Compiling tracing-subscriber v0.2.25
[INFO] [stderr]    Compiling tetcore-bip39 v0.4.2
[INFO] [stderr]    Compiling fabric-support-procedural-tools v2.0.1
[INFO] [stderr]    Compiling tetsy-scale-codec-derive v2.0.1
[INFO] [stdout] error[E0603]: module `group` is private
[INFO] [stdout]    --> /opt/rustwide/cargo-home/registry/src/index.crates.io-6f17d22bba15001f/fabric-support-procedural-tools-2.0.1/src/syn_ext.rs:47:53
[INFO] [stdout]     |
[INFO] [stdout] 47  |                 let syn::group::$name { token, content } = syn::group::$parse(input)?;
[INFO] [stdout]     |                                                                 ^^^^^ private module
[INFO] [stdout]     |
[INFO] [stdout] note: the module `group` is defined here
[INFO] [stdout]    --> /opt/rustwide/cargo-home/registry/src/index.crates.io-6f17d22bba15001f/syn-1.0.109/src/lib.rs:308:1
[INFO] [stdout]     |
[INFO] [stdout] 308 | mod group;
[INFO] [stdout]     | ^^^^^^^^^
[INFO] [stdout] help: consider importing this function instead
[INFO] [stdout]     |
[INFO] [stdout] 47  |                 let syn::group::$name { token, content } = syn::__private::parse_braces(input)?;
[INFO] [stdout]     |                                                            ~~~~~~~~~~~~~~~~~~~~~~~~~~~~
[INFO] [stdout] 
[INFO] [stdout] 
[INFO] [stdout] error[E0603]: module `group` is private
[INFO] [stdout]    --> /opt/rustwide/cargo-home/registry/src/index.crates.io-6f17d22bba15001f/fabric-support-procedural-tools-2.0.1/src/syn_ext.rs:47:14
[INFO] [stdout]     |
[INFO] [stdout] 47  |                 let syn::group::$name { token, content } = syn::group::$parse(input)?;
[INFO] [stdout]     |                          ^^^^^ private module
[INFO] [stdout] ...
[INFO] [stdout] 71  | groups_impl!(Braces, Brace, Brace, parse_braces);
[INFO] [stdout]     |              ------ struct `Braces` is not publicly re-exported
[INFO] [stdout]     |
[INFO] [stdout] note: the module `group` is defined here
[INFO] [stdout]    --> /opt/rustwide/cargo-home/registry/src/index.crates.io-6f17d22bba15001f/syn-1.0.109/src/lib.rs:308:1
[INFO] [stdout]     |
[INFO] [stdout] 308 | mod group;
[INFO] [stdout]     | ^^^^^^^^^
[INFO] [stdout] 
[INFO] [stdout] 
[INFO] [stdout] error[E0603]: module `group` is private
[INFO] [stdout]    --> /opt/rustwide/cargo-home/registry/src/index.crates.io-6f17d22bba15001f/fabric-support-procedural-tools-2.0.1/src/syn_ext.rs:47:53
[INFO] [stdout]     |
[INFO] [stdout] 47  |                 let syn::group::$name { token, content } = syn::group::$parse(input)?;
[INFO] [stdout]     |                                                                 ^^^^^ private module
[INFO] [stdout]     |
[INFO] [stdout] note: the module `group` is defined here
[INFO] [stdout]    --> /opt/rustwide/cargo-home/registry/src/index.crates.io-6f17d22bba15001f/syn-1.0.109/src/lib.rs:308:1
[INFO] [stdout]     |
[INFO] [stdout] 308 | mod group;
[INFO] [stdout]     | ^^^^^^^^^
[INFO] [stdout] help: consider importing this function instead
[INFO] [stdout]     |
[INFO] [stdout] 47  |                 let syn::group::$name { token, content } = syn::__private::parse_brackets(input)?;
[INFO] [stdout]     |                                                            ~~~~~~~~~~~~~~~~~~~~~~~~~~~~~~
[INFO] [stdout] 
[INFO] [stdout] 
[INFO] [stdout] error[E0603]: module `group` is private
[INFO] [stdout]    --> /opt/rustwide/cargo-home/registry/src/index.crates.io-6f17d22bba15001f/fabric-support-procedural-tools-2.0.1/src/syn_ext.rs:47:14
[INFO] [stdout]     |
[INFO] [stdout] 47  |                 let syn::group::$name { token, content } = syn::group::$parse(input)?;
[INFO] [stdout]     |                          ^^^^^ private module
[INFO] [stdout] ...
[INFO] [stdout] 72  | groups_impl!(Brackets, Bracket, Bracket, parse_brackets);
[INFO] [stdout]     |              -------- struct `Brackets` is not publicly re-exported
[INFO] [stdout]     |
[INFO] [stdout] note: the module `group` is defined here
[INFO] [stdout]    --> /opt/rustwide/cargo-home/registry/src/index.crates.io-6f17d22bba15001f/syn-1.0.109/src/lib.rs:308:1
[INFO] [stdout]     |
[INFO] [stdout] 308 | mod group;
[INFO] [stdout]     | ^^^^^^^^^
[INFO] [stdout] 
[INFO] [stdout] 
[INFO] [stdout] error[E0603]: module `group` is private
[INFO] [stdout]    --> /opt/rustwide/cargo-home/registry/src/index.crates.io-6f17d22bba15001f/fabric-support-procedural-tools-2.0.1/src/syn_ext.rs:47:53
[INFO] [stdout]     |
[INFO] [stdout] 47  |                 let syn::group::$name { token, content } = syn::group::$parse(input)?;
[INFO] [stdout]     |                                                                 ^^^^^ private module
[INFO] [stdout]     |
[INFO] [stdout] note: the module `group` is defined here
[INFO] [stdout]    --> /opt/rustwide/cargo-home/registry/src/index.crates.io-6f17d22bba15001f/syn-1.0.109/src/lib.rs:308:1
[INFO] [stdout]     |
[INFO] [stdout] 308 | mod group;
[INFO] [stdout]     | ^^^^^^^^^
[INFO] [stdout] help: consider importing this function instead
[INFO] [stdout]     |
[INFO] [stdout] 47  |                 let syn::group::$name { token, content } = syn::__private::parse_parens(input)?;
[INFO] [stdout]     |                                                            ~~~~~~~~~~~~~~~~~~~~~~~~~~~~
[INFO] [stdout] 
[INFO] [stdout] 
[INFO] [stdout] error[E0603]: module `group` is private
[INFO] [stdout]    --> /opt/rustwide/cargo-home/registry/src/index.crates.io-6f17d22bba15001f/fabric-support-procedural-tools-2.0.1/src/syn_ext.rs:47:14
[INFO] [stdout]     |
[INFO] [stdout] 47  |                 let syn::group::$name { token, content } = syn::group::$parse(input)?;
[INFO] [stdout]     |                          ^^^^^ private module
[INFO] [stdout] ...
[INFO] [stdout] 73  | groups_impl!(Parens, Paren, Parenthesis, parse_parens);
[INFO] [stdout]     |              ------ struct `Parens` is not publicly re-exported
[INFO] [stdout]     |
[INFO] [stdout] note: the module `group` is defined here
[INFO] [stdout]    --> /opt/rustwide/cargo-home/registry/src/index.crates.io-6f17d22bba15001f/syn-1.0.109/src/lib.rs:308:1
[INFO] [stdout]     |
[INFO] [stdout] 308 | mod group;
[INFO] [stdout]     | ^^^^^^^^^
[INFO] [stdout] 
[INFO] [stdout] 
[INFO] [stdout] error: aborting due to 6 previous errors
[INFO] [stdout] 
[INFO] [stdout] 
[INFO] [stdout] For more information about this error, try `rustc --explain E0603`.
[INFO] [stdout] 
[INFO] [stderr] error: could not compile `fabric-support-procedural-tools` (lib) due to 7 previous errors
[INFO] [stderr] warning: build failed, waiting for other jobs to finish...
[INFO] running `Command { std: "docker" "inspect" "754af7d3136a4791d1adc5c4b3b334946b0364167b40554865a51ad7ceaae78e", kill_on_drop: false }`
[INFO] running `Command { std: "docker" "rm" "-f" "754af7d3136a4791d1adc5c4b3b334946b0364167b40554865a51ad7ceaae78e", kill_on_drop: false }`
[INFO] [stdout] 754af7d3136a4791d1adc5c4b3b334946b0364167b40554865a51ad7ceaae78e
[INFO] testing node-runtime-2.0.1 against beta-2023-12-22 for beta-1.76-1
[INFO] extracting crate node-runtime 2.0.1 into /workspace/builds/worker-0-tc2/source
[INFO] validating manifest of crates.io crate node-runtime 2.0.1 on toolchain beta-2023-12-22
[INFO] running `Command { std: CARGO_HOME="/workspace/cargo-home" RUSTUP_HOME="/workspace/rustup-home" "/workspace/cargo-home/bin/cargo" "+beta-2023-12-22" "metadata" "--manifest-path" "Cargo.toml" "--no-deps", kill_on_drop: false }`
[INFO] started tweaking crates.io crate node-runtime 2.0.1
[INFO] finished tweaking crates.io crate node-runtime 2.0.1
[INFO] tweaked toml for crates.io crate node-runtime 2.0.1 written to /workspace/builds/worker-0-tc2/source/Cargo.toml
[INFO] running `Command { std: CARGO_HOME="/workspace/cargo-home" RUSTUP_HOME="/workspace/rustup-home" "/workspace/cargo-home/bin/cargo" "+beta-2023-12-22" "generate-lockfile" "--manifest-path" "Cargo.toml", kill_on_drop: false }`
[INFO] [stderr]     Updating crates.io index
[INFO] running `Command { std: CARGO_HOME="/workspace/cargo-home" RUSTUP_HOME="/workspace/rustup-home" "/workspace/cargo-home/bin/cargo" "+beta-2023-12-22" "fetch" "--manifest-path" "Cargo.toml", kill_on_drop: false }`
[INFO] running `Command { std: "docker" "create" "-v" "/var/lib/crater-agent-workspace/builds/worker-0-tc2/target:/opt/rustwide/target:rw,Z" "-v" "/var/lib/crater-agent-workspace/builds/worker-0-tc2/source:/opt/rustwide/workdir:ro,Z" "-v" "/var/lib/crater-agent-workspace/cargo-home:/opt/rustwide/cargo-home:ro,Z" "-v" "/var/lib/crater-agent-workspace/rustup-home:/opt/rustwide/rustup-home:ro,Z" "-e" "SOURCE_DIR=/opt/rustwide/workdir" "-e" "CARGO_TARGET_DIR=/opt/rustwide/target" "-e" "CARGO_HOME=/opt/rustwide/cargo-home" "-e" "RUSTUP_HOME=/opt/rustwide/rustup-home" "-w" "/opt/rustwide/workdir" "-m" "1610612736" "--user" "0:0" "--network" "none" "ghcr.io/rust-lang/crates-build-env/linux@sha256:2788e3201cd34a07e3172128adcd8b3090168a8e3bcc40d7c032b9dda1df7d1c" "/opt/rustwide/cargo-home/bin/cargo" "+beta-2023-12-22" "metadata" "--no-deps" "--format-version=1", kill_on_drop: false }`
[INFO] [stdout] d17bdcf5ac5e36c92be19acc683bcfe63879f547fdd75066eb1f1426f18cf987
[INFO] running `Command { std: "docker" "start" "-a" "d17bdcf5ac5e36c92be19acc683bcfe63879f547fdd75066eb1f1426f18cf987", kill_on_drop: false }`
[INFO] running `Command { std: "docker" "inspect" "d17bdcf5ac5e36c92be19acc683bcfe63879f547fdd75066eb1f1426f18cf987", kill_on_drop: false }`
[INFO] running `Command { std: "docker" "rm" "-f" "d17bdcf5ac5e36c92be19acc683bcfe63879f547fdd75066eb1f1426f18cf987", kill_on_drop: false }`
[INFO] [stdout] d17bdcf5ac5e36c92be19acc683bcfe63879f547fdd75066eb1f1426f18cf987
[INFO] running `Command { std: "docker" "create" "-v" "/var/lib/crater-agent-workspace/builds/worker-0-tc2/target:/opt/rustwide/target:rw,Z" "-v" "/var/lib/crater-agent-workspace/builds/worker-0-tc2/source:/opt/rustwide/workdir:ro,Z" "-v" "/var/lib/crater-agent-workspace/cargo-home:/opt/rustwide/cargo-home:ro,Z" "-v" "/var/lib/crater-agent-workspace/rustup-home:/opt/rustwide/rustup-home:ro,Z" "-e" "SOURCE_DIR=/opt/rustwide/workdir" "-e" "CARGO_TARGET_DIR=/opt/rustwide/target" "-e" "CARGO_INCREMENTAL=0" "-e" "RUST_BACKTRACE=full" "-e" "RUSTFLAGS=--cap-lints=warn" "-e" "RUSTDOCFLAGS=--cap-lints=warn" "-e" "CARGO_HOME=/opt/rustwide/cargo-home" "-e" "RUSTUP_HOME=/opt/rustwide/rustup-home" "-w" "/opt/rustwide/workdir" "-m" "1610612736" "--user" "0:0" "--network" "none" "ghcr.io/rust-lang/crates-build-env/linux@sha256:2788e3201cd34a07e3172128adcd8b3090168a8e3bcc40d7c032b9dda1df7d1c" "/opt/rustwide/cargo-home/bin/cargo" "+beta-2023-12-22" "build" "--frozen" "--message-format=json", kill_on_drop: false }`
[INFO] [stdout] 6a2a9ebdd9cf8c527812fae2a32c314b280434c58b3146b2cad2e8e5109f601d
[INFO] running `Command { std: "docker" "start" "-a" "6a2a9ebdd9cf8c527812fae2a32c314b280434c58b3146b2cad2e8e5109f601d", kill_on_drop: false }`
[INFO] [stderr]    Compiling proc-macro2 v1.0.75
[INFO] [stderr]    Compiling libc v0.2.151
[INFO] [stderr]    Compiling syn v1.0.109
[INFO] [stderr]    Compiling serde v1.0.194
[INFO] [stderr]    Compiling value-bag v1.4.3
[INFO] [stderr]    Compiling byteorder v1.5.0
[INFO] [stderr]    Compiling futures-io v0.3.30
[INFO] [stderr]    Compiling libm v0.2.8
[INFO] [stderr]    Compiling num-traits v0.2.17
[INFO] [stderr]    Compiling log v0.4.20
[INFO] [stderr]    Compiling smallvec v1.11.2
[INFO] [stderr]    Compiling radium v0.6.2
[INFO] [stderr]    Compiling tracing-core v0.1.32
[INFO] [stderr]    Compiling getrandom v0.1.16
[INFO] [stderr]    Compiling arrayvec v0.5.2
[INFO] [stderr]    Compiling funty v1.1.0
[INFO] [stderr]    Compiling wyz v0.2.0
[INFO] [stderr]    Compiling tap v1.0.1
[INFO] [stderr]    Compiling thiserror v1.0.56
[INFO] [stderr]    Compiling lock_api v0.4.11
[INFO] [stderr]    Compiling quote v1.0.35
[INFO] [stderr]    Compiling byte-slice-cast v1.2.2
[INFO] [stderr]    Compiling parking_lot_core v0.8.6
[INFO] [stderr]    Compiling syn v2.0.48
[INFO] [stderr]    Compiling bitvec v0.20.4
[INFO] [stderr]    Compiling crunchy v0.2.2
[INFO] [stderr]    Compiling tracing v0.1.40
[INFO] [stderr]    Compiling generic-array v0.12.4
[INFO] [stderr]    Compiling instant v0.1.12
[INFO] [stderr]    Compiling static_assertions v1.1.0
[INFO] [stderr]    Compiling getrandom v0.2.11
[INFO] [stderr]    Compiling rand_core v0.6.4
[INFO] [stderr]    Compiling rand_core v0.5.1
[INFO] [stderr]    Compiling subtle v2.5.0
[INFO] [stderr]    Compiling rand_chacha v0.3.1
[INFO] [stderr]    Compiling unicode-xid v0.2.4
[INFO] [stderr]    Compiling parking_lot v0.11.2
[INFO] [stderr]    Compiling anyhow v1.0.79
[INFO] [stderr]    Compiling num-integer v0.1.45
[INFO] [stderr]    Compiling digest v0.8.1
[INFO] [stderr]    Compiling rand v0.8.5
[INFO] [stderr]    Compiling num_cpus v1.16.0
[INFO] [stderr]    Compiling rand_chacha v0.2.2
[INFO] [stderr]    Compiling rand_pcg v0.2.1
[INFO] [stderr]    Compiling byte-tools v0.3.1
[INFO] [stderr]    Compiling subtle v1.0.0
[INFO] [stderr]    Compiling serde_json v1.0.111
[INFO] [stderr]    Compiling crypto-mac v0.7.0
[INFO] [stderr]    Compiling block-padding v0.1.5
[INFO] [stderr]    Compiling rand v0.7.3
[INFO] [stderr]    Compiling rustc-hex v2.1.0
[INFO] [stderr]    Compiling block-buffer v0.7.3
[INFO] [stderr]    Compiling opaque-debug v0.2.3
[INFO] [stderr]    Compiling tetcore-std v2.1.2
[INFO] [stderr]    Compiling arrayref v0.3.7
[INFO] [stderr]    Compiling fake-simd v0.1.2
[INFO] [stderr]    Compiling hex v0.4.3
[INFO] [stderr]    Compiling tetsy-fixed-hash v0.7.1
[INFO] [stderr]    Compiling sha2 v0.8.2
[INFO] [stderr]    Compiling hmac v0.7.1
[INFO] [stderr]    Compiling num-bigint v0.2.6
[INFO] [stderr]    Compiling ahash v0.4.8
[INFO] [stderr]    Compiling ansi_term v0.12.1
[INFO] [stderr]    Compiling ref-cast v1.0.22
[INFO] [stderr]    Compiling uint-crate v0.9.1
[INFO] [stderr]    Compiling hashbrown v0.9.1
[INFO] [stderr]    Compiling num-rational v0.2.4
[INFO] [stderr]    Compiling signature v1.6.4
[INFO] [stderr]    Compiling tetsy-wasm v0.41.0
[INFO] [stderr]    Compiling tetsy-util-mem v0.9.1
[INFO] [stderr]    Compiling ed25519 v1.5.3
[INFO] [stderr]    Compiling hmac-drbg v0.2.0
[INFO] [stderr]    Compiling cc v1.0.83
[INFO] [stderr]    Compiling arrayvec v0.4.12
[INFO] [stderr]    Compiling chrono v0.4.31
[INFO] [stderr]    Compiling libsecp256k1 v0.3.5
[INFO] [stderr]    Compiling matchers v0.0.1
[INFO] [stderr]    Compiling Inflector v0.11.4
[INFO] [stderr]    Compiling twasmi-validation v0.3.0
[INFO] [stderr]    Compiling crypto-mac v0.8.0
[INFO] [stderr]    Compiling sharded-slab v0.1.7
[INFO] [stderr]    Compiling tracing-log v0.1.4
[INFO] [stderr]    Compiling thread_local v1.1.7
[INFO] [stderr]    Compiling memory_units v0.3.0
[INFO] [stderr]    Compiling nodrop v0.1.14
[INFO] [stderr]    Compiling downcast-rs v1.2.0
[INFO] [stderr]    Compiling tetsy-hash-db v0.15.3
[INFO] [stderr]    Compiling environ v1.1.3
[INFO] [stderr]    Compiling keccak v0.1.4
[INFO] [stderr]    Compiling synstructure v0.12.6
[INFO] [stderr]    Compiling twasmi v0.6.2
[INFO] [stderr]    Compiling constant_time_eq v0.1.5
[INFO] [stderr]    Compiling tiny-keccak v2.0.2
[INFO] [stderr]    Compiling either v1.9.0
[INFO] [stderr]    Compiling blake2-rfc v0.2.18
[INFO] [stderr]    Compiling hmac v0.8.1
[INFO] [stderr]    Compiling pbkdf2 v0.4.0
[INFO] [stderr]    Compiling pbkdf2 v0.3.0
[INFO] [stderr]    Compiling dyn-clone v1.0.16
[INFO] [stderr]    Compiling twox-hash v1.6.3
[INFO] [stderr]    Compiling tetsy-hash256-std-hasher v0.15.3
[INFO] [stderr]    Compiling base58 v0.1.0
[INFO] [stderr]    Compiling rustc-demangle v0.1.23
[INFO] [stderr]    Compiling backtrace v0.3.69
[INFO] [stderr]    Compiling gimli v0.28.1
[INFO] [stderr]    Compiling serde_derive v1.0.194
[INFO] [stderr]    Compiling thiserror-impl v1.0.56
[INFO] [stderr]    Compiling futures-macro v0.3.30
[INFO] [stderr]    Compiling zeroize_derive v1.4.2
[INFO] [stderr]    Compiling futures-util v0.3.30
[INFO] [stderr]    Compiling ref-cast-impl v1.0.22
[INFO] [stderr]    Compiling impl-trait-for-tuples v0.2.2
[INFO] [stderr]    Compiling zeroize v1.3.0
[INFO] [stderr]    Compiling debug-derive v2.1.2
[INFO] [stderr]    Compiling curve25519-dalek v3.2.1
[INFO] [stderr]    Compiling tetsy-util-mem-derive v0.1.1
[INFO] [stderr]    Compiling merlin v2.0.1
[INFO] [stderr]    Compiling curve25519-dalek v2.1.3
[INFO] [stderr]    Compiling dyn-clonable-impl v0.9.0
[INFO] [stderr]    Compiling tiny-bip39 v0.8.2
[INFO] [stderr]    Compiling secrecy v0.7.0
[INFO] [stderr]    Compiling miniz_oxide v0.7.1
[INFO] [stderr]    Compiling dyn-clonable v0.9.0
[INFO] [stderr]    Compiling addr2line v0.21.0
[INFO] [stderr]    Compiling object v0.32.2
[INFO] [stderr]    Compiling convert_case v0.4.0
[INFO] [stderr]    Compiling tetsy-trie-root v0.16.1
[INFO] [stderr]    Compiling tetsy-trie-db v0.22.3
[INFO] [stderr]    Compiling async-trait v0.1.77
[INFO] [stderr]    Compiling integer-sqrt v0.1.5
[INFO] [stderr]    Compiling paste-impl v0.1.18
[INFO] [stderr]    Compiling derive_more v0.99.17
[INFO] [stderr]    Compiling paste v0.1.18
[INFO] [stderr]    Compiling fabric-support-procedural-tools-derive v2.0.1
[INFO] [stderr]    Compiling futures-executor v0.3.30
[INFO] [stderr]    Compiling futures v0.3.30
[INFO] [stderr]    Compiling rustix v0.38.28
[INFO] [stderr]    Compiling linux-raw-sys v0.4.12
[INFO] [stderr]    Compiling fastrand v2.0.1
[INFO] [stderr]    Compiling matrixmultiply v0.3.8
[INFO] [stderr]    Compiling crossbeam-utils v0.8.18
[INFO] [stderr]    Compiling num-complex v0.4.4
[INFO] [stderr]    Compiling approx v0.5.1
[INFO] [stderr]    Compiling rawpointer v0.2.1
[INFO] [stderr]    Compiling simba v0.5.1
[INFO] [stderr]    Compiling num-rational v0.4.1
[INFO] [stderr]    Compiling nalgebra-macros v0.1.0
[INFO] [stderr]    Compiling rand_distr v0.4.3
[INFO] [stderr]    Compiling parking v2.2.0
[INFO] [stderr]    Compiling concurrent-queue v2.4.0
[INFO] [stderr]    Compiling event-listener v4.0.2
[INFO] [stderr]    Compiling unicode-segmentation v1.10.1
[INFO] [stderr]    Compiling wasm-timer v0.2.5
[INFO] [stderr]    Compiling toml v0.5.11
[INFO] [stderr]    Compiling tetsy-impl-serde v0.3.2
[INFO] [stderr]    Compiling impl-serde v0.3.2
[INFO] [stderr]    Compiling ed25519-dalek v1.0.1
[INFO] [stderr]    Compiling tracing-serde v0.1.3
[INFO] [stderr]    Compiling schnorrkel v0.9.1
[INFO] [stderr]    Compiling panic-handler v2.1.2
[INFO] [stderr]    Compiling heck v0.3.3
[INFO] [stderr]    Compiling event-listener-strategy v0.4.0
[INFO] [stderr]    Compiling pin-project-internal v1.1.3
[INFO] [stderr]    Compiling itertools v0.9.0
[INFO] [stderr]    Compiling proc-macro-crate v0.1.5
[INFO] [stderr]    Compiling tracing-subscriber v0.2.25
[INFO] [stderr]    Compiling tetcore-bip39 v0.4.2
[INFO] [stderr]    Compiling fabric-support-procedural-tools v2.0.1
[INFO] [stderr]    Compiling tetsy-scale-codec-derive v2.0.1
[INFO] [stdout] error[E0603]: module `group` is private
[INFO] [stdout]    --> /opt/rustwide/cargo-home/registry/src/index.crates.io-6f17d22bba15001f/fabric-support-procedural-tools-2.0.1/src/syn_ext.rs:47:53
[INFO] [stdout]     |
[INFO] [stdout] 47  |                 let syn::group::$name { token, content } = syn::group::$parse(input)?;
[INFO] [stdout]     |                                                                 ^^^^^ private module
[INFO] [stdout]     |
[INFO] [stdout] note: the module `group` is defined here
[INFO] [stdout]    --> /opt/rustwide/cargo-home/registry/src/index.crates.io-6f17d22bba15001f/syn-1.0.109/src/lib.rs:308:1
[INFO] [stdout]     |
[INFO] [stdout] 308 | mod group;
[INFO] [stdout]     | ^^^^^^^^^
[INFO] [stdout] help: consider importing this function instead
[INFO] [stdout]     |
[INFO] [stdout] 47  |                 let syn::group::$name { token, content } = syn::__private::parse_braces(input)?;
[INFO] [stdout]     |                                                            ~~~~~~~~~~~~~~~~~~~~~~~~~~~~
[INFO] [stdout] 
[INFO] [stdout] 
[INFO] [stdout] error[E0603]: module `group` is private
[INFO] [stdout]    --> /opt/rustwide/cargo-home/registry/src/index.crates.io-6f17d22bba15001f/fabric-support-procedural-tools-2.0.1/src/syn_ext.rs:47:14
[INFO] [stdout]     |
[INFO] [stdout] 47  |                 let syn::group::$name { token, content } = syn::group::$parse(input)?;
[INFO] [stdout]     |                          ^^^^^ private module
[INFO] [stdout] ...
[INFO] [stdout] 71  | groups_impl!(Braces, Brace, Brace, parse_braces);
[INFO] [stdout]     |              ------ struct `Braces` is not publicly re-exported
[INFO] [stdout]     |
[INFO] [stdout] note: the module `group` is defined here
[INFO] [stdout]    --> /opt/rustwide/cargo-home/registry/src/index.crates.io-6f17d22bba15001f/syn-1.0.109/src/lib.rs:308:1
[INFO] [stdout]     |
[INFO] [stdout] 308 | mod group;
[INFO] [stdout]     | ^^^^^^^^^
[INFO] [stdout] 
[INFO] [stdout] 
[INFO] [stdout] error[E0603]: module `group` is private
[INFO] [stdout]    --> /opt/rustwide/cargo-home/registry/src/index.crates.io-6f17d22bba15001f/fabric-support-procedural-tools-2.0.1/src/syn_ext.rs:47:53
[INFO] [stdout]     |
[INFO] [stdout] 47  |                 let syn::group::$name { token, content } = syn::group::$parse(input)?;
[INFO] [stdout]     |                                                                 ^^^^^ private module
[INFO] [stdout]     |
[INFO] [stdout] note: the module `group` is defined here
[INFO] [stdout]    --> /opt/rustwide/cargo-home/registry/src/index.crates.io-6f17d22bba15001f/syn-1.0.109/src/lib.rs:308:1
[INFO] [stdout]     |
[INFO] [stdout] 308 | mod group;
[INFO] [stdout]     | ^^^^^^^^^
[INFO] [stdout] help: consider importing this function instead
[INFO] [stdout]     |
[INFO] [stdout] 47  |                 let syn::group::$name { token, content } = syn::__private::parse_brackets(input)?;
[INFO] [stdout]     |                                                            ~~~~~~~~~~~~~~~~~~~~~~~~~~~~~~
[INFO] [stdout] 
[INFO] [stdout] 
[INFO] [stdout] error[E0603]: module `group` is private
[INFO] [stdout]    --> /opt/rustwide/cargo-home/registry/src/index.crates.io-6f17d22bba15001f/fabric-support-procedural-tools-2.0.1/src/syn_ext.rs:47:14
[INFO] [stdout]     |
[INFO] [stdout] 47  |                 let syn::group::$name { token, content } = syn::group::$parse(input)?;
[INFO] [stdout]     |                          ^^^^^ private module
[INFO] [stdout] ...
[INFO] [stdout] 72  | groups_impl!(Brackets, Bracket, Bracket, parse_brackets);
[INFO] [stdout]     |              -------- struct `Brackets` is not publicly re-exported
[INFO] [stdout]     |
[INFO] [stdout] note: the module `group` is defined here
[INFO] [stdout]    --> /opt/rustwide/cargo-home/registry/src/index.crates.io-6f17d22bba15001f/syn-1.0.109/src/lib.rs:308:1
[INFO] [stdout]     |
[INFO] [stdout] 308 | mod group;
[INFO] [stdout]     | ^^^^^^^^^
[INFO] [stdout] 
[INFO] [stdout] 
[INFO] [stdout] error[E0603]: module `group` is private
[INFO] [stdout]    --> /opt/rustwide/cargo-home/registry/src/index.crates.io-6f17d22bba15001f/fabric-support-procedural-tools-2.0.1/src/syn_ext.rs:47:53
[INFO] [stdout]     |
[INFO] [stdout] 47  |                 let syn::group::$name { token, content } = syn::group::$parse(input)?;
[INFO] [stdout]     |                                                                 ^^^^^ private module
[INFO] [stdout]     |
[INFO] [stdout] note: the module `group` is defined here
[INFO] [stdout]    --> /opt/rustwide/cargo-home/registry/src/index.crates.io-6f17d22bba15001f/syn-1.0.109/src/lib.rs:308:1
[INFO] [stdout]     |
[INFO] [stdout] 308 | mod group;
[INFO] [stdout]     | ^^^^^^^^^
[INFO] [stdout] help: consider importing this function instead
[INFO] [stdout]     |
[INFO] [stdout] 47  |                 let syn::group::$name { token, content } = syn::__private::parse_parens(input)?;
[INFO] [stdout]     |                                                            ~~~~~~~~~~~~~~~~~~~~~~~~~~~~
[INFO] [stdout] 
[INFO] [stdout] 
[INFO] [stdout] error[E0603]: module `group` is private
[INFO] [stdout]    --> /opt/rustwide/cargo-home/registry/src/index.crates.io-6f17d22bba15001f/fabric-support-procedural-tools-2.0.1/src/syn_ext.rs:47:14
[INFO] [stdout]     |
[INFO] [stdout] 47  |                 let syn::group::$name { token, content } = syn::group::$parse(input)?;
[INFO] [stdout]     |                          ^^^^^ private module
[INFO] [stdout] ...
[INFO] [stdout] 73  | groups_impl!(Parens, Paren, Parenthesis, parse_parens);
[INFO] [stdout]     |              ------ struct `Parens` is not publicly re-exported
[INFO] [stdout]     |
[INFO] [stdout] note: the module `group` is defined here
[INFO] [stdout]    --> /opt/rustwide/cargo-home/registry/src/index.crates.io-6f17d22bba15001f/syn-1.0.109/src/lib.rs:308:1
[INFO] [stdout]     |
[INFO] [stdout] 308 | mod group;
[INFO] [stdout]     | ^^^^^^^^^
[INFO] [stdout] 
[INFO] [stdout] 
[INFO] [stdout] error: aborting due to 6 previous errors
[INFO] [stdout] 
[INFO] [stdout] 
[INFO] [stdout] For more information about this error, try `rustc --explain E0603`.
[INFO] [stdout] 
[INFO] [stderr] error: could not compile `fabric-support-procedural-tools` (lib) due to 7 previous errors
[INFO] [stderr] warning: build failed, waiting for other jobs to finish...
[INFO] running `Command { std: "docker" "inspect" "6a2a9ebdd9cf8c527812fae2a32c314b280434c58b3146b2cad2e8e5109f601d", kill_on_drop: false }`
[INFO] running `Command { std: "docker" "rm" "-f" "6a2a9ebdd9cf8c527812fae2a32c314b280434c58b3146b2cad2e8e5109f601d", kill_on_drop: false }`
[INFO] [stdout] 6a2a9ebdd9cf8c527812fae2a32c314b280434c58b3146b2cad2e8e5109f601d
