[INFO] fetching crate nixcfg 0.2.0...
[INFO] testing nixcfg-0.2.0 against 1.75.0 for beta-1.76-1
[INFO] extracting crate nixcfg 0.2.0 into /workspace/builds/worker-4-tc1/source
[INFO] validating manifest of crates.io crate nixcfg 0.2.0 on toolchain 1.75.0
[INFO] running `Command { std: CARGO_HOME="/workspace/cargo-home" RUSTUP_HOME="/workspace/rustup-home" "/workspace/cargo-home/bin/cargo" "+1.75.0" "metadata" "--manifest-path" "Cargo.toml" "--no-deps", kill_on_drop: false }`
[INFO] started tweaking crates.io crate nixcfg 0.2.0
[INFO] finished tweaking crates.io crate nixcfg 0.2.0
[INFO] tweaked toml for crates.io crate nixcfg 0.2.0 written to /workspace/builds/worker-4-tc1/source/Cargo.toml
[INFO] running `Command { std: CARGO_HOME="/workspace/cargo-home" RUSTUP_HOME="/workspace/rustup-home" "/workspace/cargo-home/bin/cargo" "+1.75.0" "generate-lockfile" "--manifest-path" "Cargo.toml", kill_on_drop: false }`
[INFO] [stderr]     Updating crates.io index
[INFO] running `Command { std: CARGO_HOME="/workspace/cargo-home" RUSTUP_HOME="/workspace/rustup-home" "/workspace/cargo-home/bin/cargo" "+1.75.0" "fetch" "--manifest-path" "Cargo.toml", kill_on_drop: false }`
[INFO] [stderr]  Downloading crates ...
[INFO] [stderr]   Downloaded arenatree v0.1.3
[INFO] [stderr]   Downloaded rnix v0.4.2
[INFO] running `Command { std: "docker" "create" "-v" "/var/lib/crater-agent-workspace/builds/worker-4-tc1/target:/opt/rustwide/target:rw,Z" "-v" "/var/lib/crater-agent-workspace/builds/worker-4-tc1/source:/opt/rustwide/workdir:ro,Z" "-v" "/var/lib/crater-agent-workspace/cargo-home:/opt/rustwide/cargo-home:ro,Z" "-v" "/var/lib/crater-agent-workspace/rustup-home:/opt/rustwide/rustup-home:ro,Z" "-e" "SOURCE_DIR=/opt/rustwide/workdir" "-e" "CARGO_TARGET_DIR=/opt/rustwide/target" "-e" "CARGO_HOME=/opt/rustwide/cargo-home" "-e" "RUSTUP_HOME=/opt/rustwide/rustup-home" "-w" "/opt/rustwide/workdir" "-m" "1610612736" "--user" "0:0" "--network" "none" "ghcr.io/rust-lang/crates-build-env/linux@sha256:2788e3201cd34a07e3172128adcd8b3090168a8e3bcc40d7c032b9dda1df7d1c" "/opt/rustwide/cargo-home/bin/cargo" "+1.75.0" "metadata" "--no-deps" "--format-version=1", kill_on_drop: false }`
[INFO] [stdout] b29db72e2e7862f91ef7f4fa700d89ccb55b62f4f8ca345f7f45227758396e8c
[INFO] running `Command { std: "docker" "start" "-a" "b29db72e2e7862f91ef7f4fa700d89ccb55b62f4f8ca345f7f45227758396e8c", kill_on_drop: false }`
[INFO] running `Command { std: "docker" "inspect" "b29db72e2e7862f91ef7f4fa700d89ccb55b62f4f8ca345f7f45227758396e8c", kill_on_drop: false }`
[INFO] running `Command { std: "docker" "rm" "-f" "b29db72e2e7862f91ef7f4fa700d89ccb55b62f4f8ca345f7f45227758396e8c", kill_on_drop: false }`
[INFO] [stdout] b29db72e2e7862f91ef7f4fa700d89ccb55b62f4f8ca345f7f45227758396e8c
[INFO] running `Command { std: "docker" "create" "-v" "/var/lib/crater-agent-workspace/builds/worker-4-tc1/target:/opt/rustwide/target:rw,Z" "-v" "/var/lib/crater-agent-workspace/builds/worker-4-tc1/source:/opt/rustwide/workdir:ro,Z" "-v" "/var/lib/crater-agent-workspace/cargo-home:/opt/rustwide/cargo-home:ro,Z" "-v" "/var/lib/crater-agent-workspace/rustup-home:/opt/rustwide/rustup-home:ro,Z" "-e" "SOURCE_DIR=/opt/rustwide/workdir" "-e" "CARGO_TARGET_DIR=/opt/rustwide/target" "-e" "CARGO_INCREMENTAL=0" "-e" "RUST_BACKTRACE=full" "-e" "RUSTFLAGS=--cap-lints=warn" "-e" "RUSTDOCFLAGS=--cap-lints=warn" "-e" "CARGO_HOME=/opt/rustwide/cargo-home" "-e" "RUSTUP_HOME=/opt/rustwide/rustup-home" "-w" "/opt/rustwide/workdir" "-m" "1610612736" "--user" "0:0" "--network" "none" "ghcr.io/rust-lang/crates-build-env/linux@sha256:2788e3201cd34a07e3172128adcd8b3090168a8e3bcc40d7c032b9dda1df7d1c" "/opt/rustwide/cargo-home/bin/cargo" "+1.75.0" "build" "--frozen" "--message-format=json", kill_on_drop: false }`
[INFO] [stdout] ee99c9c4ca4451ea3b0fd80d2a30173caf14633f483f34e730854e62d287357d
[INFO] running `Command { std: "docker" "start" "-a" "ee99c9c4ca4451ea3b0fd80d2a30173caf14633f483f34e730854e62d287357d", kill_on_drop: false }`
[INFO] [stderr]    Compiling proc-macro2 v0.4.30
[INFO] [stderr]    Compiling syn v1.0.109
[INFO] [stderr]    Compiling unicode-xid v0.1.0
[INFO] [stderr]    Compiling memchr v2.7.1
[INFO] [stderr]    Compiling serde v1.0.194
[INFO] [stderr]    Compiling gimli v0.28.1
[INFO] [stderr]    Compiling cc v1.0.83
[INFO] [stderr]    Compiling unicode-xid v0.2.4
[INFO] [stderr]    Compiling failure_derive v0.1.8
[INFO] [stderr]    Compiling syn v0.15.44
[INFO] [stderr]    Compiling adler v1.0.2
[INFO] [stderr]    Compiling rustc-demangle v0.1.23
[INFO] [stderr]    Compiling unicode-width v0.1.11
[INFO] [stderr]    Compiling miniz_oxide v0.7.1
[INFO] [stderr]    Compiling unicode-segmentation v1.10.1
[INFO] [stderr]    Compiling quote v0.6.13
[INFO] [stderr]    Compiling object v0.32.2
[INFO] [stderr]    Compiling arrayvec v0.4.12
[INFO] [stderr]    Compiling heck v0.3.3
[INFO] [stderr]    Compiling textwrap v0.11.0
[INFO] [stderr]    Compiling atty v0.2.14
[INFO] [stderr]    Compiling ansi_term v0.12.1
[INFO] [stderr]    Compiling vec_map v0.8.2
[INFO] [stderr]    Compiling backtrace v0.3.69
[INFO] [stderr]    Compiling strsim v0.8.0
[INFO] [stderr]    Compiling nodrop v0.1.14
[INFO] [stderr]    Compiling clap v2.34.0
[INFO] [stderr]    Compiling arenatree v0.1.3
[INFO] [stderr]    Compiling addr2line v0.21.0
[INFO] [stderr]    Compiling synstructure v0.12.6
[INFO] [stderr]    Compiling structopt-derive v0.2.18
[INFO] [stderr]    Compiling structopt v0.2.18
[INFO] [stderr]    Compiling failure v0.1.8
[INFO] [stderr]    Compiling smol_str v0.1.24
[INFO] [stderr]    Compiling rnix v0.4.2
[INFO] [stderr]    Compiling nixcfg v0.2.0 (/opt/rustwide/workdir)
[INFO] [stdout] warning: unused `Result` that must be used
[INFO] [stdout]   --> src/main.rs:95:9
[INFO] [stdout]    |
[INFO] [stdout] 95 |         write!(file, "{}", content);
[INFO] [stdout]    |         ^^^^^^^^^^^^^^^^^^^^^^^^^^^
[INFO] [stdout]    |
[INFO] [stdout]    = note: this `Result` may be an `Err` variant, which should be handled
[INFO] [stdout]    = note: `#[warn(unused_must_use)]` on by default
[INFO] [stdout]    = note: this warning originates in the macro `write` (in Nightly builds, run with -Z macro-backtrace for more info)
[INFO] [stdout] 
[INFO] [stdout] 
[INFO] [stdout] warning: unused `Result` that must be used
[INFO] [stdout]    --> src/main.rs:126:13
[INFO] [stdout]     |
[INFO] [stdout] 126 |             write!(content, "{}", ast);
[INFO] [stdout]     |             ^^^^^^^^^^^^^^^^^^^^^^^^^^
[INFO] [stdout]     |
[INFO] [stdout]     = note: this `Result` may be an `Err` variant, which should be handled
[INFO] [stdout]     = note: this warning originates in the macro `write` (in Nightly builds, run with -Z macro-backtrace for more info)
[INFO] [stdout] 
[INFO] [stdout] 
[INFO] [stdout] warning: 2 warnings emitted
[INFO] [stdout] 
[INFO] [stdout] 
[INFO] [stderr]     Finished dev [unoptimized + debuginfo] target(s) in 14.11s
[INFO] running `Command { std: "docker" "inspect" "ee99c9c4ca4451ea3b0fd80d2a30173caf14633f483f34e730854e62d287357d", kill_on_drop: false }`
[INFO] running `Command { std: "docker" "rm" "-f" "ee99c9c4ca4451ea3b0fd80d2a30173caf14633f483f34e730854e62d287357d", kill_on_drop: false }`
[INFO] [stdout] ee99c9c4ca4451ea3b0fd80d2a30173caf14633f483f34e730854e62d287357d
[INFO] running `Command { std: "docker" "create" "-v" "/var/lib/crater-agent-workspace/builds/worker-4-tc1/target:/opt/rustwide/target:rw,Z" "-v" "/var/lib/crater-agent-workspace/builds/worker-4-tc1/source:/opt/rustwide/workdir:ro,Z" "-v" "/var/lib/crater-agent-workspace/cargo-home:/opt/rustwide/cargo-home:ro,Z" "-v" "/var/lib/crater-agent-workspace/rustup-home:/opt/rustwide/rustup-home:ro,Z" "-e" "SOURCE_DIR=/opt/rustwide/workdir" "-e" "CARGO_TARGET_DIR=/opt/rustwide/target" "-e" "CARGO_INCREMENTAL=0" "-e" "RUST_BACKTRACE=full" "-e" "RUSTFLAGS=--cap-lints=warn" "-e" "RUSTDOCFLAGS=--cap-lints=warn" "-e" "CARGO_HOME=/opt/rustwide/cargo-home" "-e" "RUSTUP_HOME=/opt/rustwide/rustup-home" "-w" "/opt/rustwide/workdir" "-m" "1610612736" "--user" "0:0" "--network" "none" "ghcr.io/rust-lang/crates-build-env/linux@sha256:2788e3201cd34a07e3172128adcd8b3090168a8e3bcc40d7c032b9dda1df7d1c" "/opt/rustwide/cargo-home/bin/cargo" "+1.75.0" "test" "--frozen" "--no-run" "--message-format=json", kill_on_drop: false }`
[INFO] [stdout] c281f7236e3b3f50ee879a094469079ec8e5946b27aa269c4d65817ecc098aba
[INFO] running `Command { std: "docker" "start" "-a" "c281f7236e3b3f50ee879a094469079ec8e5946b27aa269c4d65817ecc098aba", kill_on_drop: false }`
[INFO] [stderr]    Compiling nixcfg v0.2.0 (/opt/rustwide/workdir)
[INFO] [stdout] error[E0063]: missing field `keep_eol` in initializer of `Command`
[INFO] [stdout]    --> src/main.rs:342:27
[INFO] [stdout]     |
[INFO] [stdout] 342 |                 let cmd = Command::Set {
[INFO] [stdout]     |                           ^^^^^^^^^^^^ missing `keep_eol`
[INFO] [stdout] 
[INFO] [stdout] 
[INFO] [stdout] error[E0308]: mismatched types
[INFO] [stdout]    --> src/main.rs:344:28
[INFO] [stdout]     |
[INFO] [stdout] 344 |                     value: replace_by
[INFO] [stdout]     |                            ^^^^^^^^^^ expected `Option<String>`, found `String`
[INFO] [stdout]     |
[INFO] [stdout]     = note: expected enum `Option<String>`
[INFO] [stdout]              found struct `String`
[INFO] [stdout] help: try wrapping the expression in `Some`
[INFO] [stdout]     |
[INFO] [stdout] 344 |                     value: Some(replace_by)
[INFO] [stdout]     |                            +++++          +
[INFO] [stdout] 
[INFO] [stdout] 
[INFO] [stdout] error: aborting due to 2 previous errors
[INFO] [stdout] 
[INFO] [stdout] 
[INFO] [stdout] Some errors have detailed explanations: E0063, E0308.
[INFO] [stdout] 
[INFO] [stdout] For more information about an error, try `rustc --explain E0063`.
[INFO] [stdout] 
[INFO] [stderr] error: could not compile `nixcfg` (bin "nixcfg" test) due to 3 previous errors
[INFO] running `Command { std: "docker" "inspect" "c281f7236e3b3f50ee879a094469079ec8e5946b27aa269c4d65817ecc098aba", kill_on_drop: false }`
[INFO] running `Command { std: "docker" "rm" "-f" "c281f7236e3b3f50ee879a094469079ec8e5946b27aa269c4d65817ecc098aba", kill_on_drop: false }`
[INFO] [stdout] c281f7236e3b3f50ee879a094469079ec8e5946b27aa269c4d65817ecc098aba
[INFO] testing nixcfg-0.2.0 against beta-2023-12-22 for beta-1.76-1
[INFO] extracting crate nixcfg 0.2.0 into /workspace/builds/worker-4-tc2/source
[INFO] validating manifest of crates.io crate nixcfg 0.2.0 on toolchain beta-2023-12-22
[INFO] running `Command { std: CARGO_HOME="/workspace/cargo-home" RUSTUP_HOME="/workspace/rustup-home" "/workspace/cargo-home/bin/cargo" "+beta-2023-12-22" "metadata" "--manifest-path" "Cargo.toml" "--no-deps", kill_on_drop: false }`
[INFO] started tweaking crates.io crate nixcfg 0.2.0
[INFO] finished tweaking crates.io crate nixcfg 0.2.0
[INFO] tweaked toml for crates.io crate nixcfg 0.2.0 written to /workspace/builds/worker-4-tc2/source/Cargo.toml
[INFO] running `Command { std: CARGO_HOME="/workspace/cargo-home" RUSTUP_HOME="/workspace/rustup-home" "/workspace/cargo-home/bin/cargo" "+beta-2023-12-22" "generate-lockfile" "--manifest-path" "Cargo.toml", kill_on_drop: false }`
[INFO] [stderr]     Updating crates.io index
[INFO] running `Command { std: CARGO_HOME="/workspace/cargo-home" RUSTUP_HOME="/workspace/rustup-home" "/workspace/cargo-home/bin/cargo" "+beta-2023-12-22" "fetch" "--manifest-path" "Cargo.toml", kill_on_drop: false }`
[INFO] running `Command { std: "docker" "create" "-v" "/var/lib/crater-agent-workspace/builds/worker-4-tc2/target:/opt/rustwide/target:rw,Z" "-v" "/var/lib/crater-agent-workspace/builds/worker-4-tc2/source:/opt/rustwide/workdir:ro,Z" "-v" "/var/lib/crater-agent-workspace/cargo-home:/opt/rustwide/cargo-home:ro,Z" "-v" "/var/lib/crater-agent-workspace/rustup-home:/opt/rustwide/rustup-home:ro,Z" "-e" "SOURCE_DIR=/opt/rustwide/workdir" "-e" "CARGO_TARGET_DIR=/opt/rustwide/target" "-e" "CARGO_HOME=/opt/rustwide/cargo-home" "-e" "RUSTUP_HOME=/opt/rustwide/rustup-home" "-w" "/opt/rustwide/workdir" "-m" "1610612736" "--user" "0:0" "--network" "none" "ghcr.io/rust-lang/crates-build-env/linux@sha256:2788e3201cd34a07e3172128adcd8b3090168a8e3bcc40d7c032b9dda1df7d1c" "/opt/rustwide/cargo-home/bin/cargo" "+beta-2023-12-22" "metadata" "--no-deps" "--format-version=1", kill_on_drop: false }`
[INFO] [stdout] b7642f364ab0c258542011a01ef2a0453d6a4b70049edf63aaa889a66c634e3f
[INFO] running `Command { std: "docker" "start" "-a" "b7642f364ab0c258542011a01ef2a0453d6a4b70049edf63aaa889a66c634e3f", kill_on_drop: false }`
[INFO] running `Command { std: "docker" "inspect" "b7642f364ab0c258542011a01ef2a0453d6a4b70049edf63aaa889a66c634e3f", kill_on_drop: false }`
[INFO] running `Command { std: "docker" "rm" "-f" "b7642f364ab0c258542011a01ef2a0453d6a4b70049edf63aaa889a66c634e3f", kill_on_drop: false }`
[INFO] [stdout] b7642f364ab0c258542011a01ef2a0453d6a4b70049edf63aaa889a66c634e3f
[INFO] running `Command { std: "docker" "create" "-v" "/var/lib/crater-agent-workspace/builds/worker-4-tc2/target:/opt/rustwide/target:rw,Z" "-v" "/var/lib/crater-agent-workspace/builds/worker-4-tc2/source:/opt/rustwide/workdir:ro,Z" "-v" "/var/lib/crater-agent-workspace/cargo-home:/opt/rustwide/cargo-home:ro,Z" "-v" "/var/lib/crater-agent-workspace/rustup-home:/opt/rustwide/rustup-home:ro,Z" "-e" "SOURCE_DIR=/opt/rustwide/workdir" "-e" "CARGO_TARGET_DIR=/opt/rustwide/target" "-e" "CARGO_INCREMENTAL=0" "-e" "RUST_BACKTRACE=full" "-e" "RUSTFLAGS=--cap-lints=warn" "-e" "RUSTDOCFLAGS=--cap-lints=warn" "-e" "CARGO_HOME=/opt/rustwide/cargo-home" "-e" "RUSTUP_HOME=/opt/rustwide/rustup-home" "-w" "/opt/rustwide/workdir" "-m" "1610612736" "--user" "0:0" "--network" "none" "ghcr.io/rust-lang/crates-build-env/linux@sha256:2788e3201cd34a07e3172128adcd8b3090168a8e3bcc40d7c032b9dda1df7d1c" "/opt/rustwide/cargo-home/bin/cargo" "+beta-2023-12-22" "build" "--frozen" "--message-format=json", kill_on_drop: false }`
[INFO] [stdout] f943855ac250f57e02d294afee4995a630d32f5b8fddfe76918604103774b1d1
[INFO] running `Command { std: "docker" "start" "-a" "f943855ac250f57e02d294afee4995a630d32f5b8fddfe76918604103774b1d1", kill_on_drop: false }`
[INFO] [stderr]    Compiling syn v1.0.109
[INFO] [stderr]    Compiling proc-macro2 v0.4.30
[INFO] [stderr]    Compiling unicode-xid v0.1.0
[INFO] [stderr]    Compiling serde v1.0.194
[INFO] [stderr]    Compiling gimli v0.28.1
[INFO] [stderr]    Compiling memchr v2.7.1
[INFO] [stderr]    Compiling cc v1.0.83
[INFO] [stderr]    Compiling adler v1.0.2
[INFO] [stderr]    Compiling syn v0.15.44
[INFO] [stderr]    Compiling failure_derive v0.1.8
[INFO] [stderr]    Compiling unicode-xid v0.2.4
[INFO] [stderr]    Compiling miniz_oxide v0.7.1
[INFO] [stderr]    Compiling unicode-segmentation v1.10.1
[INFO] [stderr]    Compiling object v0.32.2
[INFO] [stderr]    Compiling unicode-width v0.1.11
[INFO] [stderr]    Compiling arrayvec v0.4.12
[INFO] [stderr]    Compiling rustc-demangle v0.1.23
[INFO] [stderr]    Compiling quote v0.6.13
[INFO] [stderr]    Compiling textwrap v0.11.0
[INFO] [stderr]    Compiling heck v0.3.3
[INFO] [stderr]    Compiling atty v0.2.14
[INFO] [stderr]    Compiling backtrace v0.3.69
[INFO] [stderr]    Compiling vec_map v0.8.2
[INFO] [stderr]    Compiling nodrop v0.1.14
[INFO] [stderr]    Compiling strsim v0.8.0
[INFO] [stderr]    Compiling ansi_term v0.12.1
[INFO] [stderr]    Compiling clap v2.34.0
[INFO] [stderr]    Compiling arenatree v0.1.3
[INFO] [stderr]    Compiling addr2line v0.21.0
[INFO] [stderr]    Compiling synstructure v0.12.6
[INFO] [stderr]    Compiling structopt-derive v0.2.18
[INFO] [stderr]    Compiling structopt v0.2.18
[INFO] [stderr]    Compiling failure v0.1.8
[INFO] [stderr]    Compiling smol_str v0.1.24
[INFO] [stderr]    Compiling rnix v0.4.2
[INFO] [stderr]    Compiling nixcfg v0.2.0 (/opt/rustwide/workdir)
[INFO] [stdout] warning: unused `Result` that must be used
[INFO] [stdout]   --> src/main.rs:95:9
[INFO] [stdout]    |
[INFO] [stdout] 95 |         write!(file, "{}", content);
[INFO] [stdout]    |         ^^^^^^^^^^^^^^^^^^^^^^^^^^^
[INFO] [stdout]    |
[INFO] [stdout]    = note: this `Result` may be an `Err` variant, which should be handled
[INFO] [stdout]    = note: `#[warn(unused_must_use)]` on by default
[INFO] [stdout]    = note: this warning originates in the macro `write` (in Nightly builds, run with -Z macro-backtrace for more info)
[INFO] [stdout] 
[INFO] [stdout] 
[INFO] [stdout] warning: unused `Result` that must be used
[INFO] [stdout]    --> src/main.rs:126:13
[INFO] [stdout]     |
[INFO] [stdout] 126 |             write!(content, "{}", ast);
[INFO] [stdout]     |             ^^^^^^^^^^^^^^^^^^^^^^^^^^
[INFO] [stdout]     |
[INFO] [stdout]     = note: this `Result` may be an `Err` variant, which should be handled
[INFO] [stdout]     = note: this warning originates in the macro `write` (in Nightly builds, run with -Z macro-backtrace for more info)
[INFO] [stdout] 
[INFO] [stdout] 
[INFO] [stdout] warning: 2 warnings emitted
[INFO] [stdout] 
[INFO] [stdout] 
[INFO] [stderr]     Finished dev [unoptimized + debuginfo] target(s) in 15.23s
[INFO] running `Command { std: "docker" "inspect" "f943855ac250f57e02d294afee4995a630d32f5b8fddfe76918604103774b1d1", kill_on_drop: false }`
[INFO] running `Command { std: "docker" "rm" "-f" "f943855ac250f57e02d294afee4995a630d32f5b8fddfe76918604103774b1d1", kill_on_drop: false }`
[INFO] [stdout] f943855ac250f57e02d294afee4995a630d32f5b8fddfe76918604103774b1d1
[INFO] running `Command { std: "docker" "create" "-v" "/var/lib/crater-agent-workspace/builds/worker-4-tc2/target:/opt/rustwide/target:rw,Z" "-v" "/var/lib/crater-agent-workspace/builds/worker-4-tc2/source:/opt/rustwide/workdir:ro,Z" "-v" "/var/lib/crater-agent-workspace/cargo-home:/opt/rustwide/cargo-home:ro,Z" "-v" "/var/lib/crater-agent-workspace/rustup-home:/opt/rustwide/rustup-home:ro,Z" "-e" "SOURCE_DIR=/opt/rustwide/workdir" "-e" "CARGO_TARGET_DIR=/opt/rustwide/target" "-e" "CARGO_INCREMENTAL=0" "-e" "RUST_BACKTRACE=full" "-e" "RUSTFLAGS=--cap-lints=warn" "-e" "RUSTDOCFLAGS=--cap-lints=warn" "-e" "CARGO_HOME=/opt/rustwide/cargo-home" "-e" "RUSTUP_HOME=/opt/rustwide/rustup-home" "-w" "/opt/rustwide/workdir" "-m" "1610612736" "--user" "0:0" "--network" "none" "ghcr.io/rust-lang/crates-build-env/linux@sha256:2788e3201cd34a07e3172128adcd8b3090168a8e3bcc40d7c032b9dda1df7d1c" "/opt/rustwide/cargo-home/bin/cargo" "+beta-2023-12-22" "test" "--frozen" "--no-run" "--message-format=json", kill_on_drop: false }`
[INFO] [stdout] 4ee79b70b60921ab7a61b039725fd16b7aad9897c8c2c2722b0cb512927827fa
[INFO] running `Command { std: "docker" "start" "-a" "4ee79b70b60921ab7a61b039725fd16b7aad9897c8c2c2722b0cb512927827fa", kill_on_drop: false }`
[INFO] [stderr]    Compiling nixcfg v0.2.0 (/opt/rustwide/workdir)
[INFO] [stdout] error[E0063]: missing field `keep_eol` in initializer of `Command`
[INFO] [stdout]    --> src/main.rs:342:27
[INFO] [stdout]     |
[INFO] [stdout] 342 |                 let cmd = Command::Set {
[INFO] [stdout]     |                           ^^^^^^^^^^^^ missing `keep_eol`
[INFO] [stdout] 
[INFO] [stdout] 
[INFO] [stdout] error[E0308]: mismatched types
[INFO] [stdout]    --> src/main.rs:344:28
[INFO] [stdout]     |
[INFO] [stdout] 344 |                     value: replace_by
[INFO] [stdout]     |                            ^^^^^^^^^^ expected `Option<String>`, found `String`
[INFO] [stdout]     |
[INFO] [stdout]     = note: expected enum `Option<String>`
[INFO] [stdout]              found struct `String`
[INFO] [stdout] help: try wrapping the expression in `Some`
[INFO] [stdout]     |
[INFO] [stdout] 344 |                     value: Some(replace_by)
[INFO] [stdout]     |                            +++++          +
[INFO] [stdout] 
[INFO] [stdout] 
[INFO] [stdout] error: aborting due to 2 previous errors
[INFO] [stdout] 
[INFO] [stdout] 
[INFO] [stdout] Some errors have detailed explanations: E0063, E0308.
[INFO] [stdout] 
[INFO] [stdout] For more information about an error, try `rustc --explain E0063`.
[INFO] [stdout] 
[INFO] [stderr] error: could not compile `nixcfg` (bin "nixcfg" test) due to 3 previous errors
[INFO] running `Command { std: "docker" "inspect" "4ee79b70b60921ab7a61b039725fd16b7aad9897c8c2c2722b0cb512927827fa", kill_on_drop: false }`
[INFO] running `Command { std: "docker" "rm" "-f" "4ee79b70b60921ab7a61b039725fd16b7aad9897c8c2c2722b0cb512927827fa", kill_on_drop: false }`
[INFO] [stdout] 4ee79b70b60921ab7a61b039725fd16b7aad9897c8c2c2722b0cb512927827fa
