[INFO] fetching crate nightly-async-nats 0.27.1...
[INFO] testing nightly-async-nats-0.27.1 against 1.75.0 for beta-1.76-1
[INFO] extracting crate nightly-async-nats 0.27.1 into /workspace/builds/worker-4-tc1/source
[INFO] validating manifest of crates.io crate nightly-async-nats 0.27.1 on toolchain 1.75.0
[INFO] running `Command { std: CARGO_HOME="/workspace/cargo-home" RUSTUP_HOME="/workspace/rustup-home" "/workspace/cargo-home/bin/cargo" "+1.75.0" "metadata" "--manifest-path" "Cargo.toml" "--no-deps", kill_on_drop: false }`
[INFO] started tweaking crates.io crate nightly-async-nats 0.27.1
[INFO] finished tweaking crates.io crate nightly-async-nats 0.27.1
[INFO] tweaked toml for crates.io crate nightly-async-nats 0.27.1 written to /workspace/builds/worker-4-tc1/source/Cargo.toml
[INFO] crate crates.io crate nightly-async-nats 0.27.1 already has a lockfile, it will not be regenerated
[INFO] running `Command { std: CARGO_HOME="/workspace/cargo-home" RUSTUP_HOME="/workspace/rustup-home" "/workspace/cargo-home/bin/cargo" "+1.75.0" "fetch" "--manifest-path" "Cargo.toml", kill_on_drop: false }`
[INFO] [stderr]     Updating crates.io index
[INFO] [stderr]  Downloading crates ...
[INFO] [stderr]   Downloaded tokio-retry v0.3.0
[INFO] [stderr]   Downloaded data-encoding v2.3.3
[INFO] [stderr]   Downloaded serde_nanos v0.1.2
[INFO] [stderr]   Downloaded serde_repr v0.1.10
[INFO] [stderr]   Downloaded nuid v0.3.2
[INFO] [stderr]   Downloaded nkeys v0.2.0
[INFO] [stderr]   Downloaded base64-url v1.4.13
[INFO] [stderr]   Downloaded signatory v0.23.2
[INFO] [stderr]   Downloaded subslice v0.2.3
[INFO] running `Command { std: "docker" "create" "-v" "/var/lib/crater-agent-workspace/builds/worker-4-tc1/target:/opt/rustwide/target:rw,Z" "-v" "/var/lib/crater-agent-workspace/builds/worker-4-tc1/source:/opt/rustwide/workdir:ro,Z" "-v" "/var/lib/crater-agent-workspace/cargo-home:/opt/rustwide/cargo-home:ro,Z" "-v" "/var/lib/crater-agent-workspace/rustup-home:/opt/rustwide/rustup-home:ro,Z" "-e" "SOURCE_DIR=/opt/rustwide/workdir" "-e" "CARGO_TARGET_DIR=/opt/rustwide/target" "-e" "CARGO_HOME=/opt/rustwide/cargo-home" "-e" "RUSTUP_HOME=/opt/rustwide/rustup-home" "-w" "/opt/rustwide/workdir" "-m" "1610612736" "--user" "0:0" "--network" "none" "ghcr.io/rust-lang/crates-build-env/linux@sha256:2788e3201cd34a07e3172128adcd8b3090168a8e3bcc40d7c032b9dda1df7d1c" "/opt/rustwide/cargo-home/bin/cargo" "+1.75.0" "metadata" "--no-deps" "--format-version=1", kill_on_drop: false }`
[INFO] [stdout] c68d7034a33d1a998b3d1cf8b46221bae78aabae926709579e2a8a4e007eea9b
[INFO] running `Command { std: "docker" "start" "-a" "c68d7034a33d1a998b3d1cf8b46221bae78aabae926709579e2a8a4e007eea9b", kill_on_drop: false }`
[INFO] running `Command { std: "docker" "inspect" "c68d7034a33d1a998b3d1cf8b46221bae78aabae926709579e2a8a4e007eea9b", kill_on_drop: false }`
[INFO] running `Command { std: "docker" "rm" "-f" "c68d7034a33d1a998b3d1cf8b46221bae78aabae926709579e2a8a4e007eea9b", kill_on_drop: false }`
[INFO] [stdout] c68d7034a33d1a998b3d1cf8b46221bae78aabae926709579e2a8a4e007eea9b
[INFO] running `Command { std: "docker" "create" "-v" "/var/lib/crater-agent-workspace/builds/worker-4-tc1/target:/opt/rustwide/target:rw,Z" "-v" "/var/lib/crater-agent-workspace/builds/worker-4-tc1/source:/opt/rustwide/workdir:ro,Z" "-v" "/var/lib/crater-agent-workspace/cargo-home:/opt/rustwide/cargo-home:ro,Z" "-v" "/var/lib/crater-agent-workspace/rustup-home:/opt/rustwide/rustup-home:ro,Z" "-e" "SOURCE_DIR=/opt/rustwide/workdir" "-e" "CARGO_TARGET_DIR=/opt/rustwide/target" "-e" "CARGO_INCREMENTAL=0" "-e" "RUST_BACKTRACE=full" "-e" "RUSTFLAGS=--cap-lints=warn" "-e" "RUSTDOCFLAGS=--cap-lints=warn" "-e" "CARGO_HOME=/opt/rustwide/cargo-home" "-e" "RUSTUP_HOME=/opt/rustwide/rustup-home" "-w" "/opt/rustwide/workdir" "-m" "1610612736" "--user" "0:0" "--network" "none" "ghcr.io/rust-lang/crates-build-env/linux@sha256:2788e3201cd34a07e3172128adcd8b3090168a8e3bcc40d7c032b9dda1df7d1c" "/opt/rustwide/cargo-home/bin/cargo" "+1.75.0" "build" "--frozen" "--message-format=json", kill_on_drop: false }`
[INFO] [stdout] 88fb164a3658cc2f7978f172762266d031d2bde413d57f50a7bd899954df6cc6
[INFO] running `Command { std: "docker" "start" "-a" "88fb164a3658cc2f7978f172762266d031d2bde413d57f50a7bd899954df6cc6", kill_on_drop: false }`
[INFO] [stderr]    Compiling proc-macro2 v1.0.50
[INFO] [stderr]    Compiling unicode-ident v1.0.6
[INFO] [stderr]    Compiling quote v1.0.23
[INFO] [stderr]    Compiling syn v1.0.107
[INFO] [stderr]    Compiling generic-array v0.14.6
[INFO] [stderr]    Compiling cc v1.0.79
[INFO] [stderr]    Compiling getrandom v0.2.8
[INFO] [stderr]    Compiling once_cell v1.17.0
[INFO] [stderr]    Compiling lock_api v0.4.9
[INFO] [stderr]    Compiling rand_core v0.6.4
[INFO] [stderr]    Compiling futures-core v0.3.26
[INFO] [stderr]    Compiling serde_derive v1.0.152
[INFO] [stderr]    Compiling parking_lot_core v0.9.6
[INFO] [stderr]    Compiling futures-task v0.3.26
[INFO] [stderr]    Compiling smallvec v1.10.0
[INFO] [stderr]    Compiling ppv-lite86 v0.2.17
[INFO] [stderr]    Compiling serde v1.0.152
[INFO] [stderr]    Compiling futures-channel v0.3.26
[INFO] [stderr]    Compiling const-oid v0.6.2
[INFO] [stderr]    Compiling digest v0.9.0
[INFO] [stderr]    Compiling der v0.4.5
[INFO] [stderr]    Compiling tokio v1.25.0
[INFO] [stderr]    Compiling rand_chacha v0.3.1
[INFO] [stderr]    Compiling signature v1.6.4
[INFO] [stderr]    Compiling futures-util v0.3.26
[INFO] [stderr]    Compiling futures-sink v0.3.26
[INFO] [stderr]    Compiling base64ct v1.1.1
[INFO] [stderr]    Compiling ring v0.16.20
[INFO] [stderr]    Compiling bytes v1.4.0
[INFO] [stderr]    Compiling spki v0.4.1
[INFO] [stderr]    Compiling pem-rfc7468 v0.2.4
[INFO] [stderr]    Compiling rand v0.8.5
[INFO] [stderr]    Compiling parking_lot v0.12.1
[INFO] [stderr]    Compiling block-buffer v0.9.0
[INFO] [stderr]    Compiling mio v0.8.5
[INFO] [stderr]    Compiling signal-hook-registry v1.4.0
[INFO] [stderr]    Compiling socket2 v0.4.7
[INFO] [stderr]    Compiling num_cpus v1.15.0
[INFO] [stderr]    Compiling futures-io v0.3.26
[INFO] [stderr]    Compiling subtle v2.4.1
[INFO] [stderr]    Compiling rustls v0.20.8
[INFO] [stderr]    Compiling byteorder v1.4.3
[INFO] [stderr]    Compiling rand_core v0.5.1
[INFO] [stderr]    Compiling itoa v1.0.5
[INFO] [stderr]    Compiling sha2 v0.9.9
[INFO] [stderr]    Compiling unicode-normalization v0.1.22
[INFO] [stderr]    Compiling ed25519 v1.5.3
[INFO] [stderr]    Compiling unicode-bidi v0.3.10
[INFO] [stderr]    Compiling serde_json v1.0.91
[INFO] [stderr]    Compiling percent-encoding v2.2.0
[INFO] [stderr]    Compiling base64 v0.21.0
[INFO] [stderr]    Compiling form_urlencoded v1.1.0
[INFO] [stderr]    Compiling rustls-pemfile v1.0.2
[INFO] [stderr]    Compiling tracing-core v0.1.30
[INFO] [stderr]    Compiling idna v0.3.0
[INFO] [stderr]    Compiling aho-corasick v0.7.20
[INFO] [stderr]    Compiling either v1.8.1
[INFO] [stderr]    Compiling regex-syntax v0.6.28
[INFO] [stderr]    Compiling ryu v1.0.12
[INFO] [stderr]    Compiling time-core v0.1.0
[INFO] [stderr]    Compiling data-encoding v2.3.3
[INFO] [stderr]    Compiling nuid v0.3.2
[INFO] [stderr]    Compiling http v0.2.8
[INFO] [stderr]    Compiling base64-url v1.4.13
[INFO] [stderr]    Compiling url v2.3.1
[INFO] [stderr]    Compiling rustls-native-certs v0.6.2
[INFO] [stderr]    Compiling itertools v0.10.5
[INFO] [stderr]    Compiling subslice v0.2.3
[INFO] [stderr]    Compiling synstructure v0.12.6
[INFO] [stderr]    Compiling regex v1.7.1
[INFO] [stderr]    Compiling webpki v0.22.0
[INFO] [stderr]    Compiling sct v0.7.0
[INFO] [stderr]    Compiling zeroize_derive v1.3.3
[INFO] [stderr]    Compiling futures-macro v0.3.26
[INFO] [stderr]    Compiling tokio-macros v1.8.2
[INFO] [stderr]    Compiling pin-project-internal v1.0.12
[INFO] [stderr]    Compiling tracing-attributes v0.1.23
[INFO] [stderr]    Compiling serde_repr v0.1.10
[INFO] [stderr]    Compiling zeroize v1.5.7
[INFO] [stderr]    Compiling pkcs8 v0.7.6
[INFO] [stderr]    Compiling curve25519-dalek v3.2.0
[INFO] [stderr]    Compiling signatory v0.23.2
[INFO] [stderr]    Compiling ed25519-dalek v1.0.1
[INFO] [stderr]    Compiling pin-project v1.0.12
[INFO] [stderr]    Compiling nkeys v0.2.0
[INFO] [stderr]    Compiling tracing v0.1.37
[INFO] [stderr]    Compiling futures-executor v0.3.26
[INFO] [stderr]    Compiling futures v0.3.26
[INFO] [stderr]    Compiling tokio-retry v0.3.0
[INFO] [stderr]    Compiling tokio-rustls v0.23.4
[INFO] [stderr]    Compiling time v0.3.17
[INFO] [stderr]    Compiling serde_nanos v0.1.2
[INFO] [stderr]    Compiling nightly-async-nats v0.27.1 (/opt/rustwide/workdir)
[INFO] [stderr]     Finished dev [unoptimized + debuginfo] target(s) in 20.49s
[INFO] running `Command { std: "docker" "inspect" "88fb164a3658cc2f7978f172762266d031d2bde413d57f50a7bd899954df6cc6", kill_on_drop: false }`
[INFO] running `Command { std: "docker" "rm" "-f" "88fb164a3658cc2f7978f172762266d031d2bde413d57f50a7bd899954df6cc6", kill_on_drop: false }`
[INFO] [stdout] 88fb164a3658cc2f7978f172762266d031d2bde413d57f50a7bd899954df6cc6
[INFO] running `Command { std: "docker" "create" "-v" "/var/lib/crater-agent-workspace/builds/worker-4-tc1/target:/opt/rustwide/target:rw,Z" "-v" "/var/lib/crater-agent-workspace/builds/worker-4-tc1/source:/opt/rustwide/workdir:ro,Z" "-v" "/var/lib/crater-agent-workspace/cargo-home:/opt/rustwide/cargo-home:ro,Z" "-v" "/var/lib/crater-agent-workspace/rustup-home:/opt/rustwide/rustup-home:ro,Z" "-e" "SOURCE_DIR=/opt/rustwide/workdir" "-e" "CARGO_TARGET_DIR=/opt/rustwide/target" "-e" "CARGO_INCREMENTAL=0" "-e" "RUST_BACKTRACE=full" "-e" "RUSTFLAGS=--cap-lints=warn" "-e" "RUSTDOCFLAGS=--cap-lints=warn" "-e" "CARGO_HOME=/opt/rustwide/cargo-home" "-e" "RUSTUP_HOME=/opt/rustwide/rustup-home" "-w" "/opt/rustwide/workdir" "-m" "1610612736" "--user" "0:0" "--network" "none" "ghcr.io/rust-lang/crates-build-env/linux@sha256:2788e3201cd34a07e3172128adcd8b3090168a8e3bcc40d7c032b9dda1df7d1c" "/opt/rustwide/cargo-home/bin/cargo" "+1.75.0" "test" "--frozen" "--no-run" "--message-format=json", kill_on_drop: false }`
[INFO] [stdout] 52e7d1f2862104dc147f6144af225a9939d693d1d038ca9839e9cbf524552b43
[INFO] running `Command { std: "docker" "start" "-a" "52e7d1f2862104dc147f6144af225a9939d693d1d038ca9839e9cbf524552b43", kill_on_drop: false }`
[INFO] [stderr]    Compiling crossbeam-utils v0.8.14
[INFO] [stderr]    Compiling crossbeam-epoch v0.9.13
[INFO] [stderr]    Compiling rayon-core v1.10.2
[INFO] [stderr]    Compiling unicode-width v0.1.10
[INFO] [stderr]    Compiling plotters-svg v0.3.3
[INFO] [stderr]    Compiling bstr v0.2.17
[INFO] [stderr]    Compiling csv-core v0.1.10
[INFO] [stderr]    Compiling itoa v0.4.8
[INFO] [stderr]    Compiling textwrap v0.11.0
[INFO] [stderr]    Compiling overload v0.1.1
[INFO] [stderr]    Compiling nu-ansi-term v0.46.0
[INFO] [stderr]    Compiling clap v2.34.0
[INFO] [stderr]    Compiling serde_cbor v0.11.2
[INFO] [stderr]    Compiling plotters v0.3.4
[INFO] [stderr]    Compiling criterion-plot v0.4.5
[INFO] [stderr]    Compiling tinytemplate v1.2.1
[INFO] [stderr]    Compiling tracing-log v0.1.3
[INFO] [stderr]    Compiling crossbeam-channel v0.5.6
[INFO] [stderr]    Compiling csv v1.1.6
[INFO] [stderr]    Compiling sharded-slab v0.1.4
[INFO] [stderr]    Compiling crossbeam-deque v0.8.2
[INFO] [stderr]    Compiling thread_local v1.1.4
[INFO] [stderr]    Compiling tracing-subscriber v0.3.16
[INFO] [stderr]    Compiling rayon v1.6.1
[INFO] [stderr]    Compiling criterion v0.3.6
[INFO] [stderr]    Compiling nightly-async-nats v0.27.1 (/opt/rustwide/workdir)
[INFO] [stdout] error[E0432]: unresolved import `async_nats`
[INFO] [stdout]   --> tests/nkey_tests.rs:36:13
[INFO] [stdout]    |
[INFO] [stdout] 36 |         use async_nats::ServerAddr;
[INFO] [stdout]    |             ^^^^^^^^^^ use of undeclared crate or module `async_nats`
[INFO] [stdout] 
[INFO] [stdout] 
[INFO] [stdout] error[E0432]: unresolved import `async_nats`
[INFO] [stdout]   --> examples/kv.rs:16:5
[INFO] [stdout]    |
[INFO] [stdout] 16 | use async_nats::jetstream;
[INFO] [stdout]    |     ^^^^^^^^^^ use of undeclared crate or module `async_nats`
[INFO] [stdout] 
[INFO] [stdout] 
[INFO] [stdout] error[E0433]: failed to resolve: use of undeclared crate or module `async_nats`
[INFO] [stdout]  --> examples/jetstream_pull.rs:3:5
[INFO] [stdout]   |
[INFO] [stdout] 3 | use async_nats::jetstream::{self, consumer::PullConsumer};
[INFO] [stdout]   |     ^^^^^^^^^^ use of undeclared crate or module `async_nats`
[INFO] [stdout] 
[INFO] [stdout] 
[INFO] [stdout] error[E0432]: unresolved import `async_nats`
[INFO] [stdout]  --> examples/jetstream_pull.rs:3:5
[INFO] [stdout]   |
[INFO] [stdout] 3 | use async_nats::jetstream::{self, consumer::PullConsumer};
[INFO] [stdout]   |     ^^^^^^^^^^ use of undeclared crate or module `async_nats`
[INFO] [stdout] 
[INFO] [stdout] 
[INFO] [stdout] error[E0433]: failed to resolve: use of undeclared crate or module `async_nats`
[INFO] [stdout]   --> tests/nkey_tests.rs:23:18
[INFO] [stdout]    |
[INFO] [stdout] 23 |         let nc = async_nats::ConnectOptions::with_nkey(SECRET_SEED.into())
[INFO] [stdout]    |                  ^^^^^^^^^^ use of undeclared crate or module `async_nats`
[INFO] [stdout]    |
[INFO] [stdout] help: consider importing this struct
[INFO] [stdout]    |
[INFO] [stdout] 15 +     use nightly_async_nats::ConnectOptions;
[INFO] [stdout]    |
[INFO] [stdout] help: if you import `ConnectOptions`, refer to it directly
[INFO] [stdout]    |
[INFO] [stdout] 23 -         let nc = async_nats::ConnectOptions::with_nkey(SECRET_SEED.into())
[INFO] [stdout] 23 +         let nc = ConnectOptions::with_nkey(SECRET_SEED.into())
[INFO] [stdout]    |
[INFO] [stdout] 
[INFO] [stdout] 
[INFO] [stdout] error[E0433]: failed to resolve: use of undeclared crate or module `async_nats`
[INFO] [stdout]   --> tests/nkey_tests.rs:44:22
[INFO] [stdout]    |
[INFO] [stdout] 44 |         let client = async_nats::ConnectOptions::with_nkey(SECRET_SEED.into())
[INFO] [stdout]    |                      ^^^^^^^^^^ use of undeclared crate or module `async_nats`
[INFO] [stdout]    |
[INFO] [stdout] help: consider importing this struct
[INFO] [stdout]    |
[INFO] [stdout] 15 +     use nightly_async_nats::ConnectOptions;
[INFO] [stdout]    |
[INFO] [stdout] help: if you import `ConnectOptions`, refer to it directly
[INFO] [stdout]    |
[INFO] [stdout] 44 -         let client = async_nats::ConnectOptions::with_nkey(SECRET_SEED.into())
[INFO] [stdout] 44 +         let client = ConnectOptions::with_nkey(SECRET_SEED.into())
[INFO] [stdout]    |
[INFO] [stdout] 
[INFO] [stdout] 
[INFO] [stdout] error[E0433]: failed to resolve: use of undeclared crate or module `nats_server`
[INFO] [stdout]   --> tests/nkey_tests.rs:21:17
[INFO] [stdout]    |
[INFO] [stdout] 21 |         let s = nats_server::run_server("tests/configs/nkey.conf");
[INFO] [stdout]    |                 ^^^^^^^^^^^ use of undeclared crate or module `nats_server`
[INFO] [stdout] 
[INFO] [stdout] 
[INFO] [stdout] error[E0433]: failed to resolve: use of undeclared crate or module `async_nats`
[INFO] [stdout]   --> examples/pub.rs:19:18
[INFO] [stdout]    |
[INFO] [stdout] 19 |     let client = async_nats::connect("nats://localhost:4222").await?;
[INFO] [stdout]    |                  ^^^^^^^^^^ use of undeclared crate or module `async_nats`
[INFO] [stdout] 
[INFO] [stdout] 
[INFO] [stdout] error[E0433]: failed to resolve: use of undeclared crate or module `nats_server`
[INFO] [stdout]   --> tests/nkey_tests.rs:39:13
[INFO] [stdout]    |
[INFO] [stdout] 39 |             nats_server::run_server("tests/configs/nkey.conf"),
[INFO] [stdout]    |             ^^^^^^^^^^^ use of undeclared crate or module `nats_server`
[INFO] [stdout] 
[INFO] [stdout] 
[INFO] [stdout] error[E0433]: failed to resolve: use of undeclared crate or module `nats_server`
[INFO] [stdout]   --> tests/nkey_tests.rs:40:13
[INFO] [stdout]    |
[INFO] [stdout] 40 |             nats_server::run_server("tests/configs/nkey.conf"),
[INFO] [stdout]    |             ^^^^^^^^^^^ use of undeclared crate or module `nats_server`
[INFO] [stdout] 
[INFO] [stdout] 
[INFO] [stdout] error[E0433]: failed to resolve: use of undeclared crate or module `nats_server`
[INFO] [stdout]   --> tests/nkey_tests.rs:41:13
[INFO] [stdout]    |
[INFO] [stdout] 41 |             nats_server::run_server("tests/configs/nkey.conf"),
[INFO] [stdout]    |             ^^^^^^^^^^^ use of undeclared crate or module `nats_server`
[INFO] [stdout] 
[INFO] [stdout] 
[INFO] [stdout] error[E0433]: failed to resolve: use of undeclared crate or module `async_nats`
[INFO] [stdout]   --> examples/kv.rs:30:27
[INFO] [stdout]    |
[INFO] [stdout] 30 |         .create_key_value(async_nats::jetstream::kv::Config {
[INFO] [stdout]    |                           ^^^^^^^^^^ use of undeclared crate or module `async_nats`
[INFO] [stdout]    |
[INFO] [stdout] help: consider importing this module
[INFO] [stdout]    |
[INFO] [stdout] 14 + use nightly_async_nats::jetstream::kv;
[INFO] [stdout]    |
[INFO] [stdout] help: if you import `kv`, refer to it directly
[INFO] [stdout]    |
[INFO] [stdout] 30 -         .create_key_value(async_nats::jetstream::kv::Config {
[INFO] [stdout] 30 +         .create_key_value(kv::Config {
[INFO] [stdout]    |
[INFO] [stdout] 
[INFO] [stdout] 
[INFO] [stdout] error[E0433]: failed to resolve: use of undeclared crate or module `async_nats`
[INFO] [stdout]   --> tests/kv_tests.rs:17:9
[INFO] [stdout]    |
[INFO] [stdout] 17 |     use async_nats::{
[INFO] [stdout]    |         ^^^^^^^^^^ use of undeclared crate or module `async_nats`
[INFO] [stdout] 
[INFO] [stdout] 
[INFO] [stdout] error[E0282]: type annotations needed for `&T`
[INFO] [stdout]   --> tests/nkey_tests.rs:48:27
[INFO] [stdout]    |
[INFO] [stdout] 48 |                     .map(|server| server.client_url().parse::<ServerAddr>().unwrap())
[INFO] [stdout]    |                           ^^^^^^         ---------- type must be known at this point
[INFO] [stdout]    |
[INFO] [stdout] help: consider giving this closure parameter an explicit type, where the type for type parameter `T` is specified
[INFO] [stdout]    |
[INFO] [stdout] 48 |                     .map(|server: &T| server.client_url().parse::<ServerAddr>().unwrap())
[INFO] [stdout]    |                                 ++++
[INFO] [stdout] 
[INFO] [stdout] 
[INFO] [stdout] error[E0433]: failed to resolve: use of undeclared crate or module `async_nats`
[INFO] [stdout]    --> examples/kv.rs:108:26
[INFO] [stdout]     |
[INFO] [stdout] 108 |         .create_consumer(async_nats::jetstream::consumer::pull::Config {
[INFO] [stdout]     |                          ^^^^^^^^^^ use of undeclared crate or module `async_nats`
[INFO] [stdout]     |
[INFO] [stdout] help: consider importing this module
[INFO] [stdout]     |
[INFO] [stdout] 14  + use nightly_async_nats::jetstream::consumer::pull;
[INFO] [stdout]     |
[INFO] [stdout] help: if you import `pull`, refer to it directly
[INFO] [stdout]     |
[INFO] [stdout] 108 -         .create_consumer(async_nats::jetstream::consumer::pull::Config {
[INFO] [stdout] 108 +         .create_consumer(pull::Config {
[INFO] [stdout]     |
[INFO] [stdout] 
[INFO] [stdout] 
[INFO] [stdout] error[E0433]: failed to resolve: use of undeclared crate or module `async_nats`
[INFO] [stdout]   --> tests/client_tests.rs:15:9
[INFO] [stdout]    |
[INFO] [stdout] 15 |     use async_nats::connection::State;
[INFO] [stdout]    |         ^^^^^^^^^^ use of undeclared crate or module `async_nats`
[INFO] [stdout] 
[INFO] [stdout] 
[INFO] [stdout] error[E0433]: failed to resolve: use of undeclared crate or module `async_nats`
[INFO] [stdout]   --> examples/pub.rs:18:31
[INFO] [stdout]    |
[INFO] [stdout] 18 | async fn main() -> Result<(), async_nats::Error> {
[INFO] [stdout]    |                               ^^^^^^^^^^ use of undeclared crate or module `async_nats`
[INFO] [stdout] 
[INFO] [stdout] 
[INFO] [stdout] error[E0433]: failed to resolve: use of undeclared crate or module `async_nats`
[INFO] [stdout]   --> examples/kv.rs:23:18
[INFO] [stdout]    |
[INFO] [stdout] 23 |     let client = async_nats::connect(nats_url).await?;
[INFO] [stdout]    |                  ^^^^^^^^^^ use of undeclared crate or module `async_nats`
[INFO] [stdout] 
[INFO] [stdout] 
[INFO] [stdout] error[E0433]: failed to resolve: use of undeclared crate or module `async_nats`
[INFO] [stdout]   --> examples/jetstream_pull.rs:12:18
[INFO] [stdout]    |
[INFO] [stdout] 12 |     let client = async_nats::connect(nats_url).await?;
[INFO] [stdout]    |                  ^^^^^^^^^^ use of undeclared crate or module `async_nats`
[INFO] [stdout] 
[INFO] [stdout] 
[INFO] [stdout] error[E0433]: failed to resolve: use of undeclared crate or module `async_nats`
[INFO] [stdout]   --> tests/client_tests.rs:16:9
[INFO] [stdout]    |
[INFO] [stdout] 16 |     use async_nats::header::HeaderValue;
[INFO] [stdout]    |         ^^^^^^^^^^ use of undeclared crate or module `async_nats`
[INFO] [stdout] 
[INFO] [stdout] 
[INFO] [stdout] error: aborting due to 2 previous errors
[INFO] [stdout] 
[INFO] [stdout] 
[INFO] [stdout] For more information about this error, try `rustc --explain E0433`.
[INFO] [stdout] 
[INFO] [stderr] error: could not compile `nightly-async-nats` (example "pub") due to 3 previous errors
[INFO] [stderr] warning: build failed, waiting for other jobs to finish...
[INFO] [stdout] warning: unused import: `futures::StreamExt`
[INFO] [stdout]   --> examples/kv.rs:17:5
[INFO] [stdout]    |
[INFO] [stdout] 17 | use futures::StreamExt;
[INFO] [stdout]    |     ^^^^^^^^^^^^^^^^^^
[INFO] [stdout]    |
[INFO] [stdout]    = note: `#[warn(unused_imports)]` on by default
[INFO] [stdout] 
[INFO] [stdout] 
[INFO] [stdout] warning: unused import: `futures::StreamExt`
[INFO] [stdout]  --> examples/jetstream_pull.rs:4:5
[INFO] [stdout]   |
[INFO] [stdout] 4 | use futures::StreamExt;
[INFO] [stdout]   |     ^^^^^^^^^^^^^^^^^^
[INFO] [stdout]   |
[INFO] [stdout]   = note: `#[warn(unused_imports)]` on by default
[INFO] [stdout] 
[INFO] [stdout] 
[INFO] [stdout] error[E0432]: unresolved import `async_nats`
[INFO] [stdout]   --> tests/kv_tests.rs:17:9
[INFO] [stdout]    |
[INFO] [stdout] 17 |     use async_nats::{
[INFO] [stdout]    |         ^^^^^^^^^^ use of undeclared crate or module `async_nats`
[INFO] [stdout] 
[INFO] [stdout] 
[INFO] [stdout] error[E0433]: failed to resolve: use of undeclared crate or module `async_nats`
[INFO] [stdout]  --> examples/multiple_subs.rs:6:18
[INFO] [stdout]   |
[INFO] [stdout] 6 |     let client = async_nats::connect("nats://localhost:4222").await?;
[INFO] [stdout]   |                  ^^^^^^^^^^ use of undeclared crate or module `async_nats`
[INFO] [stdout] 
[INFO] [stdout] 
[INFO] [stdout] error[E0432]: unresolved import `async_nats`
[INFO] [stdout]   --> tests/client_tests.rs:17:9
[INFO] [stdout]    |
[INFO] [stdout] 17 |     use async_nats::{ConnectOptions, Event, Request};
[INFO] [stdout]    |         ^^^^^^^^^^ use of undeclared crate or module `async_nats`
[INFO] [stdout] 
[INFO] [stdout] 
[INFO] [stdout] error[E0432]: unresolved import `async_nats`
[INFO] [stdout]    --> tests/client_tests.rs:351:13
[INFO] [stdout]     |
[INFO] [stdout] 351 |         use async_nats::ServerAddr;
[INFO] [stdout]     |             ^^^^^^^^^^ use of undeclared crate or module `async_nats`
[INFO] [stdout] 
[INFO] [stdout] 
[INFO] [stdout] error[E0433]: failed to resolve: use of undeclared crate or module `async_nats`
[INFO] [stdout]  --> examples/jetstream_pull.rs:7:31
[INFO] [stdout]   |
[INFO] [stdout] 7 | async fn main() -> Result<(), async_nats::Error> {
[INFO] [stdout]   |                               ^^^^^^^^^^ use of undeclared crate or module `async_nats`
[INFO] [stdout] 
[INFO] [stdout] 
[INFO] [stdout] error: aborting due to 4 previous errors; 1 warning emitted
[INFO] [stdout] 
[INFO] [stdout] 
[INFO] [stdout] Some errors have detailed explanations: E0432, E0433.
[INFO] [stdout] 
[INFO] [stdout] For more information about an error, try `rustc --explain E0432`.
[INFO] [stdout] 
[INFO] [stderr] error: could not compile `nightly-async-nats` (example "jetstream_pull") due to 5 previous errors; 1 warning emitted
[INFO] [stdout] error[E0433]: failed to resolve: use of undeclared crate or module `async_nats`
[INFO] [stdout]   --> examples/kv.rs:20:31
[INFO] [stdout]    |
[INFO] [stdout] 20 | async fn main() -> Result<(), async_nats::Error> {
[INFO] [stdout]    |                               ^^^^^^^^^^ use of undeclared crate or module `async_nats`
[INFO] [stdout] 
[INFO] [stdout] 
[INFO] [stdout] error: aborting due to 5 previous errors; 1 warning emitted
[INFO] [stdout] 
[INFO] [stdout] 
[INFO] [stdout] Some errors have detailed explanations: E0432, E0433.
[INFO] [stdout] 
[INFO] [stdout] For more information about an error, try `rustc --explain E0432`.
[INFO] [stdout] 
[INFO] [stderr] error: could not compile `nightly-async-nats` (example "kv") due to 6 previous errors; 1 warning emitted
[INFO] [stdout] warning: unused import: `futures::stream::StreamExt`
[INFO] [stdout]  --> examples/multiple_subs.rs:1:5
[INFO] [stdout]   |
[INFO] [stdout] 1 | use futures::stream::StreamExt;
[INFO] [stdout]   |     ^^^^^^^^^^^^^^^^^^^^^^^^^^
[INFO] [stdout]   |
[INFO] [stdout]   = note: `#[warn(unused_imports)]` on by default
[INFO] [stdout] 
[INFO] [stdout] 
[INFO] [stdout] warning: unused import: `futures::stream::StreamExt`
[INFO] [stdout]   --> tests/nkey_tests.rs:15:9
[INFO] [stdout]    |
[INFO] [stdout] 15 |     use futures::stream::StreamExt;
[INFO] [stdout]    |         ^^^^^^^^^^^^^^^^^^^^^^^^^^
[INFO] [stdout]    |
[INFO] [stdout]    = note: `#[warn(unused_imports)]` on by default
[INFO] [stdout] 
[INFO] [stdout] 
[INFO] [stdout] error[E0433]: failed to resolve: use of undeclared crate or module `async_nats`
[INFO] [stdout]  --> examples/multiple_subs.rs:5:31
[INFO] [stdout]   |
[INFO] [stdout] 5 | async fn main() -> Result<(), async_nats::Error> {
[INFO] [stdout]   |                               ^^^^^^^^^^ use of undeclared crate or module `async_nats`
[INFO] [stdout] 
[INFO] [stdout] 
[INFO] [stdout] error[E0433]: failed to resolve: use of undeclared crate or module `async_nats`
[INFO] [stdout]   --> examples/multiple_subs.rs:59:39
[INFO] [stdout]    |
[INFO] [stdout] 59 |             Ok::<std::time::Duration, async_nats::Error>(now.elapsed())
[INFO] [stdout]    |                                       ^^^^^^^^^^ use of undeclared crate or module `async_nats`
[INFO] [stdout] 
[INFO] [stdout] 
[INFO] [stdout] error[E0433]: failed to resolve: use of undeclared crate or module `async_nats`
[INFO] [stdout]   --> examples/multiple_subs.rs:19:22
[INFO] [stdout]    |
[INFO] [stdout] 19 |             Ok::<(), async_nats::Error>(())
[INFO] [stdout]    |                      ^^^^^^^^^^ use of undeclared crate or module `async_nats`
[INFO] [stdout] 
[INFO] [stdout] 
[INFO] [stdout] error[E0433]: failed to resolve: use of undeclared crate or module `async_nats`
[INFO] [stdout]   --> examples/multiple_subs.rs:34:22
[INFO] [stdout]    |
[INFO] [stdout] 34 |             Ok::<(), async_nats::Error>(())
[INFO] [stdout]    |                      ^^^^^^^^^^ use of undeclared crate or module `async_nats`
[INFO] [stdout] 
[INFO] [stdout] 
[INFO] [stdout] error[E0433]: failed to resolve: use of undeclared crate or module `async_nats`
[INFO] [stdout]   --> examples/multiple_subs.rs:47:39
[INFO] [stdout]    |
[INFO] [stdout] 47 |             Ok::<std::time::Duration, async_nats::Error>(now.elapsed())
[INFO] [stdout]    |                                       ^^^^^^^^^^ use of undeclared crate or module `async_nats`
[INFO] [stdout] 
[INFO] [stdout] 
[INFO] [stdout] error: aborting due to 6 previous errors; 1 warning emitted
[INFO] [stdout] 
[INFO] [stdout] 
[INFO] [stdout] For more information about this error, try `rustc --explain E0433`.
[INFO] [stdout] 
[INFO] [stderr] error: could not compile `nightly-async-nats` (example "multiple_subs") due to 7 previous errors; 1 warning emitted
[INFO] [stdout] error: aborting due to 8 previous errors; 1 warning emitted
[INFO] [stdout] 
[INFO] [stdout] 
[INFO] [stdout] Some errors have detailed explanations: E0282, E0432, E0433.
[INFO] [stdout] 
[INFO] [stdout] For more information about an error, try `rustc --explain E0282`.
[INFO] [stdout] 
[INFO] [stderr] error: could not compile `nightly-async-nats` (test "nkey_tests") due to 9 previous errors; 1 warning emitted
[INFO] [stdout] error[E0433]: failed to resolve: use of undeclared crate or module `async_nats`
[INFO] [stdout]   --> tests/kv_tests.rs:36:23
[INFO] [stdout]    |
[INFO] [stdout] 36 |         let context = async_nats::jetstream::new(client);
[INFO] [stdout]    |                       ^^^^^^^^^^ use of undeclared crate or module `async_nats`
[INFO] [stdout]    |
[INFO] [stdout] help: consider importing this module
[INFO] [stdout]    |
[INFO] [stdout] 15 +     use nightly_async_nats::jetstream;
[INFO] [stdout]    |
[INFO] [stdout] help: if you import `jetstream`, refer to it directly
[INFO] [stdout]    |
[INFO] [stdout] 36 -         let context = async_nats::jetstream::new(client);
[INFO] [stdout] 36 +         let context = jetstream::new(client);
[INFO] [stdout]    |
[INFO] [stdout] 
[INFO] [stdout] 
[INFO] [stdout] error[E0433]: failed to resolve: use of undeclared crate or module `async_nats`
[INFO] [stdout]   --> tests/kv_tests.rs:39:31
[INFO] [stdout]    |
[INFO] [stdout] 39 |             .create_key_value(async_nats::jetstream::kv::Config {
[INFO] [stdout]    |                               ^^^^^^^^^^ use of undeclared crate or module `async_nats`
[INFO] [stdout]    |
[INFO] [stdout] help: consider importing this module
[INFO] [stdout]    |
[INFO] [stdout] 15 +     use nightly_async_nats::jetstream::kv;
[INFO] [stdout]    |
[INFO] [stdout] help: if you import `kv`, refer to it directly
[INFO] [stdout]    |
[INFO] [stdout] 39 -             .create_key_value(async_nats::jetstream::kv::Config {
[INFO] [stdout] 39 +             .create_key_value(kv::Config {
[INFO] [stdout]    |
[INFO] [stdout] 
[INFO] [stdout] 
[INFO] [stdout] error[E0433]: failed to resolve: use of undeclared crate or module `async_nats`
[INFO] [stdout]   --> tests/kv_tests.rs:64:23
[INFO] [stdout]    |
[INFO] [stdout] 64 |         let context = async_nats::jetstream::new(client);
[INFO] [stdout]    |                       ^^^^^^^^^^ use of undeclared crate or module `async_nats`
[INFO] [stdout]    |
[INFO] [stdout] help: consider importing this module
[INFO] [stdout]    |
[INFO] [stdout] 15 +     use nightly_async_nats::jetstream;
[INFO] [stdout]    |
[INFO] [stdout] help: if you import `jetstream`, refer to it directly
[INFO] [stdout]    |
[INFO] [stdout] 64 -         let context = async_nats::jetstream::new(client);
[INFO] [stdout] 64 +         let context = jetstream::new(client);
[INFO] [stdout]    |
[INFO] [stdout] 
[INFO] [stdout] 
[INFO] [stdout] error[E0433]: failed to resolve: use of undeclared crate or module `async_nats`
[INFO] [stdout]   --> tests/kv_tests.rs:67:31
[INFO] [stdout]    |
[INFO] [stdout] 67 |             .create_key_value(async_nats::jetstream::kv::Config {
[INFO] [stdout]    |                               ^^^^^^^^^^ use of undeclared crate or module `async_nats`
[INFO] [stdout]    |
[INFO] [stdout] help: consider importing this module
[INFO] [stdout]    |
[INFO] [stdout] 15 +     use nightly_async_nats::jetstream::kv;
[INFO] [stdout]    |
[INFO] [stdout] help: if you import `kv`, refer to it directly
[INFO] [stdout]    |
[INFO] [stdout] 67 -             .create_key_value(async_nats::jetstream::kv::Config {
[INFO] [stdout] 67 +             .create_key_value(kv::Config {
[INFO] [stdout]    |
[INFO] [stdout] 
[INFO] [stdout] 
[INFO] [stdout] error[E0433]: failed to resolve: use of undeclared crate or module `async_nats`
[INFO] [stdout]   --> tests/kv_tests.rs:96:23
[INFO] [stdout]    |
[INFO] [stdout] 96 |         let context = async_nats::jetstream::new(client);
[INFO] [stdout]    |                       ^^^^^^^^^^ use of undeclared crate or module `async_nats`
[INFO] [stdout]    |
[INFO] [stdout] help: consider importing this module
[INFO] [stdout]    |
[INFO] [stdout] 15 +     use nightly_async_nats::jetstream;
[INFO] [stdout]    |
[INFO] [stdout] help: if you import `jetstream`, refer to it directly
[INFO] [stdout]    |
[INFO] [stdout] 96 -         let context = async_nats::jetstream::new(client);
[INFO] [stdout] 96 +         let context = jetstream::new(client);
[INFO] [stdout]    |
[INFO] [stdout] 
[INFO] [stdout] 
[INFO] [stdout] error[E0433]: failed to resolve: use of undeclared crate or module `async_nats`
[INFO] [stdout]   --> tests/kv_tests.rs:99:31
[INFO] [stdout]    |
[INFO] [stdout] 99 |             .create_key_value(async_nats::jetstream::kv::Config {
[INFO] [stdout]    |                               ^^^^^^^^^^ use of undeclared crate or module `async_nats`
[INFO] [stdout]    |
[INFO] [stdout] help: consider importing this module
[INFO] [stdout]    |
[INFO] [stdout] 15 +     use nightly_async_nats::jetstream::kv;
[INFO] [stdout]    |
[INFO] [stdout] help: if you import `kv`, refer to it directly
[INFO] [stdout]    |
[INFO] [stdout] 99 -             .create_key_value(async_nats::jetstream::kv::Config {
[INFO] [stdout] 99 +             .create_key_value(kv::Config {
[INFO] [stdout]    |
[INFO] [stdout] 
[INFO] [stdout] 
[INFO] [stdout] error[E0433]: failed to resolve: use of undeclared crate or module `async_nats`
[INFO] [stdout]    --> tests/kv_tests.rs:130:23
[INFO] [stdout]     |
[INFO] [stdout] 130 |         let context = async_nats::jetstream::new(client);
[INFO] [stdout]     |                       ^^^^^^^^^^ use of undeclared crate or module `async_nats`
[INFO] [stdout]     |
[INFO] [stdout] help: consider importing this module
[INFO] [stdout]     |
[INFO] [stdout] 15  +     use nightly_async_nats::jetstream;
[INFO] [stdout]     |
[INFO] [stdout] help: if you import `jetstream`, refer to it directly
[INFO] [stdout]     |
[INFO] [stdout] 130 -         let context = async_nats::jetstream::new(client);
[INFO] [stdout] 130 +         let context = jetstream::new(client);
[INFO] [stdout]     |
[INFO] [stdout] 
[INFO] [stdout] 
[INFO] [stdout] error[E0433]: failed to resolve: use of undeclared crate or module `async_nats`
[INFO] [stdout]    --> tests/kv_tests.rs:133:31
[INFO] [stdout]     |
[INFO] [stdout] 133 |             .create_key_value(async_nats::jetstream::kv::Config {
[INFO] [stdout]     |                               ^^^^^^^^^^ use of undeclared crate or module `async_nats`
[INFO] [stdout]     |
[INFO] [stdout] help: consider importing this module
[INFO] [stdout]     |
[INFO] [stdout] 15  +     use nightly_async_nats::jetstream::kv;
[INFO] [stdout]     |
[INFO] [stdout] help: if you import `kv`, refer to it directly
[INFO] [stdout]     |
[INFO] [stdout] 133 -             .create_key_value(async_nats::jetstream::kv::Config {
[INFO] [stdout] 133 +             .create_key_value(kv::Config {
[INFO] [stdout]     |
[INFO] [stdout] 
[INFO] [stdout] 
[INFO] [stdout] error[E0433]: failed to resolve: use of undeclared crate or module `async_nats`
[INFO] [stdout]    --> tests/kv_tests.rs:155:28
[INFO] [stdout]     |
[INFO] [stdout] 155 |             .update_stream(async_nats::jetstream::stream::Config {
[INFO] [stdout]     |                            ^^^^^^^^^^ use of undeclared crate or module `async_nats`
[INFO] [stdout]     |
[INFO] [stdout] help: consider importing this module
[INFO] [stdout]     |
[INFO] [stdout] 15  +     use nightly_async_nats::jetstream::stream;
[INFO] [stdout]     |
[INFO] [stdout] help: if you import `stream`, refer to it directly
[INFO] [stdout]     |
[INFO] [stdout] 155 -             .update_stream(async_nats::jetstream::stream::Config {
[INFO] [stdout] 155 +             .update_stream(stream::Config {
[INFO] [stdout]     |
[INFO] [stdout] 
[INFO] [stdout] 
[INFO] [stdout] error[E0433]: failed to resolve: use of undeclared crate or module `async_nats`
[INFO] [stdout]    --> tests/kv_tests.rs:183:23
[INFO] [stdout]     |
[INFO] [stdout] 183 |         let context = async_nats::jetstream::new(client);
[INFO] [stdout]     |                       ^^^^^^^^^^ use of undeclared crate or module `async_nats`
[INFO] [stdout]     |
[INFO] [stdout] help: consider importing this module
[INFO] [stdout]     |
[INFO] [stdout] 15  +     use nightly_async_nats::jetstream;
[INFO] [stdout]     |
[INFO] [stdout] help: if you import `jetstream`, refer to it directly
[INFO] [stdout]     |
[INFO] [stdout] 183 -         let context = async_nats::jetstream::new(client);
[INFO] [stdout] 183 +         let context = jetstream::new(client);
[INFO] [stdout]     |
[INFO] [stdout] 
[INFO] [stdout] 
[INFO] [stdout] error[E0433]: failed to resolve: use of undeclared crate or module `async_nats`
[INFO] [stdout]    --> tests/kv_tests.rs:186:31
[INFO] [stdout]     |
[INFO] [stdout] 186 |             .create_key_value(async_nats::jetstream::kv::Config {
[INFO] [stdout]     |                               ^^^^^^^^^^ use of undeclared crate or module `async_nats`
[INFO] [stdout]     |
[INFO] [stdout] help: consider importing this module
[INFO] [stdout]     |
[INFO] [stdout] 15  +     use nightly_async_nats::jetstream::kv;
[INFO] [stdout]     |
[INFO] [stdout] help: if you import `kv`, refer to it directly
[INFO] [stdout]     |
[INFO] [stdout] 186 -             .create_key_value(async_nats::jetstream::kv::Config {
[INFO] [stdout] 186 +             .create_key_value(kv::Config {
[INFO] [stdout]     |
[INFO] [stdout] 
[INFO] [stdout] 
[INFO] [stdout] error[E0433]: failed to resolve: use of undeclared crate or module `async_nats`
[INFO] [stdout]    --> tests/kv_tests.rs:220:23
[INFO] [stdout]     |
[INFO] [stdout] 220 |         let context = async_nats::jetstream::new(client);
[INFO] [stdout]     |                       ^^^^^^^^^^ use of undeclared crate or module `async_nats`
[INFO] [stdout]     |
[INFO] [stdout] help: consider importing this module
[INFO] [stdout]     |
[INFO] [stdout] 15  +     use nightly_async_nats::jetstream;
[INFO] [stdout]     |
[INFO] [stdout] help: if you import `jetstream`, refer to it directly
[INFO] [stdout]     |
[INFO] [stdout] 220 -         let context = async_nats::jetstream::new(client);
[INFO] [stdout] 220 +         let context = jetstream::new(client);
[INFO] [stdout]     |
[INFO] [stdout] 
[INFO] [stdout] 
[INFO] [stdout] error[E0433]: failed to resolve: use of undeclared crate or module `async_nats`
[INFO] [stdout]    --> tests/kv_tests.rs:223:31
[INFO] [stdout]     |
[INFO] [stdout] 223 |             .create_key_value(async_nats::jetstream::kv::Config {
[INFO] [stdout]     |                               ^^^^^^^^^^ use of undeclared crate or module `async_nats`
[INFO] [stdout]     |
[INFO] [stdout] help: consider importing this module
[INFO] [stdout]     |
[INFO] [stdout] 15  +     use nightly_async_nats::jetstream::kv;
[INFO] [stdout]     |
[INFO] [stdout] help: if you import `kv`, refer to it directly
[INFO] [stdout]     |
[INFO] [stdout] 223 -             .create_key_value(async_nats::jetstream::kv::Config {
[INFO] [stdout] 223 +             .create_key_value(kv::Config {
[INFO] [stdout]     |
[INFO] [stdout] 
[INFO] [stdout] 
[INFO] [stdout] error[E0433]: failed to resolve: use of undeclared crate or module `async_nats`
[INFO] [stdout]    --> tests/kv_tests.rs:260:23
[INFO] [stdout]     |
[INFO] [stdout] 260 |         let context = async_nats::jetstream::new(client);
[INFO] [stdout]     |                       ^^^^^^^^^^ use of undeclared crate or module `async_nats`
[INFO] [stdout]     |
[INFO] [stdout] help: consider importing this module
[INFO] [stdout]     |
[INFO] [stdout] 15  +     use nightly_async_nats::jetstream;
[INFO] [stdout]     |
[INFO] [stdout] help: if you import `jetstream`, refer to it directly
[INFO] [stdout]     |
[INFO] [stdout] 260 -         let context = async_nats::jetstream::new(client);
[INFO] [stdout] 260 +         let context = jetstream::new(client);
[INFO] [stdout]     |
[INFO] [stdout] 
[INFO] [stdout] 
[INFO] [stdout] error[E0433]: failed to resolve: use of undeclared crate or module `async_nats`
[INFO] [stdout]    --> tests/kv_tests.rs:263:31
[INFO] [stdout]     |
[INFO] [stdout] 263 |             .create_key_value(async_nats::jetstream::kv::Config {
[INFO] [stdout]     |                               ^^^^^^^^^^ use of undeclared crate or module `async_nats`
[INFO] [stdout]     |
[INFO] [stdout] help: consider importing this module
[INFO] [stdout]     |
[INFO] [stdout] 15  +     use nightly_async_nats::jetstream::kv;
[INFO] [stdout]     |
[INFO] [stdout] help: if you import `kv`, refer to it directly
[INFO] [stdout]     |
[INFO] [stdout] 263 -             .create_key_value(async_nats::jetstream::kv::Config {
[INFO] [stdout] 263 +             .create_key_value(kv::Config {
[INFO] [stdout]     |
[INFO] [stdout] 
[INFO] [stdout] 
[INFO] [stdout] error[E0433]: failed to resolve: use of undeclared crate or module `async_nats`
[INFO] [stdout]    --> tests/kv_tests.rs:300:23
[INFO] [stdout]     |
[INFO] [stdout] 300 |         let context = async_nats::jetstream::new(client);
[INFO] [stdout]     |                       ^^^^^^^^^^ use of undeclared crate or module `async_nats`
[INFO] [stdout]     |
[INFO] [stdout] help: consider importing this module
[INFO] [stdout]     |
[INFO] [stdout] 15  +     use nightly_async_nats::jetstream;
[INFO] [stdout]     |
[INFO] [stdout] help: if you import `jetstream`, refer to it directly
[INFO] [stdout]     |
[INFO] [stdout] 300 -         let context = async_nats::jetstream::new(client);
[INFO] [stdout] 300 +         let context = jetstream::new(client);
[INFO] [stdout]     |
[INFO] [stdout] 
[INFO] [stdout] 
[INFO] [stdout] error[E0433]: failed to resolve: use of undeclared crate or module `async_nats`
[INFO] [stdout]    --> tests/kv_tests.rs:303:31
[INFO] [stdout]     |
[INFO] [stdout] 303 |             .create_key_value(async_nats::jetstream::kv::Config {
[INFO] [stdout]     |                               ^^^^^^^^^^ use of undeclared crate or module `async_nats`
[INFO] [stdout]     |
[INFO] [stdout] help: consider importing this module
[INFO] [stdout]     |
[INFO] [stdout] 15  +     use nightly_async_nats::jetstream::kv;
[INFO] [stdout]     |
[INFO] [stdout] help: if you import `kv`, refer to it directly
[INFO] [stdout]     |
[INFO] [stdout] 303 -             .create_key_value(async_nats::jetstream::kv::Config {
[INFO] [stdout] 303 +             .create_key_value(kv::Config {
[INFO] [stdout]     |
[INFO] [stdout] 
[INFO] [stdout] 
[INFO] [stdout] error[E0433]: failed to resolve: use of undeclared crate or module `async_nats`
[INFO] [stdout]    --> tests/kv_tests.rs:338:23
[INFO] [stdout]     |
[INFO] [stdout] 338 |         let context = async_nats::jetstream::new(client);
[INFO] [stdout]     |                       ^^^^^^^^^^ use of undeclared crate or module `async_nats`
[INFO] [stdout]     |
[INFO] [stdout] help: consider importing this module
[INFO] [stdout]     |
[INFO] [stdout] 15  +     use nightly_async_nats::jetstream;
[INFO] [stdout]     |
[INFO] [stdout] help: if you import `jetstream`, refer to it directly
[INFO] [stdout]     |
[INFO] [stdout] 338 -         let context = async_nats::jetstream::new(client);
[INFO] [stdout] 338 +         let context = jetstream::new(client);
[INFO] [stdout]     |
[INFO] [stdout] 
[INFO] [stdout] 
[INFO] [stdout] error[E0433]: failed to resolve: use of undeclared crate or module `async_nats`
[INFO] [stdout]    --> tests/kv_tests.rs:341:31
[INFO] [stdout]     |
[INFO] [stdout] 341 |             .create_key_value(async_nats::jetstream::kv::Config {
[INFO] [stdout]     |                               ^^^^^^^^^^ use of undeclared crate or module `async_nats`
[INFO] [stdout]     |
[INFO] [stdout] help: consider importing this module
[INFO] [stdout]     |
[INFO] [stdout] 15  +     use nightly_async_nats::jetstream::kv;
[INFO] [stdout]     |
[INFO] [stdout] help: if you import `kv`, refer to it directly
[INFO] [stdout]     |
[INFO] [stdout] 341 -             .create_key_value(async_nats::jetstream::kv::Config {
[INFO] [stdout] 341 +             .create_key_value(kv::Config {
[INFO] [stdout]     |
[INFO] [stdout] 
[INFO] [stdout] 
[INFO] [stdout] error[E0433]: failed to resolve: use of undeclared crate or module `async_nats`
[INFO] [stdout]    --> tests/kv_tests.rs:397:23
[INFO] [stdout]     |
[INFO] [stdout] 397 |         let context = async_nats::jetstream::new(client);
[INFO] [stdout]     |                       ^^^^^^^^^^ use of undeclared crate or module `async_nats`
[INFO] [stdout]     |
[INFO] [stdout] help: consider importing this module
[INFO] [stdout]     |
[INFO] [stdout] 15  +     use nightly_async_nats::jetstream;
[INFO] [stdout]     |
[INFO] [stdout] help: if you import `jetstream`, refer to it directly
[INFO] [stdout]     |
[INFO] [stdout] 397 -         let context = async_nats::jetstream::new(client);
[INFO] [stdout] 397 +         let context = jetstream::new(client);
[INFO] [stdout]     |
[INFO] [stdout] 
[INFO] [stdout] 
[INFO] [stdout] error[E0433]: failed to resolve: use of undeclared crate or module `async_nats`
[INFO] [stdout]    --> tests/kv_tests.rs:400:31
[INFO] [stdout]     |
[INFO] [stdout] 400 |             .create_key_value(async_nats::jetstream::kv::Config {
[INFO] [stdout]     |                               ^^^^^^^^^^ use of undeclared crate or module `async_nats`
[INFO] [stdout]     |
[INFO] [stdout] help: consider importing this module
[INFO] [stdout]     |
[INFO] [stdout] 15  +     use nightly_async_nats::jetstream::kv;
[INFO] [stdout]     |
[INFO] [stdout] help: if you import `kv`, refer to it directly
[INFO] [stdout]     |
[INFO] [stdout] 400 -             .create_key_value(async_nats::jetstream::kv::Config {
[INFO] [stdout] 400 +             .create_key_value(kv::Config {
[INFO] [stdout]     |
[INFO] [stdout] 
[INFO] [stdout] 
[INFO] [stdout] error[E0433]: failed to resolve: use of undeclared crate or module `async_nats`
[INFO] [stdout]    --> tests/kv_tests.rs:450:23
[INFO] [stdout]     |
[INFO] [stdout] 450 |         let context = async_nats::jetstream::new(client);
[INFO] [stdout]     |                       ^^^^^^^^^^ use of undeclared crate or module `async_nats`
[INFO] [stdout]     |
[INFO] [stdout] help: consider importing this module
[INFO] [stdout]     |
[INFO] [stdout] 15  +     use nightly_async_nats::jetstream;
[INFO] [stdout]     |
[INFO] [stdout] help: if you import `jetstream`, refer to it directly
[INFO] [stdout]     |
[INFO] [stdout] 450 -         let context = async_nats::jetstream::new(client);
[INFO] [stdout] 450 +         let context = jetstream::new(client);
[INFO] [stdout]     |
[INFO] [stdout] 
[INFO] [stdout] 
[INFO] [stdout] error[E0433]: failed to resolve: use of undeclared crate or module `async_nats`
[INFO] [stdout]    --> tests/kv_tests.rs:453:31
[INFO] [stdout]     |
[INFO] [stdout] 453 |             .create_key_value(async_nats::jetstream::kv::Config {
[INFO] [stdout]     |                               ^^^^^^^^^^ use of undeclared crate or module `async_nats`
[INFO] [stdout]     |
[INFO] [stdout] help: consider importing this module
[INFO] [stdout]     |
[INFO] [stdout] 15  +     use nightly_async_nats::jetstream::kv;
[INFO] [stdout]     |
[INFO] [stdout] help: if you import `kv`, refer to it directly
[INFO] [stdout]     |
[INFO] [stdout] 453 -             .create_key_value(async_nats::jetstream::kv::Config {
[INFO] [stdout] 453 +             .create_key_value(kv::Config {
[INFO] [stdout]     |
[INFO] [stdout] 
[INFO] [stdout] 
[INFO] [stdout] error[E0433]: failed to resolve: use of undeclared crate or module `async_nats`
[INFO] [stdout]    --> tests/kv_tests.rs:489:31
[INFO] [stdout]     |
[INFO] [stdout] 489 |             .create_key_value(async_nats::jetstream::kv::Config {
[INFO] [stdout]     |                               ^^^^^^^^^^ use of undeclared crate or module `async_nats`
[INFO] [stdout]     |
[INFO] [stdout] help: consider importing this module
[INFO] [stdout]     |
[INFO] [stdout] 15  +     use nightly_async_nats::jetstream::kv;
[INFO] [stdout]     |
[INFO] [stdout] help: if you import `kv`, refer to it directly
[INFO] [stdout]     |
[INFO] [stdout] 489 -             .create_key_value(async_nats::jetstream::kv::Config {
[INFO] [stdout] 489 +             .create_key_value(kv::Config {
[INFO] [stdout]     |
[INFO] [stdout] 
[INFO] [stdout] 
[INFO] [stdout] error[E0433]: failed to resolve: use of undeclared crate or module `async_nats`
[INFO] [stdout]    --> tests/kv_tests.rs:515:23
[INFO] [stdout]     |
[INFO] [stdout] 515 |         let context = async_nats::jetstream::new(client.clone());
[INFO] [stdout]     |                       ^^^^^^^^^^ use of undeclared crate or module `async_nats`
[INFO] [stdout]     |
[INFO] [stdout] help: consider importing this module
[INFO] [stdout]     |
[INFO] [stdout] 15  +     use nightly_async_nats::jetstream;
[INFO] [stdout]     |
[INFO] [stdout] help: if you import `jetstream`, refer to it directly
[INFO] [stdout]     |
[INFO] [stdout] 515 -         let context = async_nats::jetstream::new(client.clone());
[INFO] [stdout] 515 +         let context = jetstream::new(client.clone());
[INFO] [stdout]     |
[INFO] [stdout] 
[INFO] [stdout] 
[INFO] [stdout] error[E0433]: failed to resolve: use of undeclared crate or module `async_nats`
[INFO] [stdout]    --> tests/kv_tests.rs:518:31
[INFO] [stdout]     |
[INFO] [stdout] 518 |             .create_key_value(async_nats::jetstream::kv::Config {
[INFO] [stdout]     |                               ^^^^^^^^^^ use of undeclared crate or module `async_nats`
[INFO] [stdout]     |
[INFO] [stdout] help: consider importing this module
[INFO] [stdout]     |
[INFO] [stdout] 15  +     use nightly_async_nats::jetstream::kv;
[INFO] [stdout]     |
[INFO] [stdout] help: if you import `kv`, refer to it directly
[INFO] [stdout]     |
[INFO] [stdout] 518 -             .create_key_value(async_nats::jetstream::kv::Config {
[INFO] [stdout] 518 +             .create_key_value(kv::Config {
[INFO] [stdout]     |
[INFO] [stdout] 
[INFO] [stdout] 
[INFO] [stdout] error[E0433]: failed to resolve: use of undeclared crate or module `async_nats`
[INFO] [stdout]    --> tests/kv_tests.rs:550:22
[INFO] [stdout]     |
[INFO] [stdout] 550 |         let hub_js = async_nats::jetstream::new(hub);
[INFO] [stdout]     |                      ^^^^^^^^^^ use of undeclared crate or module `async_nats`
[INFO] [stdout]     |
[INFO] [stdout] help: consider importing this module
[INFO] [stdout]     |
[INFO] [stdout] 15  +     use nightly_async_nats::jetstream;
[INFO] [stdout]     |
[INFO] [stdout] help: if you import `jetstream`, refer to it directly
[INFO] [stdout]     |
[INFO] [stdout] 550 -         let hub_js = async_nats::jetstream::new(hub);
[INFO] [stdout] 550 +         let hub_js = jetstream::new(hub);
[INFO] [stdout]     |
[INFO] [stdout] 
[INFO] [stdout] 
[INFO] [stdout] error[E0433]: failed to resolve: use of undeclared crate or module `async_nats`
[INFO] [stdout]    --> tests/kv_tests.rs:553:31
[INFO] [stdout]     |
[INFO] [stdout] 553 |             .create_key_value(async_nats::jetstream::kv::Config {
[INFO] [stdout]     |                               ^^^^^^^^^^ use of undeclared crate or module `async_nats`
[INFO] [stdout]     |
[INFO] [stdout] help: consider importing this module
[INFO] [stdout]     |
[INFO] [stdout] 15  +     use nightly_async_nats::jetstream::kv;
[INFO] [stdout]     |
[INFO] [stdout] help: if you import `kv`, refer to it directly
[INFO] [stdout]     |
[INFO] [stdout] 553 -             .create_key_value(async_nats::jetstream::kv::Config {
[INFO] [stdout] 553 +             .create_key_value(kv::Config {
[INFO] [stdout]     |
[INFO] [stdout] 
[INFO] [stdout] 
[INFO] [stdout] error[E0433]: failed to resolve: use of undeclared crate or module `async_nats`
[INFO] [stdout]    --> tests/kv_tests.rs:562:29
[INFO] [stdout]     |
[INFO] [stdout] 562 |         let mirror_bucket = async_nats::jetstream::kv::Config {
[INFO] [stdout]     |                             ^^^^^^^^^^ use of undeclared crate or module `async_nats`
[INFO] [stdout]     |
[INFO] [stdout] help: consider importing this module
[INFO] [stdout]     |
[INFO] [stdout] 15  +     use nightly_async_nats::jetstream::kv;
[INFO] [stdout]     |
[INFO] [stdout] help: if you import `kv`, refer to it directly
[INFO] [stdout]     |
[INFO] [stdout] 562 -         let mirror_bucket = async_nats::jetstream::kv::Config {
[INFO] [stdout] 562 +         let mirror_bucket = kv::Config {
[INFO] [stdout]     |
[INFO] [stdout] 
[INFO] [stdout] 
[INFO] [stdout] error[E0433]: failed to resolve: use of undeclared crate or module `async_nats`
[INFO] [stdout]    --> tests/kv_tests.rs:571:23
[INFO] [stdout]     |
[INFO] [stdout] 571 |         let leaf_js = async_nats::jetstream::new(leaf.clone());
[INFO] [stdout]     |                       ^^^^^^^^^^ use of undeclared crate or module `async_nats`
[INFO] [stdout]     |
[INFO] [stdout] help: consider importing this module
[INFO] [stdout]     |
[INFO] [stdout] 15  +     use nightly_async_nats::jetstream;
[INFO] [stdout]     |
[INFO] [stdout] help: if you import `jetstream`, refer to it directly
[INFO] [stdout]     |
[INFO] [stdout] 571 -         let leaf_js = async_nats::jetstream::new(leaf.clone());
[INFO] [stdout] 571 +         let leaf_js = jetstream::new(leaf.clone());
[INFO] [stdout]     |
[INFO] [stdout] 
[INFO] [stdout] 
[INFO] [stdout] error[E0433]: failed to resolve: use of undeclared crate or module `async_nats`
[INFO] [stdout]    --> tests/kv_tests.rs:591:27
[INFO] [stdout]     |
[INFO] [stdout] 591 |         let leaf_hub_js = async_nats::jetstream::with_domain(leaf, "HUB");
[INFO] [stdout]     |                           ^^^^^^^^^^ use of undeclared crate or module `async_nats`
[INFO] [stdout]     |
[INFO] [stdout] help: consider importing this module
[INFO] [stdout]     |
[INFO] [stdout] 15  +     use nightly_async_nats::jetstream;
[INFO] [stdout]     |
[INFO] [stdout] help: if you import `jetstream`, refer to it directly
[INFO] [stdout]     |
[INFO] [stdout] 591 -         let leaf_hub_js = async_nats::jetstream::with_domain(leaf, "HUB");
[INFO] [stdout] 591 +         let leaf_hub_js = jetstream::with_domain(leaf, "HUB");
[INFO] [stdout]     |
[INFO] [stdout] 
[INFO] [stdout] 
[INFO] [stdout] error[E0433]: failed to resolve: use of undeclared crate or module `nats_server`
[INFO] [stdout]   --> tests/kv_tests.rs:29:22
[INFO] [stdout]    |
[INFO] [stdout] 29 |         let server = nats_server::run_server("tests/configs/jetstream.conf");
[INFO] [stdout]    |                      ^^^^^^^^^^^ use of undeclared crate or module `nats_server`
[INFO] [stdout] 
[INFO] [stdout] 
[INFO] [stdout] error[E0433]: failed to resolve: use of undeclared crate or module `async_nats`
[INFO] [stdout]    --> tests/client_tests.rs:134:27
[INFO] [stdout]     |
[INFO] [stdout] 134 |         let mut headers = async_nats::HeaderMap::new();
[INFO] [stdout]     |                           ^^^^^^^^^^ use of undeclared crate or module `async_nats`
[INFO] [stdout]     |
[INFO] [stdout] help: consider importing one of these items
[INFO] [stdout]     |
[INFO] [stdout] 15  +     use http::HeaderMap;
[INFO] [stdout]     |
[INFO] [stdout] 15  +     use nightly_async_nats::HeaderMap;
[INFO] [stdout]     |
[INFO] [stdout] help: if you import `HeaderMap`, refer to it directly
[INFO] [stdout]     |
[INFO] [stdout] 134 -         let mut headers = async_nats::HeaderMap::new();
[INFO] [stdout] 134 +         let mut headers = HeaderMap::new();
[INFO] [stdout]     |
[INFO] [stdout] 
[INFO] [stdout] 
[INFO] [stdout] error[E0433]: failed to resolve: use of undeclared crate or module `async_nats`
[INFO] [stdout]    --> tests/client_tests.rs:147:27
[INFO] [stdout]     |
[INFO] [stdout] 147 |         let mut headers = async_nats::HeaderMap::new();
[INFO] [stdout]     |                           ^^^^^^^^^^ use of undeclared crate or module `async_nats`
[INFO] [stdout]     |
[INFO] [stdout] help: consider importing one of these items
[INFO] [stdout]     |
[INFO] [stdout] 15  +     use http::HeaderMap;
[INFO] [stdout]     |
[INFO] [stdout] 15  +     use nightly_async_nats::HeaderMap;
[INFO] [stdout]     |
[INFO] [stdout] help: if you import `HeaderMap`, refer to it directly
[INFO] [stdout]     |
[INFO] [stdout] 147 -         let mut headers = async_nats::HeaderMap::new();
[INFO] [stdout] 147 +         let mut headers = HeaderMap::new();
[INFO] [stdout]     |
[INFO] [stdout] 
[INFO] [stdout] 
[INFO] [stdout] error[E0433]: failed to resolve: use of undeclared crate or module `async_nats`
[INFO] [stdout]    --> tests/client_tests.rs:342:17
[INFO] [stdout]     |
[INFO] [stdout] 342 |         assert!(async_nats::ConnectOptions::new()
[INFO] [stdout]     |                 ^^^^^^^^^^ use of undeclared crate or module `async_nats`
[INFO] [stdout]     |
[INFO] [stdout] help: consider importing this struct
[INFO] [stdout]     |
[INFO] [stdout] 15  +     use nightly_async_nats::ConnectOptions;
[INFO] [stdout]     |
[INFO] [stdout] help: if you import `ConnectOptions`, refer to it directly
[INFO] [stdout]     |
[INFO] [stdout] 342 -         assert!(async_nats::ConnectOptions::new()
[INFO] [stdout] 342 +         assert!(ConnectOptions::new()
[INFO] [stdout]     |
[INFO] [stdout] 
[INFO] [stdout] 
[INFO] [stdout] error[E0433]: failed to resolve: use of undeclared crate or module `async_nats`
[INFO] [stdout]    --> tests/client_tests.rs:359:22
[INFO] [stdout]     |
[INFO] [stdout] 359 |         let client = async_nats::ConnectOptions::new()
[INFO] [stdout]     |                      ^^^^^^^^^^ use of undeclared crate or module `async_nats`
[INFO] [stdout]     |
[INFO] [stdout] help: consider importing this struct
[INFO] [stdout]     |
[INFO] [stdout] 15  +     use nightly_async_nats::ConnectOptions;
[INFO] [stdout]     |
[INFO] [stdout] help: if you import `ConnectOptions`, refer to it directly
[INFO] [stdout]     |
[INFO] [stdout] 359 -         let client = async_nats::ConnectOptions::new()
[INFO] [stdout] 359 +         let client = ConnectOptions::new()
[INFO] [stdout]     |
[INFO] [stdout] 
[INFO] [stdout] 
[INFO] [stdout] error[E0433]: failed to resolve: use of undeclared crate or module `async_nats`
[INFO] [stdout]    --> tests/client_tests.rs:385:22
[INFO] [stdout]     |
[INFO] [stdout] 385 |         let client = async_nats::ConnectOptions::with_token("s3cr3t".into())
[INFO] [stdout]     |                      ^^^^^^^^^^ use of undeclared crate or module `async_nats`
[INFO] [stdout]     |
[INFO] [stdout] help: consider importing this struct
[INFO] [stdout]     |
[INFO] [stdout] 15  +     use nightly_async_nats::ConnectOptions;
[INFO] [stdout]     |
[INFO] [stdout] help: if you import `ConnectOptions`, refer to it directly
[INFO] [stdout]     |
[INFO] [stdout] 385 -         let client = async_nats::ConnectOptions::with_token("s3cr3t".into())
[INFO] [stdout] 385 +         let client = ConnectOptions::with_token("s3cr3t".into())
[INFO] [stdout]     |
[INFO] [stdout] 
[INFO] [stdout] 
[INFO] [stdout] error[E0433]: failed to resolve: use of undeclared crate or module `async_nats`
[INFO] [stdout]    --> tests/client_tests.rs:400:13
[INFO] [stdout]     |
[INFO] [stdout] 400 |             async_nats::ConnectOptions::with_user_and_password("derek".into(), "s3cr3t".into())
[INFO] [stdout]     |             ^^^^^^^^^^ use of undeclared crate or module `async_nats`
[INFO] [stdout]     |
[INFO] [stdout] help: consider importing this struct
[INFO] [stdout]     |
[INFO] [stdout] 15  +     use nightly_async_nats::ConnectOptions;
[INFO] [stdout]     |
[INFO] [stdout] help: if you import `ConnectOptions`, refer to it directly
[INFO] [stdout]     |
[INFO] [stdout] 400 -             async_nats::ConnectOptions::with_user_and_password("derek".into(), "s3cr3t".into())
[INFO] [stdout] 400 +             ConnectOptions::with_user_and_password("derek".into(), "s3cr3t".into())
[INFO] [stdout]     |
[INFO] [stdout] 
[INFO] [stdout] 
[INFO] [stdout] error[E0433]: failed to resolve: use of undeclared crate or module `async_nats`
[INFO] [stdout]    --> tests/client_tests.rs:414:9
[INFO] [stdout]     |
[INFO] [stdout] 414 |         async_nats::ConnectOptions::new()
[INFO] [stdout]     |         ^^^^^^^^^^ use of undeclared crate or module `async_nats`
[INFO] [stdout]     |
[INFO] [stdout] help: consider importing this struct
[INFO] [stdout]     |
[INFO] [stdout] 15  +     use nightly_async_nats::ConnectOptions;
[INFO] [stdout]     |
[INFO] [stdout] help: if you import `ConnectOptions`, refer to it directly
[INFO] [stdout]     |
[INFO] [stdout] 414 -         async_nats::ConnectOptions::new()
[INFO] [stdout] 414 +         ConnectOptions::new()
[INFO] [stdout]     |
[INFO] [stdout] 
[INFO] [stdout] 
[INFO] [stdout] error[E0433]: failed to resolve: use of undeclared crate or module `async_nats`
[INFO] [stdout]    --> tests/client_tests.rs:423:9
[INFO] [stdout]     |
[INFO] [stdout] 423 |         async_nats::ConnectOptions::with_user_and_password("derek".into(), "bad_password".into())
[INFO] [stdout]     |         ^^^^^^^^^^ use of undeclared crate or module `async_nats`
[INFO] [stdout]     |
[INFO] [stdout] help: consider importing this struct
[INFO] [stdout]     |
[INFO] [stdout] 15  +     use nightly_async_nats::ConnectOptions;
[INFO] [stdout]     |
[INFO] [stdout] help: if you import `ConnectOptions`, refer to it directly
[INFO] [stdout]     |
[INFO] [stdout] 423 -         async_nats::ConnectOptions::with_user_and_password("derek".into(), "bad_password".into())
[INFO] [stdout] 423 +         ConnectOptions::with_user_and_password("derek".into(), "bad_password".into())
[INFO] [stdout]     |
[INFO] [stdout] 
[INFO] [stdout] 
[INFO] [stdout] error[E0433]: failed to resolve: use of undeclared crate or module `async_nats`
[INFO] [stdout]    --> tests/client_tests.rs:436:22
[INFO] [stdout]     |
[INFO] [stdout] 436 |         let client = async_nats::ConnectOptions::new()
[INFO] [stdout]     |                      ^^^^^^^^^^ use of undeclared crate or module `async_nats`
[INFO] [stdout]     |
[INFO] [stdout] help: consider importing this struct
[INFO] [stdout]     |
[INFO] [stdout] 15  +     use nightly_async_nats::ConnectOptions;
[INFO] [stdout]     |
[INFO] [stdout] help: if you import `ConnectOptions`, refer to it directly
[INFO] [stdout]     |
[INFO] [stdout] 436 -         let client = async_nats::ConnectOptions::new()
[INFO] [stdout] 436 +         let client = ConnectOptions::new()
[INFO] [stdout]     |
[INFO] [stdout] 
[INFO] [stdout] 
[INFO] [stdout] warning: unused import: `std::str::FromStr`
[INFO] [stdout]   --> tests/client_tests.rs:22:9
[INFO] [stdout]    |
[INFO] [stdout] 22 |     use std::str::FromStr;
[INFO] [stdout]    |         ^^^^^^^^^^^^^^^^^
[INFO] [stdout]    |
[INFO] [stdout]    = note: `#[warn(unused_imports)]` on by default
[INFO] [stdout] 
[INFO] [stdout] 
[INFO] [stdout] error[E0433]: failed to resolve: use of undeclared crate or module `nats_server`
[INFO] [stdout]   --> tests/kv_tests.rs:57:22
[INFO] [stdout]    |
[INFO] [stdout] 57 |         let server = nats_server::run_server("tests/configs/jetstream.conf");
[INFO] [stdout]    |                      ^^^^^^^^^^^ use of undeclared crate or module `nats_server`
[INFO] [stdout] 
[INFO] [stdout] 
[INFO] [stdout] error[E0433]: failed to resolve: use of undeclared crate or module `nats_server`
[INFO] [stdout]   --> tests/kv_tests.rs:89:22
[INFO] [stdout]    |
[INFO] [stdout] 89 |         let server = nats_server::run_server("tests/configs/jetstream.conf");
[INFO] [stdout]    |                      ^^^^^^^^^^^ use of undeclared crate or module `nats_server`
[INFO] [stdout] 
[INFO] [stdout] 
[INFO] [stdout] error[E0433]: failed to resolve: use of undeclared crate or module `nats_server`
[INFO] [stdout]   --> tests/client_tests.rs:27:22
[INFO] [stdout]    |
[INFO] [stdout] 27 |         let server = nats_server::run_basic_server();
[INFO] [stdout]    |                      ^^^^^^^^^^^ use of undeclared crate or module `nats_server`
[INFO] [stdout] 
[INFO] [stdout] 
[INFO] [stdout] error[E0433]: failed to resolve: use of undeclared crate or module `async_nats`
[INFO] [stdout]   --> tests/client_tests.rs:28:22
[INFO] [stdout]    |
[INFO] [stdout] 28 |         let client = async_nats::connect(server.client_url()).await.unwrap();
[INFO] [stdout]    |                      ^^^^^^^^^^ use of undeclared crate or module `async_nats`
[INFO] [stdout] 
[INFO] [stdout] 
[INFO] [stdout] error[E0433]: failed to resolve: use of undeclared crate or module `nats_server`
[INFO] [stdout]    --> tests/kv_tests.rs:123:22
[INFO] [stdout]     |
[INFO] [stdout] 123 |         let server = nats_server::run_server("tests/configs/jetstream.conf");
[INFO] [stdout]     |                      ^^^^^^^^^^^ use of undeclared crate or module `nats_server`
[INFO] [stdout] 
[INFO] [stdout] 
[INFO] [stdout] error[E0433]: failed to resolve: use of undeclared crate or module `nats_server`
[INFO] [stdout]    --> tests/kv_tests.rs:176:22
[INFO] [stdout]     |
[INFO] [stdout] 176 |         let server = nats_server::run_server("tests/configs/jetstream.conf");
[INFO] [stdout]     |                      ^^^^^^^^^^^ use of undeclared crate or module `nats_server`
[INFO] [stdout] 
[INFO] [stdout] 
[INFO] [stdout] error[E0433]: failed to resolve: use of undeclared crate or module `nats_server`
[INFO] [stdout]    --> tests/kv_tests.rs:212:22
[INFO] [stdout]     |
[INFO] [stdout] 212 |         let server = nats_server::run_server("tests/configs/jetstream.conf");
[INFO] [stdout]     |                      ^^^^^^^^^^^ use of undeclared crate or module `nats_server`
[INFO] [stdout] 
[INFO] [stdout] 
[INFO] [stdout] error[E0433]: failed to resolve: use of undeclared crate or module `nats_server`
[INFO] [stdout]    --> tests/kv_tests.rs:252:22
[INFO] [stdout]     |
[INFO] [stdout] 252 |         let server = nats_server::run_server("tests/configs/jetstream.conf");
[INFO] [stdout]     |                      ^^^^^^^^^^^ use of undeclared crate or module `nats_server`
[INFO] [stdout] 
[INFO] [stdout] 
[INFO] [stdout] error[E0433]: failed to resolve: use of undeclared crate or module `nats_server`
[INFO] [stdout]   --> tests/client_tests.rs:54:22
[INFO] [stdout]    |
[INFO] [stdout] 54 |         let server = nats_server::run_basic_server();
[INFO] [stdout]    |                      ^^^^^^^^^^^ use of undeclared crate or module `nats_server`
[INFO] [stdout] 
[INFO] [stdout] 
[INFO] [stdout] error[E0433]: failed to resolve: use of undeclared crate or module `async_nats`
[INFO] [stdout]   --> tests/client_tests.rs:59:22
[INFO] [stdout]    |
[INFO] [stdout] 59 |         let client = async_nats::connect(server.client_url()).await.unwrap();
[INFO] [stdout]    |                      ^^^^^^^^^^ use of undeclared crate or module `async_nats`
[INFO] [stdout] 
[INFO] [stdout] 
[INFO] [stdout] error[E0433]: failed to resolve: use of undeclared crate or module `nats_server`
[INFO] [stdout]    --> tests/kv_tests.rs:293:22
[INFO] [stdout]     |
[INFO] [stdout] 293 |         let server = nats_server::run_server("tests/configs/jetstream.conf");
[INFO] [stdout]     |                      ^^^^^^^^^^^ use of undeclared crate or module `nats_server`
[INFO] [stdout] 
[INFO] [stdout] 
[INFO] [stdout] error[E0433]: failed to resolve: use of undeclared crate or module `nats_server`
[INFO] [stdout]    --> tests/kv_tests.rs:331:22
[INFO] [stdout]     |
[INFO] [stdout] 331 |         let server = nats_server::run_server("tests/configs/jetstream.conf");
[INFO] [stdout]     |                      ^^^^^^^^^^^ use of undeclared crate or module `nats_server`
[INFO] [stdout] 
[INFO] [stdout] 
[INFO] [stdout] error[E0433]: failed to resolve: use of undeclared crate or module `nats_server`
[INFO] [stdout]    --> tests/kv_tests.rs:390:22
[INFO] [stdout]     |
[INFO] [stdout] 390 |         let server = nats_server::run_server("tests/configs/jetstream.conf");
[INFO] [stdout]     |                      ^^^^^^^^^^^ use of undeclared crate or module `nats_server`
[INFO] [stdout] 
[INFO] [stdout] 
[INFO] [stdout] error[E0433]: failed to resolve: use of undeclared crate or module `nats_server`
[INFO] [stdout]    --> tests/client_tests.rs:101:22
[INFO] [stdout]     |
[INFO] [stdout] 101 |         let server = nats_server::run_basic_server();
[INFO] [stdout]     |                      ^^^^^^^^^^^ use of undeclared crate or module `nats_server`
[INFO] [stdout] 
[INFO] [stdout] 
[INFO] [stdout] error[E0433]: failed to resolve: use of undeclared crate or module `async_nats`
[INFO] [stdout]    --> tests/client_tests.rs:102:22
[INFO] [stdout]     |
[INFO] [stdout] 102 |         let client = async_nats::connect(server.client_url()).await.unwrap();
[INFO] [stdout]     |                      ^^^^^^^^^^ use of undeclared crate or module `async_nats`
[INFO] [stdout] 
[INFO] [stdout] 
[INFO] [stdout] error[E0433]: failed to resolve: use of undeclared crate or module `nats_server`
[INFO] [stdout]    --> tests/client_tests.rs:129:22
[INFO] [stdout]     |
[INFO] [stdout] 129 |         let server = nats_server::run_basic_server();
[INFO] [stdout]     |                      ^^^^^^^^^^^ use of undeclared crate or module `nats_server`
[INFO] [stdout] 
[INFO] [stdout] 
[INFO] [stdout] error[E0433]: failed to resolve: use of undeclared crate or module `async_nats`
[INFO] [stdout]    --> tests/client_tests.rs:130:22
[INFO] [stdout]     |
[INFO] [stdout] 130 |         let client = async_nats::connect(server.client_url()).await.unwrap();
[INFO] [stdout]     |                      ^^^^^^^^^^ use of undeclared crate or module `async_nats`
[INFO] [stdout] 
[INFO] [stdout] 
[INFO] [stdout] error[E0433]: failed to resolve: use of undeclared crate or module `nats_server`
[INFO] [stdout]    --> tests/kv_tests.rs:443:22
[INFO] [stdout]     |
[INFO] [stdout] 443 |         let server = nats_server::run_server("tests/configs/jetstream.conf");
[INFO] [stdout]     |                      ^^^^^^^^^^^ use of undeclared crate or module `nats_server`
[INFO] [stdout] 
[INFO] [stdout] 
[INFO] [stdout] error[E0433]: failed to resolve: use of undeclared crate or module `nats_server`
[INFO] [stdout]    --> tests/client_tests.rs:162:22
[INFO] [stdout]     |
[INFO] [stdout] 162 |         let server = nats_server::run_basic_server();
[INFO] [stdout]     |                      ^^^^^^^^^^^ use of undeclared crate or module `nats_server`
[INFO] [stdout] 
[INFO] [stdout] 
[INFO] [stdout] error[E0433]: failed to resolve: use of undeclared crate or module `async_nats`
[INFO] [stdout]    --> tests/client_tests.rs:163:22
[INFO] [stdout]     |
[INFO] [stdout] 163 |         let client = async_nats::connect(server.client_url()).await.unwrap();
[INFO] [stdout]     |                      ^^^^^^^^^^ use of undeclared crate or module `async_nats`
[INFO] [stdout] 
[INFO] [stdout] 
[INFO] [stdout] error[E0433]: failed to resolve: use of undeclared crate or module `nats_server`
[INFO] [stdout]    --> tests/client_tests.rs:188:22
[INFO] [stdout]     |
[INFO] [stdout] 188 |         let server = nats_server::run_basic_server();
[INFO] [stdout]     |                      ^^^^^^^^^^^ use of undeclared crate or module `nats_server`
[INFO] [stdout] 
[INFO] [stdout] 
[INFO] [stdout] error[E0433]: failed to resolve: use of undeclared crate or module `async_nats`
[INFO] [stdout]    --> tests/client_tests.rs:189:22
[INFO] [stdout]     |
[INFO] [stdout] 189 |         let client = async_nats::connect(server.client_url()).await.unwrap();
[INFO] [stdout]     |                      ^^^^^^^^^^ use of undeclared crate or module `async_nats`
[INFO] [stdout] 
[INFO] [stdout] 
[INFO] [stdout] error[E0433]: failed to resolve: use of undeclared crate or module `nats_server`
[INFO] [stdout]    --> tests/kv_tests.rs:508:22
[INFO] [stdout]     |
[INFO] [stdout] 508 |         let server = nats_server::run_server("tests/configs/jetstream.conf");
[INFO] [stdout]     |                      ^^^^^^^^^^^ use of undeclared crate or module `nats_server`
[INFO] [stdout] 
[INFO] [stdout] 
[INFO] [stdout] error[E0433]: failed to resolve: use of undeclared crate or module `nats_server`
[INFO] [stdout]    --> tests/kv_tests.rs:544:26
[INFO] [stdout]     |
[INFO] [stdout] 544 |         let hub_server = nats_server::run_server("tests/configs/jetstream_hub.conf");
[INFO] [stdout]     |                          ^^^^^^^^^^^ use of undeclared crate or module `nats_server`
[INFO] [stdout] 
[INFO] [stdout] 
[INFO] [stdout] error[E0433]: failed to resolve: use of undeclared crate or module `nats_server`
[INFO] [stdout]    --> tests/kv_tests.rs:545:27
[INFO] [stdout]     |
[INFO] [stdout] 545 |         let leaf_server = nats_server::run_server("tests/configs/jetstream_leaf.conf");
[INFO] [stdout]     |                           ^^^^^^^^^^^ use of undeclared crate or module `nats_server`
[INFO] [stdout] 
[INFO] [stdout] 
[INFO] [stdout] error[E0433]: failed to resolve: use of undeclared crate or module `async_nats`
[INFO] [stdout]    --> tests/kv_tests.rs:547:19
[INFO] [stdout]     |
[INFO] [stdout] 547 |         let hub = async_nats::connect(hub_server.client_url()).await.unwrap();
[INFO] [stdout]     |                   ^^^^^^^^^^ use of undeclared crate or module `async_nats`
[INFO] [stdout] 
[INFO] [stdout] 
[INFO] [stdout] error[E0433]: failed to resolve: use of undeclared crate or module `async_nats`
[INFO] [stdout]    --> tests/kv_tests.rs:548:20
[INFO] [stdout]     |
[INFO] [stdout] 548 |         let leaf = async_nats::connect(leaf_server.client_url()).await.unwrap();
[INFO] [stdout]     |                    ^^^^^^^^^^ use of undeclared crate or module `async_nats`
[INFO] [stdout] 
[INFO] [stdout] 
[INFO] [stdout] error[E0433]: failed to resolve: use of undeclared crate or module `nats_server`
[INFO] [stdout]    --> tests/client_tests.rs:215:22
[INFO] [stdout]     |
[INFO] [stdout] 215 |         let server = nats_server::run_basic_server();
[INFO] [stdout]     |                      ^^^^^^^^^^^ use of undeclared crate or module `nats_server`
[INFO] [stdout] 
[INFO] [stdout] 
[INFO] [stdout] error[E0433]: failed to resolve: use of undeclared crate or module `async_nats`
[INFO] [stdout]    --> tests/client_tests.rs:216:22
[INFO] [stdout]     |
[INFO] [stdout] 216 |         let client = async_nats::connect(server.client_url()).await.unwrap();
[INFO] [stdout]     |                      ^^^^^^^^^^ use of undeclared crate or module `async_nats`
[INFO] [stdout] 
[INFO] [stdout] 
[INFO] [stdout] error[E0433]: failed to resolve: use of undeclared crate or module `nats_server`
[INFO] [stdout]    --> tests/client_tests.rs:234:22
[INFO] [stdout]     |
[INFO] [stdout] 234 |         let server = nats_server::run_basic_server();
[INFO] [stdout]     |                      ^^^^^^^^^^^ use of undeclared crate or module `nats_server`
[INFO] [stdout] 
[INFO] [stdout] 
[INFO] [stdout] error[E0433]: failed to resolve: use of undeclared crate or module `async_nats`
[INFO] [stdout]    --> tests/client_tests.rs:235:22
[INFO] [stdout]     |
[INFO] [stdout] 235 |         let client = async_nats::connect(server.client_url()).await.unwrap();
[INFO] [stdout]     |                      ^^^^^^^^^^ use of undeclared crate or module `async_nats`
[INFO] [stdout] 
[INFO] [stdout] 
[INFO] [stdout] error[E0433]: failed to resolve: use of undeclared crate or module `nats_server`
[INFO] [stdout]    --> tests/client_tests.rs:248:22
[INFO] [stdout]     |
[INFO] [stdout] 248 |         let server = nats_server::run_basic_server();
[INFO] [stdout]     |                      ^^^^^^^^^^^ use of undeclared crate or module `nats_server`
[INFO] [stdout] 
[INFO] [stdout] 
[INFO] [stdout] error[E0433]: failed to resolve: use of undeclared crate or module `async_nats`
[INFO] [stdout]    --> tests/client_tests.rs:249:22
[INFO] [stdout]     |
[INFO] [stdout] 249 |         let client = async_nats::connect(server.client_url()).await.unwrap();
[INFO] [stdout]     |                      ^^^^^^^^^^ use of undeclared crate or module `async_nats`
[INFO] [stdout] 
[INFO] [stdout] 
[INFO] [stdout] error[E0433]: failed to resolve: use of undeclared crate or module `nats_server`
[INFO] [stdout]    --> tests/client_tests.rs:275:22
[INFO] [stdout]     |
[INFO] [stdout] 275 |         let server = nats_server::run_basic_server();
[INFO] [stdout]     |                      ^^^^^^^^^^^ use of undeclared crate or module `nats_server`
[INFO] [stdout] 
[INFO] [stdout] 
[INFO] [stdout] warning: unused import: `futures::StreamExt`
[INFO] [stdout]   --> tests/kv_tests.rs:25:9
[INFO] [stdout]    |
[INFO] [stdout] 25 |     use futures::StreamExt;
[INFO] [stdout]    |         ^^^^^^^^^^^^^^^^^^
[INFO] [stdout]    |
[INFO] [stdout]    = note: `#[warn(unused_imports)]` on by default
[INFO] [stdout] 
[INFO] [stdout] 
[INFO] [stdout] error[E0433]: failed to resolve: use of undeclared crate or module `async_nats`
[INFO] [stdout]    --> tests/client_tests.rs:276:22
[INFO] [stdout]     |
[INFO] [stdout] 276 |         let client = async_nats::connect(server.client_url()).await.unwrap();
[INFO] [stdout]     |                      ^^^^^^^^^^ use of undeclared crate or module `async_nats`
[INFO] [stdout] 
[INFO] [stdout] 
[INFO] [stdout] error[E0433]: failed to resolve: use of undeclared crate or module `nats_server`
[INFO] [stdout]    --> tests/client_tests.rs:294:22
[INFO] [stdout]     |
[INFO] [stdout] 294 |         let server = nats_server::run_basic_server();
[INFO] [stdout]     |                      ^^^^^^^^^^^ use of undeclared crate or module `nats_server`
[INFO] [stdout] 
[INFO] [stdout] 
[INFO] [stdout] error[E0433]: failed to resolve: use of undeclared crate or module `async_nats`
[INFO] [stdout]    --> tests/client_tests.rs:295:22
[INFO] [stdout]     |
[INFO] [stdout] 295 |         let client = async_nats::connect(server.client_url()).await.unwrap();
[INFO] [stdout]     |                      ^^^^^^^^^^ use of undeclared crate or module `async_nats`
[INFO] [stdout] 
[INFO] [stdout] 
[INFO] [stdout] error: aborting due to 49 previous errors; 1 warning emitted
[INFO] [stdout] 
[INFO] [stdout] 
[INFO] [stdout] Some errors have detailed explanations: E0432, E0433.
[INFO] [stdout] 
[INFO] [stdout] For more information about an error, try `rustc --explain E0432`.
[INFO] [stdout] 
[INFO] [stdout] error[E0433]: failed to resolve: use of undeclared crate or module `nats_server`
[INFO] [stdout]    --> tests/client_tests.rs:314:22
[INFO] [stdout]     |
[INFO] [stdout] 314 |         let server = nats_server::run_basic_server();
[INFO] [stdout]     |                      ^^^^^^^^^^^ use of undeclared crate or module `nats_server`
[INFO] [stdout] 
[INFO] [stdout] 
[INFO] [stdout] error[E0433]: failed to resolve: use of undeclared crate or module `async_nats`
[INFO] [stdout]    --> tests/client_tests.rs:315:22
[INFO] [stdout]     |
[INFO] [stdout] 315 |         let client = async_nats::connect(server.client_url()).await.unwrap();
[INFO] [stdout]     |                      ^^^^^^^^^^ use of undeclared crate or module `async_nats`
[INFO] [stdout] 
[INFO] [stdout] 
[INFO] [stdout] error[E0433]: failed to resolve: use of undeclared crate or module `async_nats`
[INFO] [stdout]    --> tests/client_tests.rs:331:17
[INFO] [stdout]     |
[INFO] [stdout] 331 |         assert!(async_nats::connect("localhost:1111").await.is_err());
[INFO] [stdout]     |                 ^^^^^^^^^^ use of undeclared crate or module `async_nats`
[INFO] [stdout] 
[INFO] [stdout] 
[INFO] [stdout] error[E0433]: failed to resolve: use of undeclared crate or module `async_nats`
[INFO] [stdout]    --> tests/client_tests.rs:336:17
[INFO] [stdout]     |
[INFO] [stdout] 336 |         assert!(async_nats::connect("demo.nats.io").await.is_ok());
[INFO] [stdout]     |                 ^^^^^^^^^^ use of undeclared crate or module `async_nats`
[INFO] [stdout] 
[INFO] [stdout] 
[INFO] [stdout] error[E0433]: failed to resolve: use of undeclared crate or module `nats_server`
[INFO] [stdout]    --> tests/client_tests.rs:341:22
[INFO] [stdout]     |
[INFO] [stdout] 341 |         let server = nats_server::run_basic_server();
[INFO] [stdout]     |                      ^^^^^^^^^^^ use of undeclared crate or module `nats_server`
[INFO] [stdout] 
[INFO] [stdout] 
[INFO] [stdout] error[E0433]: failed to resolve: use of undeclared crate or module `nats_server`
[INFO] [stdout]    --> tests/client_tests.rs:354:13
[INFO] [stdout]     |
[INFO] [stdout] 354 |             nats_server::run_basic_server(),
[INFO] [stdout]     |             ^^^^^^^^^^^ use of undeclared crate or module `nats_server`
[INFO] [stdout] 
[INFO] [stdout] 
[INFO] [stdout] error[E0433]: failed to resolve: use of undeclared crate or module `nats_server`
[INFO] [stdout]    --> tests/client_tests.rs:355:13
[INFO] [stdout]     |
[INFO] [stdout] 355 |             nats_server::run_basic_server(),
[INFO] [stdout]     |             ^^^^^^^^^^^ use of undeclared crate or module `nats_server`
[INFO] [stdout] 
[INFO] [stdout] 
[INFO] [stdout] error[E0433]: failed to resolve: use of undeclared crate or module `nats_server`
[INFO] [stdout]    --> tests/client_tests.rs:356:13
[INFO] [stdout]     |
[INFO] [stdout] 356 |             nats_server::run_basic_server(),
[INFO] [stdout]     |             ^^^^^^^^^^^ use of undeclared crate or module `nats_server`
[INFO] [stdout] 
[INFO] [stdout] 
[INFO] [stderr] error: could not compile `nightly-async-nats` (test "kv_tests") due to 50 previous errors; 1 warning emitted
[INFO] [stdout] error[E0282]: type annotations needed for `&T`
[INFO] [stdout]    --> tests/client_tests.rs:363:27
[INFO] [stdout]     |
[INFO] [stdout] 363 |                     .map(|server| server.client_url().parse::<ServerAddr>().unwrap())
[INFO] [stdout]     |                           ^^^^^^         ---------- type must be known at this point
[INFO] [stdout]     |
[INFO] [stdout] help: consider giving this closure parameter an explicit type, where the type for type parameter `T` is specified
[INFO] [stdout]     |
[INFO] [stdout] 363 |                     .map(|server: &T| server.client_url().parse::<ServerAddr>().unwrap())
[INFO] [stdout]     |                                 ++++
[INFO] [stdout] 
[INFO] [stdout] 
[INFO] [stdout] error[E0433]: failed to resolve: use of undeclared crate or module `nats_server`
[INFO] [stdout]    --> tests/client_tests.rs:384:22
[INFO] [stdout]     |
[INFO] [stdout] 384 |         let server = nats_server::run_server("tests/configs/token.conf");
[INFO] [stdout]     |                      ^^^^^^^^^^^ use of undeclared crate or module `nats_server`
[INFO] [stdout] 
[INFO] [stdout] 
[INFO] [stdout] error[E0433]: failed to resolve: use of undeclared crate or module `nats_server`
[INFO] [stdout]    --> tests/client_tests.rs:398:22
[INFO] [stdout]     |
[INFO] [stdout] 398 |         let server = nats_server::run_server("tests/configs/user_pass.conf");
[INFO] [stdout]     |                      ^^^^^^^^^^^ use of undeclared crate or module `nats_server`
[INFO] [stdout] 
[INFO] [stdout] 
[INFO] [stdout] error[E0433]: failed to resolve: use of undeclared crate or module `nats_server`
[INFO] [stdout]    --> tests/client_tests.rs:413:22
[INFO] [stdout]     |
[INFO] [stdout] 413 |         let server = nats_server::run_server("tests/configs/user_pass.conf");
[INFO] [stdout]     |                      ^^^^^^^^^^^ use of undeclared crate or module `nats_server`
[INFO] [stdout] 
[INFO] [stdout] 
[INFO] [stdout] error[E0433]: failed to resolve: use of undeclared crate or module `nats_server`
[INFO] [stdout]    --> tests/client_tests.rs:422:22
[INFO] [stdout]     |
[INFO] [stdout] 422 |         let server = nats_server::run_server("tests/configs/user_pass.conf");
[INFO] [stdout]     |                      ^^^^^^^^^^^ use of undeclared crate or module `nats_server`
[INFO] [stdout] 
[INFO] [stdout] 
[INFO] [stdout] error[E0433]: failed to resolve: use of undeclared crate or module `nats_server`
[INFO] [stdout]    --> tests/client_tests.rs:431:22
[INFO] [stdout]     |
[INFO] [stdout] 431 |         let server = nats_server::run_basic_server();
[INFO] [stdout]     |                      ^^^^^^^^^^^ use of undeclared crate or module `nats_server`
[INFO] [stdout] 
[INFO] [stdout] 
[INFO] [stdout] error[E0433]: failed to resolve: use of undeclared crate or module `nats_server`
[INFO] [stdout]    --> tests/client_tests.rs:462:23
[INFO] [stdout]     |
[INFO] [stdout] 462 |         let _server = nats_server::run_server_with_port("", Some(port.as_str()));
[INFO] [stdout]     |                       ^^^^^^^^^^^ use of undeclared crate or module `nats_server`
[INFO] [stdout] 
[INFO] [stdout] 
[INFO] [stdout] error[E0433]: failed to resolve: use of undeclared crate or module `nats_server`
[INFO] [stdout]    --> tests/client_tests.rs:478:22
[INFO] [stdout]     |
[INFO] [stdout] 478 |         let server = nats_server::run_basic_server();
[INFO] [stdout]     |                      ^^^^^^^^^^^ use of undeclared crate or module `nats_server`
[INFO] [stdout] 
[INFO] [stdout] 
[INFO] [stdout] error[E0433]: failed to resolve: use of undeclared crate or module `nats_server`
[INFO] [stdout]    --> tests/client_tests.rs:501:9
[INFO] [stdout]     |
[INFO] [stdout] 501 |         nats_server::set_lame_duck_mode(&server);
[INFO] [stdout]     |         ^^^^^^^^^^^ use of undeclared crate or module `nats_server`
[INFO] [stdout] 
[INFO] [stdout] 
[INFO] [stdout] error[E0433]: failed to resolve: use of undeclared crate or module `nats_server`
[INFO] [stdout]    --> tests/client_tests.rs:510:22
[INFO] [stdout]     |
[INFO] [stdout] 510 |         let server = nats_server::run_basic_server();
[INFO] [stdout]     |                      ^^^^^^^^^^^ use of undeclared crate or module `nats_server`
[INFO] [stdout] 
[INFO] [stdout] 
[INFO] [stdout] error[E0433]: failed to resolve: use of undeclared crate or module `nats_server`
[INFO] [stdout]    --> tests/client_tests.rs:557:22
[INFO] [stdout]     |
[INFO] [stdout] 557 |         let server = nats_server::run_basic_server();
[INFO] [stdout]     |                      ^^^^^^^^^^^ use of undeclared crate or module `nats_server`
[INFO] [stdout] 
[INFO] [stdout] 
[INFO] [stdout] error[E0433]: failed to resolve: use of undeclared crate or module `nats_server`
[INFO] [stdout]    --> tests/client_tests.rs:572:22
[INFO] [stdout]     |
[INFO] [stdout] 572 |         let server = nats_server::run_basic_server();
[INFO] [stdout]     |                      ^^^^^^^^^^^ use of undeclared crate or module `nats_server`
[INFO] [stdout] 
[INFO] [stdout] 
[INFO] [stdout] error[E0433]: failed to resolve: use of undeclared crate or module `nats_server`
[INFO] [stdout]    --> tests/client_tests.rs:590:22
[INFO] [stdout]     |
[INFO] [stdout] 590 |         let server = nats_server::run_basic_server();
[INFO] [stdout]     |                      ^^^^^^^^^^^ use of undeclared crate or module `nats_server`
[INFO] [stdout] 
[INFO] [stdout] 
[INFO] [stdout] error[E0433]: failed to resolve: use of undeclared crate or module `nats_server`
[INFO] [stdout]    --> tests/client_tests.rs:655:22
[INFO] [stdout]     |
[INFO] [stdout] 655 |         let server = nats_server::run_basic_server();
[INFO] [stdout]     |                      ^^^^^^^^^^^ use of undeclared crate or module `nats_server`
[INFO] [stdout] 
[INFO] [stdout] 
[INFO] [stdout] error[E0433]: failed to resolve: use of undeclared crate or module `nats_server`
[INFO] [stdout]    --> tests/client_tests.rs:685:22
[INFO] [stdout]     |
[INFO] [stdout] 685 |         let server = nats_server::run_basic_server();
[INFO] [stdout]     |                      ^^^^^^^^^^^ use of undeclared crate or module `nats_server`
[INFO] [stdout] 
[INFO] [stdout] 
[INFO] [stdout] error[E0433]: failed to resolve: use of undeclared crate or module `async_nats`
[INFO] [stdout]    --> tests/client_tests.rs:686:22
[INFO] [stdout]     |
[INFO] [stdout] 686 |         let client = async_nats::connect(server.client_url()).await.unwrap();
[INFO] [stdout]     |                      ^^^^^^^^^^ use of undeclared crate or module `async_nats`
[INFO] [stdout] 
[INFO] [stdout] 
[INFO] [stdout] error[E0433]: failed to resolve: use of undeclared crate or module `nats_server`
[INFO] [stdout]    --> tests/client_tests.rs:695:22
[INFO] [stdout]     |
[INFO] [stdout] 695 |         let server = nats_server::run_basic_server();
[INFO] [stdout]     |                      ^^^^^^^^^^^ use of undeclared crate or module `nats_server`
[INFO] [stdout] 
[INFO] [stdout] 
[INFO] [stdout] error[E0433]: failed to resolve: use of undeclared crate or module `async_nats`
[INFO] [stdout]    --> tests/client_tests.rs:696:22
[INFO] [stdout]     |
[INFO] [stdout] 696 |         let client = async_nats::connect(server.client_url()).await.unwrap();
[INFO] [stdout]     |                      ^^^^^^^^^^ use of undeclared crate or module `async_nats`
[INFO] [stdout] 
[INFO] [stdout] 
[INFO] [stdout] error[E0433]: failed to resolve: use of undeclared crate or module `nats_server`
[INFO] [stdout]    --> tests/client_tests.rs:722:23
[INFO] [stdout]     |
[INFO] [stdout] 722 |         let _server = nats_server::run_server_with_port("", Some("7777"));
[INFO] [stdout]     |                       ^^^^^^^^^^^ use of undeclared crate or module `nats_server`
[INFO] [stdout] 
[INFO] [stdout] 
[INFO] [stdout] warning: unused import: `futures::stream::StreamExt`
[INFO] [stdout]   --> tests/client_tests.rs:20:9
[INFO] [stdout]    |
[INFO] [stdout] 20 |     use futures::stream::StreamExt;
[INFO] [stdout]    |         ^^^^^^^^^^^^^^^^^^^^^^^^^^
[INFO] [stdout] 
[INFO] [stdout] 
[INFO] [stdout] error[E0433]: failed to resolve: use of undeclared crate or module `async_nats`
[INFO] [stdout]    --> tests/client_tests.rs:697:32
[INFO] [stdout]     |
[INFO] [stdout] 697 |         let _error: Result<(), async_nats::PublishError> =
[INFO] [stdout]     |                                ^^^^^^^^^^ use of undeclared crate or module `async_nats`
[INFO] [stdout] 
[INFO] [stdout] 
[INFO] [stdout] error: aborting due to 63 previous errors; 2 warnings emitted
[INFO] [stdout] 
[INFO] [stdout] 
[INFO] [stdout] Some errors have detailed explanations: E0282, E0432, E0433.
[INFO] [stdout] 
[INFO] [stdout] For more information about an error, try `rustc --explain E0282`.
[INFO] [stdout] 
[INFO] [stderr] error: could not compile `nightly-async-nats` (test "client_tests") due to 64 previous errors; 2 warnings emitted
[INFO] running `Command { std: "docker" "inspect" "52e7d1f2862104dc147f6144af225a9939d693d1d038ca9839e9cbf524552b43", kill_on_drop: false }`
[INFO] running `Command { std: "docker" "rm" "-f" "52e7d1f2862104dc147f6144af225a9939d693d1d038ca9839e9cbf524552b43", kill_on_drop: false }`
[INFO] [stdout] 52e7d1f2862104dc147f6144af225a9939d693d1d038ca9839e9cbf524552b43
