[INFO] fetching crate nickel 0.11.0...
[INFO] testing nickel-0.11.0 against 1.75.0 for beta-1.76-1
[INFO] extracting crate nickel 0.11.0 into /workspace/builds/worker-6-tc1/source
[INFO] validating manifest of crates.io crate nickel 0.11.0 on toolchain 1.75.0
[INFO] running `Command { std: CARGO_HOME="/workspace/cargo-home" RUSTUP_HOME="/workspace/rustup-home" "/workspace/cargo-home/bin/cargo" "+1.75.0" "metadata" "--manifest-path" "Cargo.toml" "--no-deps", kill_on_drop: false }`
[INFO] started tweaking crates.io crate nickel 0.11.0
[INFO] removed 0 missing examples
[INFO] finished tweaking crates.io crate nickel 0.11.0
[INFO] tweaked toml for crates.io crate nickel 0.11.0 written to /workspace/builds/worker-6-tc1/source/Cargo.toml
[INFO] running `Command { std: CARGO_HOME="/workspace/cargo-home" RUSTUP_HOME="/workspace/rustup-home" "/workspace/cargo-home/bin/cargo" "+1.75.0" "generate-lockfile" "--manifest-path" "Cargo.toml", kill_on_drop: false }`
[INFO] [stderr]     Updating crates.io index
[INFO] running `Command { std: CARGO_HOME="/workspace/cargo-home" RUSTUP_HOME="/workspace/rustup-home" "/workspace/cargo-home/bin/cargo" "+1.75.0" "fetch" "--manifest-path" "Cargo.toml", kill_on_drop: false }`
[INFO] [stderr]  Downloading crates ...
[INFO] [stderr]   Downloaded groupable v0.2.0
[INFO] [stderr]   Downloaded tester v0.6.0
[INFO] [stderr]   Downloaded mustache v0.9.0
[INFO] [stderr]   Downloaded compiletest_rs v0.3.26
[INFO] [stderr]   Downloaded rustfix v0.4.6
[INFO] running `Command { std: "docker" "create" "-v" "/var/lib/crater-agent-workspace/builds/worker-6-tc1/target:/opt/rustwide/target:rw,Z" "-v" "/var/lib/crater-agent-workspace/builds/worker-6-tc1/source:/opt/rustwide/workdir:ro,Z" "-v" "/var/lib/crater-agent-workspace/cargo-home:/opt/rustwide/cargo-home:ro,Z" "-v" "/var/lib/crater-agent-workspace/rustup-home:/opt/rustwide/rustup-home:ro,Z" "-e" "SOURCE_DIR=/opt/rustwide/workdir" "-e" "CARGO_TARGET_DIR=/opt/rustwide/target" "-e" "CARGO_HOME=/opt/rustwide/cargo-home" "-e" "RUSTUP_HOME=/opt/rustwide/rustup-home" "-w" "/opt/rustwide/workdir" "-m" "1610612736" "--user" "0:0" "--network" "none" "ghcr.io/rust-lang/crates-build-env/linux@sha256:2788e3201cd34a07e3172128adcd8b3090168a8e3bcc40d7c032b9dda1df7d1c" "/opt/rustwide/cargo-home/bin/cargo" "+1.75.0" "metadata" "--no-deps" "--format-version=1", kill_on_drop: false }`
[INFO] [stdout] 6a1eb006d4109f5c72a8e5e4e76365c73f1560deab8833e80203c1984d3fde86
[INFO] running `Command { std: "docker" "start" "-a" "6a1eb006d4109f5c72a8e5e4e76365c73f1560deab8833e80203c1984d3fde86", kill_on_drop: false }`
[INFO] running `Command { std: "docker" "inspect" "6a1eb006d4109f5c72a8e5e4e76365c73f1560deab8833e80203c1984d3fde86", kill_on_drop: false }`
[INFO] running `Command { std: "docker" "rm" "-f" "6a1eb006d4109f5c72a8e5e4e76365c73f1560deab8833e80203c1984d3fde86", kill_on_drop: false }`
[INFO] [stdout] 6a1eb006d4109f5c72a8e5e4e76365c73f1560deab8833e80203c1984d3fde86
[INFO] running `Command { std: "docker" "create" "-v" "/var/lib/crater-agent-workspace/builds/worker-6-tc1/target:/opt/rustwide/target:rw,Z" "-v" "/var/lib/crater-agent-workspace/builds/worker-6-tc1/source:/opt/rustwide/workdir:ro,Z" "-v" "/var/lib/crater-agent-workspace/cargo-home:/opt/rustwide/cargo-home:ro,Z" "-v" "/var/lib/crater-agent-workspace/rustup-home:/opt/rustwide/rustup-home:ro,Z" "-e" "SOURCE_DIR=/opt/rustwide/workdir" "-e" "CARGO_TARGET_DIR=/opt/rustwide/target" "-e" "CARGO_INCREMENTAL=0" "-e" "RUST_BACKTRACE=full" "-e" "RUSTFLAGS=--cap-lints=warn" "-e" "RUSTDOCFLAGS=--cap-lints=warn" "-e" "CARGO_HOME=/opt/rustwide/cargo-home" "-e" "RUSTUP_HOME=/opt/rustwide/rustup-home" "-w" "/opt/rustwide/workdir" "-m" "1610612736" "--user" "0:0" "--network" "none" "ghcr.io/rust-lang/crates-build-env/linux@sha256:2788e3201cd34a07e3172128adcd8b3090168a8e3bcc40d7c032b9dda1df7d1c" "/opt/rustwide/cargo-home/bin/cargo" "+1.75.0" "build" "--frozen" "--message-format=json", kill_on_drop: false }`
[INFO] [stdout] f5dc9be34cd094fa4f7a8a61eb59e16cca0ec8b9c8af0c6ea2c1a7e21ee4641f
[INFO] running `Command { std: "docker" "start" "-a" "f5dc9be34cd094fa4f7a8a61eb59e16cca0ec8b9c8af0c6ea2c1a7e21ee4641f", kill_on_drop: false }`
[INFO] [stderr]    Compiling tinyvec_macros v0.1.1
[INFO] [stderr]    Compiling serde v1.0.194
[INFO] [stderr]    Compiling version_check v0.1.5
[INFO] [stderr]    Compiling traitobject v0.1.0
[INFO] [stderr]    Compiling log v0.4.20
[INFO] [stderr]    Compiling unicode-bidi v0.3.14
[INFO] [stderr]    Compiling matches v0.1.10
[INFO] [stderr]    Compiling percent-encoding v1.0.1
[INFO] [stderr]    Compiling safemem v0.3.3
[INFO] [stderr]    Compiling typeable v0.1.2
[INFO] [stderr]    Compiling language-tags v0.2.2
[INFO] [stderr]    Compiling modifier v0.1.0
[INFO] [stderr]    Compiling time v0.1.45
[INFO] [stderr]    Compiling groupable v0.2.0
[INFO] [stderr]    Compiling tinyvec v1.6.0
[INFO] [stderr]    Compiling base64 v0.9.3
[INFO] [stderr]    Compiling unsafe-any v0.4.2
[INFO] [stderr]    Compiling typemap v0.3.3
[INFO] [stderr]    Compiling log v0.3.9
[INFO] [stderr]    Compiling unicase v1.4.2
[INFO] [stderr]    Compiling plugin v0.2.6
[INFO] [stderr]    Compiling mime v0.2.6
[INFO] [stderr]    Compiling unicode-normalization v0.1.22
[INFO] [stderr]    Compiling idna v0.1.5
[INFO] [stderr]    Compiling url v1.7.2
[INFO] [stderr]    Compiling hyper v0.10.16
[INFO] [stderr]    Compiling mustache v0.9.0
[INFO] [stderr]    Compiling serde_json v1.0.111
[INFO] [stderr]    Compiling nickel v0.11.0 (/opt/rustwide/workdir)
[INFO] [stdout] warning: anonymous parameters are deprecated and will be removed in the next edition
[INFO] [stdout]   --> src/router/http_router.rs:39:65
[INFO] [stdout]    |
[INFO] [stdout] 39 |     fn add_route<M: Into<Matcher>, H: Middleware<D>>(&mut self, Method, M, H) -> &mut Self;
[INFO] [stdout]    |                                                                 ^^^^^^ help: try naming the parameter or explicitly ignoring it: `_: Method`
[INFO] [stdout]    |
[INFO] [stdout]    = warning: this is accepted in the current edition (Rust 2015) but is a hard error in Rust 2018!
[INFO] [stdout]    = note: for more information, see issue #41686 <https://github.com/rust-lang/rust/issues/41686>
[INFO] [stdout]    = note: `#[warn(anonymous_parameters)]` on by default
[INFO] [stdout] 
[INFO] [stdout] 
[INFO] [stdout] warning: anonymous parameters are deprecated and will be removed in the next edition
[INFO] [stdout]   --> src/router/http_router.rs:39:73
[INFO] [stdout]    |
[INFO] [stdout] 39 |     fn add_route<M: Into<Matcher>, H: Middleware<D>>(&mut self, Method, M, H) -> &mut Self;
[INFO] [stdout]    |                                                                         ^ help: try naming the parameter or explicitly ignoring it: `_: M`
[INFO] [stdout]    |
[INFO] [stdout]    = warning: this is accepted in the current edition (Rust 2015) but is a hard error in Rust 2018!
[INFO] [stdout]    = note: for more information, see issue #41686 <https://github.com/rust-lang/rust/issues/41686>
[INFO] [stdout] 
[INFO] [stdout] 
[INFO] [stdout] warning: anonymous parameters are deprecated and will be removed in the next edition
[INFO] [stdout]   --> src/router/http_router.rs:39:76
[INFO] [stdout]    |
[INFO] [stdout] 39 |     fn add_route<M: Into<Matcher>, H: Middleware<D>>(&mut self, Method, M, H) -> &mut Self;
[INFO] [stdout]    |                                                                            ^ help: try naming the parameter or explicitly ignoring it: `_: H`
[INFO] [stdout]    |
[INFO] [stdout]    = warning: this is accepted in the current edition (Rust 2015) but is a hard error in Rust 2018!
[INFO] [stdout]    = note: for more information, see issue #41686 <https://github.com/rust-lang/rust/issues/41686>
[INFO] [stdout] 
[INFO] [stdout] 
[INFO] [stdout] warning: use of deprecated macro `try`: use the `?` operator instead
[INFO] [stdout]   --> src/server.rs:51:26
[INFO] [stdout]    |
[INFO] [stdout] 51 |         let mut server = try!(HyperServer::http(addr));
[INFO] [stdout]    |                          ^^^
[INFO] [stdout]    |
[INFO] [stdout]    = note: `#[warn(deprecated)]` on by default
[INFO] [stdout] 
[INFO] [stdout] 
[INFO] [stdout] warning: use of deprecated macro `try`: use the `?` operator instead
[INFO] [stdout]   --> src/server.rs:72:26
[INFO] [stdout]    |
[INFO] [stdout] 72 |         let mut server = try!(HyperServer::https(addr, ssl));
[INFO] [stdout]    |                          ^^^
[INFO] [stdout] 
[INFO] [stdout] 
[INFO] [stdout] warning: use of deprecated macro `try`: use the `?` operator instead
[INFO] [stdout]    --> src/nickel.rs:240:13
[INFO] [stdout]     |
[INFO] [stdout] 240 |             try!(server.serve("localhost:0",
[INFO] [stdout]     |             ^^^
[INFO] [stdout] 
[INFO] [stdout] 
[INFO] [stdout] warning: use of deprecated macro `try`: use the `?` operator instead
[INFO] [stdout]    --> src/nickel.rs:244:13
[INFO] [stdout]     |
[INFO] [stdout] 244 |             try!(server.serve(addr,
[INFO] [stdout]     |             ^^^
[INFO] [stdout] 
[INFO] [stdout] 
[INFO] [stdout] warning: use of deprecated macro `try`: use the `?` operator instead
[INFO] [stdout]    --> src/nickel.rs:314:13
[INFO] [stdout]     |
[INFO] [stdout] 314 |             try!(server.serve_https("localhost:0",
[INFO] [stdout]     |             ^^^
[INFO] [stdout] 
[INFO] [stdout] 
[INFO] [stdout] warning: use of deprecated macro `try`: use the `?` operator instead
[INFO] [stdout]    --> src/nickel.rs:319:13
[INFO] [stdout]     |
[INFO] [stdout] 319 |             try!(server.serve_https(addr,
[INFO] [stdout]     |             ^^^
[INFO] [stdout] 
[INFO] [stdout] 
[INFO] [stdout] warning: use of deprecated macro `try`: use the `?` operator instead
[INFO] [stdout]    --> src/response.rs:136:26
[INFO] [stdout]     |
[INFO] [stdout] 136 |         let mut stream = try!(self.start());
[INFO] [stdout]     |                          ^^^
[INFO] [stdout] 
[INFO] [stdout] 
[INFO] [stdout] warning: anonymous parameters are deprecated and will be removed in the next edition
[INFO] [stdout]   --> src/middleware.rs:32:28
[INFO] [stdout]    |
[INFO] [stdout] 32 |     fn handle_error(&self, &mut NickelError<D>, &mut Request<D>) -> Action;
[INFO] [stdout]    |                            ^^^^^^^^^^^^^^^^^^^ help: try naming the parameter or explicitly ignoring it: `_: &mut NickelError<D>`
[INFO] [stdout]    |
[INFO] [stdout]    = warning: this is accepted in the current edition (Rust 2015) but is a hard error in Rust 2018!
[INFO] [stdout]    = note: for more information, see issue #41686 <https://github.com/rust-lang/rust/issues/41686>
[INFO] [stdout] 
[INFO] [stdout] 
[INFO] [stdout] warning: anonymous parameters are deprecated and will be removed in the next edition
[INFO] [stdout]   --> src/middleware.rs:32:49
[INFO] [stdout]    |
[INFO] [stdout] 32 |     fn handle_error(&self, &mut NickelError<D>, &mut Request<D>) -> Action;
[INFO] [stdout]    |                                                 ^^^^^^^^^^^^^^^ help: try naming the parameter or explicitly ignoring it: `_: &mut Request<D>`
[INFO] [stdout]    |
[INFO] [stdout]    = warning: this is accepted in the current edition (Rust 2015) but is a hard error in Rust 2018!
[INFO] [stdout]    = note: for more information, see issue #41686 <https://github.com/rust-lang/rust/issues/41686>
[INFO] [stdout] 
[INFO] [stdout] 
[INFO] [stdout] warning: anonymous parameters are deprecated and will be removed in the next edition
[INFO] [stdout]   --> src/responder.rs:25:26
[INFO] [stdout]    |
[INFO] [stdout] 25 |     fn respond<'a>(self, Response<'a, D>) -> MiddlewareResult<'a, D>;
[INFO] [stdout]    |                          ^^^^^^^^^^^^^^^ help: try naming the parameter or explicitly ignoring it: `_: Response<'a, D>`
[INFO] [stdout]    |
[INFO] [stdout]    = warning: this is accepted in the current edition (Rust 2015) but is a hard error in Rust 2018!
[INFO] [stdout]    = note: for more information, see issue #41686 <https://github.com/rust-lang/rust/issues/41686>
[INFO] [stdout] 
[INFO] [stdout] 
[INFO] [stdout] warning: use of deprecated macro `try`: use the `?` operator instead
[INFO] [stdout]   --> src/responder.rs:72:34
[INFO] [stdout]    |
[INFO] [stdout] 72 |                 let mut stream = try!(res.start());
[INFO] [stdout]    |                                  ^^^
[INFO] [stdout] 
[INFO] [stdout] 
[INFO] [stdout] warning: use of deprecated macro `try`: use the `?` operator instead
[INFO] [stdout]    --> src/responder.rs:114:34
[INFO] [stdout]     |
[INFO] [stdout] 114 |                 let mut stream = try!(res.start());
[INFO] [stdout]     |                                  ^^^
[INFO] [stdout] 
[INFO] [stdout] 
[INFO] [stdout] warning: use of deprecated macro `try`: use the `?` operator instead
[INFO] [stdout]   --> src/body_parser.rs:25:9
[INFO] [stdout]    |
[INFO] [stdout] 25 |         try!(req.origin.read_to_string(&mut buf));
[INFO] [stdout]    |         ^^^
[INFO] [stdout] 
[INFO] [stdout] 
[INFO] [stdout] warning: use of deprecated macro `try`: use the `?` operator instead
[INFO] [stdout]   --> src/body_parser.rs:46:28
[INFO] [stdout]    |
[INFO] [stdout] 46 |                 let body = try!(req.get_ref::<BodyReader>());
[INFO] [stdout]    |                            ^^^
[INFO] [stdout] 
[INFO] [stdout] 
[INFO] [stdout] warning: trait objects without an explicit `dyn` are deprecated
[INFO] [stdout]   --> src/router/router.rs:15:22
[INFO] [stdout]    |
[INFO] [stdout] 15 |     pub handler: Box<Middleware<D> + Send + Sync + 'static>,
[INFO] [stdout]    |                      ^^^^^^^^^^^^^^^^^^^^^^^^^^^^^^^^^^^^^
[INFO] [stdout]    |
[INFO] [stdout]    = warning: this is accepted in the current edition (Rust 2015) but is a hard error in Rust 2021!
[INFO] [stdout]    = note: for more information, see <https://doc.rust-lang.org/nightly/edition-guide/rust-2021/warnings-promoted-to-error.html>
[INFO] [stdout]    = note: `#[warn(bare_trait_objects)]` on by default
[INFO] [stdout] help: use `dyn`
[INFO] [stdout]    |
[INFO] [stdout] 15 |     pub handler: Box<dyn Middleware<D> + Send + Sync + 'static>,
[INFO] [stdout]    |                      +++
[INFO] [stdout] 
[INFO] [stdout] 
[INFO] [stdout] warning: trait objects without an explicit `dyn` are deprecated
[INFO] [stdout]   --> src/response.rs:30:22
[INFO] [stdout]    |
[INFO] [stdout] 30 |     on_send: Vec<Box<FnMut(&mut Response<'a, D, Fresh>)>>
[INFO] [stdout]    |                      ^^^^^^^^^^^^^^^^^^^^^^^^^^^^^^^^^^
[INFO] [stdout]    |
[INFO] [stdout]    = warning: this is accepted in the current edition (Rust 2015) but is a hard error in Rust 2021!
[INFO] [stdout]    = note: for more information, see <https://doc.rust-lang.org/nightly/edition-guide/rust-2021/warnings-promoted-to-error.html>
[INFO] [stdout] help: use `dyn`
[INFO] [stdout]    |
[INFO] [stdout] 30 |     on_send: Vec<Box<dyn FnMut(&mut Response<'a, D, Fresh>)>>
[INFO] [stdout]    |                      +++
[INFO] [stdout] 
[INFO] [stdout] 
[INFO] [stdout] warning: trait objects without an explicit `dyn` are deprecated
[INFO] [stdout]   --> src/middleware.rs:42:23
[INFO] [stdout]    |
[INFO] [stdout] 42 |     handlers: Vec<Box<Middleware<D> + Send + Sync>>,
[INFO] [stdout]    |                       ^^^^^^^^^^^^^^^^^^^^^^^^^^^
[INFO] [stdout]    |
[INFO] [stdout]    = warning: this is accepted in the current edition (Rust 2015) but is a hard error in Rust 2021!
[INFO] [stdout]    = note: for more information, see <https://doc.rust-lang.org/nightly/edition-guide/rust-2021/warnings-promoted-to-error.html>
[INFO] [stdout] help: use `dyn`
[INFO] [stdout]    |
[INFO] [stdout] 42 |     handlers: Vec<Box<dyn Middleware<D> + Send + Sync>>,
[INFO] [stdout]    |                       +++
[INFO] [stdout] 
[INFO] [stdout] 
[INFO] [stdout] warning: trait objects without an explicit `dyn` are deprecated
[INFO] [stdout]   --> src/middleware.rs:43:29
[INFO] [stdout]    |
[INFO] [stdout] 43 |     error_handlers: Vec<Box<ErrorHandler<D> + Send + Sync>>
[INFO] [stdout]    |                             ^^^^^^^^^^^^^^^^^^^^^^^^^^^^^
[INFO] [stdout]    |
[INFO] [stdout]    = warning: this is accepted in the current edition (Rust 2015) but is a hard error in Rust 2021!
[INFO] [stdout]    = note: for more information, see <https://doc.rust-lang.org/nightly/edition-guide/rust-2021/warnings-promoted-to-error.html>
[INFO] [stdout] help: use `dyn`
[INFO] [stdout]    |
[INFO] [stdout] 43 |     error_handlers: Vec<Box<dyn ErrorHandler<D> + Send + Sync>>
[INFO] [stdout]    |                             +++
[INFO] [stdout] 
[INFO] [stdout] 
[INFO] [stdout] warning: trait objects without an explicit `dyn` are deprecated
[INFO] [stdout]    --> src/nickel.rs:228:87
[INFO] [stdout]     |
[INFO] [stdout] 228 |     pub fn listen<T: ToSocketAddrs>(mut self, addr: T) -> Result<ListeningServer, Box<StdError>> {
[INFO] [stdout]     |                                                                                       ^^^^^^^^
[INFO] [stdout]     |
[INFO] [stdout]     = warning: this is accepted in the current edition (Rust 2015) but is a hard error in Rust 2021!
[INFO] [stdout]     = note: for more information, see <https://doc.rust-lang.org/nightly/edition-guide/rust-2021/warnings-promoted-to-error.html>
[INFO] [stdout] help: use `dyn`
[INFO] [stdout]     |
[INFO] [stdout] 228 |     pub fn listen<T: ToSocketAddrs>(mut self, addr: T) -> Result<ListeningServer, Box<dyn StdError>> {
[INFO] [stdout]     |                                                                                       +++
[INFO] [stdout] 
[INFO] [stdout] 
[INFO] [stdout] warning: trait objects without an explicit `dyn` are deprecated
[INFO] [stdout]    --> src/nickel.rs:300:88
[INFO] [stdout]     |
[INFO] [stdout] 300 |     pub fn listen_https<T,S>(mut self, addr: T, ssl: S) -> Result<ListeningServer, Box<StdError>>
[INFO] [stdout]     |                                                                                        ^^^^^^^^
[INFO] [stdout]     |
[INFO] [stdout]     = warning: this is accepted in the current edition (Rust 2015) but is a hard error in Rust 2021!
[INFO] [stdout]     = note: for more information, see <https://doc.rust-lang.org/nightly/edition-guide/rust-2021/warnings-promoted-to-error.html>
[INFO] [stdout] help: use `dyn`
[INFO] [stdout]     |
[INFO] [stdout] 300 |     pub fn listen_https<T,S>(mut self, addr: T, ssl: S) -> Result<ListeningServer, Box<dyn StdError>>
[INFO] [stdout]     |                                                                                        +++
[INFO] [stdout] 
[INFO] [stdout] 
[INFO] [stdout] warning: trait objects without an explicit `dyn` are deprecated
[INFO] [stdout]    --> src/body_parser.rs:115:32
[INFO] [stdout]     |
[INFO] [stdout] 115 |     fn cause(&self) -> Option<&StdError> {
[INFO] [stdout]     |                                ^^^^^^^^
[INFO] [stdout]     |
[INFO] [stdout]     = warning: this is accepted in the current edition (Rust 2015) but is a hard error in Rust 2021!
[INFO] [stdout]     = note: for more information, see <https://doc.rust-lang.org/nightly/edition-guide/rust-2021/warnings-promoted-to-error.html>
[INFO] [stdout] help: use `dyn`
[INFO] [stdout]     |
[INFO] [stdout] 115 |     fn cause(&self) -> Option<&dyn StdError> {
[INFO] [stdout]     |                                +++
[INFO] [stdout] 
[INFO] [stdout] 
[INFO] [stdout] warning: trait objects without an explicit `dyn` are deprecated
[INFO] [stdout]   --> src/nickel_error.rs:73:27
[INFO] [stdout]    |
[INFO] [stdout] 73 |         where T: Into<Box<Error + 'static>> {
[INFO] [stdout]    |                           ^^^^^^^^^^^^^^^
[INFO] [stdout]    |
[INFO] [stdout]    = warning: this is accepted in the current edition (Rust 2015) but is a hard error in Rust 2021!
[INFO] [stdout]    = note: for more information, see <https://doc.rust-lang.org/nightly/edition-guide/rust-2021/warnings-promoted-to-error.html>
[INFO] [stdout] help: use `dyn`
[INFO] [stdout]    |
[INFO] [stdout] 73 |         where T: Into<Box<dyn Error + 'static>> {
[INFO] [stdout]    |                           +++
[INFO] [stdout] 
[INFO] [stdout] 
[INFO] [stdout] warning: use of deprecated method `std::error::Error::description`: use the Display impl or to_string()
[INFO] [stdout]    --> src/body_parser.rs:110:43
[INFO] [stdout]     |
[INFO] [stdout] 110 |             BodyError::Io(ref err) => err.description(),
[INFO] [stdout]     |                                           ^^^^^^^^^^^
[INFO] [stdout] 
[INFO] [stdout] 
[INFO] [stdout] warning: use of deprecated method `std::error::Error::description`: use the Display impl or to_string()
[INFO] [stdout]    --> src/body_parser.rs:125:32
[INFO] [stdout]     |
[INFO] [stdout] 125 |         write!(out, "{}", self.description())
[INFO] [stdout]     |                                ^^^^^^^^^^^
[INFO] [stdout] 
[INFO] [stdout] 
[INFO] [stdout] warning: use of deprecated method `std::error::Error::description`: use the Display impl or to_string()
[INFO] [stdout]   --> src/nickel_error.rs:76:35
[INFO] [stdout]    |
[INFO] [stdout] 76 |         NickelError::new(res, err.description().to_string(), errorcode)
[INFO] [stdout]    |                                   ^^^^^^^^^^^
[INFO] [stdout] 
[INFO] [stdout] 
[INFO] [stdout] warning: 28 warnings emitted
[INFO] [stdout] 
[INFO] [stdout] 
[INFO] [stderr]     Finished dev [unoptimized + debuginfo] target(s) in 4.48s
[INFO] [stderr] warning: the following packages contain code that will be rejected by a future version of Rust: traitobject v0.1.0
[INFO] [stderr] note: to see what the problems were, use the option `--future-incompat-report`, or run `cargo report future-incompatibilities --id 2`
[INFO] running `Command { std: "docker" "inspect" "f5dc9be34cd094fa4f7a8a61eb59e16cca0ec8b9c8af0c6ea2c1a7e21ee4641f", kill_on_drop: false }`
[INFO] running `Command { std: "docker" "rm" "-f" "f5dc9be34cd094fa4f7a8a61eb59e16cca0ec8b9c8af0c6ea2c1a7e21ee4641f", kill_on_drop: false }`
[INFO] [stdout] f5dc9be34cd094fa4f7a8a61eb59e16cca0ec8b9c8af0c6ea2c1a7e21ee4641f
[INFO] running `Command { std: "docker" "create" "-v" "/var/lib/crater-agent-workspace/builds/worker-6-tc1/target:/opt/rustwide/target:rw,Z" "-v" "/var/lib/crater-agent-workspace/builds/worker-6-tc1/source:/opt/rustwide/workdir:ro,Z" "-v" "/var/lib/crater-agent-workspace/cargo-home:/opt/rustwide/cargo-home:ro,Z" "-v" "/var/lib/crater-agent-workspace/rustup-home:/opt/rustwide/rustup-home:ro,Z" "-e" "SOURCE_DIR=/opt/rustwide/workdir" "-e" "CARGO_TARGET_DIR=/opt/rustwide/target" "-e" "CARGO_INCREMENTAL=0" "-e" "RUST_BACKTRACE=full" "-e" "RUSTFLAGS=--cap-lints=warn" "-e" "RUSTDOCFLAGS=--cap-lints=warn" "-e" "CARGO_HOME=/opt/rustwide/cargo-home" "-e" "RUSTUP_HOME=/opt/rustwide/rustup-home" "-w" "/opt/rustwide/workdir" "-m" "1610612736" "--user" "0:0" "--network" "none" "ghcr.io/rust-lang/crates-build-env/linux@sha256:2788e3201cd34a07e3172128adcd8b3090168a8e3bcc40d7c032b9dda1df7d1c" "/opt/rustwide/cargo-home/bin/cargo" "+1.75.0" "test" "--frozen" "--no-run" "--message-format=json", kill_on_drop: false }`
[INFO] [stdout] 1801484eca68ec8250229d73bf821387fd33494276d810ea59b5c22b135c0b47
[INFO] running `Command { std: "docker" "start" "-a" "1801484eca68ec8250229d73bf821387fd33494276d810ea59b5c22b135c0b47", kill_on_drop: false }`
[INFO] [stdout] warning: anonymous parameters are deprecated and will be removed in the next edition
[INFO] [stdout]   --> src/router/http_router.rs:39:65
[INFO] [stdout]    |
[INFO] [stdout] 39 |     fn add_route<M: Into<Matcher>, H: Middleware<D>>(&mut self, Method, M, H) -> &mut Self;
[INFO] [stdout]    |                                                                 ^^^^^^ help: try naming the parameter or explicitly ignoring it: `_: Method`
[INFO] [stdout]    |
[INFO] [stdout]    = warning: this is accepted in the current edition (Rust 2015) but is a hard error in Rust 2018!
[INFO] [stdout]    = note: for more information, see issue #41686 <https://github.com/rust-lang/rust/issues/41686>
[INFO] [stdout]    = note: `#[warn(anonymous_parameters)]` on by default
[INFO] [stdout] 
[INFO] [stdout] 
[INFO] [stdout] warning: anonymous parameters are deprecated and will be removed in the next edition
[INFO] [stdout]   --> src/router/http_router.rs:39:73
[INFO] [stdout]    |
[INFO] [stdout] 39 |     fn add_route<M: Into<Matcher>, H: Middleware<D>>(&mut self, Method, M, H) -> &mut Self;
[INFO] [stdout]    |                                                                         ^ help: try naming the parameter or explicitly ignoring it: `_: M`
[INFO] [stdout]    |
[INFO] [stdout]    = warning: this is accepted in the current edition (Rust 2015) but is a hard error in Rust 2018!
[INFO] [stdout]    = note: for more information, see issue #41686 <https://github.com/rust-lang/rust/issues/41686>
[INFO] [stdout] 
[INFO] [stdout] 
[INFO] [stdout] warning: anonymous parameters are deprecated and will be removed in the next edition
[INFO] [stdout]   --> src/router/http_router.rs:39:76
[INFO] [stdout]    |
[INFO] [stdout] 39 |     fn add_route<M: Into<Matcher>, H: Middleware<D>>(&mut self, Method, M, H) -> &mut Self;
[INFO] [stdout]    |                                                                            ^ help: try naming the parameter or explicitly ignoring it: `_: H`
[INFO] [stdout]    |
[INFO] [stdout]    = warning: this is accepted in the current edition (Rust 2015) but is a hard error in Rust 2018!
[INFO] [stdout]    = note: for more information, see issue #41686 <https://github.com/rust-lang/rust/issues/41686>
[INFO] [stdout] 
[INFO] [stdout] 
[INFO] [stdout] warning: use of deprecated macro `try`: use the `?` operator instead
[INFO] [stdout]   --> src/server.rs:51:26
[INFO] [stdout]    |
[INFO] [stdout] 51 |         let mut server = try!(HyperServer::http(addr));
[INFO] [stdout]    |                          ^^^
[INFO] [stdout]    |
[INFO] [stdout]    = note: `#[warn(deprecated)]` on by default
[INFO] [stdout] 
[INFO] [stdout] 
[INFO] [stdout] warning: use of deprecated macro `try`: use the `?` operator instead
[INFO] [stdout]   --> src/server.rs:72:26
[INFO] [stdout]    |
[INFO] [stdout] 72 |         let mut server = try!(HyperServer::https(addr, ssl));
[INFO] [stdout]    |                          ^^^
[INFO] [stdout] 
[INFO] [stdout] 
[INFO] [stdout] warning: use of deprecated macro `try`: use the `?` operator instead
[INFO] [stdout]    --> src/nickel.rs:240:13
[INFO] [stdout]     |
[INFO] [stdout] 240 |             try!(server.serve("localhost:0",
[INFO] [stdout]     |             ^^^
[INFO] [stdout] 
[INFO] [stdout] 
[INFO] [stdout] warning: use of deprecated macro `try`: use the `?` operator instead
[INFO] [stdout]    --> src/nickel.rs:244:13
[INFO] [stdout]     |
[INFO] [stdout] 244 |             try!(server.serve(addr,
[INFO] [stdout]     |             ^^^
[INFO] [stdout] 
[INFO] [stdout] 
[INFO] [stdout] warning: use of deprecated macro `try`: use the `?` operator instead
[INFO] [stdout]    --> src/nickel.rs:314:13
[INFO] [stdout]     |
[INFO] [stdout] 314 |             try!(server.serve_https("localhost:0",
[INFO] [stdout]     |             ^^^
[INFO] [stdout] 
[INFO] [stdout] 
[INFO] [stdout] warning: use of deprecated macro `try`: use the `?` operator instead
[INFO] [stdout]    --> src/nickel.rs:319:13
[INFO] [stdout]     |
[INFO] [stdout] 319 |             try!(server.serve_https(addr,
[INFO] [stdout]     |             ^^^
[INFO] [stdout] 
[INFO] [stdout] 
[INFO] [stdout] warning: use of deprecated macro `try`: use the `?` operator instead
[INFO] [stdout]    --> src/response.rs:136:26
[INFO] [stdout]     |
[INFO] [stdout] 136 |         let mut stream = try!(self.start());
[INFO] [stdout]     |                          ^^^
[INFO] [stdout] 
[INFO] [stdout] 
[INFO] [stdout] warning: anonymous parameters are deprecated and will be removed in the next edition
[INFO] [stdout]   --> src/middleware.rs:32:28
[INFO] [stdout]    |
[INFO] [stdout] 32 |     fn handle_error(&self, &mut NickelError<D>, &mut Request<D>) -> Action;
[INFO] [stdout]    |                            ^^^^^^^^^^^^^^^^^^^ help: try naming the parameter or explicitly ignoring it: `_: &mut NickelError<D>`
[INFO] [stdout]    |
[INFO] [stdout]    = warning: this is accepted in the current edition (Rust 2015) but is a hard error in Rust 2018!
[INFO] [stdout]    = note: for more information, see issue #41686 <https://github.com/rust-lang/rust/issues/41686>
[INFO] [stdout] 
[INFO] [stdout] 
[INFO] [stdout] warning: anonymous parameters are deprecated and will be removed in the next edition
[INFO] [stdout]   --> src/middleware.rs:32:49
[INFO] [stdout]    |
[INFO] [stdout] 32 |     fn handle_error(&self, &mut NickelError<D>, &mut Request<D>) -> Action;
[INFO] [stdout]    |                                                 ^^^^^^^^^^^^^^^ help: try naming the parameter or explicitly ignoring it: `_: &mut Request<D>`
[INFO] [stdout]    |
[INFO] [stdout]    = warning: this is accepted in the current edition (Rust 2015) but is a hard error in Rust 2018!
[INFO] [stdout]    = note: for more information, see issue #41686 <https://github.com/rust-lang/rust/issues/41686>
[INFO] [stdout] 
[INFO] [stdout] 
[INFO] [stdout] warning: anonymous parameters are deprecated and will be removed in the next edition
[INFO] [stdout]   --> src/responder.rs:25:26
[INFO] [stdout]    |
[INFO] [stdout] 25 |     fn respond<'a>(self, Response<'a, D>) -> MiddlewareResult<'a, D>;
[INFO] [stdout]    |                          ^^^^^^^^^^^^^^^ help: try naming the parameter or explicitly ignoring it: `_: Response<'a, D>`
[INFO] [stdout]    |
[INFO] [stdout]    = warning: this is accepted in the current edition (Rust 2015) but is a hard error in Rust 2018!
[INFO] [stdout]    = note: for more information, see issue #41686 <https://github.com/rust-lang/rust/issues/41686>
[INFO] [stdout] 
[INFO] [stdout] 
[INFO] [stdout] warning: use of deprecated macro `try`: use the `?` operator instead
[INFO] [stdout]   --> src/responder.rs:72:34
[INFO] [stdout]    |
[INFO] [stdout] 72 |                 let mut stream = try!(res.start());
[INFO] [stdout]    |                                  ^^^
[INFO] [stdout] 
[INFO] [stdout] 
[INFO] [stdout] warning: use of deprecated macro `try`: use the `?` operator instead
[INFO] [stdout]    --> src/responder.rs:114:34
[INFO] [stdout]     |
[INFO] [stdout] 114 |                 let mut stream = try!(res.start());
[INFO] [stdout]     |                                  ^^^
[INFO] [stdout] 
[INFO] [stdout] 
[INFO] [stdout] warning: use of deprecated macro `try`: use the `?` operator instead
[INFO] [stdout]   --> src/body_parser.rs:25:9
[INFO] [stdout]    |
[INFO] [stdout] 25 |         try!(req.origin.read_to_string(&mut buf));
[INFO] [stdout]    |         ^^^
[INFO] [stdout] 
[INFO] [stdout] 
[INFO] [stdout] warning: use of deprecated macro `try`: use the `?` operator instead
[INFO] [stdout]   --> src/body_parser.rs:46:28
[INFO] [stdout]    |
[INFO] [stdout] 46 |                 let body = try!(req.get_ref::<BodyReader>());
[INFO] [stdout]    |                            ^^^
[INFO] [stdout] 
[INFO] [stdout] 
[INFO] [stderr]    Compiling nickel v0.11.0 (/opt/rustwide/workdir)
[INFO] [stdout] warning: trait objects without an explicit `dyn` are deprecated
[INFO] [stdout]   --> src/router/router.rs:15:22
[INFO] [stdout]    |
[INFO] [stdout] 15 |     pub handler: Box<Middleware<D> + Send + Sync + 'static>,
[INFO] [stdout]    |                      ^^^^^^^^^^^^^^^^^^^^^^^^^^^^^^^^^^^^^
[INFO] [stdout]    |
[INFO] [stdout]    = warning: this is accepted in the current edition (Rust 2015) but is a hard error in Rust 2021!
[INFO] [stdout]    = note: for more information, see <https://doc.rust-lang.org/nightly/edition-guide/rust-2021/warnings-promoted-to-error.html>
[INFO] [stdout]    = note: `#[warn(bare_trait_objects)]` on by default
[INFO] [stdout] help: use `dyn`
[INFO] [stdout]    |
[INFO] [stdout] 15 |     pub handler: Box<dyn Middleware<D> + Send + Sync + 'static>,
[INFO] [stdout]    |                      +++
[INFO] [stdout] 
[INFO] [stdout] 
[INFO] [stdout] warning: trait objects without an explicit `dyn` are deprecated
[INFO] [stdout]   --> src/response.rs:30:22
[INFO] [stdout]    |
[INFO] [stdout] 30 |     on_send: Vec<Box<FnMut(&mut Response<'a, D, Fresh>)>>
[INFO] [stdout]    |                      ^^^^^^^^^^^^^^^^^^^^^^^^^^^^^^^^^^
[INFO] [stdout]    |
[INFO] [stdout]    = warning: this is accepted in the current edition (Rust 2015) but is a hard error in Rust 2021!
[INFO] [stdout]    = note: for more information, see <https://doc.rust-lang.org/nightly/edition-guide/rust-2021/warnings-promoted-to-error.html>
[INFO] [stdout] help: use `dyn`
[INFO] [stdout]    |
[INFO] [stdout] 30 |     on_send: Vec<Box<dyn FnMut(&mut Response<'a, D, Fresh>)>>
[INFO] [stdout]    |                      +++
[INFO] [stdout] 
[INFO] [stdout] 
[INFO] [stdout] warning: trait objects without an explicit `dyn` are deprecated
[INFO] [stdout]   --> src/middleware.rs:42:23
[INFO] [stdout]    |
[INFO] [stdout] 42 |     handlers: Vec<Box<Middleware<D> + Send + Sync>>,
[INFO] [stdout]    |                       ^^^^^^^^^^^^^^^^^^^^^^^^^^^
[INFO] [stdout]    |
[INFO] [stdout]    = warning: this is accepted in the current edition (Rust 2015) but is a hard error in Rust 2021!
[INFO] [stdout]    = note: for more information, see <https://doc.rust-lang.org/nightly/edition-guide/rust-2021/warnings-promoted-to-error.html>
[INFO] [stdout] help: use `dyn`
[INFO] [stdout]    |
[INFO] [stdout] 42 |     handlers: Vec<Box<dyn Middleware<D> + Send + Sync>>,
[INFO] [stdout]    |                       +++
[INFO] [stdout] 
[INFO] [stdout] 
[INFO] [stdout] warning: trait objects without an explicit `dyn` are deprecated
[INFO] [stdout]   --> src/middleware.rs:43:29
[INFO] [stdout]    |
[INFO] [stdout] 43 |     error_handlers: Vec<Box<ErrorHandler<D> + Send + Sync>>
[INFO] [stdout]    |                             ^^^^^^^^^^^^^^^^^^^^^^^^^^^^^
[INFO] [stdout]    |
[INFO] [stdout]    = warning: this is accepted in the current edition (Rust 2015) but is a hard error in Rust 2021!
[INFO] [stdout]    = note: for more information, see <https://doc.rust-lang.org/nightly/edition-guide/rust-2021/warnings-promoted-to-error.html>
[INFO] [stdout] help: use `dyn`
[INFO] [stdout]    |
[INFO] [stdout] 43 |     error_handlers: Vec<Box<dyn ErrorHandler<D> + Send + Sync>>
[INFO] [stdout]    |                             +++
[INFO] [stdout] 
[INFO] [stdout] 
[INFO] [stdout] warning: trait objects without an explicit `dyn` are deprecated
[INFO] [stdout]    --> src/nickel.rs:228:87
[INFO] [stdout]     |
[INFO] [stdout] 228 |     pub fn listen<T: ToSocketAddrs>(mut self, addr: T) -> Result<ListeningServer, Box<StdError>> {
[INFO] [stdout]     |                                                                                       ^^^^^^^^
[INFO] [stdout]     |
[INFO] [stdout]     = warning: this is accepted in the current edition (Rust 2015) but is a hard error in Rust 2021!
[INFO] [stdout]     = note: for more information, see <https://doc.rust-lang.org/nightly/edition-guide/rust-2021/warnings-promoted-to-error.html>
[INFO] [stdout] help: use `dyn`
[INFO] [stdout]     |
[INFO] [stdout] 228 |     pub fn listen<T: ToSocketAddrs>(mut self, addr: T) -> Result<ListeningServer, Box<dyn StdError>> {
[INFO] [stdout]     |                                                                                       +++
[INFO] [stdout] 
[INFO] [stdout] 
[INFO] [stdout] warning: trait objects without an explicit `dyn` are deprecated
[INFO] [stdout]    --> src/nickel.rs:300:88
[INFO] [stdout]     |
[INFO] [stdout] 300 |     pub fn listen_https<T,S>(mut self, addr: T, ssl: S) -> Result<ListeningServer, Box<StdError>>
[INFO] [stdout]     |                                                                                        ^^^^^^^^
[INFO] [stdout]     |
[INFO] [stdout]     = warning: this is accepted in the current edition (Rust 2015) but is a hard error in Rust 2021!
[INFO] [stdout]     = note: for more information, see <https://doc.rust-lang.org/nightly/edition-guide/rust-2021/warnings-promoted-to-error.html>
[INFO] [stdout] help: use `dyn`
[INFO] [stdout]     |
[INFO] [stdout] 300 |     pub fn listen_https<T,S>(mut self, addr: T, ssl: S) -> Result<ListeningServer, Box<dyn StdError>>
[INFO] [stdout]     |                                                                                        +++
[INFO] [stdout] 
[INFO] [stdout] 
[INFO] [stdout] warning: trait objects without an explicit `dyn` are deprecated
[INFO] [stdout]    --> src/body_parser.rs:115:32
[INFO] [stdout]     |
[INFO] [stdout] 115 |     fn cause(&self) -> Option<&StdError> {
[INFO] [stdout]     |                                ^^^^^^^^
[INFO] [stdout]     |
[INFO] [stdout]     = warning: this is accepted in the current edition (Rust 2015) but is a hard error in Rust 2021!
[INFO] [stdout]     = note: for more information, see <https://doc.rust-lang.org/nightly/edition-guide/rust-2021/warnings-promoted-to-error.html>
[INFO] [stdout] help: use `dyn`
[INFO] [stdout]     |
[INFO] [stdout] 115 |     fn cause(&self) -> Option<&dyn StdError> {
[INFO] [stdout]     |                                +++
[INFO] [stdout] 
[INFO] [stdout] 
[INFO] [stdout] warning: trait objects without an explicit `dyn` are deprecated
[INFO] [stdout]   --> src/nickel_error.rs:73:27
[INFO] [stdout]    |
[INFO] [stdout] 73 |         where T: Into<Box<Error + 'static>> {
[INFO] [stdout]    |                           ^^^^^^^^^^^^^^^
[INFO] [stdout]    |
[INFO] [stdout]    = warning: this is accepted in the current edition (Rust 2015) but is a hard error in Rust 2021!
[INFO] [stdout]    = note: for more information, see <https://doc.rust-lang.org/nightly/edition-guide/rust-2021/warnings-promoted-to-error.html>
[INFO] [stdout] help: use `dyn`
[INFO] [stdout]    |
[INFO] [stdout] 73 |         where T: Into<Box<dyn Error + 'static>> {
[INFO] [stdout]    |                           +++
[INFO] [stdout] 
[INFO] [stdout] 
[INFO] [stdout] warning: use of deprecated method `std::error::Error::description`: use the Display impl or to_string()
[INFO] [stdout]    --> src/body_parser.rs:110:43
[INFO] [stdout]     |
[INFO] [stdout] 110 |             BodyError::Io(ref err) => err.description(),
[INFO] [stdout]     |                                           ^^^^^^^^^^^
[INFO] [stdout] 
[INFO] [stdout] 
[INFO] [stdout] warning: use of deprecated method `std::error::Error::description`: use the Display impl or to_string()
[INFO] [stdout]    --> src/body_parser.rs:125:32
[INFO] [stdout]     |
[INFO] [stdout] 125 |         write!(out, "{}", self.description())
[INFO] [stdout]     |                                ^^^^^^^^^^^
[INFO] [stdout] 
[INFO] [stdout] 
[INFO] [stdout] warning: use of deprecated method `std::error::Error::description`: use the Display impl or to_string()
[INFO] [stdout]   --> src/nickel_error.rs:76:35
[INFO] [stdout]    |
[INFO] [stdout] 76 |         NickelError::new(res, err.description().to_string(), errorcode)
[INFO] [stdout]    |                                   ^^^^^^^^^^^
[INFO] [stdout] 
[INFO] [stdout] 
[INFO] [stdout] warning: 28 warnings emitted
[INFO] [stdout] 
[INFO] [stdout] 
[INFO] [stdout] warning: unused `#[macro_use]` import
[INFO] [stdout]  --> examples/https.rs:1:1
[INFO] [stdout]   |
[INFO] [stdout] 1 | #[macro_use] extern crate nickel;
[INFO] [stdout]   | ^^^^^^^^^^^^
[INFO] [stdout]   |
[INFO] [stdout]   = note: `#[warn(unused_imports)]` on by default
[INFO] [stdout] 
[INFO] [stdout] 
[INFO] [stdout] warning: unused `#[macro_use]` import
[INFO] [stdout]  --> tests/example_tests.rs:3:1
[INFO] [stdout]   |
[INFO] [stdout] 3 | #[macro_use] extern crate serde_derive;
[INFO] [stdout]   | ^^^^^^^^^^^^
[INFO] [stdout]   |
[INFO] [stdout]   = note: `#[warn(unused_imports)]` on by default
[INFO] [stdout] 
[INFO] [stdout] 
[INFO] [stdout] warning: trait objects without an explicit `dyn` are deprecated
[INFO] [stdout]   --> tests/examples/../../examples/integration_testing.rs:38:19
[INFO] [stdout]    |
[INFO] [stdout] 38 |     database: Box<Database>
[INFO] [stdout]    |                   ^^^^^^^^
[INFO] [stdout]    |
[INFO] [stdout]    = warning: this is accepted in the current edition (Rust 2015) but is a hard error in Rust 2021!
[INFO] [stdout]    = note: for more information, see <https://doc.rust-lang.org/nightly/edition-guide/rust-2021/warnings-promoted-to-error.html>
[INFO] [stdout]    = note: `#[warn(bare_trait_objects)]` on by default
[INFO] [stdout] help: use `dyn`
[INFO] [stdout]    |
[INFO] [stdout] 38 |     database: Box<dyn Database>
[INFO] [stdout]    |                   +++
[INFO] [stdout] 
[INFO] [stdout] 
[INFO] [stdout] warning: trait objects without an explicit `dyn` are deprecated
[INFO] [stdout]   --> tests/examples/../../examples/integration_testing.rs:68:79
[INFO] [stdout]    |
[INFO] [stdout] 68 | fn start_server<D>(address: &str, database: D) -> Result<ListeningServer, Box<StdError>>
[INFO] [stdout]    |                                                                               ^^^^^^^^
[INFO] [stdout]    |
[INFO] [stdout]    = warning: this is accepted in the current edition (Rust 2015) but is a hard error in Rust 2021!
[INFO] [stdout]    = note: for more information, see <https://doc.rust-lang.org/nightly/edition-guide/rust-2021/warnings-promoted-to-error.html>
[INFO] [stdout] help: use `dyn`
[INFO] [stdout]    |
[INFO] [stdout] 68 | fn start_server<D>(address: &str, database: D) -> Result<ListeningServer, Box<dyn StdError>>
[INFO] [stdout]    |                                                                               +++
[INFO] [stdout] 
[INFO] [stdout] 
[INFO] [stdout] warning: trait objects without an explicit `dyn` are deprecated
[INFO] [stdout]   --> examples/integration_testing.rs:38:19
[INFO] [stdout]    |
[INFO] [stdout] 38 |     database: Box<Database>
[INFO] [stdout]    |                   ^^^^^^^^
[INFO] [stdout]    |
[INFO] [stdout]    = warning: this is accepted in the current edition (Rust 2015) but is a hard error in Rust 2021!
[INFO] [stdout]    = note: for more information, see <https://doc.rust-lang.org/nightly/edition-guide/rust-2021/warnings-promoted-to-error.html>
[INFO] [stdout]    = note: `#[warn(bare_trait_objects)]` on by default
[INFO] [stdout] help: use `dyn`
[INFO] [stdout]    |
[INFO] [stdout] 38 |     database: Box<dyn Database>
[INFO] [stdout]    |                   +++
[INFO] [stdout] 
[INFO] [stdout] 
[INFO] [stdout] warning: trait objects without an explicit `dyn` are deprecated
[INFO] [stdout]   --> examples/integration_testing.rs:68:79
[INFO] [stdout]    |
[INFO] [stdout] 68 | fn start_server<D>(address: &str, database: D) -> Result<ListeningServer, Box<StdError>>
[INFO] [stdout]    |                                                                               ^^^^^^^^
[INFO] [stdout]    |
[INFO] [stdout]    = warning: this is accepted in the current edition (Rust 2015) but is a hard error in Rust 2021!
[INFO] [stdout]    = note: for more information, see <https://doc.rust-lang.org/nightly/edition-guide/rust-2021/warnings-promoted-to-error.html>
[INFO] [stdout] help: use `dyn`
[INFO] [stdout]    |
[INFO] [stdout] 68 | fn start_server<D>(address: &str, database: D) -> Result<ListeningServer, Box<dyn StdError>>
[INFO] [stdout]    |                                                                               +++
[INFO] [stdout] 
[INFO] [stdout] 
[INFO] [stdout] warning: anonymous parameters are deprecated and will be removed in the next edition
[INFO] [stdout]   --> src/router/http_router.rs:39:65
[INFO] [stdout]    |
[INFO] [stdout] 39 |     fn add_route<M: Into<Matcher>, H: Middleware<D>>(&mut self, Method, M, H) -> &mut Self;
[INFO] [stdout]    |                                                                 ^^^^^^ help: try naming the parameter or explicitly ignoring it: `_: Method`
[INFO] [stdout]    |
[INFO] [stdout]    = warning: this is accepted in the current edition (Rust 2015) but is a hard error in Rust 2018!
[INFO] [stdout]    = note: for more information, see issue #41686 <https://github.com/rust-lang/rust/issues/41686>
[INFO] [stdout]    = note: `#[warn(anonymous_parameters)]` on by default
[INFO] [stdout] 
[INFO] [stdout] 
[INFO] [stdout] warning: anonymous parameters are deprecated and will be removed in the next edition
[INFO] [stdout]   --> src/router/http_router.rs:39:73
[INFO] [stdout]    |
[INFO] [stdout] 39 |     fn add_route<M: Into<Matcher>, H: Middleware<D>>(&mut self, Method, M, H) -> &mut Self;
[INFO] [stdout]    |                                                                         ^ help: try naming the parameter or explicitly ignoring it: `_: M`
[INFO] [stdout]    |
[INFO] [stdout]    = warning: this is accepted in the current edition (Rust 2015) but is a hard error in Rust 2018!
[INFO] [stdout]    = note: for more information, see issue #41686 <https://github.com/rust-lang/rust/issues/41686>
[INFO] [stdout] 
[INFO] [stdout] 
[INFO] [stdout] warning: anonymous parameters are deprecated and will be removed in the next edition
[INFO] [stdout]   --> src/router/http_router.rs:39:76
[INFO] [stdout]    |
[INFO] [stdout] 39 |     fn add_route<M: Into<Matcher>, H: Middleware<D>>(&mut self, Method, M, H) -> &mut Self;
[INFO] [stdout]    |                                                                            ^ help: try naming the parameter or explicitly ignoring it: `_: H`
[INFO] [stdout]    |
[INFO] [stdout]    = warning: this is accepted in the current edition (Rust 2015) but is a hard error in Rust 2018!
[INFO] [stdout]    = note: for more information, see issue #41686 <https://github.com/rust-lang/rust/issues/41686>
[INFO] [stdout] 
[INFO] [stdout] 
[INFO] [stdout] warning: use of deprecated macro `try`: use the `?` operator instead
[INFO] [stdout]   --> src/server.rs:51:26
[INFO] [stdout]    |
[INFO] [stdout] 51 |         let mut server = try!(HyperServer::http(addr));
[INFO] [stdout]    |                          ^^^
[INFO] [stdout]    |
[INFO] [stdout]    = note: `#[warn(deprecated)]` on by default
[INFO] [stdout] 
[INFO] [stdout] 
[INFO] [stdout] warning: use of deprecated macro `try`: use the `?` operator instead
[INFO] [stdout]   --> src/server.rs:72:26
[INFO] [stdout]    |
[INFO] [stdout] 72 |         let mut server = try!(HyperServer::https(addr, ssl));
[INFO] [stdout]    |                          ^^^
[INFO] [stdout] 
[INFO] [stdout] 
[INFO] [stdout] warning: use of deprecated macro `try`: use the `?` operator instead
[INFO] [stdout]    --> src/nickel.rs:240:13
[INFO] [stdout]     |
[INFO] [stdout] 240 |             try!(server.serve("localhost:0",
[INFO] [stdout]     |             ^^^
[INFO] [stdout] 
[INFO] [stdout] 
[INFO] [stdout] warning: use of deprecated macro `try`: use the `?` operator instead
[INFO] [stdout]    --> src/nickel.rs:244:13
[INFO] [stdout]     |
[INFO] [stdout] 244 |             try!(server.serve(addr,
[INFO] [stdout]     |             ^^^
[INFO] [stdout] 
[INFO] [stdout] 
[INFO] [stdout] warning: use of deprecated macro `try`: use the `?` operator instead
[INFO] [stdout]    --> src/nickel.rs:314:13
[INFO] [stdout]     |
[INFO] [stdout] 314 |             try!(server.serve_https("localhost:0",
[INFO] [stdout]     |             ^^^
[INFO] [stdout] 
[INFO] [stdout] 
[INFO] [stdout] warning: use of deprecated macro `try`: use the `?` operator instead
[INFO] [stdout]    --> src/nickel.rs:319:13
[INFO] [stdout]     |
[INFO] [stdout] 319 |             try!(server.serve_https(addr,
[INFO] [stdout]     |             ^^^
[INFO] [stdout] 
[INFO] [stdout] 
[INFO] [stdout] warning: use of deprecated macro `try`: use the `?` operator instead
[INFO] [stdout]    --> src/response.rs:136:26
[INFO] [stdout]     |
[INFO] [stdout] 136 |         let mut stream = try!(self.start());
[INFO] [stdout]     |                          ^^^
[INFO] [stdout] 
[INFO] [stdout] 
[INFO] [stdout] warning: anonymous parameters are deprecated and will be removed in the next edition
[INFO] [stdout]   --> src/middleware.rs:32:28
[INFO] [stdout]    |
[INFO] [stdout] 32 |     fn handle_error(&self, &mut NickelError<D>, &mut Request<D>) -> Action;
[INFO] [stdout]    |                            ^^^^^^^^^^^^^^^^^^^ help: try naming the parameter or explicitly ignoring it: `_: &mut NickelError<D>`
[INFO] [stdout]    |
[INFO] [stdout]    = warning: this is accepted in the current edition (Rust 2015) but is a hard error in Rust 2018!
[INFO] [stdout]    = note: for more information, see issue #41686 <https://github.com/rust-lang/rust/issues/41686>
[INFO] [stdout] 
[INFO] [stdout] 
[INFO] [stdout] warning: anonymous parameters are deprecated and will be removed in the next edition
[INFO] [stdout]   --> src/middleware.rs:32:49
[INFO] [stdout]    |
[INFO] [stdout] 32 |     fn handle_error(&self, &mut NickelError<D>, &mut Request<D>) -> Action;
[INFO] [stdout]    |                                                 ^^^^^^^^^^^^^^^ help: try naming the parameter or explicitly ignoring it: `_: &mut Request<D>`
[INFO] [stdout]    |
[INFO] [stdout]    = warning: this is accepted in the current edition (Rust 2015) but is a hard error in Rust 2018!
[INFO] [stdout]    = note: for more information, see issue #41686 <https://github.com/rust-lang/rust/issues/41686>
[INFO] [stdout] 
[INFO] [stdout] 
[INFO] [stdout] warning: anonymous parameters are deprecated and will be removed in the next edition
[INFO] [stdout]   --> src/responder.rs:25:26
[INFO] [stdout]    |
[INFO] [stdout] 25 |     fn respond<'a>(self, Response<'a, D>) -> MiddlewareResult<'a, D>;
[INFO] [stdout]    |                          ^^^^^^^^^^^^^^^ help: try naming the parameter or explicitly ignoring it: `_: Response<'a, D>`
[INFO] [stdout]    |
[INFO] [stdout]    = warning: this is accepted in the current edition (Rust 2015) but is a hard error in Rust 2018!
[INFO] [stdout]    = note: for more information, see issue #41686 <https://github.com/rust-lang/rust/issues/41686>
[INFO] [stdout] 
[INFO] [stdout] 
[INFO] [stdout] warning: use of deprecated macro `try`: use the `?` operator instead
[INFO] [stdout]   --> src/responder.rs:72:34
[INFO] [stdout]    |
[INFO] [stdout] 72 |                 let mut stream = try!(res.start());
[INFO] [stdout]    |                                  ^^^
[INFO] [stdout] 
[INFO] [stdout] 
[INFO] [stdout] warning: use of deprecated macro `try`: use the `?` operator instead
[INFO] [stdout]    --> src/responder.rs:114:34
[INFO] [stdout]     |
[INFO] [stdout] 114 |                 let mut stream = try!(res.start());
[INFO] [stdout]     |                                  ^^^
[INFO] [stdout] 
[INFO] [stdout] 
[INFO] [stdout] warning: use of deprecated macro `try`: use the `?` operator instead
[INFO] [stdout]   --> src/body_parser.rs:25:9
[INFO] [stdout]    |
[INFO] [stdout] 25 |         try!(req.origin.read_to_string(&mut buf));
[INFO] [stdout]    |         ^^^
[INFO] [stdout] 
[INFO] [stdout] 
[INFO] [stdout] warning: use of deprecated macro `try`: use the `?` operator instead
[INFO] [stdout]   --> src/body_parser.rs:46:28
[INFO] [stdout]    |
[INFO] [stdout] 46 |                 let body = try!(req.get_ref::<BodyReader>());
[INFO] [stdout]    |                            ^^^
[INFO] [stdout] 
[INFO] [stdout] 
[INFO] [stdout] warning: trait objects without an explicit `dyn` are deprecated
[INFO] [stdout]   --> src/router/router.rs:15:22
[INFO] [stdout]    |
[INFO] [stdout] 15 |     pub handler: Box<Middleware<D> + Send + Sync + 'static>,
[INFO] [stdout]    |                      ^^^^^^^^^^^^^^^^^^^^^^^^^^^^^^^^^^^^^
[INFO] [stdout]    |
[INFO] [stdout]    = warning: this is accepted in the current edition (Rust 2015) but is a hard error in Rust 2021!
[INFO] [stdout]    = note: for more information, see <https://doc.rust-lang.org/nightly/edition-guide/rust-2021/warnings-promoted-to-error.html>
[INFO] [stdout]    = note: `#[warn(bare_trait_objects)]` on by default
[INFO] [stdout] help: use `dyn`
[INFO] [stdout]    |
[INFO] [stdout] 15 |     pub handler: Box<dyn Middleware<D> + Send + Sync + 'static>,
[INFO] [stdout]    |                      +++
[INFO] [stdout] 
[INFO] [stdout] 
[INFO] [stdout] warning: trait objects without an explicit `dyn` are deprecated
[INFO] [stdout]   --> src/response.rs:30:22
[INFO] [stdout]    |
[INFO] [stdout] 30 |     on_send: Vec<Box<FnMut(&mut Response<'a, D, Fresh>)>>
[INFO] [stdout]    |                      ^^^^^^^^^^^^^^^^^^^^^^^^^^^^^^^^^^
[INFO] [stdout]    |
[INFO] [stdout]    = warning: this is accepted in the current edition (Rust 2015) but is a hard error in Rust 2021!
[INFO] [stdout]    = note: for more information, see <https://doc.rust-lang.org/nightly/edition-guide/rust-2021/warnings-promoted-to-error.html>
[INFO] [stdout] help: use `dyn`
[INFO] [stdout]    |
[INFO] [stdout] 30 |     on_send: Vec<Box<dyn FnMut(&mut Response<'a, D, Fresh>)>>
[INFO] [stdout]    |                      +++
[INFO] [stdout] 
[INFO] [stdout] 
[INFO] [stdout] warning: trait objects without an explicit `dyn` are deprecated
[INFO] [stdout]   --> src/middleware.rs:42:23
[INFO] [stdout]    |
[INFO] [stdout] 42 |     handlers: Vec<Box<Middleware<D> + Send + Sync>>,
[INFO] [stdout]    |                       ^^^^^^^^^^^^^^^^^^^^^^^^^^^
[INFO] [stdout]    |
[INFO] [stdout]    = warning: this is accepted in the current edition (Rust 2015) but is a hard error in Rust 2021!
[INFO] [stdout]    = note: for more information, see <https://doc.rust-lang.org/nightly/edition-guide/rust-2021/warnings-promoted-to-error.html>
[INFO] [stdout] help: use `dyn`
[INFO] [stdout]    |
[INFO] [stdout] 42 |     handlers: Vec<Box<dyn Middleware<D> + Send + Sync>>,
[INFO] [stdout]    |                       +++
[INFO] [stdout] 
[INFO] [stdout] 
[INFO] [stdout] warning: trait objects without an explicit `dyn` are deprecated
[INFO] [stdout]   --> src/middleware.rs:43:29
[INFO] [stdout]    |
[INFO] [stdout] 43 |     error_handlers: Vec<Box<ErrorHandler<D> + Send + Sync>>
[INFO] [stdout]    |                             ^^^^^^^^^^^^^^^^^^^^^^^^^^^^^
[INFO] [stdout]    |
[INFO] [stdout]    = warning: this is accepted in the current edition (Rust 2015) but is a hard error in Rust 2021!
[INFO] [stdout]    = note: for more information, see <https://doc.rust-lang.org/nightly/edition-guide/rust-2021/warnings-promoted-to-error.html>
[INFO] [stdout] help: use `dyn`
[INFO] [stdout]    |
[INFO] [stdout] 43 |     error_handlers: Vec<Box<dyn ErrorHandler<D> + Send + Sync>>
[INFO] [stdout]    |                             +++
[INFO] [stdout] 
[INFO] [stdout] 
[INFO] [stdout] warning: trait objects without an explicit `dyn` are deprecated
[INFO] [stdout]    --> src/nickel.rs:228:87
[INFO] [stdout]     |
[INFO] [stdout] 228 |     pub fn listen<T: ToSocketAddrs>(mut self, addr: T) -> Result<ListeningServer, Box<StdError>> {
[INFO] [stdout]     |                                                                                       ^^^^^^^^
[INFO] [stdout]     |
[INFO] [stdout]     = warning: this is accepted in the current edition (Rust 2015) but is a hard error in Rust 2021!
[INFO] [stdout]     = note: for more information, see <https://doc.rust-lang.org/nightly/edition-guide/rust-2021/warnings-promoted-to-error.html>
[INFO] [stdout] help: use `dyn`
[INFO] [stdout]     |
[INFO] [stdout] 228 |     pub fn listen<T: ToSocketAddrs>(mut self, addr: T) -> Result<ListeningServer, Box<dyn StdError>> {
[INFO] [stdout]     |                                                                                       +++
[INFO] [stdout] 
[INFO] [stdout] 
[INFO] [stdout] warning: trait objects without an explicit `dyn` are deprecated
[INFO] [stdout]    --> src/nickel.rs:300:88
[INFO] [stdout]     |
[INFO] [stdout] 300 |     pub fn listen_https<T,S>(mut self, addr: T, ssl: S) -> Result<ListeningServer, Box<StdError>>
[INFO] [stdout]     |                                                                                        ^^^^^^^^
[INFO] [stdout]     |
[INFO] [stdout]     = warning: this is accepted in the current edition (Rust 2015) but is a hard error in Rust 2021!
[INFO] [stdout]     = note: for more information, see <https://doc.rust-lang.org/nightly/edition-guide/rust-2021/warnings-promoted-to-error.html>
[INFO] [stdout] help: use `dyn`
[INFO] [stdout]     |
[INFO] [stdout] 300 |     pub fn listen_https<T,S>(mut self, addr: T, ssl: S) -> Result<ListeningServer, Box<dyn StdError>>
[INFO] [stdout]     |                                                                                        +++
[INFO] [stdout] 
[INFO] [stdout] 
[INFO] [stdout] warning: trait objects without an explicit `dyn` are deprecated
[INFO] [stdout]    --> src/body_parser.rs:115:32
[INFO] [stdout]     |
[INFO] [stdout] 115 |     fn cause(&self) -> Option<&StdError> {
[INFO] [stdout]     |                                ^^^^^^^^
[INFO] [stdout]     |
[INFO] [stdout]     = warning: this is accepted in the current edition (Rust 2015) but is a hard error in Rust 2021!
[INFO] [stdout]     = note: for more information, see <https://doc.rust-lang.org/nightly/edition-guide/rust-2021/warnings-promoted-to-error.html>
[INFO] [stdout] help: use `dyn`
[INFO] [stdout]     |
[INFO] [stdout] 115 |     fn cause(&self) -> Option<&dyn StdError> {
[INFO] [stdout]     |                                +++
[INFO] [stdout] 
[INFO] [stdout] 
[INFO] [stdout] warning: trait objects without an explicit `dyn` are deprecated
[INFO] [stdout]   --> src/nickel_error.rs:73:27
[INFO] [stdout]    |
[INFO] [stdout] 73 |         where T: Into<Box<Error + 'static>> {
[INFO] [stdout]    |                           ^^^^^^^^^^^^^^^
[INFO] [stdout]    |
[INFO] [stdout]    = warning: this is accepted in the current edition (Rust 2015) but is a hard error in Rust 2021!
[INFO] [stdout]    = note: for more information, see <https://doc.rust-lang.org/nightly/edition-guide/rust-2021/warnings-promoted-to-error.html>
[INFO] [stdout] help: use `dyn`
[INFO] [stdout]    |
[INFO] [stdout] 73 |         where T: Into<Box<dyn Error + 'static>> {
[INFO] [stdout]    |                           +++
[INFO] [stdout] 
[INFO] [stdout] 
[INFO] [stdout] warning: 1 warning emitted
[INFO] [stdout] 
[INFO] [stdout] 
[INFO] [stdout] warning: use of deprecated method `std::error::Error::description`: use the Display impl or to_string()
[INFO] [stdout]    --> src/body_parser.rs:110:43
[INFO] [stdout]     |
[INFO] [stdout] 110 |             BodyError::Io(ref err) => err.description(),
[INFO] [stdout]     |                                           ^^^^^^^^^^^
[INFO] [stdout] 
[INFO] [stdout] 
[INFO] [stdout] warning: use of deprecated method `std::error::Error::description`: use the Display impl or to_string()
[INFO] [stdout]    --> src/body_parser.rs:125:32
[INFO] [stdout]     |
[INFO] [stdout] 125 |         write!(out, "{}", self.description())
[INFO] [stdout]     |                                ^^^^^^^^^^^
[INFO] [stdout] 
[INFO] [stdout] 
[INFO] [stdout] warning: use of deprecated method `std::error::Error::description`: use the Display impl or to_string()
[INFO] [stdout]   --> src/nickel_error.rs:76:35
[INFO] [stdout]    |
[INFO] [stdout] 76 |         NickelError::new(res, err.description().to_string(), errorcode)
[INFO] [stdout]    |                                   ^^^^^^^^^^^
[INFO] [stdout] 
[INFO] [stdout] 
[INFO] [stderr] error: could not compile `nickel` (lib test); 28 warnings emitted
[INFO] [stderr] 
[INFO] [stderr] Caused by:
[INFO] [stderr]   process didn't exit successfully: `/opt/rustwide/rustup-home/toolchains/1.75.0-x86_64-unknown-linux-gnu/bin/rustc --crate-name nickel src/lib.rs --error-format=json --json=diagnostic-rendered-ansi,artifacts,future-incompat --emit=dep-info,link -C embed-bitcode=no -C debuginfo=2 --test -C metadata=e8624e8f5fa1f0b8 -C extra-filename=-e8624e8f5fa1f0b8 --out-dir /opt/rustwide/target/debug/deps -L dependency=/opt/rustwide/target/debug/deps --extern groupable=/opt/rustwide/target/debug/deps/libgroupable-3a41193ad8f7d48a.rlib --extern hyper=/opt/rustwide/target/debug/deps/libhyper-6f3a340ffaaed800.rlib --extern lazy_static=/opt/rustwide/target/debug/deps/liblazy_static-591486ebcb9a7ead.rlib --extern log=/opt/rustwide/target/debug/deps/liblog-efa70ab06cac8285.rlib --extern modifier=/opt/rustwide/target/debug/deps/libmodifier-fe5ebdb8ca9d0174.rlib --extern mustache=/opt/rustwide/target/debug/deps/libmustache-c072c4769bc8f127.rlib --extern plugin=/opt/rustwide/target/debug/deps/libplugin-6c978963a4c10edd.rlib --extern regex=/opt/rustwide/target/debug/deps/libregex-3fdc9a8f6eaf81cf.rlib --extern serde=/opt/rustwide/target/debug/deps/libserde-8d72183392081d4f.rlib --extern serde_derive=/opt/rustwide/target/debug/deps/libserde_derive-48fb72f132517188.so --extern serde_json=/opt/rustwide/target/debug/deps/libserde_json-f7e7de9bae5c986c.rlib --extern time=/opt/rustwide/target/debug/deps/libtime-7b15c2e647edb1fd.rlib --extern typemap=/opt/rustwide/target/debug/deps/libtypemap-386ca6b57403474a.rlib --extern url=/opt/rustwide/target/debug/deps/liburl-5eb6abafa299dfb6.rlib --cap-lints=warn` (signal: 9, SIGKILL: kill)
[INFO] [stderr] warning: build failed, waiting for other jobs to finish...
[INFO] [stderr] error: could not compile `nickel` (test "example_tests"); 3 warnings emitted
[INFO] [stderr] 
[INFO] [stderr] Caused by:
[INFO] [stderr]   process didn't exit successfully: `/opt/rustwide/rustup-home/toolchains/1.75.0-x86_64-unknown-linux-gnu/bin/rustc --crate-name example_tests tests/example_tests.rs --error-format=json --json=diagnostic-rendered-ansi,artifacts,future-incompat --emit=dep-info,link -C embed-bitcode=no -C debuginfo=2 --test -C metadata=7cc1f5a40806f3b7 -C extra-filename=-7cc1f5a40806f3b7 --out-dir /opt/rustwide/target/debug/deps -L dependency=/opt/rustwide/target/debug/deps --extern groupable=/opt/rustwide/target/debug/deps/libgroupable-3a41193ad8f7d48a.rlib --extern hyper=/opt/rustwide/target/debug/deps/libhyper-6f3a340ffaaed800.rlib --extern lazy_static=/opt/rustwide/target/debug/deps/liblazy_static-591486ebcb9a7ead.rlib --extern log=/opt/rustwide/target/debug/deps/liblog-efa70ab06cac8285.rlib --extern modifier=/opt/rustwide/target/debug/deps/libmodifier-fe5ebdb8ca9d0174.rlib --extern mustache=/opt/rustwide/target/debug/deps/libmustache-c072c4769bc8f127.rlib --extern nickel=/opt/rustwide/target/debug/deps/libnickel-c4b0009f99604566.rlib --extern plugin=/opt/rustwide/target/debug/deps/libplugin-6c978963a4c10edd.rlib --extern regex=/opt/rustwide/target/debug/deps/libregex-3fdc9a8f6eaf81cf.rlib --extern serde=/opt/rustwide/target/debug/deps/libserde-8d72183392081d4f.rlib --extern serde_derive=/opt/rustwide/target/debug/deps/libserde_derive-48fb72f132517188.so --extern serde_json=/opt/rustwide/target/debug/deps/libserde_json-f7e7de9bae5c986c.rlib --extern time=/opt/rustwide/target/debug/deps/libtime-7b15c2e647edb1fd.rlib --extern typemap=/opt/rustwide/target/debug/deps/libtypemap-386ca6b57403474a.rlib --extern url=/opt/rustwide/target/debug/deps/liburl-5eb6abafa299dfb6.rlib --cap-lints=warn` (signal: 9, SIGKILL: kill)
[INFO] [stderr] error: could not compile `nickel` (example "macro_example")
[INFO] [stderr] 
[INFO] [stderr] Caused by:
[INFO] [stderr]   process didn't exit successfully: `/opt/rustwide/rustup-home/toolchains/1.75.0-x86_64-unknown-linux-gnu/bin/rustc --crate-name macro_example examples/macro_example.rs --error-format=json --json=diagnostic-rendered-ansi,artifacts,future-incompat --crate-type bin --emit=dep-info,link -C embed-bitcode=no -C debuginfo=2 -C metadata=aff3f101f30e077f -C extra-filename=-aff3f101f30e077f --out-dir /opt/rustwide/target/debug/examples -L dependency=/opt/rustwide/target/debug/deps --extern groupable=/opt/rustwide/target/debug/deps/libgroupable-3a41193ad8f7d48a.rlib --extern hyper=/opt/rustwide/target/debug/deps/libhyper-6f3a340ffaaed800.rlib --extern lazy_static=/opt/rustwide/target/debug/deps/liblazy_static-591486ebcb9a7ead.rlib --extern log=/opt/rustwide/target/debug/deps/liblog-efa70ab06cac8285.rlib --extern modifier=/opt/rustwide/target/debug/deps/libmodifier-fe5ebdb8ca9d0174.rlib --extern mustache=/opt/rustwide/target/debug/deps/libmustache-c072c4769bc8f127.rlib --extern nickel=/opt/rustwide/target/debug/deps/libnickel-c4b0009f99604566.rlib --extern plugin=/opt/rustwide/target/debug/deps/libplugin-6c978963a4c10edd.rlib --extern regex=/opt/rustwide/target/debug/deps/libregex-3fdc9a8f6eaf81cf.rlib --extern serde=/opt/rustwide/target/debug/deps/libserde-8d72183392081d4f.rlib --extern serde_derive=/opt/rustwide/target/debug/deps/libserde_derive-48fb72f132517188.so --extern serde_json=/opt/rustwide/target/debug/deps/libserde_json-f7e7de9bae5c986c.rlib --extern time=/opt/rustwide/target/debug/deps/libtime-7b15c2e647edb1fd.rlib --extern typemap=/opt/rustwide/target/debug/deps/libtypemap-386ca6b57403474a.rlib --extern url=/opt/rustwide/target/debug/deps/liburl-5eb6abafa299dfb6.rlib --cap-lints=warn` (signal: 9, SIGKILL: kill)
[INFO] [stderr] error: could not compile `nickel` (example "integration_testing"); 2 warnings emitted
[INFO] [stderr] 
[INFO] [stderr] Caused by:
[INFO] [stderr]   process didn't exit successfully: `/opt/rustwide/rustup-home/toolchains/1.75.0-x86_64-unknown-linux-gnu/bin/rustc --crate-name integration_testing examples/integration_testing.rs --error-format=json --json=diagnostic-rendered-ansi,artifacts,future-incompat --crate-type bin --emit=dep-info,link -C embed-bitcode=no -C debuginfo=2 -C metadata=ed2cbb2bfc19b821 -C extra-filename=-ed2cbb2bfc19b821 --out-dir /opt/rustwide/target/debug/examples -L dependency=/opt/rustwide/target/debug/deps --extern groupable=/opt/rustwide/target/debug/deps/libgroupable-3a41193ad8f7d48a.rlib --extern hyper=/opt/rustwide/target/debug/deps/libhyper-6f3a340ffaaed800.rlib --extern lazy_static=/opt/rustwide/target/debug/deps/liblazy_static-591486ebcb9a7ead.rlib --extern log=/opt/rustwide/target/debug/deps/liblog-efa70ab06cac8285.rlib --extern modifier=/opt/rustwide/target/debug/deps/libmodifier-fe5ebdb8ca9d0174.rlib --extern mustache=/opt/rustwide/target/debug/deps/libmustache-c072c4769bc8f127.rlib --extern nickel=/opt/rustwide/target/debug/deps/libnickel-c4b0009f99604566.rlib --extern plugin=/opt/rustwide/target/debug/deps/libplugin-6c978963a4c10edd.rlib --extern regex=/opt/rustwide/target/debug/deps/libregex-3fdc9a8f6eaf81cf.rlib --extern serde=/opt/rustwide/target/debug/deps/libserde-8d72183392081d4f.rlib --extern serde_derive=/opt/rustwide/target/debug/deps/libserde_derive-48fb72f132517188.so --extern serde_json=/opt/rustwide/target/debug/deps/libserde_json-f7e7de9bae5c986c.rlib --extern time=/opt/rustwide/target/debug/deps/libtime-7b15c2e647edb1fd.rlib --extern typemap=/opt/rustwide/target/debug/deps/libtypemap-386ca6b57403474a.rlib --extern url=/opt/rustwide/target/debug/deps/liburl-5eb6abafa299dfb6.rlib --cap-lints=warn` (signal: 9, SIGKILL: kill)
[INFO] [stdout] error: linking with `cc` failed: exit status: 1
[INFO] [stdout]   |
[INFO] [stdout]   = note: LC_ALL="C" PATH="/opt/rustwide/rustup-home/toolchains/1.75.0-x86_64-unknown-linux-gnu/lib/rustlib/x86_64-unknown-linux-gnu/bin:/opt/rustwide/cargo-home/bin:/usr/local/sbin:/usr/local/bin:/usr/sbin:/usr/bin:/sbin:/bin" VSLANG="1033" "cc" "-m64" "/tmp/rustcFooDVC/symbols.o" "/opt/rustwide/target/debug/examples/static_files-75a921e21b2f8a15.static_files.83da07d1087971dc-cgu.0.rcgu.o" "/opt/rustwide/target/debug/examples/static_files-75a921e21b2f8a15.static_files.83da07d1087971dc-cgu.1.rcgu.o" "/opt/rustwide/target/debug/examples/static_files-75a921e21b2f8a15.static_files.83da07d1087971dc-cgu.2.rcgu.o" "/opt/rustwide/target/debug/examples/static_files-75a921e21b2f8a15.static_files.83da07d1087971dc-cgu.3.rcgu.o" "/opt/rustwide/target/debug/examples/static_files-75a921e21b2f8a15.static_files.83da07d1087971dc-cgu.4.rcgu.o" "/opt/rustwide/target/debug/examples/static_files-75a921e21b2f8a15.static_files.83da07d1087971dc-cgu.5.rcgu.o" "/opt/rustwide/target/debug/examples/static_files-75a921e21b2f8a15.static_files.83da07d1087971dc-cgu.6.rcgu.o" "/opt/rustwide/target/debug/examples/static_files-75a921e21b2f8a15.static_files.83da07d1087971dc-cgu.7.rcgu.o" "/opt/rustwide/target/debug/examples/static_files-75a921e21b2f8a15.mbprwiq23572ci5.rcgu.o" "-Wl,--as-needed" "-L" "/opt/rustwide/target/debug/deps" "-L" "/opt/rustwide/rustup-home/toolchains/1.75.0-x86_64-unknown-linux-gnu/lib/rustlib/x86_64-unknown-linux-gnu/lib" "-Wl,-Bstatic" "/opt/rustwide/target/debug/deps/libnickel-c4b0009f99604566.rlib" "/opt/rustwide/target/debug/deps/liblazy_static-591486ebcb9a7ead.rlib" "/opt/rustwide/target/debug/deps/libmodifier-fe5ebdb8ca9d0174.rlib" "/opt/rustwide/target/debug/deps/libgroupable-3a41193ad8f7d48a.rlib" "/opt/rustwide/target/debug/deps/libmustache-c072c4769bc8f127.rlib" "/opt/rustwide/target/debug/deps/libplugin-6c978963a4c10edd.rlib" "/opt/rustwide/target/debug/deps/libtypemap-386ca6b57403474a.rlib" "/opt/rustwide/target/debug/deps/libunsafe_any-17a88f84bf4fb852.rlib" "/opt/rustwide/target/debug/deps/libregex-3fdc9a8f6eaf81cf.rlib" "/opt/rustwide/target/debug/deps/libregex_automata-7e239e4b359aa58c.rlib" "/opt/rustwide/target/debug/deps/libaho_corasick-c461b2416345444e.rlib" "/opt/rustwide/target/debug/deps/libmemchr-94009dd89ebb9d8d.rlib" "/opt/rustwide/target/debug/deps/libregex_syntax-e4dd3c3a3cb10e1d.rlib" "/opt/rustwide/target/debug/deps/libhyper-6f3a340ffaaed800.rlib" "/opt/rustwide/target/debug/deps/libmime-260542843f230567.rlib" "/opt/rustwide/target/debug/deps/liblog-efa70ab06cac8285.rlib" "/opt/rustwide/target/debug/deps/liblog-e491f2c1d0b13538.rlib" "/opt/rustwide/target/debug/deps/liblanguage_tags-8a61f3e771a1a6ca.rlib" "/opt/rustwide/target/debug/deps/libtypeable-8ace1cd7d8a07f3b.rlib" "/opt/rustwide/target/debug/deps/libtraitobject-41fd5123b8f4ed1a.rlib" "/opt/rustwide/target/debug/deps/libnum_cpus-cb81d41626d198af.rlib" "/opt/rustwide/target/debug/deps/libhttparse-64f1ffbeda450424.rlib" "/opt/rustwide/target/debug/deps/libunicase-60882e128d84442b.rlib" "/opt/rustwide/target/debug/deps/liburl-5eb6abafa299dfb6.rlib" "/opt/rustwide/target/debug/deps/libpercent_encoding-139f6dad4c5bd392.rlib" "/opt/rustwide/target/debug/deps/libidna-1c39b7924ead49eb.rlib" "/opt/rustwide/target/debug/deps/libunicode_normalization-e1c1be84a555e587.rlib" "/opt/rustwide/target/debug/deps/libtinyvec-cf6c9f6b792a5507.rlib" "/opt/rustwide/target/debug/deps/libtinyvec_macros-b1cb7f53f58c9f87.rlib" "/opt/rustwide/target/debug/deps/libunicode_bidi-9e36a2b0928c1d80.rlib" "/opt/rustwide/target/debug/deps/libmatches-5e4cb3d4c3233fbd.rlib" "/opt/rustwide/target/debug/deps/libbase64-e6f1209c6d7b0dbb.rlib" "/opt/rustwide/target/debug/deps/libsafemem-4745ed10c8b13fe0.rlib" "/opt/rustwide/target/debug/deps/libbyteorder-e9468b374a0c0c11.rlib" "/opt/rustwide/target/debug/deps/libserde_json-f7e7de9bae5c986c.rlib" "/opt/rustwide/target/debug/deps/libryu-5f304b1b6393964f.rlib" "/opt/rustwide/target/debug/deps/libitoa-5f181af53b99b92c.rlib" "/opt/rustwide/target/debug/deps/libserde-8d72183392081d4f.rlib" "/opt/rustwide/target/debug/deps/libtime-7b15c2e647edb1fd.rlib" "/opt/rustwide/target/debug/deps/liblibc-f01c1240f7c859d0.rlib" "/opt/rustwide/rustup-home/toolchains/1.75.0-x86_64-unknown-linux-gnu/lib/rustlib/x86_64-unknown-linux-gnu/lib/libstd-90f6ddbf82de36ec.rlib" "/opt/rustwide/rustup-home/toolchains/1.75.0-x86_64-unknown-linux-gnu/lib/rustlib/x86_64-unknown-linux-gnu/lib/libpanic_unwind-480c41e9d4e1f677.rlib" "/opt/rustwide/rustup-home/toolchains/1.75.0-x86_64-unknown-linux-gnu/lib/rustlib/x86_64-unknown-linux-gnu/lib/libobject-db744c0ca03eed1d.rlib" "/opt/rustwide/rustup-home/toolchains/1.75.0-x86_64-unknown-linux-gnu/lib/rustlib/x86_64-unknown-linux-gnu/lib/libmemchr-8ba652dc7d4b285a.rlib" "/opt/rustwide/rustup-home/toolchains/1.75.0-x86_64-unknown-linux-gnu/lib/rustlib/x86_64-unknown-linux-gnu/lib/libaddr2line-d5f4520a9ebc0d58.rlib" "/opt/rustwide/rustup-home/toolchains/1.75.0-x86_64-unknown-linux-gnu/lib/rustlib/x86_64-unknown-linux-gnu/lib/libgimli-4ad84de58f0cb463.rlib" "/opt/rustwide/rustup-home/toolchains/1.75.0-x86_64-unknown-linux-gnu/lib/rustlib/x86_64-unknown-linux-gnu/lib/librustc_demangle-0d10aae2e0f38735.rlib" "/opt/rustwide/rustup-home/toolchains/1.75.0-x86_64-unknown-linux-gnu/lib/rustlib/x86_64-unknown-linux-gnu/lib/libstd_detect-0c17cff739e6745b.rlib" "/opt/rustwide/rustup-home/toolchains/1.75.0-x86_64-unknown-linux-gnu/lib/rustlib/x86_64-unknown-linux-gnu/lib/libhashbrown-b29e17139dde1aa8.rlib" "/opt/rustwide/rustup-home/toolchains/1.75.0-x86_64-unknown-linux-gnu/lib/rustlib/x86_64-unknown-linux-gnu/lib/librustc_std_workspace_alloc-1f975299829cc7bd.rlib" "/opt/rustwide/rustup-home/toolchains/1.75.0-x86_64-unknown-linux-gnu/lib/rustlib/x86_64-unknown-linux-gnu/lib/libminiz_oxide-86bae3bc3079f89b.rlib" "/opt/rustwide/rustup-home/toolchains/1.75.0-x86_64-unknown-linux-gnu/lib/rustlib/x86_64-unknown-linux-gnu/lib/libadler-321b82c30dffdf5f.rlib" "/opt/rustwide/rustup-home/toolchains/1.75.0-x86_64-unknown-linux-gnu/lib/rustlib/x86_64-unknown-linux-gnu/lib/libunwind-3dd8a6810a0bdfef.rlib" "/opt/rustwide/rustup-home/toolchains/1.75.0-x86_64-unknown-linux-gnu/lib/rustlib/x86_64-unknown-linux-gnu/lib/libcfg_if-eb39a61c0c879984.rlib" "/opt/rustwide/rustup-home/toolchains/1.75.0-x86_64-unknown-linux-gnu/lib/rustlib/x86_64-unknown-linux-gnu/lib/liblibc-aa769569f91c3548.rlib" "/opt/rustwide/rustup-home/toolchains/1.75.0-x86_64-unknown-linux-gnu/lib/rustlib/x86_64-unknown-linux-gnu/lib/liballoc-510a192a50a983ed.rlib" "/opt/rustwide/rustup-home/toolchains/1.75.0-x86_64-unknown-linux-gnu/lib/rustlib/x86_64-unknown-linux-gnu/lib/librustc_std_workspace_core-0577018320f99037.rlib" "/opt/rustwide/rustup-home/toolchains/1.75.0-x86_64-unknown-linux-gnu/lib/rustlib/x86_64-unknown-linux-gnu/lib/libcore-193cf992125ccd4c.rlib" "/opt/rustwide/rustup-home/toolchains/1.75.0-x86_64-unknown-linux-gnu/lib/rustlib/x86_64-unknown-linux-gnu/lib/libcompiler_builtins-8e138eaf26ebb4a8.rlib" "-Wl,-Bdynamic" "-lgcc_s" "-lutil" "-lrt" "-lpthread" "-lm" "-ldl" "-lc" "-Wl,--eh-frame-hdr" "-Wl,-z,noexecstack" "-L" "/opt/rustwide/rustup-home/toolchains/1.75.0-x86_64-unknown-linux-gnu/lib/rustlib/x86_64-unknown-linux-gnu/lib" "-o" "/opt/rustwide/target/debug/examples/static_files-75a921e21b2f8a15" "-Wl,--gc-sections" "-pie" "-Wl,-z,relro,-z,now" "-nodefaultlibs"
[INFO] [stdout]   = note: collect2: fatal error: ld terminated with signal 9 [Killed]
[INFO] [stdout]           compilation terminated.
[INFO] [stdout]           
[INFO] [stdout] 
[INFO] [stdout] 
[INFO] [stdout] error: aborting due to previous error
[INFO] [stdout] 
[INFO] [stdout] 
[INFO] [stderr] error: could not compile `nickel` (example "static_files") due to 2 previous errors
[INFO] [stdout] error: linking with `cc` failed: exit status: 1
[INFO] [stdout]   |
[INFO] [stdout]   = note: LC_ALL="C" PATH="/opt/rustwide/rustup-home/toolchains/1.75.0-x86_64-unknown-linux-gnu/lib/rustlib/x86_64-unknown-linux-gnu/bin:/opt/rustwide/cargo-home/bin:/usr/local/sbin:/usr/local/bin:/usr/sbin:/usr/bin:/sbin:/bin" VSLANG="1033" "cc" "-m64" "/tmp/rustcAn2wfw/symbols.o" "/opt/rustwide/target/debug/examples/moved_ownership-3fb766b75ffb253b.moved_ownership.d0e314556e689ff5-cgu.0.rcgu.o" "/opt/rustwide/target/debug/examples/moved_ownership-3fb766b75ffb253b.moved_ownership.d0e314556e689ff5-cgu.1.rcgu.o" "/opt/rustwide/target/debug/examples/moved_ownership-3fb766b75ffb253b.moved_ownership.d0e314556e689ff5-cgu.2.rcgu.o" "/opt/rustwide/target/debug/examples/moved_ownership-3fb766b75ffb253b.moved_ownership.d0e314556e689ff5-cgu.3.rcgu.o" "/opt/rustwide/target/debug/examples/moved_ownership-3fb766b75ffb253b.moved_ownership.d0e314556e689ff5-cgu.4.rcgu.o" "/opt/rustwide/target/debug/examples/moved_ownership-3fb766b75ffb253b.moved_ownership.d0e314556e689ff5-cgu.5.rcgu.o" "/opt/rustwide/target/debug/examples/moved_ownership-3fb766b75ffb253b.moved_ownership.d0e314556e689ff5-cgu.6.rcgu.o" "/opt/rustwide/target/debug/examples/moved_ownership-3fb766b75ffb253b.moved_ownership.d0e314556e689ff5-cgu.7.rcgu.o" "/opt/rustwide/target/debug/examples/moved_ownership-3fb766b75ffb253b.s4oawl83l7sh239.rcgu.o" "-Wl,--as-needed" "-L" "/opt/rustwide/target/debug/deps" "-L" "/opt/rustwide/rustup-home/toolchains/1.75.0-x86_64-unknown-linux-gnu/lib/rustlib/x86_64-unknown-linux-gnu/lib" "-Wl,-Bstatic" "/opt/rustwide/target/debug/deps/libnickel-c4b0009f99604566.rlib" "/opt/rustwide/target/debug/deps/liblazy_static-591486ebcb9a7ead.rlib" "/opt/rustwide/target/debug/deps/libmodifier-fe5ebdb8ca9d0174.rlib" "/opt/rustwide/target/debug/deps/libgroupable-3a41193ad8f7d48a.rlib" "/opt/rustwide/target/debug/deps/libmustache-c072c4769bc8f127.rlib" "/opt/rustwide/target/debug/deps/libplugin-6c978963a4c10edd.rlib" "/opt/rustwide/target/debug/deps/libtypemap-386ca6b57403474a.rlib" "/opt/rustwide/target/debug/deps/libunsafe_any-17a88f84bf4fb852.rlib" "/opt/rustwide/target/debug/deps/libregex-3fdc9a8f6eaf81cf.rlib" "/opt/rustwide/target/debug/deps/libregex_automata-7e239e4b359aa58c.rlib" "/opt/rustwide/target/debug/deps/libaho_corasick-c461b2416345444e.rlib" "/opt/rustwide/target/debug/deps/libmemchr-94009dd89ebb9d8d.rlib" "/opt/rustwide/target/debug/deps/libregex_syntax-e4dd3c3a3cb10e1d.rlib" "/opt/rustwide/target/debug/deps/libhyper-6f3a340ffaaed800.rlib" "/opt/rustwide/target/debug/deps/libmime-260542843f230567.rlib" "/opt/rustwide/target/debug/deps/liblog-efa70ab06cac8285.rlib" "/opt/rustwide/target/debug/deps/liblog-e491f2c1d0b13538.rlib" "/opt/rustwide/target/debug/deps/liblanguage_tags-8a61f3e771a1a6ca.rlib" "/opt/rustwide/target/debug/deps/libtypeable-8ace1cd7d8a07f3b.rlib" "/opt/rustwide/target/debug/deps/libtraitobject-41fd5123b8f4ed1a.rlib" "/opt/rustwide/target/debug/deps/libnum_cpus-cb81d41626d198af.rlib" "/opt/rustwide/target/debug/deps/libhttparse-64f1ffbeda450424.rlib" "/opt/rustwide/target/debug/deps/libunicase-60882e128d84442b.rlib" "/opt/rustwide/target/debug/deps/liburl-5eb6abafa299dfb6.rlib" "/opt/rustwide/target/debug/deps/libpercent_encoding-139f6dad4c5bd392.rlib" "/opt/rustwide/target/debug/deps/libidna-1c39b7924ead49eb.rlib" "/opt/rustwide/target/debug/deps/libunicode_normalization-e1c1be84a555e587.rlib" "/opt/rustwide/target/debug/deps/libtinyvec-cf6c9f6b792a5507.rlib" "/opt/rustwide/target/debug/deps/libtinyvec_macros-b1cb7f53f58c9f87.rlib" "/opt/rustwide/target/debug/deps/libunicode_bidi-9e36a2b0928c1d80.rlib" "/opt/rustwide/target/debug/deps/libmatches-5e4cb3d4c3233fbd.rlib" "/opt/rustwide/target/debug/deps/libbase64-e6f1209c6d7b0dbb.rlib" "/opt/rustwide/target/debug/deps/libsafemem-4745ed10c8b13fe0.rlib" "/opt/rustwide/target/debug/deps/libbyteorder-e9468b374a0c0c11.rlib" "/opt/rustwide/target/debug/deps/libserde_json-f7e7de9bae5c986c.rlib" "/opt/rustwide/target/debug/deps/libryu-5f304b1b6393964f.rlib" "/opt/rustwide/target/debug/deps/libitoa-5f181af53b99b92c.rlib" "/opt/rustwide/target/debug/deps/libserde-8d72183392081d4f.rlib" "/opt/rustwide/target/debug/deps/libtime-7b15c2e647edb1fd.rlib" "/opt/rustwide/target/debug/deps/liblibc-f01c1240f7c859d0.rlib" "/opt/rustwide/rustup-home/toolchains/1.75.0-x86_64-unknown-linux-gnu/lib/rustlib/x86_64-unknown-linux-gnu/lib/libstd-90f6ddbf82de36ec.rlib" "/opt/rustwide/rustup-home/toolchains/1.75.0-x86_64-unknown-linux-gnu/lib/rustlib/x86_64-unknown-linux-gnu/lib/libpanic_unwind-480c41e9d4e1f677.rlib" "/opt/rustwide/rustup-home/toolchains/1.75.0-x86_64-unknown-linux-gnu/lib/rustlib/x86_64-unknown-linux-gnu/lib/libobject-db744c0ca03eed1d.rlib" "/opt/rustwide/rustup-home/toolchains/1.75.0-x86_64-unknown-linux-gnu/lib/rustlib/x86_64-unknown-linux-gnu/lib/libmemchr-8ba652dc7d4b285a.rlib" "/opt/rustwide/rustup-home/toolchains/1.75.0-x86_64-unknown-linux-gnu/lib/rustlib/x86_64-unknown-linux-gnu/lib/libaddr2line-d5f4520a9ebc0d58.rlib" "/opt/rustwide/rustup-home/toolchains/1.75.0-x86_64-unknown-linux-gnu/lib/rustlib/x86_64-unknown-linux-gnu/lib/libgimli-4ad84de58f0cb463.rlib" "/opt/rustwide/rustup-home/toolchains/1.75.0-x86_64-unknown-linux-gnu/lib/rustlib/x86_64-unknown-linux-gnu/lib/librustc_demangle-0d10aae2e0f38735.rlib" "/opt/rustwide/rustup-home/toolchains/1.75.0-x86_64-unknown-linux-gnu/lib/rustlib/x86_64-unknown-linux-gnu/lib/libstd_detect-0c17cff739e6745b.rlib" "/opt/rustwide/rustup-home/toolchains/1.75.0-x86_64-unknown-linux-gnu/lib/rustlib/x86_64-unknown-linux-gnu/lib/libhashbrown-b29e17139dde1aa8.rlib" "/opt/rustwide/rustup-home/toolchains/1.75.0-x86_64-unknown-linux-gnu/lib/rustlib/x86_64-unknown-linux-gnu/lib/librustc_std_workspace_alloc-1f975299829cc7bd.rlib" "/opt/rustwide/rustup-home/toolchains/1.75.0-x86_64-unknown-linux-gnu/lib/rustlib/x86_64-unknown-linux-gnu/lib/libminiz_oxide-86bae3bc3079f89b.rlib" "/opt/rustwide/rustup-home/toolchains/1.75.0-x86_64-unknown-linux-gnu/lib/rustlib/x86_64-unknown-linux-gnu/lib/libadler-321b82c30dffdf5f.rlib" "/opt/rustwide/rustup-home/toolchains/1.75.0-x86_64-unknown-linux-gnu/lib/rustlib/x86_64-unknown-linux-gnu/lib/libunwind-3dd8a6810a0bdfef.rlib" "/opt/rustwide/rustup-home/toolchains/1.75.0-x86_64-unknown-linux-gnu/lib/rustlib/x86_64-unknown-linux-gnu/lib/libcfg_if-eb39a61c0c879984.rlib" "/opt/rustwide/rustup-home/toolchains/1.75.0-x86_64-unknown-linux-gnu/lib/rustlib/x86_64-unknown-linux-gnu/lib/liblibc-aa769569f91c3548.rlib" "/opt/rustwide/rustup-home/toolchains/1.75.0-x86_64-unknown-linux-gnu/lib/rustlib/x86_64-unknown-linux-gnu/lib/liballoc-510a192a50a983ed.rlib" "/opt/rustwide/rustup-home/toolchains/1.75.0-x86_64-unknown-linux-gnu/lib/rustlib/x86_64-unknown-linux-gnu/lib/librustc_std_workspace_core-0577018320f99037.rlib" "/opt/rustwide/rustup-home/toolchains/1.75.0-x86_64-unknown-linux-gnu/lib/rustlib/x86_64-unknown-linux-gnu/lib/libcore-193cf992125ccd4c.rlib" "/opt/rustwide/rustup-home/toolchains/1.75.0-x86_64-unknown-linux-gnu/lib/rustlib/x86_64-unknown-linux-gnu/lib/libcompiler_builtins-8e138eaf26ebb4a8.rlib" "-Wl,-Bdynamic" "-lgcc_s" "-lutil" "-lrt" "-lpthread" "-lm" "-ldl" "-lc" "-Wl,--eh-frame-hdr" "-Wl,-z,noexecstack" "-L" "/opt/rustwide/rustup-home/toolchains/1.75.0-x86_64-unknown-linux-gnu/lib/rustlib/x86_64-unknown-linux-gnu/lib" "-o" "/opt/rustwide/target/debug/examples/moved_ownership-3fb766b75ffb253b" "-Wl,--gc-sections" "-pie" "-Wl,-z,relro,-z,now" "-nodefaultlibs"
[INFO] [stdout]   = note: collect2: fatal error: ld terminated with signal 9 [Killed]
[INFO] [stdout]           compilation terminated.
[INFO] [stdout]           
[INFO] [stdout] 
[INFO] [stdout] 
[INFO] [stdout] error: aborting due to previous error
[INFO] [stdout] 
[INFO] [stdout] 
[INFO] [stderr] error: could not compile `nickel` (example "moved_ownership") due to 2 previous errors
[INFO] [stdout] error: linking with `cc` failed: exit status: 1
[INFO] [stdout]   |
[INFO] [stdout]   = note: LC_ALL="C" PATH="/opt/rustwide/rustup-home/toolchains/1.75.0-x86_64-unknown-linux-gnu/lib/rustlib/x86_64-unknown-linux-gnu/bin:/opt/rustwide/cargo-home/bin:/usr/local/sbin:/usr/local/bin:/usr/sbin:/usr/bin:/sbin:/bin" VSLANG="1033" "cc" "-m64" "/tmp/rustcuLoOH3/symbols.o" "/opt/rustwide/target/debug/examples/enable_cors-0b720b074db04e96.enable_cors.df3b3228acd76766-cgu.0.rcgu.o" "/opt/rustwide/target/debug/examples/enable_cors-0b720b074db04e96.enable_cors.df3b3228acd76766-cgu.1.rcgu.o" "/opt/rustwide/target/debug/examples/enable_cors-0b720b074db04e96.enable_cors.df3b3228acd76766-cgu.2.rcgu.o" "/opt/rustwide/target/debug/examples/enable_cors-0b720b074db04e96.enable_cors.df3b3228acd76766-cgu.3.rcgu.o" "/opt/rustwide/target/debug/examples/enable_cors-0b720b074db04e96.enable_cors.df3b3228acd76766-cgu.4.rcgu.o" "/opt/rustwide/target/debug/examples/enable_cors-0b720b074db04e96.enable_cors.df3b3228acd76766-cgu.5.rcgu.o" "/opt/rustwide/target/debug/examples/enable_cors-0b720b074db04e96.enable_cors.df3b3228acd76766-cgu.6.rcgu.o" "/opt/rustwide/target/debug/examples/enable_cors-0b720b074db04e96.enable_cors.df3b3228acd76766-cgu.7.rcgu.o" "/opt/rustwide/target/debug/examples/enable_cors-0b720b074db04e96.2mt3oy2y1o2cuz6x.rcgu.o" "-Wl,--as-needed" "-L" "/opt/rustwide/target/debug/deps" "-L" "/opt/rustwide/rustup-home/toolchains/1.75.0-x86_64-unknown-linux-gnu/lib/rustlib/x86_64-unknown-linux-gnu/lib" "-Wl,-Bstatic" "/opt/rustwide/target/debug/deps/libnickel-c4b0009f99604566.rlib" "/opt/rustwide/target/debug/deps/liblazy_static-591486ebcb9a7ead.rlib" "/opt/rustwide/target/debug/deps/libmodifier-fe5ebdb8ca9d0174.rlib" "/opt/rustwide/target/debug/deps/libgroupable-3a41193ad8f7d48a.rlib" "/opt/rustwide/target/debug/deps/libmustache-c072c4769bc8f127.rlib" "/opt/rustwide/target/debug/deps/libplugin-6c978963a4c10edd.rlib" "/opt/rustwide/target/debug/deps/libtypemap-386ca6b57403474a.rlib" "/opt/rustwide/target/debug/deps/libunsafe_any-17a88f84bf4fb852.rlib" "/opt/rustwide/target/debug/deps/libregex-3fdc9a8f6eaf81cf.rlib" "/opt/rustwide/target/debug/deps/libregex_automata-7e239e4b359aa58c.rlib" "/opt/rustwide/target/debug/deps/libaho_corasick-c461b2416345444e.rlib" "/opt/rustwide/target/debug/deps/libmemchr-94009dd89ebb9d8d.rlib" "/opt/rustwide/target/debug/deps/libregex_syntax-e4dd3c3a3cb10e1d.rlib" "/opt/rustwide/target/debug/deps/libhyper-6f3a340ffaaed800.rlib" "/opt/rustwide/target/debug/deps/libmime-260542843f230567.rlib" "/opt/rustwide/target/debug/deps/liblog-efa70ab06cac8285.rlib" "/opt/rustwide/target/debug/deps/liblog-e491f2c1d0b13538.rlib" "/opt/rustwide/target/debug/deps/liblanguage_tags-8a61f3e771a1a6ca.rlib" "/opt/rustwide/target/debug/deps/libtypeable-8ace1cd7d8a07f3b.rlib" "/opt/rustwide/target/debug/deps/libtraitobject-41fd5123b8f4ed1a.rlib" "/opt/rustwide/target/debug/deps/libnum_cpus-cb81d41626d198af.rlib" "/opt/rustwide/target/debug/deps/libhttparse-64f1ffbeda450424.rlib" "/opt/rustwide/target/debug/deps/libunicase-60882e128d84442b.rlib" "/opt/rustwide/target/debug/deps/liburl-5eb6abafa299dfb6.rlib" "/opt/rustwide/target/debug/deps/libpercent_encoding-139f6dad4c5bd392.rlib" "/opt/rustwide/target/debug/deps/libidna-1c39b7924ead49eb.rlib" "/opt/rustwide/target/debug/deps/libunicode_normalization-e1c1be84a555e587.rlib" "/opt/rustwide/target/debug/deps/libtinyvec-cf6c9f6b792a5507.rlib" "/opt/rustwide/target/debug/deps/libtinyvec_macros-b1cb7f53f58c9f87.rlib" "/opt/rustwide/target/debug/deps/libunicode_bidi-9e36a2b0928c1d80.rlib" "/opt/rustwide/target/debug/deps/libmatches-5e4cb3d4c3233fbd.rlib" "/opt/rustwide/target/debug/deps/libbase64-e6f1209c6d7b0dbb.rlib" "/opt/rustwide/target/debug/deps/libsafemem-4745ed10c8b13fe0.rlib" "/opt/rustwide/target/debug/deps/libbyteorder-e9468b374a0c0c11.rlib" "/opt/rustwide/target/debug/deps/libserde_json-f7e7de9bae5c986c.rlib" "/opt/rustwide/target/debug/deps/libryu-5f304b1b6393964f.rlib" "/opt/rustwide/target/debug/deps/libitoa-5f181af53b99b92c.rlib" "/opt/rustwide/target/debug/deps/libserde-8d72183392081d4f.rlib" "/opt/rustwide/target/debug/deps/libtime-7b15c2e647edb1fd.rlib" "/opt/rustwide/target/debug/deps/liblibc-f01c1240f7c859d0.rlib" "/opt/rustwide/rustup-home/toolchains/1.75.0-x86_64-unknown-linux-gnu/lib/rustlib/x86_64-unknown-linux-gnu/lib/libstd-90f6ddbf82de36ec.rlib" "/opt/rustwide/rustup-home/toolchains/1.75.0-x86_64-unknown-linux-gnu/lib/rustlib/x86_64-unknown-linux-gnu/lib/libpanic_unwind-480c41e9d4e1f677.rlib" "/opt/rustwide/rustup-home/toolchains/1.75.0-x86_64-unknown-linux-gnu/lib/rustlib/x86_64-unknown-linux-gnu/lib/libobject-db744c0ca03eed1d.rlib" "/opt/rustwide/rustup-home/toolchains/1.75.0-x86_64-unknown-linux-gnu/lib/rustlib/x86_64-unknown-linux-gnu/lib/libmemchr-8ba652dc7d4b285a.rlib" "/opt/rustwide/rustup-home/toolchains/1.75.0-x86_64-unknown-linux-gnu/lib/rustlib/x86_64-unknown-linux-gnu/lib/libaddr2line-d5f4520a9ebc0d58.rlib" "/opt/rustwide/rustup-home/toolchains/1.75.0-x86_64-unknown-linux-gnu/lib/rustlib/x86_64-unknown-linux-gnu/lib/libgimli-4ad84de58f0cb463.rlib" "/opt/rustwide/rustup-home/toolchains/1.75.0-x86_64-unknown-linux-gnu/lib/rustlib/x86_64-unknown-linux-gnu/lib/librustc_demangle-0d10aae2e0f38735.rlib" "/opt/rustwide/rustup-home/toolchains/1.75.0-x86_64-unknown-linux-gnu/lib/rustlib/x86_64-unknown-linux-gnu/lib/libstd_detect-0c17cff739e6745b.rlib" "/opt/rustwide/rustup-home/toolchains/1.75.0-x86_64-unknown-linux-gnu/lib/rustlib/x86_64-unknown-linux-gnu/lib/libhashbrown-b29e17139dde1aa8.rlib" "/opt/rustwide/rustup-home/toolchains/1.75.0-x86_64-unknown-linux-gnu/lib/rustlib/x86_64-unknown-linux-gnu/lib/librustc_std_workspace_alloc-1f975299829cc7bd.rlib" "/opt/rustwide/rustup-home/toolchains/1.75.0-x86_64-unknown-linux-gnu/lib/rustlib/x86_64-unknown-linux-gnu/lib/libminiz_oxide-86bae3bc3079f89b.rlib" "/opt/rustwide/rustup-home/toolchains/1.75.0-x86_64-unknown-linux-gnu/lib/rustlib/x86_64-unknown-linux-gnu/lib/libadler-321b82c30dffdf5f.rlib" "/opt/rustwide/rustup-home/toolchains/1.75.0-x86_64-unknown-linux-gnu/lib/rustlib/x86_64-unknown-linux-gnu/lib/libunwind-3dd8a6810a0bdfef.rlib" "/opt/rustwide/rustup-home/toolchains/1.75.0-x86_64-unknown-linux-gnu/lib/rustlib/x86_64-unknown-linux-gnu/lib/libcfg_if-eb39a61c0c879984.rlib" "/opt/rustwide/rustup-home/toolchains/1.75.0-x86_64-unknown-linux-gnu/lib/rustlib/x86_64-unknown-linux-gnu/lib/liblibc-aa769569f91c3548.rlib" "/opt/rustwide/rustup-home/toolchains/1.75.0-x86_64-unknown-linux-gnu/lib/rustlib/x86_64-unknown-linux-gnu/lib/liballoc-510a192a50a983ed.rlib" "/opt/rustwide/rustup-home/toolchains/1.75.0-x86_64-unknown-linux-gnu/lib/rustlib/x86_64-unknown-linux-gnu/lib/librustc_std_workspace_core-0577018320f99037.rlib" "/opt/rustwide/rustup-home/toolchains/1.75.0-x86_64-unknown-linux-gnu/lib/rustlib/x86_64-unknown-linux-gnu/lib/libcore-193cf992125ccd4c.rlib" "/opt/rustwide/rustup-home/toolchains/1.75.0-x86_64-unknown-linux-gnu/lib/rustlib/x86_64-unknown-linux-gnu/lib/libcompiler_builtins-8e138eaf26ebb4a8.rlib" "-Wl,-Bdynamic" "-lgcc_s" "-lutil" "-lrt" "-lpthread" "-lm" "-ldl" "-lc" "-Wl,--eh-frame-hdr" "-Wl,-z,noexecstack" "-L" "/opt/rustwide/rustup-home/toolchains/1.75.0-x86_64-unknown-linux-gnu/lib/rustlib/x86_64-unknown-linux-gnu/lib" "-o" "/opt/rustwide/target/debug/examples/enable_cors-0b720b074db04e96" "-Wl,--gc-sections" "-pie" "-Wl,-z,relro,-z,now" "-nodefaultlibs"
[INFO] [stdout]   = note: collect2: fatal error: ld terminated with signal 9 [Killed]
[INFO] [stdout]           compilation terminated.
[INFO] [stdout]           
[INFO] [stdout] 
[INFO] [stdout] 
[INFO] [stdout] error: aborting due to previous error
[INFO] [stdout] 
[INFO] [stdout] 
[INFO] [stderr] error: could not compile `nickel` (example "enable_cors") due to 2 previous errors
[INFO] [stdout] error: linking with `cc` failed: exit status: 1
[INFO] [stdout]   |
[INFO] [stdout]   = note: LC_ALL="C" PATH="/opt/rustwide/rustup-home/toolchains/1.75.0-x86_64-unknown-linux-gnu/lib/rustlib/x86_64-unknown-linux-gnu/bin:/opt/rustwide/cargo-home/bin:/usr/local/sbin:/usr/local/bin:/usr/sbin:/usr/bin:/sbin:/bin" VSLANG="1033" "cc" "-m64" "/tmp/rustcZx1E4j/symbols.o" "/opt/rustwide/target/debug/examples/route_data-62894dc6c3c84a59.route_data.bb9ce159d4a372ad-cgu.0.rcgu.o" "/opt/rustwide/target/debug/examples/route_data-62894dc6c3c84a59.route_data.bb9ce159d4a372ad-cgu.1.rcgu.o" "/opt/rustwide/target/debug/examples/route_data-62894dc6c3c84a59.route_data.bb9ce159d4a372ad-cgu.2.rcgu.o" "/opt/rustwide/target/debug/examples/route_data-62894dc6c3c84a59.route_data.bb9ce159d4a372ad-cgu.3.rcgu.o" "/opt/rustwide/target/debug/examples/route_data-62894dc6c3c84a59.route_data.bb9ce159d4a372ad-cgu.4.rcgu.o" "/opt/rustwide/target/debug/examples/route_data-62894dc6c3c84a59.route_data.bb9ce159d4a372ad-cgu.5.rcgu.o" "/opt/rustwide/target/debug/examples/route_data-62894dc6c3c84a59.route_data.bb9ce159d4a372ad-cgu.6.rcgu.o" "/opt/rustwide/target/debug/examples/route_data-62894dc6c3c84a59.route_data.bb9ce159d4a372ad-cgu.7.rcgu.o" "/opt/rustwide/target/debug/examples/route_data-62894dc6c3c84a59.2eke2tgqohvlu32m.rcgu.o" "-Wl,--as-needed" "-L" "/opt/rustwide/target/debug/deps" "-L" "/opt/rustwide/rustup-home/toolchains/1.75.0-x86_64-unknown-linux-gnu/lib/rustlib/x86_64-unknown-linux-gnu/lib" "-Wl,-Bstatic" "/opt/rustwide/target/debug/deps/libnickel-c4b0009f99604566.rlib" "/opt/rustwide/target/debug/deps/liblazy_static-591486ebcb9a7ead.rlib" "/opt/rustwide/target/debug/deps/libmodifier-fe5ebdb8ca9d0174.rlib" "/opt/rustwide/target/debug/deps/libgroupable-3a41193ad8f7d48a.rlib" "/opt/rustwide/target/debug/deps/libmustache-c072c4769bc8f127.rlib" "/opt/rustwide/target/debug/deps/libplugin-6c978963a4c10edd.rlib" "/opt/rustwide/target/debug/deps/libtypemap-386ca6b57403474a.rlib" "/opt/rustwide/target/debug/deps/libunsafe_any-17a88f84bf4fb852.rlib" "/opt/rustwide/target/debug/deps/libregex-3fdc9a8f6eaf81cf.rlib" "/opt/rustwide/target/debug/deps/libregex_automata-7e239e4b359aa58c.rlib" "/opt/rustwide/target/debug/deps/libaho_corasick-c461b2416345444e.rlib" "/opt/rustwide/target/debug/deps/libmemchr-94009dd89ebb9d8d.rlib" "/opt/rustwide/target/debug/deps/libregex_syntax-e4dd3c3a3cb10e1d.rlib" "/opt/rustwide/target/debug/deps/libhyper-6f3a340ffaaed800.rlib" "/opt/rustwide/target/debug/deps/libmime-260542843f230567.rlib" "/opt/rustwide/target/debug/deps/liblog-efa70ab06cac8285.rlib" "/opt/rustwide/target/debug/deps/liblog-e491f2c1d0b13538.rlib" "/opt/rustwide/target/debug/deps/liblanguage_tags-8a61f3e771a1a6ca.rlib" "/opt/rustwide/target/debug/deps/libtypeable-8ace1cd7d8a07f3b.rlib" "/opt/rustwide/target/debug/deps/libtraitobject-41fd5123b8f4ed1a.rlib" "/opt/rustwide/target/debug/deps/libnum_cpus-cb81d41626d198af.rlib" "/opt/rustwide/target/debug/deps/libhttparse-64f1ffbeda450424.rlib" "/opt/rustwide/target/debug/deps/libunicase-60882e128d84442b.rlib" "/opt/rustwide/target/debug/deps/liburl-5eb6abafa299dfb6.rlib" "/opt/rustwide/target/debug/deps/libpercent_encoding-139f6dad4c5bd392.rlib" "/opt/rustwide/target/debug/deps/libidna-1c39b7924ead49eb.rlib" "/opt/rustwide/target/debug/deps/libunicode_normalization-e1c1be84a555e587.rlib" "/opt/rustwide/target/debug/deps/libtinyvec-cf6c9f6b792a5507.rlib" "/opt/rustwide/target/debug/deps/libtinyvec_macros-b1cb7f53f58c9f87.rlib" "/opt/rustwide/target/debug/deps/libunicode_bidi-9e36a2b0928c1d80.rlib" "/opt/rustwide/target/debug/deps/libmatches-5e4cb3d4c3233fbd.rlib" "/opt/rustwide/target/debug/deps/libbase64-e6f1209c6d7b0dbb.rlib" "/opt/rustwide/target/debug/deps/libsafemem-4745ed10c8b13fe0.rlib" "/opt/rustwide/target/debug/deps/libbyteorder-e9468b374a0c0c11.rlib" "/opt/rustwide/target/debug/deps/libserde_json-f7e7de9bae5c986c.rlib" "/opt/rustwide/target/debug/deps/libryu-5f304b1b6393964f.rlib" "/opt/rustwide/target/debug/deps/libitoa-5f181af53b99b92c.rlib" "/opt/rustwide/target/debug/deps/libserde-8d72183392081d4f.rlib" "/opt/rustwide/target/debug/deps/libtime-7b15c2e647edb1fd.rlib" "/opt/rustwide/target/debug/deps/liblibc-f01c1240f7c859d0.rlib" "/opt/rustwide/rustup-home/toolchains/1.75.0-x86_64-unknown-linux-gnu/lib/rustlib/x86_64-unknown-linux-gnu/lib/libstd-90f6ddbf82de36ec.rlib" "/opt/rustwide/rustup-home/toolchains/1.75.0-x86_64-unknown-linux-gnu/lib/rustlib/x86_64-unknown-linux-gnu/lib/libpanic_unwind-480c41e9d4e1f677.rlib" "/opt/rustwide/rustup-home/toolchains/1.75.0-x86_64-unknown-linux-gnu/lib/rustlib/x86_64-unknown-linux-gnu/lib/libobject-db744c0ca03eed1d.rlib" "/opt/rustwide/rustup-home/toolchains/1.75.0-x86_64-unknown-linux-gnu/lib/rustlib/x86_64-unknown-linux-gnu/lib/libmemchr-8ba652dc7d4b285a.rlib" "/opt/rustwide/rustup-home/toolchains/1.75.0-x86_64-unknown-linux-gnu/lib/rustlib/x86_64-unknown-linux-gnu/lib/libaddr2line-d5f4520a9ebc0d58.rlib" "/opt/rustwide/rustup-home/toolchains/1.75.0-x86_64-unknown-linux-gnu/lib/rustlib/x86_64-unknown-linux-gnu/lib/libgimli-4ad84de58f0cb463.rlib" "/opt/rustwide/rustup-home/toolchains/1.75.0-x86_64-unknown-linux-gnu/lib/rustlib/x86_64-unknown-linux-gnu/lib/librustc_demangle-0d10aae2e0f38735.rlib" "/opt/rustwide/rustup-home/toolchains/1.75.0-x86_64-unknown-linux-gnu/lib/rustlib/x86_64-unknown-linux-gnu/lib/libstd_detect-0c17cff739e6745b.rlib" "/opt/rustwide/rustup-home/toolchains/1.75.0-x86_64-unknown-linux-gnu/lib/rustlib/x86_64-unknown-linux-gnu/lib/libhashbrown-b29e17139dde1aa8.rlib" "/opt/rustwide/rustup-home/toolchains/1.75.0-x86_64-unknown-linux-gnu/lib/rustlib/x86_64-unknown-linux-gnu/lib/librustc_std_workspace_alloc-1f975299829cc7bd.rlib" "/opt/rustwide/rustup-home/toolchains/1.75.0-x86_64-unknown-linux-gnu/lib/rustlib/x86_64-unknown-linux-gnu/lib/libminiz_oxide-86bae3bc3079f89b.rlib" "/opt/rustwide/rustup-home/toolchains/1.75.0-x86_64-unknown-linux-gnu/lib/rustlib/x86_64-unknown-linux-gnu/lib/libadler-321b82c30dffdf5f.rlib" "/opt/rustwide/rustup-home/toolchains/1.75.0-x86_64-unknown-linux-gnu/lib/rustlib/x86_64-unknown-linux-gnu/lib/libunwind-3dd8a6810a0bdfef.rlib" "/opt/rustwide/rustup-home/toolchains/1.75.0-x86_64-unknown-linux-gnu/lib/rustlib/x86_64-unknown-linux-gnu/lib/libcfg_if-eb39a61c0c879984.rlib" "/opt/rustwide/rustup-home/toolchains/1.75.0-x86_64-unknown-linux-gnu/lib/rustlib/x86_64-unknown-linux-gnu/lib/liblibc-aa769569f91c3548.rlib" "/opt/rustwide/rustup-home/toolchains/1.75.0-x86_64-unknown-linux-gnu/lib/rustlib/x86_64-unknown-linux-gnu/lib/liballoc-510a192a50a983ed.rlib" "/opt/rustwide/rustup-home/toolchains/1.75.0-x86_64-unknown-linux-gnu/lib/rustlib/x86_64-unknown-linux-gnu/lib/librustc_std_workspace_core-0577018320f99037.rlib" "/opt/rustwide/rustup-home/toolchains/1.75.0-x86_64-unknown-linux-gnu/lib/rustlib/x86_64-unknown-linux-gnu/lib/libcore-193cf992125ccd4c.rlib" "/opt/rustwide/rustup-home/toolchains/1.75.0-x86_64-unknown-linux-gnu/lib/rustlib/x86_64-unknown-linux-gnu/lib/libcompiler_builtins-8e138eaf26ebb4a8.rlib" "-Wl,-Bdynamic" "-lgcc_s" "-lutil" "-lrt" "-lpthread" "-lm" "-ldl" "-lc" "-Wl,--eh-frame-hdr" "-Wl,-z,noexecstack" "-L" "/opt/rustwide/rustup-home/toolchains/1.75.0-x86_64-unknown-linux-gnu/lib/rustlib/x86_64-unknown-linux-gnu/lib" "-o" "/opt/rustwide/target/debug/examples/route_data-62894dc6c3c84a59" "-Wl,--gc-sections" "-pie" "-Wl,-z,relro,-z,now" "-nodefaultlibs"
[INFO] [stdout]   = note: collect2: fatal error: ld terminated with signal 9 [Killed]
[INFO] [stdout]           compilation terminated.
[INFO] [stdout]           
[INFO] [stdout] 
[INFO] [stdout] 
[INFO] [stdout] error: aborting due to previous error
[INFO] [stdout] 
[INFO] [stdout] 
[INFO] [stderr] error: could not compile `nickel` (example "route_data") due to 2 previous errors
[INFO] running `Command { std: "docker" "inspect" "1801484eca68ec8250229d73bf821387fd33494276d810ea59b5c22b135c0b47", kill_on_drop: false }`
[INFO] running `Command { std: "docker" "rm" "-f" "1801484eca68ec8250229d73bf821387fd33494276d810ea59b5c22b135c0b47", kill_on_drop: false }`
[INFO] [stdout] 1801484eca68ec8250229d73bf821387fd33494276d810ea59b5c22b135c0b47
[INFO] testing nickel-0.11.0 against beta-2023-12-22 for beta-1.76-1
[INFO] extracting crate nickel 0.11.0 into /workspace/builds/worker-6-tc2/source
[INFO] validating manifest of crates.io crate nickel 0.11.0 on toolchain beta-2023-12-22
[INFO] running `Command { std: CARGO_HOME="/workspace/cargo-home" RUSTUP_HOME="/workspace/rustup-home" "/workspace/cargo-home/bin/cargo" "+beta-2023-12-22" "metadata" "--manifest-path" "Cargo.toml" "--no-deps", kill_on_drop: false }`
[INFO] started tweaking crates.io crate nickel 0.11.0
[INFO] removed 0 missing examples
[INFO] finished tweaking crates.io crate nickel 0.11.0
[INFO] tweaked toml for crates.io crate nickel 0.11.0 written to /workspace/builds/worker-6-tc2/source/Cargo.toml
[INFO] running `Command { std: CARGO_HOME="/workspace/cargo-home" RUSTUP_HOME="/workspace/rustup-home" "/workspace/cargo-home/bin/cargo" "+beta-2023-12-22" "generate-lockfile" "--manifest-path" "Cargo.toml", kill_on_drop: false }`
[INFO] [stderr]     Updating crates.io index
[INFO] running `Command { std: CARGO_HOME="/workspace/cargo-home" RUSTUP_HOME="/workspace/rustup-home" "/workspace/cargo-home/bin/cargo" "+beta-2023-12-22" "fetch" "--manifest-path" "Cargo.toml", kill_on_drop: false }`
[INFO] running `Command { std: "docker" "create" "-v" "/var/lib/crater-agent-workspace/builds/worker-6-tc2/target:/opt/rustwide/target:rw,Z" "-v" "/var/lib/crater-agent-workspace/builds/worker-6-tc2/source:/opt/rustwide/workdir:ro,Z" "-v" "/var/lib/crater-agent-workspace/cargo-home:/opt/rustwide/cargo-home:ro,Z" "-v" "/var/lib/crater-agent-workspace/rustup-home:/opt/rustwide/rustup-home:ro,Z" "-e" "SOURCE_DIR=/opt/rustwide/workdir" "-e" "CARGO_TARGET_DIR=/opt/rustwide/target" "-e" "CARGO_HOME=/opt/rustwide/cargo-home" "-e" "RUSTUP_HOME=/opt/rustwide/rustup-home" "-w" "/opt/rustwide/workdir" "-m" "1610612736" "--user" "0:0" "--network" "none" "ghcr.io/rust-lang/crates-build-env/linux@sha256:2788e3201cd34a07e3172128adcd8b3090168a8e3bcc40d7c032b9dda1df7d1c" "/opt/rustwide/cargo-home/bin/cargo" "+beta-2023-12-22" "metadata" "--no-deps" "--format-version=1", kill_on_drop: false }`
[INFO] [stdout] fc2c406090a8655e268e68cbd72c831333416ea8d2399e666ae7a0e679632ea1
[INFO] running `Command { std: "docker" "start" "-a" "fc2c406090a8655e268e68cbd72c831333416ea8d2399e666ae7a0e679632ea1", kill_on_drop: false }`
[INFO] running `Command { std: "docker" "inspect" "fc2c406090a8655e268e68cbd72c831333416ea8d2399e666ae7a0e679632ea1", kill_on_drop: false }`
[INFO] running `Command { std: "docker" "rm" "-f" "fc2c406090a8655e268e68cbd72c831333416ea8d2399e666ae7a0e679632ea1", kill_on_drop: false }`
[INFO] [stdout] fc2c406090a8655e268e68cbd72c831333416ea8d2399e666ae7a0e679632ea1
[INFO] running `Command { std: "docker" "create" "-v" "/var/lib/crater-agent-workspace/builds/worker-6-tc2/target:/opt/rustwide/target:rw,Z" "-v" "/var/lib/crater-agent-workspace/builds/worker-6-tc2/source:/opt/rustwide/workdir:ro,Z" "-v" "/var/lib/crater-agent-workspace/cargo-home:/opt/rustwide/cargo-home:ro,Z" "-v" "/var/lib/crater-agent-workspace/rustup-home:/opt/rustwide/rustup-home:ro,Z" "-e" "SOURCE_DIR=/opt/rustwide/workdir" "-e" "CARGO_TARGET_DIR=/opt/rustwide/target" "-e" "CARGO_INCREMENTAL=0" "-e" "RUST_BACKTRACE=full" "-e" "RUSTFLAGS=--cap-lints=warn" "-e" "RUSTDOCFLAGS=--cap-lints=warn" "-e" "CARGO_HOME=/opt/rustwide/cargo-home" "-e" "RUSTUP_HOME=/opt/rustwide/rustup-home" "-w" "/opt/rustwide/workdir" "-m" "1610612736" "--user" "0:0" "--network" "none" "ghcr.io/rust-lang/crates-build-env/linux@sha256:2788e3201cd34a07e3172128adcd8b3090168a8e3bcc40d7c032b9dda1df7d1c" "/opt/rustwide/cargo-home/bin/cargo" "+beta-2023-12-22" "build" "--frozen" "--message-format=json", kill_on_drop: false }`
[INFO] [stdout] fc8e1275648e472e9dc8e66341841e8f98473e290306cc39db1014cff7231454
[INFO] running `Command { std: "docker" "start" "-a" "fc8e1275648e472e9dc8e66341841e8f98473e290306cc39db1014cff7231454", kill_on_drop: false }`
[INFO] [stderr]    Compiling tinyvec_macros v0.1.1
[INFO] [stderr]    Compiling serde v1.0.194
[INFO] [stderr]    Compiling log v0.4.20
[INFO] [stderr]    Compiling traitobject v0.1.0
[INFO] [stderr]    Compiling version_check v0.1.5
[INFO] [stderr]    Compiling matches v0.1.10
[INFO] [stderr]    Compiling unicode-bidi v0.3.14
[INFO] [stderr]    Compiling percent-encoding v1.0.1
[INFO] [stderr]    Compiling safemem v0.3.3
[INFO] [stderr]    Compiling language-tags v0.2.2
[INFO] [stderr]    Compiling typeable v0.1.2
[INFO] [stderr]    Compiling groupable v0.2.0
[INFO] [stderr]    Compiling time v0.1.45
[INFO] [stderr]    Compiling modifier v0.1.0
[INFO] [stderr]    Compiling tinyvec v1.6.0
[INFO] [stderr]    Compiling unsafe-any v0.4.2
[INFO] [stderr]    Compiling base64 v0.9.3
[INFO] [stderr]    Compiling typemap v0.3.3
[INFO] [stderr]    Compiling log v0.3.9
[INFO] [stderr]    Compiling plugin v0.2.6
[INFO] [stderr]    Compiling mime v0.2.6
[INFO] [stderr]    Compiling unicase v1.4.2
[INFO] [stderr]    Compiling unicode-normalization v0.1.22
[INFO] [stderr]    Compiling idna v0.1.5
[INFO] [stderr]    Compiling url v1.7.2
[INFO] [stderr]    Compiling hyper v0.10.16
[INFO] [stderr]    Compiling serde_json v1.0.111
[INFO] [stderr]    Compiling mustache v0.9.0
[INFO] [stderr]    Compiling nickel v0.11.0 (/opt/rustwide/workdir)
[INFO] [stdout] warning: anonymous parameters are deprecated and will be removed in the next edition
[INFO] [stdout]   --> src/router/http_router.rs:39:65
[INFO] [stdout]    |
[INFO] [stdout] 39 |     fn add_route<M: Into<Matcher>, H: Middleware<D>>(&mut self, Method, M, H) -> &mut Self;
[INFO] [stdout]    |                                                                 ^^^^^^ help: try naming the parameter or explicitly ignoring it: `_: Method`
[INFO] [stdout]    |
[INFO] [stdout]    = warning: this is accepted in the current edition (Rust 2015) but is a hard error in Rust 2018!
[INFO] [stdout]    = note: for more information, see issue #41686 <https://github.com/rust-lang/rust/issues/41686>
[INFO] [stdout]    = note: `#[warn(anonymous_parameters)]` on by default
[INFO] [stdout] 
[INFO] [stdout] 
[INFO] [stdout] warning: anonymous parameters are deprecated and will be removed in the next edition
[INFO] [stdout]   --> src/router/http_router.rs:39:73
[INFO] [stdout]    |
[INFO] [stdout] 39 |     fn add_route<M: Into<Matcher>, H: Middleware<D>>(&mut self, Method, M, H) -> &mut Self;
[INFO] [stdout]    |                                                                         ^ help: try naming the parameter or explicitly ignoring it: `_: M`
[INFO] [stdout]    |
[INFO] [stdout]    = warning: this is accepted in the current edition (Rust 2015) but is a hard error in Rust 2018!
[INFO] [stdout]    = note: for more information, see issue #41686 <https://github.com/rust-lang/rust/issues/41686>
[INFO] [stdout] 
[INFO] [stdout] 
[INFO] [stdout] warning: anonymous parameters are deprecated and will be removed in the next edition
[INFO] [stdout]   --> src/router/http_router.rs:39:76
[INFO] [stdout]    |
[INFO] [stdout] 39 |     fn add_route<M: Into<Matcher>, H: Middleware<D>>(&mut self, Method, M, H) -> &mut Self;
[INFO] [stdout]    |                                                                            ^ help: try naming the parameter or explicitly ignoring it: `_: H`
[INFO] [stdout]    |
[INFO] [stdout]    = warning: this is accepted in the current edition (Rust 2015) but is a hard error in Rust 2018!
[INFO] [stdout]    = note: for more information, see issue #41686 <https://github.com/rust-lang/rust/issues/41686>
[INFO] [stdout] 
[INFO] [stdout] 
[INFO] [stdout] warning: use of deprecated macro `try`: use the `?` operator instead
[INFO] [stdout]   --> src/server.rs:51:26
[INFO] [stdout]    |
[INFO] [stdout] 51 |         let mut server = try!(HyperServer::http(addr));
[INFO] [stdout]    |                          ^^^
[INFO] [stdout]    |
[INFO] [stdout]    = note: `#[warn(deprecated)]` on by default
[INFO] [stdout] 
[INFO] [stdout] 
[INFO] [stdout] warning: use of deprecated macro `try`: use the `?` operator instead
[INFO] [stdout]   --> src/server.rs:72:26
[INFO] [stdout]    |
[INFO] [stdout] 72 |         let mut server = try!(HyperServer::https(addr, ssl));
[INFO] [stdout]    |                          ^^^
[INFO] [stdout] 
[INFO] [stdout] 
[INFO] [stdout] warning: use of deprecated macro `try`: use the `?` operator instead
[INFO] [stdout]    --> src/nickel.rs:240:13
[INFO] [stdout]     |
[INFO] [stdout] 240 |             try!(server.serve("localhost:0",
[INFO] [stdout]     |             ^^^
[INFO] [stdout] 
[INFO] [stdout] 
[INFO] [stdout] warning: use of deprecated macro `try`: use the `?` operator instead
[INFO] [stdout]    --> src/nickel.rs:244:13
[INFO] [stdout]     |
[INFO] [stdout] 244 |             try!(server.serve(addr,
[INFO] [stdout]     |             ^^^
[INFO] [stdout] 
[INFO] [stdout] 
[INFO] [stdout] warning: use of deprecated macro `try`: use the `?` operator instead
[INFO] [stdout]    --> src/nickel.rs:314:13
[INFO] [stdout]     |
[INFO] [stdout] 314 |             try!(server.serve_https("localhost:0",
[INFO] [stdout]     |             ^^^
[INFO] [stdout] 
[INFO] [stdout] 
[INFO] [stdout] warning: use of deprecated macro `try`: use the `?` operator instead
[INFO] [stdout]    --> src/nickel.rs:319:13
[INFO] [stdout]     |
[INFO] [stdout] 319 |             try!(server.serve_https(addr,
[INFO] [stdout]     |             ^^^
[INFO] [stdout] 
[INFO] [stdout] 
[INFO] [stdout] warning: use of deprecated macro `try`: use the `?` operator instead
[INFO] [stdout]    --> src/response.rs:136:26
[INFO] [stdout]     |
[INFO] [stdout] 136 |         let mut stream = try!(self.start());
[INFO] [stdout]     |                          ^^^
[INFO] [stdout] 
[INFO] [stdout] 
[INFO] [stdout] warning: anonymous parameters are deprecated and will be removed in the next edition
[INFO] [stdout]   --> src/middleware.rs:32:28
[INFO] [stdout]    |
[INFO] [stdout] 32 |     fn handle_error(&self, &mut NickelError<D>, &mut Request<D>) -> Action;
[INFO] [stdout]    |                            ^^^^^^^^^^^^^^^^^^^ help: try naming the parameter or explicitly ignoring it: `_: &mut NickelError<D>`
[INFO] [stdout]    |
[INFO] [stdout]    = warning: this is accepted in the current edition (Rust 2015) but is a hard error in Rust 2018!
[INFO] [stdout]    = note: for more information, see issue #41686 <https://github.com/rust-lang/rust/issues/41686>
[INFO] [stdout] 
[INFO] [stdout] 
[INFO] [stdout] warning: anonymous parameters are deprecated and will be removed in the next edition
[INFO] [stdout]   --> src/middleware.rs:32:49
[INFO] [stdout]    |
[INFO] [stdout] 32 |     fn handle_error(&self, &mut NickelError<D>, &mut Request<D>) -> Action;
[INFO] [stdout]    |                                                 ^^^^^^^^^^^^^^^ help: try naming the parameter or explicitly ignoring it: `_: &mut Request<D>`
[INFO] [stdout]    |
[INFO] [stdout]    = warning: this is accepted in the current edition (Rust 2015) but is a hard error in Rust 2018!
[INFO] [stdout]    = note: for more information, see issue #41686 <https://github.com/rust-lang/rust/issues/41686>
[INFO] [stdout] 
[INFO] [stdout] 
[INFO] [stdout] warning: anonymous parameters are deprecated and will be removed in the next edition
[INFO] [stdout]   --> src/responder.rs:25:26
[INFO] [stdout]    |
[INFO] [stdout] 25 |     fn respond<'a>(self, Response<'a, D>) -> MiddlewareResult<'a, D>;
[INFO] [stdout]    |                          ^^^^^^^^^^^^^^^ help: try naming the parameter or explicitly ignoring it: `_: Response<'a, D>`
[INFO] [stdout]    |
[INFO] [stdout]    = warning: this is accepted in the current edition (Rust 2015) but is a hard error in Rust 2018!
[INFO] [stdout]    = note: for more information, see issue #41686 <https://github.com/rust-lang/rust/issues/41686>
[INFO] [stdout] 
[INFO] [stdout] 
[INFO] [stdout] warning: use of deprecated macro `try`: use the `?` operator instead
[INFO] [stdout]   --> src/responder.rs:72:34
[INFO] [stdout]    |
[INFO] [stdout] 72 |                 let mut stream = try!(res.start());
[INFO] [stdout]    |                                  ^^^
[INFO] [stdout] 
[INFO] [stdout] 
[INFO] [stdout] warning: use of deprecated macro `try`: use the `?` operator instead
[INFO] [stdout]    --> src/responder.rs:114:34
[INFO] [stdout]     |
[INFO] [stdout] 114 |                 let mut stream = try!(res.start());
[INFO] [stdout]     |                                  ^^^
[INFO] [stdout] 
[INFO] [stdout] 
[INFO] [stdout] warning: use of deprecated macro `try`: use the `?` operator instead
[INFO] [stdout]   --> src/body_parser.rs:25:9
[INFO] [stdout]    |
[INFO] [stdout] 25 |         try!(req.origin.read_to_string(&mut buf));
[INFO] [stdout]    |         ^^^
[INFO] [stdout] 
[INFO] [stdout] 
[INFO] [stdout] warning: use of deprecated macro `try`: use the `?` operator instead
[INFO] [stdout]   --> src/body_parser.rs:46:28
[INFO] [stdout]    |
[INFO] [stdout] 46 |                 let body = try!(req.get_ref::<BodyReader>());
[INFO] [stdout]    |                            ^^^
[INFO] [stdout] 
[INFO] [stdout] 
[INFO] [stdout] warning: trait objects without an explicit `dyn` are deprecated
[INFO] [stdout]   --> src/router/router.rs:15:22
[INFO] [stdout]    |
[INFO] [stdout] 15 |     pub handler: Box<Middleware<D> + Send + Sync + 'static>,
[INFO] [stdout]    |                      ^^^^^^^^^^^^^^^^^^^^^^^^^^^^^^^^^^^^^
[INFO] [stdout]    |
[INFO] [stdout]    = warning: this is accepted in the current edition (Rust 2015) but is a hard error in Rust 2021!
[INFO] [stdout]    = note: for more information, see <https://doc.rust-lang.org/nightly/edition-guide/rust-2021/warnings-promoted-to-error.html>
[INFO] [stdout]    = note: `#[warn(bare_trait_objects)]` on by default
[INFO] [stdout] help: use `dyn`
[INFO] [stdout]    |
[INFO] [stdout] 15 |     pub handler: Box<dyn Middleware<D> + Send + Sync + 'static>,
[INFO] [stdout]    |                      +++
[INFO] [stdout] 
[INFO] [stdout] 
[INFO] [stdout] warning: trait objects without an explicit `dyn` are deprecated
[INFO] [stdout]   --> src/response.rs:30:22
[INFO] [stdout]    |
[INFO] [stdout] 30 |     on_send: Vec<Box<FnMut(&mut Response<'a, D, Fresh>)>>
[INFO] [stdout]    |                      ^^^^^^^^^^^^^^^^^^^^^^^^^^^^^^^^^^
[INFO] [stdout]    |
[INFO] [stdout]    = warning: this is accepted in the current edition (Rust 2015) but is a hard error in Rust 2021!
[INFO] [stdout]    = note: for more information, see <https://doc.rust-lang.org/nightly/edition-guide/rust-2021/warnings-promoted-to-error.html>
[INFO] [stdout] help: use `dyn`
[INFO] [stdout]    |
[INFO] [stdout] 30 |     on_send: Vec<Box<dyn FnMut(&mut Response<'a, D, Fresh>)>>
[INFO] [stdout]    |                      +++
[INFO] [stdout] 
[INFO] [stdout] 
[INFO] [stdout] warning: trait objects without an explicit `dyn` are deprecated
[INFO] [stdout]   --> src/middleware.rs:42:23
[INFO] [stdout]    |
[INFO] [stdout] 42 |     handlers: Vec<Box<Middleware<D> + Send + Sync>>,
[INFO] [stdout]    |                       ^^^^^^^^^^^^^^^^^^^^^^^^^^^
[INFO] [stdout]    |
[INFO] [stdout]    = warning: this is accepted in the current edition (Rust 2015) but is a hard error in Rust 2021!
[INFO] [stdout]    = note: for more information, see <https://doc.rust-lang.org/nightly/edition-guide/rust-2021/warnings-promoted-to-error.html>
[INFO] [stdout] help: use `dyn`
[INFO] [stdout]    |
[INFO] [stdout] 42 |     handlers: Vec<Box<dyn Middleware<D> + Send + Sync>>,
[INFO] [stdout]    |                       +++
[INFO] [stdout] 
[INFO] [stdout] 
[INFO] [stdout] warning: trait objects without an explicit `dyn` are deprecated
[INFO] [stdout]   --> src/middleware.rs:43:29
[INFO] [stdout]    |
[INFO] [stdout] 43 |     error_handlers: Vec<Box<ErrorHandler<D> + Send + Sync>>
[INFO] [stdout]    |                             ^^^^^^^^^^^^^^^^^^^^^^^^^^^^^
[INFO] [stdout]    |
[INFO] [stdout]    = warning: this is accepted in the current edition (Rust 2015) but is a hard error in Rust 2021!
[INFO] [stdout]    = note: for more information, see <https://doc.rust-lang.org/nightly/edition-guide/rust-2021/warnings-promoted-to-error.html>
[INFO] [stdout] help: use `dyn`
[INFO] [stdout]    |
[INFO] [stdout] 43 |     error_handlers: Vec<Box<dyn ErrorHandler<D> + Send + Sync>>
[INFO] [stdout]    |                             +++
[INFO] [stdout] 
[INFO] [stdout] 
[INFO] [stdout] warning: trait objects without an explicit `dyn` are deprecated
[INFO] [stdout]    --> src/nickel.rs:228:87
[INFO] [stdout]     |
[INFO] [stdout] 228 |     pub fn listen<T: ToSocketAddrs>(mut self, addr: T) -> Result<ListeningServer, Box<StdError>> {
[INFO] [stdout]     |                                                                                       ^^^^^^^^
[INFO] [stdout]     |
[INFO] [stdout]     = warning: this is accepted in the current edition (Rust 2015) but is a hard error in Rust 2021!
[INFO] [stdout]     = note: for more information, see <https://doc.rust-lang.org/nightly/edition-guide/rust-2021/warnings-promoted-to-error.html>
[INFO] [stdout] help: use `dyn`
[INFO] [stdout]     |
[INFO] [stdout] 228 |     pub fn listen<T: ToSocketAddrs>(mut self, addr: T) -> Result<ListeningServer, Box<dyn StdError>> {
[INFO] [stdout]     |                                                                                       +++
[INFO] [stdout] 
[INFO] [stdout] 
[INFO] [stdout] warning: trait objects without an explicit `dyn` are deprecated
[INFO] [stdout]    --> src/nickel.rs:300:88
[INFO] [stdout]     |
[INFO] [stdout] 300 |     pub fn listen_https<T,S>(mut self, addr: T, ssl: S) -> Result<ListeningServer, Box<StdError>>
[INFO] [stdout]     |                                                                                        ^^^^^^^^
[INFO] [stdout]     |
[INFO] [stdout]     = warning: this is accepted in the current edition (Rust 2015) but is a hard error in Rust 2021!
[INFO] [stdout]     = note: for more information, see <https://doc.rust-lang.org/nightly/edition-guide/rust-2021/warnings-promoted-to-error.html>
[INFO] [stdout] help: use `dyn`
[INFO] [stdout]     |
[INFO] [stdout] 300 |     pub fn listen_https<T,S>(mut self, addr: T, ssl: S) -> Result<ListeningServer, Box<dyn StdError>>
[INFO] [stdout]     |                                                                                        +++
[INFO] [stdout] 
[INFO] [stdout] 
[INFO] [stdout] warning: trait objects without an explicit `dyn` are deprecated
[INFO] [stdout]    --> src/body_parser.rs:115:32
[INFO] [stdout]     |
[INFO] [stdout] 115 |     fn cause(&self) -> Option<&StdError> {
[INFO] [stdout]     |                                ^^^^^^^^
[INFO] [stdout]     |
[INFO] [stdout]     = warning: this is accepted in the current edition (Rust 2015) but is a hard error in Rust 2021!
[INFO] [stdout]     = note: for more information, see <https://doc.rust-lang.org/nightly/edition-guide/rust-2021/warnings-promoted-to-error.html>
[INFO] [stdout] help: use `dyn`
[INFO] [stdout]     |
[INFO] [stdout] 115 |     fn cause(&self) -> Option<&dyn StdError> {
[INFO] [stdout]     |                                +++
[INFO] [stdout] 
[INFO] [stdout] 
[INFO] [stdout] warning: trait objects without an explicit `dyn` are deprecated
[INFO] [stdout]   --> src/nickel_error.rs:73:27
[INFO] [stdout]    |
[INFO] [stdout] 73 |         where T: Into<Box<Error + 'static>> {
[INFO] [stdout]    |                           ^^^^^^^^^^^^^^^
[INFO] [stdout]    |
[INFO] [stdout]    = warning: this is accepted in the current edition (Rust 2015) but is a hard error in Rust 2021!
[INFO] [stdout]    = note: for more information, see <https://doc.rust-lang.org/nightly/edition-guide/rust-2021/warnings-promoted-to-error.html>
[INFO] [stdout] help: use `dyn`
[INFO] [stdout]    |
[INFO] [stdout] 73 |         where T: Into<Box<dyn Error + 'static>> {
[INFO] [stdout]    |                           +++
[INFO] [stdout] 
[INFO] [stdout] 
[INFO] [stdout] warning: use of deprecated method `std::error::Error::description`: use the Display impl or to_string()
[INFO] [stdout]    --> src/body_parser.rs:110:43
[INFO] [stdout]     |
[INFO] [stdout] 110 |             BodyError::Io(ref err) => err.description(),
[INFO] [stdout]     |                                           ^^^^^^^^^^^
[INFO] [stdout] 
[INFO] [stdout] 
[INFO] [stdout] warning: use of deprecated method `std::error::Error::description`: use the Display impl or to_string()
[INFO] [stdout]    --> src/body_parser.rs:125:32
[INFO] [stdout]     |
[INFO] [stdout] 125 |         write!(out, "{}", self.description())
[INFO] [stdout]     |                                ^^^^^^^^^^^
[INFO] [stdout] 
[INFO] [stdout] 
[INFO] [stdout] warning: use of deprecated method `std::error::Error::description`: use the Display impl or to_string()
[INFO] [stdout]   --> src/nickel_error.rs:76:35
[INFO] [stdout]    |
[INFO] [stdout] 76 |         NickelError::new(res, err.description().to_string(), errorcode)
[INFO] [stdout]    |                                   ^^^^^^^^^^^
[INFO] [stdout] 
[INFO] [stdout] 
[INFO] [stdout] warning: 28 warnings emitted
[INFO] [stdout] 
[INFO] [stdout] 
[INFO] [stderr]     Finished dev [unoptimized + debuginfo] target(s) in 4.05s
[INFO] [stderr] warning: the following packages contain code that will be rejected by a future version of Rust: traitobject v0.1.0
[INFO] [stderr] note: to see what the problems were, use the option `--future-incompat-report`, or run `cargo report future-incompatibilities --id 2`
[INFO] running `Command { std: "docker" "inspect" "fc8e1275648e472e9dc8e66341841e8f98473e290306cc39db1014cff7231454", kill_on_drop: false }`
[INFO] running `Command { std: "docker" "rm" "-f" "fc8e1275648e472e9dc8e66341841e8f98473e290306cc39db1014cff7231454", kill_on_drop: false }`
[INFO] [stdout] fc8e1275648e472e9dc8e66341841e8f98473e290306cc39db1014cff7231454
[INFO] running `Command { std: "docker" "create" "-v" "/var/lib/crater-agent-workspace/builds/worker-6-tc2/target:/opt/rustwide/target:rw,Z" "-v" "/var/lib/crater-agent-workspace/builds/worker-6-tc2/source:/opt/rustwide/workdir:ro,Z" "-v" "/var/lib/crater-agent-workspace/cargo-home:/opt/rustwide/cargo-home:ro,Z" "-v" "/var/lib/crater-agent-workspace/rustup-home:/opt/rustwide/rustup-home:ro,Z" "-e" "SOURCE_DIR=/opt/rustwide/workdir" "-e" "CARGO_TARGET_DIR=/opt/rustwide/target" "-e" "CARGO_INCREMENTAL=0" "-e" "RUST_BACKTRACE=full" "-e" "RUSTFLAGS=--cap-lints=warn" "-e" "RUSTDOCFLAGS=--cap-lints=warn" "-e" "CARGO_HOME=/opt/rustwide/cargo-home" "-e" "RUSTUP_HOME=/opt/rustwide/rustup-home" "-w" "/opt/rustwide/workdir" "-m" "1610612736" "--user" "0:0" "--network" "none" "ghcr.io/rust-lang/crates-build-env/linux@sha256:2788e3201cd34a07e3172128adcd8b3090168a8e3bcc40d7c032b9dda1df7d1c" "/opt/rustwide/cargo-home/bin/cargo" "+beta-2023-12-22" "test" "--frozen" "--no-run" "--message-format=json", kill_on_drop: false }`
[INFO] [stdout] 0e18875f670b467996f3998833c32e2153f120397f1b066fa8d857aa95687c00
[INFO] running `Command { std: "docker" "start" "-a" "0e18875f670b467996f3998833c32e2153f120397f1b066fa8d857aa95687c00", kill_on_drop: false }`
[INFO] [stdout] warning: anonymous parameters are deprecated and will be removed in the next edition
[INFO] [stdout]   --> src/router/http_router.rs:39:65
[INFO] [stdout]    |
[INFO] [stdout] 39 |     fn add_route<M: Into<Matcher>, H: Middleware<D>>(&mut self, Method, M, H) -> &mut Self;
[INFO] [stdout]    |                                                                 ^^^^^^ help: try naming the parameter or explicitly ignoring it: `_: Method`
[INFO] [stdout]    |
[INFO] [stdout]    = warning: this is accepted in the current edition (Rust 2015) but is a hard error in Rust 2018!
[INFO] [stdout]    = note: for more information, see issue #41686 <https://github.com/rust-lang/rust/issues/41686>
[INFO] [stdout]    = note: `#[warn(anonymous_parameters)]` on by default
[INFO] [stdout] 
[INFO] [stdout] 
[INFO] [stdout] warning: anonymous parameters are deprecated and will be removed in the next edition
[INFO] [stdout]   --> src/router/http_router.rs:39:73
[INFO] [stdout]    |
[INFO] [stdout] 39 |     fn add_route<M: Into<Matcher>, H: Middleware<D>>(&mut self, Method, M, H) -> &mut Self;
[INFO] [stdout]    |                                                                         ^ help: try naming the parameter or explicitly ignoring it: `_: M`
[INFO] [stdout]    |
[INFO] [stdout]    = warning: this is accepted in the current edition (Rust 2015) but is a hard error in Rust 2018!
[INFO] [stdout]    = note: for more information, see issue #41686 <https://github.com/rust-lang/rust/issues/41686>
[INFO] [stdout] 
[INFO] [stdout] 
[INFO] [stdout] warning: anonymous parameters are deprecated and will be removed in the next edition
[INFO] [stdout]   --> src/router/http_router.rs:39:76
[INFO] [stdout]    |
[INFO] [stdout] 39 |     fn add_route<M: Into<Matcher>, H: Middleware<D>>(&mut self, Method, M, H) -> &mut Self;
[INFO] [stdout]    |                                                                            ^ help: try naming the parameter or explicitly ignoring it: `_: H`
[INFO] [stdout]    |
[INFO] [stdout]    = warning: this is accepted in the current edition (Rust 2015) but is a hard error in Rust 2018!
[INFO] [stdout]    = note: for more information, see issue #41686 <https://github.com/rust-lang/rust/issues/41686>
[INFO] [stdout] 
[INFO] [stdout] 
[INFO] [stdout] warning: use of deprecated macro `try`: use the `?` operator instead
[INFO] [stdout]   --> src/server.rs:51:26
[INFO] [stdout]    |
[INFO] [stdout] 51 |         let mut server = try!(HyperServer::http(addr));
[INFO] [stdout]    |                          ^^^
[INFO] [stdout]    |
[INFO] [stdout]    = note: `#[warn(deprecated)]` on by default
[INFO] [stdout] 
[INFO] [stdout] 
[INFO] [stdout] warning: use of deprecated macro `try`: use the `?` operator instead
[INFO] [stdout]   --> src/server.rs:72:26
[INFO] [stdout]    |
[INFO] [stdout] 72 |         let mut server = try!(HyperServer::https(addr, ssl));
[INFO] [stdout]    |                          ^^^
[INFO] [stdout] 
[INFO] [stdout] 
[INFO] [stdout] warning: use of deprecated macro `try`: use the `?` operator instead
[INFO] [stdout]    --> src/nickel.rs:240:13
[INFO] [stdout]     |
[INFO] [stdout] 240 |             try!(server.serve("localhost:0",
[INFO] [stdout]     |             ^^^
[INFO] [stdout] 
[INFO] [stdout] 
[INFO] [stdout] warning: use of deprecated macro `try`: use the `?` operator instead
[INFO] [stdout]    --> src/nickel.rs:244:13
[INFO] [stdout]     |
[INFO] [stdout] 244 |             try!(server.serve(addr,
[INFO] [stdout]     |             ^^^
[INFO] [stdout] 
[INFO] [stdout] 
[INFO] [stdout] warning: use of deprecated macro `try`: use the `?` operator instead
[INFO] [stdout]    --> src/nickel.rs:314:13
[INFO] [stdout]     |
[INFO] [stdout] 314 |             try!(server.serve_https("localhost:0",
[INFO] [stdout]     |             ^^^
[INFO] [stdout] 
[INFO] [stdout] 
[INFO] [stdout] warning: use of deprecated macro `try`: use the `?` operator instead
[INFO] [stdout]    --> src/nickel.rs:319:13
[INFO] [stdout]     |
[INFO] [stdout] 319 |             try!(server.serve_https(addr,
[INFO] [stdout]     |             ^^^
[INFO] [stdout] 
[INFO] [stdout] 
[INFO] [stdout] warning: use of deprecated macro `try`: use the `?` operator instead
[INFO] [stdout]    --> src/response.rs:136:26
[INFO] [stdout]     |
[INFO] [stdout] 136 |         let mut stream = try!(self.start());
[INFO] [stdout]     |                          ^^^
[INFO] [stdout] 
[INFO] [stdout] 
[INFO] [stdout] warning: anonymous parameters are deprecated and will be removed in the next edition
[INFO] [stdout]   --> src/middleware.rs:32:28
[INFO] [stdout]    |
[INFO] [stdout] 32 |     fn handle_error(&self, &mut NickelError<D>, &mut Request<D>) -> Action;
[INFO] [stdout]    |                            ^^^^^^^^^^^^^^^^^^^ help: try naming the parameter or explicitly ignoring it: `_: &mut NickelError<D>`
[INFO] [stdout]    |
[INFO] [stdout]    = warning: this is accepted in the current edition (Rust 2015) but is a hard error in Rust 2018!
[INFO] [stdout]    = note: for more information, see issue #41686 <https://github.com/rust-lang/rust/issues/41686>
[INFO] [stdout] 
[INFO] [stdout] 
[INFO] [stdout] warning: anonymous parameters are deprecated and will be removed in the next edition
[INFO] [stdout]   --> src/middleware.rs:32:49
[INFO] [stdout]    |
[INFO] [stdout] 32 |     fn handle_error(&self, &mut NickelError<D>, &mut Request<D>) -> Action;
[INFO] [stdout]    |                                                 ^^^^^^^^^^^^^^^ help: try naming the parameter or explicitly ignoring it: `_: &mut Request<D>`
[INFO] [stdout]    |
[INFO] [stdout]    = warning: this is accepted in the current edition (Rust 2015) but is a hard error in Rust 2018!
[INFO] [stdout]    = note: for more information, see issue #41686 <https://github.com/rust-lang/rust/issues/41686>
[INFO] [stdout] 
[INFO] [stdout] 
[INFO] [stdout] warning: anonymous parameters are deprecated and will be removed in the next edition
[INFO] [stdout]   --> src/responder.rs:25:26
[INFO] [stdout]    |
[INFO] [stdout] 25 |     fn respond<'a>(self, Response<'a, D>) -> MiddlewareResult<'a, D>;
[INFO] [stdout]    |                          ^^^^^^^^^^^^^^^ help: try naming the parameter or explicitly ignoring it: `_: Response<'a, D>`
[INFO] [stdout]    |
[INFO] [stdout]    = warning: this is accepted in the current edition (Rust 2015) but is a hard error in Rust 2018!
[INFO] [stdout]    = note: for more information, see issue #41686 <https://github.com/rust-lang/rust/issues/41686>
[INFO] [stdout] 
[INFO] [stdout] 
[INFO] [stderr]    Compiling nickel v0.11.0 (/opt/rustwide/workdir)
[INFO] [stdout] warning: use of deprecated macro `try`: use the `?` operator instead
[INFO] [stdout]   --> src/responder.rs:72:34
[INFO] [stdout]    |
[INFO] [stdout] 72 |                 let mut stream = try!(res.start());
[INFO] [stdout]    |                                  ^^^
[INFO] [stdout] 
[INFO] [stdout] 
[INFO] [stdout] warning: use of deprecated macro `try`: use the `?` operator instead
[INFO] [stdout]    --> src/responder.rs:114:34
[INFO] [stdout]     |
[INFO] [stdout] 114 |                 let mut stream = try!(res.start());
[INFO] [stdout]     |                                  ^^^
[INFO] [stdout] 
[INFO] [stdout] 
[INFO] [stdout] warning: use of deprecated macro `try`: use the `?` operator instead
[INFO] [stdout]   --> src/body_parser.rs:25:9
[INFO] [stdout]    |
[INFO] [stdout] 25 |         try!(req.origin.read_to_string(&mut buf));
[INFO] [stdout]    |         ^^^
[INFO] [stdout] 
[INFO] [stdout] 
[INFO] [stdout] warning: use of deprecated macro `try`: use the `?` operator instead
[INFO] [stdout]   --> src/body_parser.rs:46:28
[INFO] [stdout]    |
[INFO] [stdout] 46 |                 let body = try!(req.get_ref::<BodyReader>());
[INFO] [stdout]    |                            ^^^
[INFO] [stdout] 
[INFO] [stdout] 
[INFO] [stdout] warning: trait objects without an explicit `dyn` are deprecated
[INFO] [stdout]   --> src/router/router.rs:15:22
[INFO] [stdout]    |
[INFO] [stdout] 15 |     pub handler: Box<Middleware<D> + Send + Sync + 'static>,
[INFO] [stdout]    |                      ^^^^^^^^^^^^^^^^^^^^^^^^^^^^^^^^^^^^^
[INFO] [stdout]    |
[INFO] [stdout]    = warning: this is accepted in the current edition (Rust 2015) but is a hard error in Rust 2021!
[INFO] [stdout]    = note: for more information, see <https://doc.rust-lang.org/nightly/edition-guide/rust-2021/warnings-promoted-to-error.html>
[INFO] [stdout]    = note: `#[warn(bare_trait_objects)]` on by default
[INFO] [stdout] help: use `dyn`
[INFO] [stdout]    |
[INFO] [stdout] 15 |     pub handler: Box<dyn Middleware<D> + Send + Sync + 'static>,
[INFO] [stdout]    |                      +++
[INFO] [stdout] 
[INFO] [stdout] 
[INFO] [stdout] warning: trait objects without an explicit `dyn` are deprecated
[INFO] [stdout]   --> src/response.rs:30:22
[INFO] [stdout]    |
[INFO] [stdout] 30 |     on_send: Vec<Box<FnMut(&mut Response<'a, D, Fresh>)>>
[INFO] [stdout]    |                      ^^^^^^^^^^^^^^^^^^^^^^^^^^^^^^^^^^
[INFO] [stdout]    |
[INFO] [stdout]    = warning: this is accepted in the current edition (Rust 2015) but is a hard error in Rust 2021!
[INFO] [stdout]    = note: for more information, see <https://doc.rust-lang.org/nightly/edition-guide/rust-2021/warnings-promoted-to-error.html>
[INFO] [stdout] help: use `dyn`
[INFO] [stdout]    |
[INFO] [stdout] 30 |     on_send: Vec<Box<dyn FnMut(&mut Response<'a, D, Fresh>)>>
[INFO] [stdout]    |                      +++
[INFO] [stdout] 
[INFO] [stdout] 
[INFO] [stdout] warning: trait objects without an explicit `dyn` are deprecated
[INFO] [stdout]   --> src/middleware.rs:42:23
[INFO] [stdout]    |
[INFO] [stdout] 42 |     handlers: Vec<Box<Middleware<D> + Send + Sync>>,
[INFO] [stdout]    |                       ^^^^^^^^^^^^^^^^^^^^^^^^^^^
[INFO] [stdout]    |
[INFO] [stdout]    = warning: this is accepted in the current edition (Rust 2015) but is a hard error in Rust 2021!
[INFO] [stdout]    = note: for more information, see <https://doc.rust-lang.org/nightly/edition-guide/rust-2021/warnings-promoted-to-error.html>
[INFO] [stdout] help: use `dyn`
[INFO] [stdout]    |
[INFO] [stdout] 42 |     handlers: Vec<Box<dyn Middleware<D> + Send + Sync>>,
[INFO] [stdout]    |                       +++
[INFO] [stdout] 
[INFO] [stdout] 
[INFO] [stdout] warning: trait objects without an explicit `dyn` are deprecated
[INFO] [stdout]   --> src/middleware.rs:43:29
[INFO] [stdout]    |
[INFO] [stdout] 43 |     error_handlers: Vec<Box<ErrorHandler<D> + Send + Sync>>
[INFO] [stdout]    |                             ^^^^^^^^^^^^^^^^^^^^^^^^^^^^^
[INFO] [stdout]    |
[INFO] [stdout]    = warning: this is accepted in the current edition (Rust 2015) but is a hard error in Rust 2021!
[INFO] [stdout]    = note: for more information, see <https://doc.rust-lang.org/nightly/edition-guide/rust-2021/warnings-promoted-to-error.html>
[INFO] [stdout] help: use `dyn`
[INFO] [stdout]    |
[INFO] [stdout] 43 |     error_handlers: Vec<Box<dyn ErrorHandler<D> + Send + Sync>>
[INFO] [stdout]    |                             +++
[INFO] [stdout] 
[INFO] [stdout] 
[INFO] [stdout] warning: trait objects without an explicit `dyn` are deprecated
[INFO] [stdout]    --> src/nickel.rs:228:87
[INFO] [stdout]     |
[INFO] [stdout] 228 |     pub fn listen<T: ToSocketAddrs>(mut self, addr: T) -> Result<ListeningServer, Box<StdError>> {
[INFO] [stdout]     |                                                                                       ^^^^^^^^
[INFO] [stdout]     |
[INFO] [stdout]     = warning: this is accepted in the current edition (Rust 2015) but is a hard error in Rust 2021!
[INFO] [stdout]     = note: for more information, see <https://doc.rust-lang.org/nightly/edition-guide/rust-2021/warnings-promoted-to-error.html>
[INFO] [stdout] help: use `dyn`
[INFO] [stdout]     |
[INFO] [stdout] 228 |     pub fn listen<T: ToSocketAddrs>(mut self, addr: T) -> Result<ListeningServer, Box<dyn StdError>> {
[INFO] [stdout]     |                                                                                       +++
[INFO] [stdout] 
[INFO] [stdout] 
[INFO] [stdout] warning: trait objects without an explicit `dyn` are deprecated
[INFO] [stdout]    --> src/nickel.rs:300:88
[INFO] [stdout]     |
[INFO] [stdout] 300 |     pub fn listen_https<T,S>(mut self, addr: T, ssl: S) -> Result<ListeningServer, Box<StdError>>
[INFO] [stdout]     |                                                                                        ^^^^^^^^
[INFO] [stdout]     |
[INFO] [stdout]     = warning: this is accepted in the current edition (Rust 2015) but is a hard error in Rust 2021!
[INFO] [stdout]     = note: for more information, see <https://doc.rust-lang.org/nightly/edition-guide/rust-2021/warnings-promoted-to-error.html>
[INFO] [stdout] help: use `dyn`
[INFO] [stdout]     |
[INFO] [stdout] 300 |     pub fn listen_https<T,S>(mut self, addr: T, ssl: S) -> Result<ListeningServer, Box<dyn StdError>>
[INFO] [stdout]     |                                                                                        +++
[INFO] [stdout] 
[INFO] [stdout] 
[INFO] [stdout] warning: trait objects without an explicit `dyn` are deprecated
[INFO] [stdout]    --> src/body_parser.rs:115:32
[INFO] [stdout]     |
[INFO] [stdout] 115 |     fn cause(&self) -> Option<&StdError> {
[INFO] [stdout]     |                                ^^^^^^^^
[INFO] [stdout]     |
[INFO] [stdout]     = warning: this is accepted in the current edition (Rust 2015) but is a hard error in Rust 2021!
[INFO] [stdout]     = note: for more information, see <https://doc.rust-lang.org/nightly/edition-guide/rust-2021/warnings-promoted-to-error.html>
[INFO] [stdout] help: use `dyn`
[INFO] [stdout]     |
[INFO] [stdout] 115 |     fn cause(&self) -> Option<&dyn StdError> {
[INFO] [stdout]     |                                +++
[INFO] [stdout] 
[INFO] [stdout] 
[INFO] [stdout] warning: trait objects without an explicit `dyn` are deprecated
[INFO] [stdout]   --> src/nickel_error.rs:73:27
[INFO] [stdout]    |
[INFO] [stdout] 73 |         where T: Into<Box<Error + 'static>> {
[INFO] [stdout]    |                           ^^^^^^^^^^^^^^^
[INFO] [stdout]    |
[INFO] [stdout]    = warning: this is accepted in the current edition (Rust 2015) but is a hard error in Rust 2021!
[INFO] [stdout]    = note: for more information, see <https://doc.rust-lang.org/nightly/edition-guide/rust-2021/warnings-promoted-to-error.html>
[INFO] [stdout] help: use `dyn`
[INFO] [stdout]    |
[INFO] [stdout] 73 |         where T: Into<Box<dyn Error + 'static>> {
[INFO] [stdout]    |                           +++
[INFO] [stdout] 
[INFO] [stdout] 
[INFO] [stdout] warning: use of deprecated method `std::error::Error::description`: use the Display impl or to_string()
[INFO] [stdout]    --> src/body_parser.rs:110:43
[INFO] [stdout]     |
[INFO] [stdout] 110 |             BodyError::Io(ref err) => err.description(),
[INFO] [stdout]     |                                           ^^^^^^^^^^^
[INFO] [stdout] 
[INFO] [stdout] 
[INFO] [stdout] warning: use of deprecated method `std::error::Error::description`: use the Display impl or to_string()
[INFO] [stdout]    --> src/body_parser.rs:125:32
[INFO] [stdout]     |
[INFO] [stdout] 125 |         write!(out, "{}", self.description())
[INFO] [stdout]     |                                ^^^^^^^^^^^
[INFO] [stdout] 
[INFO] [stdout] 
[INFO] [stdout] warning: use of deprecated method `std::error::Error::description`: use the Display impl or to_string()
[INFO] [stdout]   --> src/nickel_error.rs:76:35
[INFO] [stdout]    |
[INFO] [stdout] 76 |         NickelError::new(res, err.description().to_string(), errorcode)
[INFO] [stdout]    |                                   ^^^^^^^^^^^
[INFO] [stdout] 
[INFO] [stdout] 
[INFO] [stdout] warning: 28 warnings emitted
[INFO] [stdout] 
[INFO] [stdout] 
[INFO] [stdout] warning: trait objects without an explicit `dyn` are deprecated
[INFO] [stdout]   --> examples/integration_testing.rs:38:19
[INFO] [stdout]    |
[INFO] [stdout] 38 |     database: Box<Database>
[INFO] [stdout]    |                   ^^^^^^^^
[INFO] [stdout]    |
[INFO] [stdout]    = warning: this is accepted in the current edition (Rust 2015) but is a hard error in Rust 2021!
[INFO] [stdout]    = note: for more information, see <https://doc.rust-lang.org/nightly/edition-guide/rust-2021/warnings-promoted-to-error.html>
[INFO] [stdout]    = note: `#[warn(bare_trait_objects)]` on by default
[INFO] [stdout] help: use `dyn`
[INFO] [stdout]    |
[INFO] [stdout] 38 |     database: Box<dyn Database>
[INFO] [stdout]    |                   +++
[INFO] [stdout] 
[INFO] [stdout] 
[INFO] [stdout] warning: trait objects without an explicit `dyn` are deprecated
[INFO] [stdout]   --> examples/integration_testing.rs:68:79
[INFO] [stdout]    |
[INFO] [stdout] 68 | fn start_server<D>(address: &str, database: D) -> Result<ListeningServer, Box<StdError>>
[INFO] [stdout]    |                                                                               ^^^^^^^^
[INFO] [stdout]    |
[INFO] [stdout]    = warning: this is accepted in the current edition (Rust 2015) but is a hard error in Rust 2021!
[INFO] [stdout]    = note: for more information, see <https://doc.rust-lang.org/nightly/edition-guide/rust-2021/warnings-promoted-to-error.html>
[INFO] [stdout] help: use `dyn`
[INFO] [stdout]    |
[INFO] [stdout] 68 | fn start_server<D>(address: &str, database: D) -> Result<ListeningServer, Box<dyn StdError>>
[INFO] [stdout]    |                                                                               +++
[INFO] [stdout] 
[INFO] [stdout] 
[INFO] [stdout] warning: unused `#[macro_use]` import
[INFO] [stdout]  --> tests/example_tests.rs:3:1
[INFO] [stdout]   |
[INFO] [stdout] 3 | #[macro_use] extern crate serde_derive;
[INFO] [stdout]   | ^^^^^^^^^^^^
[INFO] [stdout]   |
[INFO] [stdout]   = note: `#[warn(unused_imports)]` on by default
[INFO] [stdout] 
[INFO] [stdout] 
[INFO] [stdout] warning: trait objects without an explicit `dyn` are deprecated
[INFO] [stdout]   --> tests/examples/../../examples/integration_testing.rs:38:19
[INFO] [stdout]    |
[INFO] [stdout] 38 |     database: Box<Database>
[INFO] [stdout]    |                   ^^^^^^^^
[INFO] [stdout]    |
[INFO] [stdout]    = warning: this is accepted in the current edition (Rust 2015) but is a hard error in Rust 2021!
[INFO] [stdout]    = note: for more information, see <https://doc.rust-lang.org/nightly/edition-guide/rust-2021/warnings-promoted-to-error.html>
[INFO] [stdout]    = note: `#[warn(bare_trait_objects)]` on by default
[INFO] [stdout] help: use `dyn`
[INFO] [stdout]    |
[INFO] [stdout] 38 |     database: Box<dyn Database>
[INFO] [stdout]    |                   +++
[INFO] [stdout] 
[INFO] [stdout] 
[INFO] [stdout] warning: trait objects without an explicit `dyn` are deprecated
[INFO] [stdout]   --> tests/examples/../../examples/integration_testing.rs:68:79
[INFO] [stdout]    |
[INFO] [stdout] 68 | fn start_server<D>(address: &str, database: D) -> Result<ListeningServer, Box<StdError>>
[INFO] [stdout]    |                                                                               ^^^^^^^^
[INFO] [stdout]    |
[INFO] [stdout]    = warning: this is accepted in the current edition (Rust 2015) but is a hard error in Rust 2021!
[INFO] [stdout]    = note: for more information, see <https://doc.rust-lang.org/nightly/edition-guide/rust-2021/warnings-promoted-to-error.html>
[INFO] [stdout] help: use `dyn`
[INFO] [stdout]    |
[INFO] [stdout] 68 | fn start_server<D>(address: &str, database: D) -> Result<ListeningServer, Box<dyn StdError>>
[INFO] [stdout]    |                                                                               +++
[INFO] [stdout] 
[INFO] [stdout] 
[INFO] [stdout] warning: anonymous parameters are deprecated and will be removed in the next edition
[INFO] [stdout]   --> src/router/http_router.rs:39:65
[INFO] [stdout]    |
[INFO] [stdout] 39 |     fn add_route<M: Into<Matcher>, H: Middleware<D>>(&mut self, Method, M, H) -> &mut Self;
[INFO] [stdout]    |                                                                 ^^^^^^ help: try naming the parameter or explicitly ignoring it: `_: Method`
[INFO] [stdout]    |
[INFO] [stdout]    = warning: this is accepted in the current edition (Rust 2015) but is a hard error in Rust 2018!
[INFO] [stdout]    = note: for more information, see issue #41686 <https://github.com/rust-lang/rust/issues/41686>
[INFO] [stdout]    = note: `#[warn(anonymous_parameters)]` on by default
[INFO] [stdout] 
[INFO] [stdout] 
[INFO] [stdout] warning: anonymous parameters are deprecated and will be removed in the next edition
[INFO] [stdout]   --> src/router/http_router.rs:39:73
[INFO] [stdout]    |
[INFO] [stdout] 39 |     fn add_route<M: Into<Matcher>, H: Middleware<D>>(&mut self, Method, M, H) -> &mut Self;
[INFO] [stdout]    |                                                                         ^ help: try naming the parameter or explicitly ignoring it: `_: M`
[INFO] [stdout]    |
[INFO] [stdout]    = warning: this is accepted in the current edition (Rust 2015) but is a hard error in Rust 2018!
[INFO] [stdout]    = note: for more information, see issue #41686 <https://github.com/rust-lang/rust/issues/41686>
[INFO] [stdout] 
[INFO] [stdout] 
[INFO] [stdout] warning: anonymous parameters are deprecated and will be removed in the next edition
[INFO] [stdout]   --> src/router/http_router.rs:39:76
[INFO] [stdout]    |
[INFO] [stdout] 39 |     fn add_route<M: Into<Matcher>, H: Middleware<D>>(&mut self, Method, M, H) -> &mut Self;
[INFO] [stdout]    |                                                                            ^ help: try naming the parameter or explicitly ignoring it: `_: H`
[INFO] [stdout]    |
[INFO] [stdout]    = warning: this is accepted in the current edition (Rust 2015) but is a hard error in Rust 2018!
[INFO] [stdout]    = note: for more information, see issue #41686 <https://github.com/rust-lang/rust/issues/41686>
[INFO] [stdout] 
[INFO] [stdout] 
[INFO] [stdout] warning: use of deprecated macro `try`: use the `?` operator instead
[INFO] [stdout]   --> src/server.rs:51:26
[INFO] [stdout]    |
[INFO] [stdout] 51 |         let mut server = try!(HyperServer::http(addr));
[INFO] [stdout]    |                          ^^^
[INFO] [stdout]    |
[INFO] [stdout]    = note: `#[warn(deprecated)]` on by default
[INFO] [stdout] 
[INFO] [stdout] 
[INFO] [stdout] warning: use of deprecated macro `try`: use the `?` operator instead
[INFO] [stdout]   --> src/server.rs:72:26
[INFO] [stdout]    |
[INFO] [stdout] 72 |         let mut server = try!(HyperServer::https(addr, ssl));
[INFO] [stdout]    |                          ^^^
[INFO] [stdout] 
[INFO] [stdout] 
[INFO] [stdout] warning: use of deprecated macro `try`: use the `?` operator instead
[INFO] [stdout]    --> src/nickel.rs:240:13
[INFO] [stdout]     |
[INFO] [stdout] 240 |             try!(server.serve("localhost:0",
[INFO] [stdout]     |             ^^^
[INFO] [stdout] 
[INFO] [stdout] 
[INFO] [stdout] warning: use of deprecated macro `try`: use the `?` operator instead
[INFO] [stdout]    --> src/nickel.rs:244:13
[INFO] [stdout]     |
[INFO] [stdout] 244 |             try!(server.serve(addr,
[INFO] [stdout]     |             ^^^
[INFO] [stdout] 
[INFO] [stdout] 
[INFO] [stdout] warning: use of deprecated macro `try`: use the `?` operator instead
[INFO] [stdout]    --> src/nickel.rs:314:13
[INFO] [stdout]     |
[INFO] [stdout] 314 |             try!(server.serve_https("localhost:0",
[INFO] [stdout]     |             ^^^
[INFO] [stdout] 
[INFO] [stdout] 
[INFO] [stdout] warning: use of deprecated macro `try`: use the `?` operator instead
[INFO] [stdout]    --> src/nickel.rs:319:13
[INFO] [stdout]     |
[INFO] [stdout] 319 |             try!(server.serve_https(addr,
[INFO] [stdout]     |             ^^^
[INFO] [stdout] 
[INFO] [stdout] 
[INFO] [stdout] warning: use of deprecated macro `try`: use the `?` operator instead
[INFO] [stdout]    --> src/response.rs:136:26
[INFO] [stdout]     |
[INFO] [stdout] 136 |         let mut stream = try!(self.start());
[INFO] [stdout]     |                          ^^^
[INFO] [stdout] 
[INFO] [stdout] 
[INFO] [stdout] warning: anonymous parameters are deprecated and will be removed in the next edition
[INFO] [stdout]   --> src/middleware.rs:32:28
[INFO] [stdout]    |
[INFO] [stdout] 32 |     fn handle_error(&self, &mut NickelError<D>, &mut Request<D>) -> Action;
[INFO] [stdout]    |                            ^^^^^^^^^^^^^^^^^^^ help: try naming the parameter or explicitly ignoring it: `_: &mut NickelError<D>`
[INFO] [stdout]    |
[INFO] [stdout]    = warning: this is accepted in the current edition (Rust 2015) but is a hard error in Rust 2018!
[INFO] [stdout]    = note: for more information, see issue #41686 <https://github.com/rust-lang/rust/issues/41686>
[INFO] [stdout] 
[INFO] [stdout] 
[INFO] [stdout] warning: anonymous parameters are deprecated and will be removed in the next edition
[INFO] [stdout]   --> src/middleware.rs:32:49
[INFO] [stdout]    |
[INFO] [stdout] 32 |     fn handle_error(&self, &mut NickelError<D>, &mut Request<D>) -> Action;
[INFO] [stdout]    |                                                 ^^^^^^^^^^^^^^^ help: try naming the parameter or explicitly ignoring it: `_: &mut Request<D>`
[INFO] [stdout]    |
[INFO] [stdout]    = warning: this is accepted in the current edition (Rust 2015) but is a hard error in Rust 2018!
[INFO] [stdout]    = note: for more information, see issue #41686 <https://github.com/rust-lang/rust/issues/41686>
[INFO] [stdout] 
[INFO] [stdout] 
[INFO] [stdout] warning: anonymous parameters are deprecated and will be removed in the next edition
[INFO] [stdout]   --> src/responder.rs:25:26
[INFO] [stdout]    |
[INFO] [stdout] 25 |     fn respond<'a>(self, Response<'a, D>) -> MiddlewareResult<'a, D>;
[INFO] [stdout]    |                          ^^^^^^^^^^^^^^^ help: try naming the parameter or explicitly ignoring it: `_: Response<'a, D>`
[INFO] [stdout]    |
[INFO] [stdout]    = warning: this is accepted in the current edition (Rust 2015) but is a hard error in Rust 2018!
[INFO] [stdout]    = note: for more information, see issue #41686 <https://github.com/rust-lang/rust/issues/41686>
[INFO] [stdout] 
[INFO] [stdout] 
[INFO] [stdout] warning: use of deprecated macro `try`: use the `?` operator instead
[INFO] [stdout]   --> src/responder.rs:72:34
[INFO] [stdout]    |
[INFO] [stdout] 72 |                 let mut stream = try!(res.start());
[INFO] [stdout]    |                                  ^^^
[INFO] [stdout] 
[INFO] [stdout] 
[INFO] [stdout] warning: use of deprecated macro `try`: use the `?` operator instead
[INFO] [stdout]    --> src/responder.rs:114:34
[INFO] [stdout]     |
[INFO] [stdout] 114 |                 let mut stream = try!(res.start());
[INFO] [stdout]     |                                  ^^^
[INFO] [stdout] 
[INFO] [stdout] 
[INFO] [stdout] warning: use of deprecated macro `try`: use the `?` operator instead
[INFO] [stdout]   --> src/body_parser.rs:25:9
[INFO] [stdout]    |
[INFO] [stdout] 25 |         try!(req.origin.read_to_string(&mut buf));
[INFO] [stdout]    |         ^^^
[INFO] [stdout] 
[INFO] [stdout] 
[INFO] [stdout] warning: use of deprecated macro `try`: use the `?` operator instead
[INFO] [stdout]   --> src/body_parser.rs:46:28
[INFO] [stdout]    |
[INFO] [stdout] 46 |                 let body = try!(req.get_ref::<BodyReader>());
[INFO] [stdout]    |                            ^^^
[INFO] [stdout] 
[INFO] [stdout] 
[INFO] [stdout] warning: trait objects without an explicit `dyn` are deprecated
[INFO] [stdout]   --> src/router/router.rs:15:22
[INFO] [stdout]    |
[INFO] [stdout] 15 |     pub handler: Box<Middleware<D> + Send + Sync + 'static>,
[INFO] [stdout]    |                      ^^^^^^^^^^^^^^^^^^^^^^^^^^^^^^^^^^^^^
[INFO] [stdout]    |
[INFO] [stdout]    = warning: this is accepted in the current edition (Rust 2015) but is a hard error in Rust 2021!
[INFO] [stdout]    = note: for more information, see <https://doc.rust-lang.org/nightly/edition-guide/rust-2021/warnings-promoted-to-error.html>
[INFO] [stdout]    = note: `#[warn(bare_trait_objects)]` on by default
[INFO] [stdout] help: use `dyn`
[INFO] [stdout]    |
[INFO] [stdout] 15 |     pub handler: Box<dyn Middleware<D> + Send + Sync + 'static>,
[INFO] [stdout]    |                      +++
[INFO] [stdout] 
[INFO] [stdout] 
[INFO] [stdout] warning: trait objects without an explicit `dyn` are deprecated
[INFO] [stdout]   --> src/response.rs:30:22
[INFO] [stdout]    |
[INFO] [stdout] 30 |     on_send: Vec<Box<FnMut(&mut Response<'a, D, Fresh>)>>
[INFO] [stdout]    |                      ^^^^^^^^^^^^^^^^^^^^^^^^^^^^^^^^^^
[INFO] [stdout]    |
[INFO] [stdout]    = warning: this is accepted in the current edition (Rust 2015) but is a hard error in Rust 2021!
[INFO] [stdout]    = note: for more information, see <https://doc.rust-lang.org/nightly/edition-guide/rust-2021/warnings-promoted-to-error.html>
[INFO] [stdout] help: use `dyn`
[INFO] [stdout]    |
[INFO] [stdout] 30 |     on_send: Vec<Box<dyn FnMut(&mut Response<'a, D, Fresh>)>>
[INFO] [stdout]    |                      +++
[INFO] [stdout] 
[INFO] [stdout] 
[INFO] [stdout] warning: trait objects without an explicit `dyn` are deprecated
[INFO] [stdout]   --> src/middleware.rs:42:23
[INFO] [stdout]    |
[INFO] [stdout] 42 |     handlers: Vec<Box<Middleware<D> + Send + Sync>>,
[INFO] [stdout]    |                       ^^^^^^^^^^^^^^^^^^^^^^^^^^^
[INFO] [stdout]    |
[INFO] [stdout]    = warning: this is accepted in the current edition (Rust 2015) but is a hard error in Rust 2021!
[INFO] [stdout]    = note: for more information, see <https://doc.rust-lang.org/nightly/edition-guide/rust-2021/warnings-promoted-to-error.html>
[INFO] [stdout] help: use `dyn`
[INFO] [stdout]    |
[INFO] [stdout] 42 |     handlers: Vec<Box<dyn Middleware<D> + Send + Sync>>,
[INFO] [stdout]    |                       +++
[INFO] [stdout] 
[INFO] [stdout] 
[INFO] [stdout] warning: trait objects without an explicit `dyn` are deprecated
[INFO] [stdout]   --> src/middleware.rs:43:29
[INFO] [stdout]    |
[INFO] [stdout] 43 |     error_handlers: Vec<Box<ErrorHandler<D> + Send + Sync>>
[INFO] [stdout]    |                             ^^^^^^^^^^^^^^^^^^^^^^^^^^^^^
[INFO] [stdout]    |
[INFO] [stdout]    = warning: this is accepted in the current edition (Rust 2015) but is a hard error in Rust 2021!
[INFO] [stdout]    = note: for more information, see <https://doc.rust-lang.org/nightly/edition-guide/rust-2021/warnings-promoted-to-error.html>
[INFO] [stdout] help: use `dyn`
[INFO] [stdout]    |
[INFO] [stdout] 43 |     error_handlers: Vec<Box<dyn ErrorHandler<D> + Send + Sync>>
[INFO] [stdout]    |                             +++
[INFO] [stdout] 
[INFO] [stdout] 
[INFO] [stdout] warning: trait objects without an explicit `dyn` are deprecated
[INFO] [stdout]    --> src/nickel.rs:228:87
[INFO] [stdout]     |
[INFO] [stdout] 228 |     pub fn listen<T: ToSocketAddrs>(mut self, addr: T) -> Result<ListeningServer, Box<StdError>> {
[INFO] [stdout]     |                                                                                       ^^^^^^^^
[INFO] [stdout]     |
[INFO] [stdout]     = warning: this is accepted in the current edition (Rust 2015) but is a hard error in Rust 2021!
[INFO] [stdout]     = note: for more information, see <https://doc.rust-lang.org/nightly/edition-guide/rust-2021/warnings-promoted-to-error.html>
[INFO] [stdout] help: use `dyn`
[INFO] [stdout]     |
[INFO] [stdout] 228 |     pub fn listen<T: ToSocketAddrs>(mut self, addr: T) -> Result<ListeningServer, Box<dyn StdError>> {
[INFO] [stdout]     |                                                                                       +++
[INFO] [stdout] 
[INFO] [stdout] 
[INFO] [stdout] warning: trait objects without an explicit `dyn` are deprecated
[INFO] [stdout]    --> src/nickel.rs:300:88
[INFO] [stdout]     |
[INFO] [stdout] 300 |     pub fn listen_https<T,S>(mut self, addr: T, ssl: S) -> Result<ListeningServer, Box<StdError>>
[INFO] [stdout]     |                                                                                        ^^^^^^^^
[INFO] [stdout]     |
[INFO] [stdout]     = warning: this is accepted in the current edition (Rust 2015) but is a hard error in Rust 2021!
[INFO] [stdout]     = note: for more information, see <https://doc.rust-lang.org/nightly/edition-guide/rust-2021/warnings-promoted-to-error.html>
[INFO] [stdout] help: use `dyn`
[INFO] [stdout]     |
[INFO] [stdout] 300 |     pub fn listen_https<T,S>(mut self, addr: T, ssl: S) -> Result<ListeningServer, Box<dyn StdError>>
[INFO] [stdout]     |                                                                                        +++
[INFO] [stdout] 
[INFO] [stdout] 
[INFO] [stdout] warning: trait objects without an explicit `dyn` are deprecated
[INFO] [stdout]    --> src/body_parser.rs:115:32
[INFO] [stdout]     |
[INFO] [stdout] 115 |     fn cause(&self) -> Option<&StdError> {
[INFO] [stdout]     |                                ^^^^^^^^
[INFO] [stdout]     |
[INFO] [stdout]     = warning: this is accepted in the current edition (Rust 2015) but is a hard error in Rust 2021!
[INFO] [stdout]     = note: for more information, see <https://doc.rust-lang.org/nightly/edition-guide/rust-2021/warnings-promoted-to-error.html>
[INFO] [stdout] help: use `dyn`
[INFO] [stdout]     |
[INFO] [stdout] 115 |     fn cause(&self) -> Option<&dyn StdError> {
[INFO] [stdout]     |                                +++
[INFO] [stdout] 
[INFO] [stdout] 
[INFO] [stdout] warning: trait objects without an explicit `dyn` are deprecated
[INFO] [stdout]   --> src/nickel_error.rs:73:27
[INFO] [stdout]    |
[INFO] [stdout] 73 |         where T: Into<Box<Error + 'static>> {
[INFO] [stdout]    |                           ^^^^^^^^^^^^^^^
[INFO] [stdout]    |
[INFO] [stdout]    = warning: this is accepted in the current edition (Rust 2015) but is a hard error in Rust 2021!
[INFO] [stdout]    = note: for more information, see <https://doc.rust-lang.org/nightly/edition-guide/rust-2021/warnings-promoted-to-error.html>
[INFO] [stdout] help: use `dyn`
[INFO] [stdout]    |
[INFO] [stdout] 73 |         where T: Into<Box<dyn Error + 'static>> {
[INFO] [stdout]    |                           +++
[INFO] [stdout] 
[INFO] [stdout] 
[INFO] [stdout] warning: use of deprecated method `std::error::Error::description`: use the Display impl or to_string()
[INFO] [stdout]    --> src/body_parser.rs:110:43
[INFO] [stdout]     |
[INFO] [stdout] 110 |             BodyError::Io(ref err) => err.description(),
[INFO] [stdout]     |                                           ^^^^^^^^^^^
[INFO] [stdout] 
[INFO] [stdout] 
[INFO] [stdout] warning: use of deprecated method `std::error::Error::description`: use the Display impl or to_string()
[INFO] [stdout]    --> src/body_parser.rs:125:32
[INFO] [stdout]     |
[INFO] [stdout] 125 |         write!(out, "{}", self.description())
[INFO] [stdout]     |                                ^^^^^^^^^^^
[INFO] [stdout] 
[INFO] [stdout] 
[INFO] [stdout] warning: use of deprecated method `std::error::Error::description`: use the Display impl or to_string()
[INFO] [stdout]   --> src/nickel_error.rs:76:35
[INFO] [stdout]    |
[INFO] [stdout] 76 |         NickelError::new(res, err.description().to_string(), errorcode)
[INFO] [stdout]    |                                   ^^^^^^^^^^^
[INFO] [stdout] 
[INFO] [stdout] 
[INFO] [stderr] error: could not compile `nickel` (lib test); 28 warnings emitted
[INFO] [stderr] 
[INFO] [stderr] Caused by:
[INFO] [stderr]   process didn't exit successfully: `/opt/rustwide/rustup-home/toolchains/beta-2023-12-22-x86_64-unknown-linux-gnu/bin/rustc --crate-name nickel src/lib.rs --error-format=json --json=diagnostic-rendered-ansi,artifacts,future-incompat --emit=dep-info,link -C embed-bitcode=no -C debuginfo=2 --test -C metadata=b2f5856010971ab0 -C extra-filename=-b2f5856010971ab0 --out-dir /opt/rustwide/target/debug/deps -L dependency=/opt/rustwide/target/debug/deps --extern groupable=/opt/rustwide/target/debug/deps/libgroupable-31c6ceb5bd11601e.rlib --extern hyper=/opt/rustwide/target/debug/deps/libhyper-f4f84cbcaf2f51b6.rlib --extern lazy_static=/opt/rustwide/target/debug/deps/liblazy_static-efa3519517df6cf0.rlib --extern log=/opt/rustwide/target/debug/deps/liblog-9f0ae329ac7e5a32.rlib --extern modifier=/opt/rustwide/target/debug/deps/libmodifier-74b93f798de27a59.rlib --extern mustache=/opt/rustwide/target/debug/deps/libmustache-65ee51ab77031528.rlib --extern plugin=/opt/rustwide/target/debug/deps/libplugin-a86ed267c0df2132.rlib --extern regex=/opt/rustwide/target/debug/deps/libregex-6b2e15812834269a.rlib --extern serde=/opt/rustwide/target/debug/deps/libserde-43396d81f5c62e04.rlib --extern serde_derive=/opt/rustwide/target/debug/deps/libserde_derive-cdf79b401277c1da.so --extern serde_json=/opt/rustwide/target/debug/deps/libserde_json-4c7675d40885eab7.rlib --extern time=/opt/rustwide/target/debug/deps/libtime-03edf8a509b46ae9.rlib --extern typemap=/opt/rustwide/target/debug/deps/libtypemap-810d020b422b99ab.rlib --extern url=/opt/rustwide/target/debug/deps/liburl-b7e8506f15bc6729.rlib --cap-lints=warn` (signal: 9, SIGKILL: kill)
[INFO] [stderr] warning: build failed, waiting for other jobs to finish...
[INFO] [stderr] error: could not compile `nickel` (test "example_tests"); 3 warnings emitted
[INFO] [stderr] 
[INFO] [stderr] Caused by:
[INFO] [stderr]   process didn't exit successfully: `/opt/rustwide/rustup-home/toolchains/beta-2023-12-22-x86_64-unknown-linux-gnu/bin/rustc --crate-name example_tests tests/example_tests.rs --error-format=json --json=diagnostic-rendered-ansi,artifacts,future-incompat --emit=dep-info,link -C embed-bitcode=no -C debuginfo=2 --test -C metadata=1a6aec8e2b5153f2 -C extra-filename=-1a6aec8e2b5153f2 --out-dir /opt/rustwide/target/debug/deps -L dependency=/opt/rustwide/target/debug/deps --extern groupable=/opt/rustwide/target/debug/deps/libgroupable-31c6ceb5bd11601e.rlib --extern hyper=/opt/rustwide/target/debug/deps/libhyper-f4f84cbcaf2f51b6.rlib --extern lazy_static=/opt/rustwide/target/debug/deps/liblazy_static-efa3519517df6cf0.rlib --extern log=/opt/rustwide/target/debug/deps/liblog-9f0ae329ac7e5a32.rlib --extern modifier=/opt/rustwide/target/debug/deps/libmodifier-74b93f798de27a59.rlib --extern mustache=/opt/rustwide/target/debug/deps/libmustache-65ee51ab77031528.rlib --extern nickel=/opt/rustwide/target/debug/deps/libnickel-7916b4170935171b.rlib --extern plugin=/opt/rustwide/target/debug/deps/libplugin-a86ed267c0df2132.rlib --extern regex=/opt/rustwide/target/debug/deps/libregex-6b2e15812834269a.rlib --extern serde=/opt/rustwide/target/debug/deps/libserde-43396d81f5c62e04.rlib --extern serde_derive=/opt/rustwide/target/debug/deps/libserde_derive-cdf79b401277c1da.so --extern serde_json=/opt/rustwide/target/debug/deps/libserde_json-4c7675d40885eab7.rlib --extern time=/opt/rustwide/target/debug/deps/libtime-03edf8a509b46ae9.rlib --extern typemap=/opt/rustwide/target/debug/deps/libtypemap-810d020b422b99ab.rlib --extern url=/opt/rustwide/target/debug/deps/liburl-b7e8506f15bc6729.rlib --cap-lints=warn` (signal: 9, SIGKILL: kill)
[INFO] [stderr] error: could not compile `nickel` (example "integration_testing"); 2 warnings emitted
[INFO] [stderr] 
[INFO] [stderr] Caused by:
[INFO] [stderr]   process didn't exit successfully: `/opt/rustwide/rustup-home/toolchains/beta-2023-12-22-x86_64-unknown-linux-gnu/bin/rustc --crate-name integration_testing examples/integration_testing.rs --error-format=json --json=diagnostic-rendered-ansi,artifacts,future-incompat --crate-type bin --emit=dep-info,link -C embed-bitcode=no -C debuginfo=2 -C metadata=7e80294a9ab3f175 -C extra-filename=-7e80294a9ab3f175 --out-dir /opt/rustwide/target/debug/examples -L dependency=/opt/rustwide/target/debug/deps --extern groupable=/opt/rustwide/target/debug/deps/libgroupable-31c6ceb5bd11601e.rlib --extern hyper=/opt/rustwide/target/debug/deps/libhyper-f4f84cbcaf2f51b6.rlib --extern lazy_static=/opt/rustwide/target/debug/deps/liblazy_static-efa3519517df6cf0.rlib --extern log=/opt/rustwide/target/debug/deps/liblog-9f0ae329ac7e5a32.rlib --extern modifier=/opt/rustwide/target/debug/deps/libmodifier-74b93f798de27a59.rlib --extern mustache=/opt/rustwide/target/debug/deps/libmustache-65ee51ab77031528.rlib --extern nickel=/opt/rustwide/target/debug/deps/libnickel-7916b4170935171b.rlib --extern plugin=/opt/rustwide/target/debug/deps/libplugin-a86ed267c0df2132.rlib --extern regex=/opt/rustwide/target/debug/deps/libregex-6b2e15812834269a.rlib --extern serde=/opt/rustwide/target/debug/deps/libserde-43396d81f5c62e04.rlib --extern serde_derive=/opt/rustwide/target/debug/deps/libserde_derive-cdf79b401277c1da.so --extern serde_json=/opt/rustwide/target/debug/deps/libserde_json-4c7675d40885eab7.rlib --extern time=/opt/rustwide/target/debug/deps/libtime-03edf8a509b46ae9.rlib --extern typemap=/opt/rustwide/target/debug/deps/libtypemap-810d020b422b99ab.rlib --extern url=/opt/rustwide/target/debug/deps/liburl-b7e8506f15bc6729.rlib --cap-lints=warn` (signal: 9, SIGKILL: kill)
[INFO] [stdout] error: linking with `cc` failed: exit status: 1
[INFO] [stdout]   |
[INFO] [stdout]   = note: LC_ALL="C" PATH="/opt/rustwide/rustup-home/toolchains/beta-2023-12-22-x86_64-unknown-linux-gnu/lib/rustlib/x86_64-unknown-linux-gnu/bin:/opt/rustwide/cargo-home/bin:/usr/local/sbin:/usr/local/bin:/usr/sbin:/usr/bin:/sbin:/bin" VSLANG="1033" "cc" "-m64" "/tmp/rustcM6vVTd/symbols.o" "/opt/rustwide/target/debug/examples/routing-a8867786f7caa158.routing.2ceeb64f36519c47-cgu.0.rcgu.o" "/opt/rustwide/target/debug/examples/routing-a8867786f7caa158.routing.2ceeb64f36519c47-cgu.1.rcgu.o" "/opt/rustwide/target/debug/examples/routing-a8867786f7caa158.routing.2ceeb64f36519c47-cgu.2.rcgu.o" "/opt/rustwide/target/debug/examples/routing-a8867786f7caa158.routing.2ceeb64f36519c47-cgu.3.rcgu.o" "/opt/rustwide/target/debug/examples/routing-a8867786f7caa158.routing.2ceeb64f36519c47-cgu.4.rcgu.o" "/opt/rustwide/target/debug/examples/routing-a8867786f7caa158.routing.2ceeb64f36519c47-cgu.5.rcgu.o" "/opt/rustwide/target/debug/examples/routing-a8867786f7caa158.routing.2ceeb64f36519c47-cgu.6.rcgu.o" "/opt/rustwide/target/debug/examples/routing-a8867786f7caa158.routing.2ceeb64f36519c47-cgu.7.rcgu.o" "/opt/rustwide/target/debug/examples/routing-a8867786f7caa158.3cmm7zkmjm1bmsfn.rcgu.o" "-Wl,--as-needed" "-L" "/opt/rustwide/target/debug/deps" "-L" "/opt/rustwide/rustup-home/toolchains/beta-2023-12-22-x86_64-unknown-linux-gnu/lib/rustlib/x86_64-unknown-linux-gnu/lib" "-Wl,-Bstatic" "/opt/rustwide/target/debug/deps/libnickel-7916b4170935171b.rlib" "/opt/rustwide/target/debug/deps/liblazy_static-efa3519517df6cf0.rlib" "/opt/rustwide/target/debug/deps/libmodifier-74b93f798de27a59.rlib" "/opt/rustwide/target/debug/deps/libgroupable-31c6ceb5bd11601e.rlib" "/opt/rustwide/target/debug/deps/libmustache-65ee51ab77031528.rlib" "/opt/rustwide/target/debug/deps/libplugin-a86ed267c0df2132.rlib" "/opt/rustwide/target/debug/deps/libtypemap-810d020b422b99ab.rlib" "/opt/rustwide/target/debug/deps/libunsafe_any-bb5aed200e89c25a.rlib" "/opt/rustwide/target/debug/deps/libregex-6b2e15812834269a.rlib" "/opt/rustwide/target/debug/deps/libregex_automata-18e9b4bafe25d656.rlib" "/opt/rustwide/target/debug/deps/libaho_corasick-0efee17d6ff570a3.rlib" "/opt/rustwide/target/debug/deps/libmemchr-14a47255884553ca.rlib" "/opt/rustwide/target/debug/deps/libregex_syntax-2fba322c2516c6a3.rlib" "/opt/rustwide/target/debug/deps/libhyper-f4f84cbcaf2f51b6.rlib" "/opt/rustwide/target/debug/deps/libmime-a78df461880e30ad.rlib" "/opt/rustwide/target/debug/deps/liblog-9f0ae329ac7e5a32.rlib" "/opt/rustwide/target/debug/deps/liblog-2cf4a51dfa4e790a.rlib" "/opt/rustwide/target/debug/deps/liblanguage_tags-e669a6fde40f72d1.rlib" "/opt/rustwide/target/debug/deps/libtypeable-331d1127035dc2b9.rlib" "/opt/rustwide/target/debug/deps/libtraitobject-4af76922d261858d.rlib" "/opt/rustwide/target/debug/deps/libnum_cpus-8571ef1a3f762e93.rlib" "/opt/rustwide/target/debug/deps/libhttparse-2dbc320ca65411a3.rlib" "/opt/rustwide/target/debug/deps/libunicase-36bb90371b25ab51.rlib" "/opt/rustwide/target/debug/deps/liburl-b7e8506f15bc6729.rlib" "/opt/rustwide/target/debug/deps/libpercent_encoding-39f007c0633ec8a6.rlib" "/opt/rustwide/target/debug/deps/libidna-9c132200a865b598.rlib" "/opt/rustwide/target/debug/deps/libunicode_normalization-6720ecd938ebfb2b.rlib" "/opt/rustwide/target/debug/deps/libtinyvec-dcbbce603bc23510.rlib" "/opt/rustwide/target/debug/deps/libtinyvec_macros-333661e3b238a9a3.rlib" "/opt/rustwide/target/debug/deps/libunicode_bidi-1d5be417c01f34b2.rlib" "/opt/rustwide/target/debug/deps/libmatches-59081526691d27d6.rlib" "/opt/rustwide/target/debug/deps/libbase64-b8298140f750cd01.rlib" "/opt/rustwide/target/debug/deps/libsafemem-c5268489761944e6.rlib" "/opt/rustwide/target/debug/deps/libbyteorder-6ac88002c46ec63a.rlib" "/opt/rustwide/target/debug/deps/libserde_json-4c7675d40885eab7.rlib" "/opt/rustwide/target/debug/deps/libryu-4b03a7708da1319d.rlib" "/opt/rustwide/target/debug/deps/libitoa-34968a9f29c36fec.rlib" "/opt/rustwide/target/debug/deps/libserde-43396d81f5c62e04.rlib" "/opt/rustwide/target/debug/deps/libtime-03edf8a509b46ae9.rlib" "/opt/rustwide/target/debug/deps/liblibc-9bdc13f38078ecbe.rlib" "/opt/rustwide/rustup-home/toolchains/beta-2023-12-22-x86_64-unknown-linux-gnu/lib/rustlib/x86_64-unknown-linux-gnu/lib/libstd-0672489a78b613de.rlib" "/opt/rustwide/rustup-home/toolchains/beta-2023-12-22-x86_64-unknown-linux-gnu/lib/rustlib/x86_64-unknown-linux-gnu/lib/libpanic_unwind-7eb3ffc34a49f675.rlib" "/opt/rustwide/rustup-home/toolchains/beta-2023-12-22-x86_64-unknown-linux-gnu/lib/rustlib/x86_64-unknown-linux-gnu/lib/libobject-6478a9daa4bee8e2.rlib" "/opt/rustwide/rustup-home/toolchains/beta-2023-12-22-x86_64-unknown-linux-gnu/lib/rustlib/x86_64-unknown-linux-gnu/lib/libmemchr-0c75d871a5c3923d.rlib" "/opt/rustwide/rustup-home/toolchains/beta-2023-12-22-x86_64-unknown-linux-gnu/lib/rustlib/x86_64-unknown-linux-gnu/lib/libaddr2line-d163ef63ad37bb71.rlib" "/opt/rustwide/rustup-home/toolchains/beta-2023-12-22-x86_64-unknown-linux-gnu/lib/rustlib/x86_64-unknown-linux-gnu/lib/libgimli-8a3fd810a85b9f4c.rlib" "/opt/rustwide/rustup-home/toolchains/beta-2023-12-22-x86_64-unknown-linux-gnu/lib/rustlib/x86_64-unknown-linux-gnu/lib/librustc_demangle-462a2cde8c5dfc10.rlib" "/opt/rustwide/rustup-home/toolchains/beta-2023-12-22-x86_64-unknown-linux-gnu/lib/rustlib/x86_64-unknown-linux-gnu/lib/libstd_detect-cb06ac9f54713f71.rlib" "/opt/rustwide/rustup-home/toolchains/beta-2023-12-22-x86_64-unknown-linux-gnu/lib/rustlib/x86_64-unknown-linux-gnu/lib/libhashbrown-f20bfd1f8e59b393.rlib" "/opt/rustwide/rustup-home/toolchains/beta-2023-12-22-x86_64-unknown-linux-gnu/lib/rustlib/x86_64-unknown-linux-gnu/lib/librustc_std_workspace_alloc-1ef460949b49da4b.rlib" "/opt/rustwide/rustup-home/toolchains/beta-2023-12-22-x86_64-unknown-linux-gnu/lib/rustlib/x86_64-unknown-linux-gnu/lib/libminiz_oxide-2cb0c0ffe4f87514.rlib" "/opt/rustwide/rustup-home/toolchains/beta-2023-12-22-x86_64-unknown-linux-gnu/lib/rustlib/x86_64-unknown-linux-gnu/lib/libadler-58d841eb322a11a2.rlib" "/opt/rustwide/rustup-home/toolchains/beta-2023-12-22-x86_64-unknown-linux-gnu/lib/rustlib/x86_64-unknown-linux-gnu/lib/libunwind-aa2ae0b0a9d11533.rlib" "/opt/rustwide/rustup-home/toolchains/beta-2023-12-22-x86_64-unknown-linux-gnu/lib/rustlib/x86_64-unknown-linux-gnu/lib/libcfg_if-23874e15830ed336.rlib" "/opt/rustwide/rustup-home/toolchains/beta-2023-12-22-x86_64-unknown-linux-gnu/lib/rustlib/x86_64-unknown-linux-gnu/lib/liblibc-e47cddc003bce885.rlib" "/opt/rustwide/rustup-home/toolchains/beta-2023-12-22-x86_64-unknown-linux-gnu/lib/rustlib/x86_64-unknown-linux-gnu/lib/liballoc-c22b13b48a8f128e.rlib" "/opt/rustwide/rustup-home/toolchains/beta-2023-12-22-x86_64-unknown-linux-gnu/lib/rustlib/x86_64-unknown-linux-gnu/lib/librustc_std_workspace_core-e46bc3da6d7c462f.rlib" "/opt/rustwide/rustup-home/toolchains/beta-2023-12-22-x86_64-unknown-linux-gnu/lib/rustlib/x86_64-unknown-linux-gnu/lib/libcore-8d1ac131d3cb2645.rlib" "/opt/rustwide/rustup-home/toolchains/beta-2023-12-22-x86_64-unknown-linux-gnu/lib/rustlib/x86_64-unknown-linux-gnu/lib/libcompiler_builtins-a1b43df8c6899c1f.rlib" "-Wl,-Bdynamic" "-lgcc_s" "-lutil" "-lrt" "-lpthread" "-lm" "-ldl" "-lc" "-Wl,--eh-frame-hdr" "-Wl,-z,noexecstack" "-L" "/opt/rustwide/rustup-home/toolchains/beta-2023-12-22-x86_64-unknown-linux-gnu/lib/rustlib/x86_64-unknown-linux-gnu/lib" "-o" "/opt/rustwide/target/debug/examples/routing-a8867786f7caa158" "-Wl,--gc-sections" "-pie" "-Wl,-z,relro,-z,now" "-nodefaultlibs"
[INFO] [stdout]   = note: collect2: fatal error: ld terminated with signal 9 [Killed]
[INFO] [stdout]           compilation terminated.
[INFO] [stdout]           
[INFO] [stdout] 
[INFO] [stdout] 
[INFO] [stdout] error: aborting due to 1 previous error
[INFO] [stdout] 
[INFO] [stdout] 
[INFO] [stderr] error: could not compile `nickel` (example "routing") due to 2 previous errors
[INFO] [stdout] error: linking with `cc` failed: exit status: 1
[INFO] [stdout]   |
[INFO] [stdout]   = note: LC_ALL="C" PATH="/opt/rustwide/rustup-home/toolchains/beta-2023-12-22-x86_64-unknown-linux-gnu/lib/rustlib/x86_64-unknown-linux-gnu/bin:/opt/rustwide/cargo-home/bin:/usr/local/sbin:/usr/local/bin:/usr/sbin:/usr/bin:/sbin:/bin" VSLANG="1033" "cc" "-m64" "/tmp/rustcKoMDlb/symbols.o" "/opt/rustwide/target/debug/examples/hello_world_macro-071bd14b2ba90261.hello_world_macro.c9c809d772b2d146-cgu.0.rcgu.o" "/opt/rustwide/target/debug/examples/hello_world_macro-071bd14b2ba90261.hello_world_macro.c9c809d772b2d146-cgu.1.rcgu.o" "/opt/rustwide/target/debug/examples/hello_world_macro-071bd14b2ba90261.hello_world_macro.c9c809d772b2d146-cgu.2.rcgu.o" "/opt/rustwide/target/debug/examples/hello_world_macro-071bd14b2ba90261.hello_world_macro.c9c809d772b2d146-cgu.3.rcgu.o" "/opt/rustwide/target/debug/examples/hello_world_macro-071bd14b2ba90261.hello_world_macro.c9c809d772b2d146-cgu.4.rcgu.o" "/opt/rustwide/target/debug/examples/hello_world_macro-071bd14b2ba90261.hello_world_macro.c9c809d772b2d146-cgu.5.rcgu.o" "/opt/rustwide/target/debug/examples/hello_world_macro-071bd14b2ba90261.hello_world_macro.c9c809d772b2d146-cgu.6.rcgu.o" "/opt/rustwide/target/debug/examples/hello_world_macro-071bd14b2ba90261.hello_world_macro.c9c809d772b2d146-cgu.7.rcgu.o" "/opt/rustwide/target/debug/examples/hello_world_macro-071bd14b2ba90261.kri71qiobkeg0nt.rcgu.o" "-Wl,--as-needed" "-L" "/opt/rustwide/target/debug/deps" "-L" "/opt/rustwide/rustup-home/toolchains/beta-2023-12-22-x86_64-unknown-linux-gnu/lib/rustlib/x86_64-unknown-linux-gnu/lib" "-Wl,-Bstatic" "/opt/rustwide/target/debug/deps/libnickel-7916b4170935171b.rlib" "/opt/rustwide/target/debug/deps/liblazy_static-efa3519517df6cf0.rlib" "/opt/rustwide/target/debug/deps/libmodifier-74b93f798de27a59.rlib" "/opt/rustwide/target/debug/deps/libgroupable-31c6ceb5bd11601e.rlib" "/opt/rustwide/target/debug/deps/libmustache-65ee51ab77031528.rlib" "/opt/rustwide/target/debug/deps/libplugin-a86ed267c0df2132.rlib" "/opt/rustwide/target/debug/deps/libtypemap-810d020b422b99ab.rlib" "/opt/rustwide/target/debug/deps/libunsafe_any-bb5aed200e89c25a.rlib" "/opt/rustwide/target/debug/deps/libregex-6b2e15812834269a.rlib" "/opt/rustwide/target/debug/deps/libregex_automata-18e9b4bafe25d656.rlib" "/opt/rustwide/target/debug/deps/libaho_corasick-0efee17d6ff570a3.rlib" "/opt/rustwide/target/debug/deps/libmemchr-14a47255884553ca.rlib" "/opt/rustwide/target/debug/deps/libregex_syntax-2fba322c2516c6a3.rlib" "/opt/rustwide/target/debug/deps/libhyper-f4f84cbcaf2f51b6.rlib" "/opt/rustwide/target/debug/deps/libmime-a78df461880e30ad.rlib" "/opt/rustwide/target/debug/deps/liblog-9f0ae329ac7e5a32.rlib" "/opt/rustwide/target/debug/deps/liblog-2cf4a51dfa4e790a.rlib" "/opt/rustwide/target/debug/deps/liblanguage_tags-e669a6fde40f72d1.rlib" "/opt/rustwide/target/debug/deps/libtypeable-331d1127035dc2b9.rlib" "/opt/rustwide/target/debug/deps/libtraitobject-4af76922d261858d.rlib" "/opt/rustwide/target/debug/deps/libnum_cpus-8571ef1a3f762e93.rlib" "/opt/rustwide/target/debug/deps/libhttparse-2dbc320ca65411a3.rlib" "/opt/rustwide/target/debug/deps/libunicase-36bb90371b25ab51.rlib" "/opt/rustwide/target/debug/deps/liburl-b7e8506f15bc6729.rlib" "/opt/rustwide/target/debug/deps/libpercent_encoding-39f007c0633ec8a6.rlib" "/opt/rustwide/target/debug/deps/libidna-9c132200a865b598.rlib" "/opt/rustwide/target/debug/deps/libunicode_normalization-6720ecd938ebfb2b.rlib" "/opt/rustwide/target/debug/deps/libtinyvec-dcbbce603bc23510.rlib" "/opt/rustwide/target/debug/deps/libtinyvec_macros-333661e3b238a9a3.rlib" "/opt/rustwide/target/debug/deps/libunicode_bidi-1d5be417c01f34b2.rlib" "/opt/rustwide/target/debug/deps/libmatches-59081526691d27d6.rlib" "/opt/rustwide/target/debug/deps/libbase64-b8298140f750cd01.rlib" "/opt/rustwide/target/debug/deps/libsafemem-c5268489761944e6.rlib" "/opt/rustwide/target/debug/deps/libbyteorder-6ac88002c46ec63a.rlib" "/opt/rustwide/target/debug/deps/libserde_json-4c7675d40885eab7.rlib" "/opt/rustwide/target/debug/deps/libryu-4b03a7708da1319d.rlib" "/opt/rustwide/target/debug/deps/libitoa-34968a9f29c36fec.rlib" "/opt/rustwide/target/debug/deps/libserde-43396d81f5c62e04.rlib" "/opt/rustwide/target/debug/deps/libtime-03edf8a509b46ae9.rlib" "/opt/rustwide/target/debug/deps/liblibc-9bdc13f38078ecbe.rlib" "/opt/rustwide/rustup-home/toolchains/beta-2023-12-22-x86_64-unknown-linux-gnu/lib/rustlib/x86_64-unknown-linux-gnu/lib/libstd-0672489a78b613de.rlib" "/opt/rustwide/rustup-home/toolchains/beta-2023-12-22-x86_64-unknown-linux-gnu/lib/rustlib/x86_64-unknown-linux-gnu/lib/libpanic_unwind-7eb3ffc34a49f675.rlib" "/opt/rustwide/rustup-home/toolchains/beta-2023-12-22-x86_64-unknown-linux-gnu/lib/rustlib/x86_64-unknown-linux-gnu/lib/libobject-6478a9daa4bee8e2.rlib" "/opt/rustwide/rustup-home/toolchains/beta-2023-12-22-x86_64-unknown-linux-gnu/lib/rustlib/x86_64-unknown-linux-gnu/lib/libmemchr-0c75d871a5c3923d.rlib" "/opt/rustwide/rustup-home/toolchains/beta-2023-12-22-x86_64-unknown-linux-gnu/lib/rustlib/x86_64-unknown-linux-gnu/lib/libaddr2line-d163ef63ad37bb71.rlib" "/opt/rustwide/rustup-home/toolchains/beta-2023-12-22-x86_64-unknown-linux-gnu/lib/rustlib/x86_64-unknown-linux-gnu/lib/libgimli-8a3fd810a85b9f4c.rlib" "/opt/rustwide/rustup-home/toolchains/beta-2023-12-22-x86_64-unknown-linux-gnu/lib/rustlib/x86_64-unknown-linux-gnu/lib/librustc_demangle-462a2cde8c5dfc10.rlib" "/opt/rustwide/rustup-home/toolchains/beta-2023-12-22-x86_64-unknown-linux-gnu/lib/rustlib/x86_64-unknown-linux-gnu/lib/libstd_detect-cb06ac9f54713f71.rlib" "/opt/rustwide/rustup-home/toolchains/beta-2023-12-22-x86_64-unknown-linux-gnu/lib/rustlib/x86_64-unknown-linux-gnu/lib/libhashbrown-f20bfd1f8e59b393.rlib" "/opt/rustwide/rustup-home/toolchains/beta-2023-12-22-x86_64-unknown-linux-gnu/lib/rustlib/x86_64-unknown-linux-gnu/lib/librustc_std_workspace_alloc-1ef460949b49da4b.rlib" "/opt/rustwide/rustup-home/toolchains/beta-2023-12-22-x86_64-unknown-linux-gnu/lib/rustlib/x86_64-unknown-linux-gnu/lib/libminiz_oxide-2cb0c0ffe4f87514.rlib" "/opt/rustwide/rustup-home/toolchains/beta-2023-12-22-x86_64-unknown-linux-gnu/lib/rustlib/x86_64-unknown-linux-gnu/lib/libadler-58d841eb322a11a2.rlib" "/opt/rustwide/rustup-home/toolchains/beta-2023-12-22-x86_64-unknown-linux-gnu/lib/rustlib/x86_64-unknown-linux-gnu/lib/libunwind-aa2ae0b0a9d11533.rlib" "/opt/rustwide/rustup-home/toolchains/beta-2023-12-22-x86_64-unknown-linux-gnu/lib/rustlib/x86_64-unknown-linux-gnu/lib/libcfg_if-23874e15830ed336.rlib" "/opt/rustwide/rustup-home/toolchains/beta-2023-12-22-x86_64-unknown-linux-gnu/lib/rustlib/x86_64-unknown-linux-gnu/lib/liblibc-e47cddc003bce885.rlib" "/opt/rustwide/rustup-home/toolchains/beta-2023-12-22-x86_64-unknown-linux-gnu/lib/rustlib/x86_64-unknown-linux-gnu/lib/liballoc-c22b13b48a8f128e.rlib" "/opt/rustwide/rustup-home/toolchains/beta-2023-12-22-x86_64-unknown-linux-gnu/lib/rustlib/x86_64-unknown-linux-gnu/lib/librustc_std_workspace_core-e46bc3da6d7c462f.rlib" "/opt/rustwide/rustup-home/toolchains/beta-2023-12-22-x86_64-unknown-linux-gnu/lib/rustlib/x86_64-unknown-linux-gnu/lib/libcore-8d1ac131d3cb2645.rlib" "/opt/rustwide/rustup-home/toolchains/beta-2023-12-22-x86_64-unknown-linux-gnu/lib/rustlib/x86_64-unknown-linux-gnu/lib/libcompiler_builtins-a1b43df8c6899c1f.rlib" "-Wl,-Bdynamic" "-lgcc_s" "-lutil" "-lrt" "-lpthread" "-lm" "-ldl" "-lc" "-Wl,--eh-frame-hdr" "-Wl,-z,noexecstack" "-L" "/opt/rustwide/rustup-home/toolchains/beta-2023-12-22-x86_64-unknown-linux-gnu/lib/rustlib/x86_64-unknown-linux-gnu/lib" "-o" "/opt/rustwide/target/debug/examples/hello_world_macro-071bd14b2ba90261" "-Wl,--gc-sections" "-pie" "-Wl,-z,relro,-z,now" "-nodefaultlibs"
[INFO] [stdout]   = note: collect2: fatal error: ld terminated with signal 9 [Killed]
[INFO] [stdout]           compilation terminated.
[INFO] [stdout]           
[INFO] [stdout] 
[INFO] [stdout] 
[INFO] [stdout] error: aborting due to 1 previous error
[INFO] [stdout] 
[INFO] [stdout] 
[INFO] [stderr] error: could not compile `nickel` (example "hello_world_macro") due to 2 previous errors
[INFO] [stdout] error: linking with `cc` failed: exit status: 1
[INFO] [stdout]   |
[INFO] [stdout]   = note: LC_ALL="C" PATH="/opt/rustwide/rustup-home/toolchains/beta-2023-12-22-x86_64-unknown-linux-gnu/lib/rustlib/x86_64-unknown-linux-gnu/bin:/opt/rustwide/cargo-home/bin:/usr/local/sbin:/usr/local/bin:/usr/sbin:/usr/bin:/sbin:/bin" VSLANG="1033" "cc" "-m64" "/tmp/rustccoSO3W/symbols.o" "/opt/rustwide/target/debug/examples/hello_world-d08e9bca3fea4510.hello_world.675f5e9642ca07f6-cgu.0.rcgu.o" "/opt/rustwide/target/debug/examples/hello_world-d08e9bca3fea4510.hello_world.675f5e9642ca07f6-cgu.1.rcgu.o" "/opt/rustwide/target/debug/examples/hello_world-d08e9bca3fea4510.hello_world.675f5e9642ca07f6-cgu.2.rcgu.o" "/opt/rustwide/target/debug/examples/hello_world-d08e9bca3fea4510.hello_world.675f5e9642ca07f6-cgu.3.rcgu.o" "/opt/rustwide/target/debug/examples/hello_world-d08e9bca3fea4510.hello_world.675f5e9642ca07f6-cgu.4.rcgu.o" "/opt/rustwide/target/debug/examples/hello_world-d08e9bca3fea4510.hello_world.675f5e9642ca07f6-cgu.5.rcgu.o" "/opt/rustwide/target/debug/examples/hello_world-d08e9bca3fea4510.hello_world.675f5e9642ca07f6-cgu.6.rcgu.o" "/opt/rustwide/target/debug/examples/hello_world-d08e9bca3fea4510.hello_world.675f5e9642ca07f6-cgu.7.rcgu.o" "/opt/rustwide/target/debug/examples/hello_world-d08e9bca3fea4510.1zrgmkfq8zxbnh0.rcgu.o" "-Wl,--as-needed" "-L" "/opt/rustwide/target/debug/deps" "-L" "/opt/rustwide/rustup-home/toolchains/beta-2023-12-22-x86_64-unknown-linux-gnu/lib/rustlib/x86_64-unknown-linux-gnu/lib" "-Wl,-Bstatic" "/opt/rustwide/target/debug/deps/libnickel-7916b4170935171b.rlib" "/opt/rustwide/target/debug/deps/liblazy_static-efa3519517df6cf0.rlib" "/opt/rustwide/target/debug/deps/libmodifier-74b93f798de27a59.rlib" "/opt/rustwide/target/debug/deps/libgroupable-31c6ceb5bd11601e.rlib" "/opt/rustwide/target/debug/deps/libmustache-65ee51ab77031528.rlib" "/opt/rustwide/target/debug/deps/libplugin-a86ed267c0df2132.rlib" "/opt/rustwide/target/debug/deps/libtypemap-810d020b422b99ab.rlib" "/opt/rustwide/target/debug/deps/libunsafe_any-bb5aed200e89c25a.rlib" "/opt/rustwide/target/debug/deps/libregex-6b2e15812834269a.rlib" "/opt/rustwide/target/debug/deps/libregex_automata-18e9b4bafe25d656.rlib" "/opt/rustwide/target/debug/deps/libaho_corasick-0efee17d6ff570a3.rlib" "/opt/rustwide/target/debug/deps/libmemchr-14a47255884553ca.rlib" "/opt/rustwide/target/debug/deps/libregex_syntax-2fba322c2516c6a3.rlib" "/opt/rustwide/target/debug/deps/libhyper-f4f84cbcaf2f51b6.rlib" "/opt/rustwide/target/debug/deps/libmime-a78df461880e30ad.rlib" "/opt/rustwide/target/debug/deps/liblog-9f0ae329ac7e5a32.rlib" "/opt/rustwide/target/debug/deps/liblog-2cf4a51dfa4e790a.rlib" "/opt/rustwide/target/debug/deps/liblanguage_tags-e669a6fde40f72d1.rlib" "/opt/rustwide/target/debug/deps/libtypeable-331d1127035dc2b9.rlib" "/opt/rustwide/target/debug/deps/libtraitobject-4af76922d261858d.rlib" "/opt/rustwide/target/debug/deps/libnum_cpus-8571ef1a3f762e93.rlib" "/opt/rustwide/target/debug/deps/libhttparse-2dbc320ca65411a3.rlib" "/opt/rustwide/target/debug/deps/libunicase-36bb90371b25ab51.rlib" "/opt/rustwide/target/debug/deps/liburl-b7e8506f15bc6729.rlib" "/opt/rustwide/target/debug/deps/libpercent_encoding-39f007c0633ec8a6.rlib" "/opt/rustwide/target/debug/deps/libidna-9c132200a865b598.rlib" "/opt/rustwide/target/debug/deps/libunicode_normalization-6720ecd938ebfb2b.rlib" "/opt/rustwide/target/debug/deps/libtinyvec-dcbbce603bc23510.rlib" "/opt/rustwide/target/debug/deps/libtinyvec_macros-333661e3b238a9a3.rlib" "/opt/rustwide/target/debug/deps/libunicode_bidi-1d5be417c01f34b2.rlib" "/opt/rustwide/target/debug/deps/libmatches-59081526691d27d6.rlib" "/opt/rustwide/target/debug/deps/libbase64-b8298140f750cd01.rlib" "/opt/rustwide/target/debug/deps/libsafemem-c5268489761944e6.rlib" "/opt/rustwide/target/debug/deps/libbyteorder-6ac88002c46ec63a.rlib" "/opt/rustwide/target/debug/deps/libserde_json-4c7675d40885eab7.rlib" "/opt/rustwide/target/debug/deps/libryu-4b03a7708da1319d.rlib" "/opt/rustwide/target/debug/deps/libitoa-34968a9f29c36fec.rlib" "/opt/rustwide/target/debug/deps/libserde-43396d81f5c62e04.rlib" "/opt/rustwide/target/debug/deps/libtime-03edf8a509b46ae9.rlib" "/opt/rustwide/target/debug/deps/liblibc-9bdc13f38078ecbe.rlib" "/opt/rustwide/rustup-home/toolchains/beta-2023-12-22-x86_64-unknown-linux-gnu/lib/rustlib/x86_64-unknown-linux-gnu/lib/libstd-0672489a78b613de.rlib" "/opt/rustwide/rustup-home/toolchains/beta-2023-12-22-x86_64-unknown-linux-gnu/lib/rustlib/x86_64-unknown-linux-gnu/lib/libpanic_unwind-7eb3ffc34a49f675.rlib" "/opt/rustwide/rustup-home/toolchains/beta-2023-12-22-x86_64-unknown-linux-gnu/lib/rustlib/x86_64-unknown-linux-gnu/lib/libobject-6478a9daa4bee8e2.rlib" "/opt/rustwide/rustup-home/toolchains/beta-2023-12-22-x86_64-unknown-linux-gnu/lib/rustlib/x86_64-unknown-linux-gnu/lib/libmemchr-0c75d871a5c3923d.rlib" "/opt/rustwide/rustup-home/toolchains/beta-2023-12-22-x86_64-unknown-linux-gnu/lib/rustlib/x86_64-unknown-linux-gnu/lib/libaddr2line-d163ef63ad37bb71.rlib" "/opt/rustwide/rustup-home/toolchains/beta-2023-12-22-x86_64-unknown-linux-gnu/lib/rustlib/x86_64-unknown-linux-gnu/lib/libgimli-8a3fd810a85b9f4c.rlib" "/opt/rustwide/rustup-home/toolchains/beta-2023-12-22-x86_64-unknown-linux-gnu/lib/rustlib/x86_64-unknown-linux-gnu/lib/librustc_demangle-462a2cde8c5dfc10.rlib" "/opt/rustwide/rustup-home/toolchains/beta-2023-12-22-x86_64-unknown-linux-gnu/lib/rustlib/x86_64-unknown-linux-gnu/lib/libstd_detect-cb06ac9f54713f71.rlib" "/opt/rustwide/rustup-home/toolchains/beta-2023-12-22-x86_64-unknown-linux-gnu/lib/rustlib/x86_64-unknown-linux-gnu/lib/libhashbrown-f20bfd1f8e59b393.rlib" "/opt/rustwide/rustup-home/toolchains/beta-2023-12-22-x86_64-unknown-linux-gnu/lib/rustlib/x86_64-unknown-linux-gnu/lib/librustc_std_workspace_alloc-1ef460949b49da4b.rlib" "/opt/rustwide/rustup-home/toolchains/beta-2023-12-22-x86_64-unknown-linux-gnu/lib/rustlib/x86_64-unknown-linux-gnu/lib/libminiz_oxide-2cb0c0ffe4f87514.rlib" "/opt/rustwide/rustup-home/toolchains/beta-2023-12-22-x86_64-unknown-linux-gnu/lib/rustlib/x86_64-unknown-linux-gnu/lib/libadler-58d841eb322a11a2.rlib" "/opt/rustwide/rustup-home/toolchains/beta-2023-12-22-x86_64-unknown-linux-gnu/lib/rustlib/x86_64-unknown-linux-gnu/lib/libunwind-aa2ae0b0a9d11533.rlib" "/opt/rustwide/rustup-home/toolchains/beta-2023-12-22-x86_64-unknown-linux-gnu/lib/rustlib/x86_64-unknown-linux-gnu/lib/libcfg_if-23874e15830ed336.rlib" "/opt/rustwide/rustup-home/toolchains/beta-2023-12-22-x86_64-unknown-linux-gnu/lib/rustlib/x86_64-unknown-linux-gnu/lib/liblibc-e47cddc003bce885.rlib" "/opt/rustwide/rustup-home/toolchains/beta-2023-12-22-x86_64-unknown-linux-gnu/lib/rustlib/x86_64-unknown-linux-gnu/lib/liballoc-c22b13b48a8f128e.rlib" "/opt/rustwide/rustup-home/toolchains/beta-2023-12-22-x86_64-unknown-linux-gnu/lib/rustlib/x86_64-unknown-linux-gnu/lib/librustc_std_workspace_core-e46bc3da6d7c462f.rlib" "/opt/rustwide/rustup-home/toolchains/beta-2023-12-22-x86_64-unknown-linux-gnu/lib/rustlib/x86_64-unknown-linux-gnu/lib/libcore-8d1ac131d3cb2645.rlib" "/opt/rustwide/rustup-home/toolchains/beta-2023-12-22-x86_64-unknown-linux-gnu/lib/rustlib/x86_64-unknown-linux-gnu/lib/libcompiler_builtins-a1b43df8c6899c1f.rlib" "-Wl,-Bdynamic" "-lgcc_s" "-lutil" "-lrt" "-lpthread" "-lm" "-ldl" "-lc" "-Wl,--eh-frame-hdr" "-Wl,-z,noexecstack" "-L" "/opt/rustwide/rustup-home/toolchains/beta-2023-12-22-x86_64-unknown-linux-gnu/lib/rustlib/x86_64-unknown-linux-gnu/lib" "-o" "/opt/rustwide/target/debug/examples/hello_world-d08e9bca3fea4510" "-Wl,--gc-sections" "-pie" "-Wl,-z,relro,-z,now" "-nodefaultlibs"
[INFO] [stdout]   = note: collect2: fatal error: ld terminated with signal 9 [Killed]
[INFO] [stdout]           compilation terminated.
[INFO] [stdout]           
[INFO] [stdout] 
[INFO] [stdout] 
[INFO] [stdout] error: aborting due to 1 previous error
[INFO] [stdout] 
[INFO] [stdout] 
[INFO] [stderr] error: could not compile `nickel` (example "hello_world") due to 2 previous errors
[INFO] [stdout] error: linking with `cc` failed: exit status: 1
[INFO] [stdout]   |
[INFO] [stdout]   = note: LC_ALL="C" PATH="/opt/rustwide/rustup-home/toolchains/beta-2023-12-22-x86_64-unknown-linux-gnu/lib/rustlib/x86_64-unknown-linux-gnu/bin:/opt/rustwide/cargo-home/bin:/usr/local/sbin:/usr/local/bin:/usr/sbin:/usr/bin:/sbin:/bin" VSLANG="1033" "cc" "-m64" "/tmp/rustcuZKkfB/symbols.o" "/opt/rustwide/target/debug/examples/custom_error_handler-5158f85e0bf22b9f.custom_error_handler.7c2e1de261e20e85-cgu.0.rcgu.o" "/opt/rustwide/target/debug/examples/custom_error_handler-5158f85e0bf22b9f.custom_error_handler.7c2e1de261e20e85-cgu.1.rcgu.o" "/opt/rustwide/target/debug/examples/custom_error_handler-5158f85e0bf22b9f.custom_error_handler.7c2e1de261e20e85-cgu.2.rcgu.o" "/opt/rustwide/target/debug/examples/custom_error_handler-5158f85e0bf22b9f.custom_error_handler.7c2e1de261e20e85-cgu.3.rcgu.o" "/opt/rustwide/target/debug/examples/custom_error_handler-5158f85e0bf22b9f.custom_error_handler.7c2e1de261e20e85-cgu.4.rcgu.o" "/opt/rustwide/target/debug/examples/custom_error_handler-5158f85e0bf22b9f.custom_error_handler.7c2e1de261e20e85-cgu.5.rcgu.o" "/opt/rustwide/target/debug/examples/custom_error_handler-5158f85e0bf22b9f.custom_error_handler.7c2e1de261e20e85-cgu.6.rcgu.o" "/opt/rustwide/target/debug/examples/custom_error_handler-5158f85e0bf22b9f.custom_error_handler.7c2e1de261e20e85-cgu.7.rcgu.o" "/opt/rustwide/target/debug/examples/custom_error_handler-5158f85e0bf22b9f.2tt346fh5nzq3z4s.rcgu.o" "-Wl,--as-needed" "-L" "/opt/rustwide/target/debug/deps" "-L" "/opt/rustwide/rustup-home/toolchains/beta-2023-12-22-x86_64-unknown-linux-gnu/lib/rustlib/x86_64-unknown-linux-gnu/lib" "-Wl,-Bstatic" "/opt/rustwide/target/debug/deps/libnickel-7916b4170935171b.rlib" "/opt/rustwide/target/debug/deps/liblazy_static-efa3519517df6cf0.rlib" "/opt/rustwide/target/debug/deps/libmodifier-74b93f798de27a59.rlib" "/opt/rustwide/target/debug/deps/libgroupable-31c6ceb5bd11601e.rlib" "/opt/rustwide/target/debug/deps/libmustache-65ee51ab77031528.rlib" "/opt/rustwide/target/debug/deps/libplugin-a86ed267c0df2132.rlib" "/opt/rustwide/target/debug/deps/libtypemap-810d020b422b99ab.rlib" "/opt/rustwide/target/debug/deps/libunsafe_any-bb5aed200e89c25a.rlib" "/opt/rustwide/target/debug/deps/libregex-6b2e15812834269a.rlib" "/opt/rustwide/target/debug/deps/libregex_automata-18e9b4bafe25d656.rlib" "/opt/rustwide/target/debug/deps/libaho_corasick-0efee17d6ff570a3.rlib" "/opt/rustwide/target/debug/deps/libmemchr-14a47255884553ca.rlib" "/opt/rustwide/target/debug/deps/libregex_syntax-2fba322c2516c6a3.rlib" "/opt/rustwide/target/debug/deps/libhyper-f4f84cbcaf2f51b6.rlib" "/opt/rustwide/target/debug/deps/libmime-a78df461880e30ad.rlib" "/opt/rustwide/target/debug/deps/liblog-9f0ae329ac7e5a32.rlib" "/opt/rustwide/target/debug/deps/liblog-2cf4a51dfa4e790a.rlib" "/opt/rustwide/target/debug/deps/liblanguage_tags-e669a6fde40f72d1.rlib" "/opt/rustwide/target/debug/deps/libtypeable-331d1127035dc2b9.rlib" "/opt/rustwide/target/debug/deps/libtraitobject-4af76922d261858d.rlib" "/opt/rustwide/target/debug/deps/libnum_cpus-8571ef1a3f762e93.rlib" "/opt/rustwide/target/debug/deps/libhttparse-2dbc320ca65411a3.rlib" "/opt/rustwide/target/debug/deps/libunicase-36bb90371b25ab51.rlib" "/opt/rustwide/target/debug/deps/liburl-b7e8506f15bc6729.rlib" "/opt/rustwide/target/debug/deps/libpercent_encoding-39f007c0633ec8a6.rlib" "/opt/rustwide/target/debug/deps/libidna-9c132200a865b598.rlib" "/opt/rustwide/target/debug/deps/libunicode_normalization-6720ecd938ebfb2b.rlib" "/opt/rustwide/target/debug/deps/libtinyvec-dcbbce603bc23510.rlib" "/opt/rustwide/target/debug/deps/libtinyvec_macros-333661e3b238a9a3.rlib" "/opt/rustwide/target/debug/deps/libunicode_bidi-1d5be417c01f34b2.rlib" "/opt/rustwide/target/debug/deps/libmatches-59081526691d27d6.rlib" "/opt/rustwide/target/debug/deps/libbase64-b8298140f750cd01.rlib" "/opt/rustwide/target/debug/deps/libsafemem-c5268489761944e6.rlib" "/opt/rustwide/target/debug/deps/libbyteorder-6ac88002c46ec63a.rlib" "/opt/rustwide/target/debug/deps/libserde_json-4c7675d40885eab7.rlib" "/opt/rustwide/target/debug/deps/libryu-4b03a7708da1319d.rlib" "/opt/rustwide/target/debug/deps/libitoa-34968a9f29c36fec.rlib" "/opt/rustwide/target/debug/deps/libserde-43396d81f5c62e04.rlib" "/opt/rustwide/target/debug/deps/libtime-03edf8a509b46ae9.rlib" "/opt/rustwide/target/debug/deps/liblibc-9bdc13f38078ecbe.rlib" "/opt/rustwide/rustup-home/toolchains/beta-2023-12-22-x86_64-unknown-linux-gnu/lib/rustlib/x86_64-unknown-linux-gnu/lib/libstd-0672489a78b613de.rlib" "/opt/rustwide/rustup-home/toolchains/beta-2023-12-22-x86_64-unknown-linux-gnu/lib/rustlib/x86_64-unknown-linux-gnu/lib/libpanic_unwind-7eb3ffc34a49f675.rlib" "/opt/rustwide/rustup-home/toolchains/beta-2023-12-22-x86_64-unknown-linux-gnu/lib/rustlib/x86_64-unknown-linux-gnu/lib/libobject-6478a9daa4bee8e2.rlib" "/opt/rustwide/rustup-home/toolchains/beta-2023-12-22-x86_64-unknown-linux-gnu/lib/rustlib/x86_64-unknown-linux-gnu/lib/libmemchr-0c75d871a5c3923d.rlib" "/opt/rustwide/rustup-home/toolchains/beta-2023-12-22-x86_64-unknown-linux-gnu/lib/rustlib/x86_64-unknown-linux-gnu/lib/libaddr2line-d163ef63ad37bb71.rlib" "/opt/rustwide/rustup-home/toolchains/beta-2023-12-22-x86_64-unknown-linux-gnu/lib/rustlib/x86_64-unknown-linux-gnu/lib/libgimli-8a3fd810a85b9f4c.rlib" "/opt/rustwide/rustup-home/toolchains/beta-2023-12-22-x86_64-unknown-linux-gnu/lib/rustlib/x86_64-unknown-linux-gnu/lib/librustc_demangle-462a2cde8c5dfc10.rlib" "/opt/rustwide/rustup-home/toolchains/beta-2023-12-22-x86_64-unknown-linux-gnu/lib/rustlib/x86_64-unknown-linux-gnu/lib/libstd_detect-cb06ac9f54713f71.rlib" "/opt/rustwide/rustup-home/toolchains/beta-2023-12-22-x86_64-unknown-linux-gnu/lib/rustlib/x86_64-unknown-linux-gnu/lib/libhashbrown-f20bfd1f8e59b393.rlib" "/opt/rustwide/rustup-home/toolchains/beta-2023-12-22-x86_64-unknown-linux-gnu/lib/rustlib/x86_64-unknown-linux-gnu/lib/librustc_std_workspace_alloc-1ef460949b49da4b.rlib" "/opt/rustwide/rustup-home/toolchains/beta-2023-12-22-x86_64-unknown-linux-gnu/lib/rustlib/x86_64-unknown-linux-gnu/lib/libminiz_oxide-2cb0c0ffe4f87514.rlib" "/opt/rustwide/rustup-home/toolchains/beta-2023-12-22-x86_64-unknown-linux-gnu/lib/rustlib/x86_64-unknown-linux-gnu/lib/libadler-58d841eb322a11a2.rlib" "/opt/rustwide/rustup-home/toolchains/beta-2023-12-22-x86_64-unknown-linux-gnu/lib/rustlib/x86_64-unknown-linux-gnu/lib/libunwind-aa2ae0b0a9d11533.rlib" "/opt/rustwide/rustup-home/toolchains/beta-2023-12-22-x86_64-unknown-linux-gnu/lib/rustlib/x86_64-unknown-linux-gnu/lib/libcfg_if-23874e15830ed336.rlib" "/opt/rustwide/rustup-home/toolchains/beta-2023-12-22-x86_64-unknown-linux-gnu/lib/rustlib/x86_64-unknown-linux-gnu/lib/liblibc-e47cddc003bce885.rlib" "/opt/rustwide/rustup-home/toolchains/beta-2023-12-22-x86_64-unknown-linux-gnu/lib/rustlib/x86_64-unknown-linux-gnu/lib/liballoc-c22b13b48a8f128e.rlib" "/opt/rustwide/rustup-home/toolchains/beta-2023-12-22-x86_64-unknown-linux-gnu/lib/rustlib/x86_64-unknown-linux-gnu/lib/librustc_std_workspace_core-e46bc3da6d7c462f.rlib" "/opt/rustwide/rustup-home/toolchains/beta-2023-12-22-x86_64-unknown-linux-gnu/lib/rustlib/x86_64-unknown-linux-gnu/lib/libcore-8d1ac131d3cb2645.rlib" "/opt/rustwide/rustup-home/toolchains/beta-2023-12-22-x86_64-unknown-linux-gnu/lib/rustlib/x86_64-unknown-linux-gnu/lib/libcompiler_builtins-a1b43df8c6899c1f.rlib" "-Wl,-Bdynamic" "-lgcc_s" "-lutil" "-lrt" "-lpthread" "-lm" "-ldl" "-lc" "-Wl,--eh-frame-hdr" "-Wl,-z,noexecstack" "-L" "/opt/rustwide/rustup-home/toolchains/beta-2023-12-22-x86_64-unknown-linux-gnu/lib/rustlib/x86_64-unknown-linux-gnu/lib" "-o" "/opt/rustwide/target/debug/examples/custom_error_handler-5158f85e0bf22b9f" "-Wl,--gc-sections" "-pie" "-Wl,-z,relro,-z,now" "-nodefaultlibs"
[INFO] [stdout]   = note: collect2: fatal error: ld terminated with signal 9 [Killed]
[INFO] [stdout]           compilation terminated.
[INFO] [stdout]           
[INFO] [stdout] 
[INFO] [stdout] 
[INFO] [stdout] error: aborting due to 1 previous error
[INFO] [stdout] 
[INFO] [stdout] 
[INFO] [stderr] error: could not compile `nickel` (example "custom_error_handler") due to 2 previous errors
[INFO] running `Command { std: "docker" "inspect" "0e18875f670b467996f3998833c32e2153f120397f1b066fa8d857aa95687c00", kill_on_drop: false }`
[INFO] running `Command { std: "docker" "rm" "-f" "0e18875f670b467996f3998833c32e2153f120397f1b066fa8d857aa95687c00", kill_on_drop: false }`
[INFO] [stdout] 0e18875f670b467996f3998833c32e2153f120397f1b066fa8d857aa95687c00
