[INFO] fetching crate new_type_derive 0.2.2...
[INFO] testing new_type_derive-0.2.2 against 1.75.0 for beta-1.76-1
[INFO] extracting crate new_type_derive 0.2.2 into /workspace/builds/worker-5-tc1/source
[INFO] validating manifest of crates.io crate new_type_derive 0.2.2 on toolchain 1.75.0
[INFO] running `Command { std: CARGO_HOME="/workspace/cargo-home" RUSTUP_HOME="/workspace/rustup-home" "/workspace/cargo-home/bin/cargo" "+1.75.0" "metadata" "--manifest-path" "Cargo.toml" "--no-deps", kill_on_drop: false }`
[INFO] started tweaking crates.io crate new_type_derive 0.2.2
[INFO] finished tweaking crates.io crate new_type_derive 0.2.2
[INFO] tweaked toml for crates.io crate new_type_derive 0.2.2 written to /workspace/builds/worker-5-tc1/source/Cargo.toml
[INFO] running `Command { std: CARGO_HOME="/workspace/cargo-home" RUSTUP_HOME="/workspace/rustup-home" "/workspace/cargo-home/bin/cargo" "+1.75.0" "generate-lockfile" "--manifest-path" "Cargo.toml", kill_on_drop: false }`
[INFO] [stderr]     Updating crates.io index
[INFO] running `Command { std: CARGO_HOME="/workspace/cargo-home" RUSTUP_HOME="/workspace/rustup-home" "/workspace/cargo-home/bin/cargo" "+1.75.0" "fetch" "--manifest-path" "Cargo.toml", kill_on_drop: false }`
[INFO] [stderr]  Downloading crates ...
[INFO] [stderr]   Downloaded static_assertions v0.2.5
[INFO] [stderr]   Downloaded proptest v0.8.7
[INFO] running `Command { std: "docker" "create" "-v" "/var/lib/crater-agent-workspace/builds/worker-5-tc1/target:/opt/rustwide/target:rw,Z" "-v" "/var/lib/crater-agent-workspace/builds/worker-5-tc1/source:/opt/rustwide/workdir:ro,Z" "-v" "/var/lib/crater-agent-workspace/cargo-home:/opt/rustwide/cargo-home:ro,Z" "-v" "/var/lib/crater-agent-workspace/rustup-home:/opt/rustwide/rustup-home:ro,Z" "-e" "SOURCE_DIR=/opt/rustwide/workdir" "-e" "CARGO_TARGET_DIR=/opt/rustwide/target" "-e" "CARGO_HOME=/opt/rustwide/cargo-home" "-e" "RUSTUP_HOME=/opt/rustwide/rustup-home" "-w" "/opt/rustwide/workdir" "-m" "1610612736" "--user" "0:0" "--network" "none" "ghcr.io/rust-lang/crates-build-env/linux@sha256:2788e3201cd34a07e3172128adcd8b3090168a8e3bcc40d7c032b9dda1df7d1c" "/opt/rustwide/cargo-home/bin/cargo" "+1.75.0" "metadata" "--no-deps" "--format-version=1", kill_on_drop: false }`
[INFO] [stdout] d5de85b0af817fec885bdf437be94b60f0ded990f5368ac201e66d0a693b8e28
[INFO] running `Command { std: "docker" "start" "-a" "d5de85b0af817fec885bdf437be94b60f0ded990f5368ac201e66d0a693b8e28", kill_on_drop: false }`
[INFO] running `Command { std: "docker" "inspect" "d5de85b0af817fec885bdf437be94b60f0ded990f5368ac201e66d0a693b8e28", kill_on_drop: false }`
[INFO] running `Command { std: "docker" "rm" "-f" "d5de85b0af817fec885bdf437be94b60f0ded990f5368ac201e66d0a693b8e28", kill_on_drop: false }`
[INFO] [stdout] d5de85b0af817fec885bdf437be94b60f0ded990f5368ac201e66d0a693b8e28
[INFO] running `Command { std: "docker" "create" "-v" "/var/lib/crater-agent-workspace/builds/worker-5-tc1/target:/opt/rustwide/target:rw,Z" "-v" "/var/lib/crater-agent-workspace/builds/worker-5-tc1/source:/opt/rustwide/workdir:ro,Z" "-v" "/var/lib/crater-agent-workspace/cargo-home:/opt/rustwide/cargo-home:ro,Z" "-v" "/var/lib/crater-agent-workspace/rustup-home:/opt/rustwide/rustup-home:ro,Z" "-e" "SOURCE_DIR=/opt/rustwide/workdir" "-e" "CARGO_TARGET_DIR=/opt/rustwide/target" "-e" "CARGO_INCREMENTAL=0" "-e" "RUST_BACKTRACE=full" "-e" "RUSTFLAGS=--cap-lints=warn" "-e" "RUSTDOCFLAGS=--cap-lints=warn" "-e" "CARGO_HOME=/opt/rustwide/cargo-home" "-e" "RUSTUP_HOME=/opt/rustwide/rustup-home" "-w" "/opt/rustwide/workdir" "-m" "1610612736" "--user" "0:0" "--network" "none" "ghcr.io/rust-lang/crates-build-env/linux@sha256:2788e3201cd34a07e3172128adcd8b3090168a8e3bcc40d7c032b9dda1df7d1c" "/opt/rustwide/cargo-home/bin/cargo" "+1.75.0" "build" "--frozen" "--message-format=json", kill_on_drop: false }`
[INFO] [stdout] 9ecdcd8c7d708fb84ac2051a8ffb93b7c84ac079a4a99398556428599a329a93
[INFO] running `Command { std: "docker" "start" "-a" "9ecdcd8c7d708fb84ac2051a8ffb93b7c84ac079a4a99398556428599a329a93", kill_on_drop: false }`
[INFO] [stderr]    Compiling new_type_derive v0.2.2 (/opt/rustwide/workdir)
[INFO] [stderr]     Finished dev [unoptimized + debuginfo] target(s) in 0.04s
[INFO] running `Command { std: "docker" "inspect" "9ecdcd8c7d708fb84ac2051a8ffb93b7c84ac079a4a99398556428599a329a93", kill_on_drop: false }`
[INFO] running `Command { std: "docker" "rm" "-f" "9ecdcd8c7d708fb84ac2051a8ffb93b7c84ac079a4a99398556428599a329a93", kill_on_drop: false }`
[INFO] [stdout] 9ecdcd8c7d708fb84ac2051a8ffb93b7c84ac079a4a99398556428599a329a93
[INFO] running `Command { std: "docker" "create" "-v" "/var/lib/crater-agent-workspace/builds/worker-5-tc1/target:/opt/rustwide/target:rw,Z" "-v" "/var/lib/crater-agent-workspace/builds/worker-5-tc1/source:/opt/rustwide/workdir:ro,Z" "-v" "/var/lib/crater-agent-workspace/cargo-home:/opt/rustwide/cargo-home:ro,Z" "-v" "/var/lib/crater-agent-workspace/rustup-home:/opt/rustwide/rustup-home:ro,Z" "-e" "SOURCE_DIR=/opt/rustwide/workdir" "-e" "CARGO_TARGET_DIR=/opt/rustwide/target" "-e" "CARGO_INCREMENTAL=0" "-e" "RUST_BACKTRACE=full" "-e" "RUSTFLAGS=--cap-lints=warn" "-e" "RUSTDOCFLAGS=--cap-lints=warn" "-e" "CARGO_HOME=/opt/rustwide/cargo-home" "-e" "RUSTUP_HOME=/opt/rustwide/rustup-home" "-w" "/opt/rustwide/workdir" "-m" "1610612736" "--user" "0:0" "--network" "none" "ghcr.io/rust-lang/crates-build-env/linux@sha256:2788e3201cd34a07e3172128adcd8b3090168a8e3bcc40d7c032b9dda1df7d1c" "/opt/rustwide/cargo-home/bin/cargo" "+1.75.0" "test" "--frozen" "--no-run" "--message-format=json", kill_on_drop: false }`
[INFO] [stdout] 88ddebf5f563ed715e330d51dfd49ce25234921c9dac250e57878765f1b08b58
[INFO] running `Command { std: "docker" "start" "-a" "88ddebf5f563ed715e330d51dfd49ce25234921c9dac250e57878765f1b08b58", kill_on_drop: false }`
[INFO] [stderr]    Compiling libc v0.2.151
[INFO] [stderr]    Compiling rustix v0.38.28
[INFO] [stderr]    Compiling serde v1.0.194
[INFO] [stderr]    Compiling rand_core v0.4.2
[INFO] [stderr]    Compiling fastrand v2.0.1
[INFO] [stderr]    Compiling arrayvec v0.4.12
[INFO] [stderr]    Compiling bit-vec v0.6.3
[INFO] [stderr]    Compiling quick-error v1.2.3
[INFO] [stderr]    Compiling regex-syntax v0.6.29
[INFO] [stderr]    Compiling num-traits v0.2.17
[INFO] [stderr]    Compiling nodrop v0.1.14
[INFO] [stderr]    Compiling static_assertions v0.2.5
[INFO] [stderr]    Compiling rand_core v0.3.1
[INFO] [stderr]    Compiling bit-set v0.5.3
[INFO] [stderr]    Compiling wait-timeout v0.2.0
[INFO] [stderr]    Compiling rand v0.5.6
[INFO] [stderr]    Compiling tempfile v3.9.0
[INFO] [stderr]    Compiling rusty-fork v0.2.2
[INFO] [stderr]    Compiling proptest v0.8.7
[INFO] [stderr]    Compiling bincode v1.3.3
[INFO] [stderr]    Compiling new_type_derive v0.2.2 (/opt/rustwide/workdir)
[INFO] [stdout] error[E0283]: type annotations needed
[INFO] [stdout]    --> src/new_type_pair.rs:473:25
[INFO] [stdout]     |
[INFO] [stdout] 473 |             let inner = String::from(self.as_ref());
[INFO] [stdout]     |                         ^^^^^^ cannot infer type for reference `&_`
[INFO] [stdout]     |
[INFO] [stdout]     = note: multiple `impl`s satisfying `String: From<&_>` found in the `alloc` crate:
[INFO] [stdout]             - impl From<&String> for String;
[INFO] [stdout]             - impl From<&str> for String;
[INFO] [stdout] 
[INFO] [stdout] 
[INFO] [stdout] error[E0283]: type annotations needed
[INFO] [stdout]    --> src/new_type_pair.rs:473:43
[INFO] [stdout]     |
[INFO] [stdout] 473 |             let inner = String::from(self.as_ref());
[INFO] [stdout]     |                                           ^^^^^^
[INFO] [stdout]     |
[INFO] [stdout] note: multiple `impl`s satisfying `StrWrapRef: AsRef<_>` found
[INFO] [stdout]    --> src/new_type_pair.rs:149:1
[INFO] [stdout]     |
[INFO] [stdout] 149 |   impl ::std::convert::AsRef<$stype> for $rtype {
[INFO] [stdout]     |   ^^^^^^^^^^^^^^^^^^^^^^^^^^^^^^^^^^^^^^^^^^^^^
[INFO] [stdout] ...
[INFO] [stdout] 156 |   impl ::std::convert::AsRef<$rtype> for $rtype {
[INFO] [stdout]     |   ^^^^^^^^^^^^^^^^^^^^^^^^^^^^^^^^^^^^^^^^^^^^^
[INFO] [stdout] ...
[INFO] [stdout] 450 | /     new_type_pair! {
[INFO] [stdout] 451 | |         #[derive(Clone, Debug, Hash, PartialEq, Eq, PartialOrd, Ord)]
[INFO] [stdout] 452 | |         /// And now it's documented!
[INFO] [stdout] 453 | |         pub struct StrWrap(String);
[INFO] [stdout] ...   |
[INFO] [stdout] 457 | |         pub struct StrWrapRef(str);
[INFO] [stdout] 458 | |     }
[INFO] [stdout]     | |_____- in this macro invocation
[INFO] [stdout]     = note: this error originates in the macro `new_type_pair` (in Nightly builds, run with -Z macro-backtrace for more info)
[INFO] [stdout] help: try using a fully qualified path to specify the expected types
[INFO] [stdout]     |
[INFO] [stdout] 473 |             let inner = String::from(<StrWrapRef as AsRef<T>>::as_ref(self));
[INFO] [stdout]     |                                      +++++++++++++++++++++++++++++++++    ~
[INFO] [stdout] 
[INFO] [stdout] 
[INFO] [stdout] error: aborting due to 2 previous errors
[INFO] [stdout] 
[INFO] [stdout] 
[INFO] [stdout] For more information about this error, try `rustc --explain E0283`.
[INFO] [stdout] 
[INFO] [stderr] error: could not compile `new_type_derive` (lib test) due to 3 previous errors
[INFO] [stderr] warning: build failed, waiting for other jobs to finish...
[INFO] running `Command { std: "docker" "inspect" "88ddebf5f563ed715e330d51dfd49ce25234921c9dac250e57878765f1b08b58", kill_on_drop: false }`
[INFO] running `Command { std: "docker" "rm" "-f" "88ddebf5f563ed715e330d51dfd49ce25234921c9dac250e57878765f1b08b58", kill_on_drop: false }`
[INFO] [stdout] 88ddebf5f563ed715e330d51dfd49ce25234921c9dac250e57878765f1b08b58
[INFO] testing new_type_derive-0.2.2 against beta-2023-12-22 for beta-1.76-1
[INFO] extracting crate new_type_derive 0.2.2 into /workspace/builds/worker-5-tc2/source
[INFO] validating manifest of crates.io crate new_type_derive 0.2.2 on toolchain beta-2023-12-22
[INFO] running `Command { std: CARGO_HOME="/workspace/cargo-home" RUSTUP_HOME="/workspace/rustup-home" "/workspace/cargo-home/bin/cargo" "+beta-2023-12-22" "metadata" "--manifest-path" "Cargo.toml" "--no-deps", kill_on_drop: false }`
[INFO] started tweaking crates.io crate new_type_derive 0.2.2
[INFO] finished tweaking crates.io crate new_type_derive 0.2.2
[INFO] tweaked toml for crates.io crate new_type_derive 0.2.2 written to /workspace/builds/worker-5-tc2/source/Cargo.toml
[INFO] running `Command { std: CARGO_HOME="/workspace/cargo-home" RUSTUP_HOME="/workspace/rustup-home" "/workspace/cargo-home/bin/cargo" "+beta-2023-12-22" "generate-lockfile" "--manifest-path" "Cargo.toml", kill_on_drop: false }`
[INFO] [stderr]     Blocking waiting for file lock on package cache
[INFO] [stderr]     Updating crates.io index
[INFO] running `Command { std: CARGO_HOME="/workspace/cargo-home" RUSTUP_HOME="/workspace/rustup-home" "/workspace/cargo-home/bin/cargo" "+beta-2023-12-22" "fetch" "--manifest-path" "Cargo.toml", kill_on_drop: false }`
[INFO] [stderr]     Blocking waiting for file lock on package cache
[INFO] running `Command { std: "docker" "create" "-v" "/var/lib/crater-agent-workspace/builds/worker-5-tc2/target:/opt/rustwide/target:rw,Z" "-v" "/var/lib/crater-agent-workspace/builds/worker-5-tc2/source:/opt/rustwide/workdir:ro,Z" "-v" "/var/lib/crater-agent-workspace/cargo-home:/opt/rustwide/cargo-home:ro,Z" "-v" "/var/lib/crater-agent-workspace/rustup-home:/opt/rustwide/rustup-home:ro,Z" "-e" "SOURCE_DIR=/opt/rustwide/workdir" "-e" "CARGO_TARGET_DIR=/opt/rustwide/target" "-e" "CARGO_HOME=/opt/rustwide/cargo-home" "-e" "RUSTUP_HOME=/opt/rustwide/rustup-home" "-w" "/opt/rustwide/workdir" "-m" "1610612736" "--user" "0:0" "--network" "none" "ghcr.io/rust-lang/crates-build-env/linux@sha256:2788e3201cd34a07e3172128adcd8b3090168a8e3bcc40d7c032b9dda1df7d1c" "/opt/rustwide/cargo-home/bin/cargo" "+beta-2023-12-22" "metadata" "--no-deps" "--format-version=1", kill_on_drop: false }`
[INFO] [stdout] e1471e738f91d8ab12d60163e57997d19541068e3bbcc8c3ecd3252be06b4439
[INFO] running `Command { std: "docker" "start" "-a" "e1471e738f91d8ab12d60163e57997d19541068e3bbcc8c3ecd3252be06b4439", kill_on_drop: false }`
[INFO] running `Command { std: "docker" "inspect" "e1471e738f91d8ab12d60163e57997d19541068e3bbcc8c3ecd3252be06b4439", kill_on_drop: false }`
[INFO] running `Command { std: "docker" "rm" "-f" "e1471e738f91d8ab12d60163e57997d19541068e3bbcc8c3ecd3252be06b4439", kill_on_drop: false }`
[INFO] [stdout] e1471e738f91d8ab12d60163e57997d19541068e3bbcc8c3ecd3252be06b4439
[INFO] running `Command { std: "docker" "create" "-v" "/var/lib/crater-agent-workspace/builds/worker-5-tc2/target:/opt/rustwide/target:rw,Z" "-v" "/var/lib/crater-agent-workspace/builds/worker-5-tc2/source:/opt/rustwide/workdir:ro,Z" "-v" "/var/lib/crater-agent-workspace/cargo-home:/opt/rustwide/cargo-home:ro,Z" "-v" "/var/lib/crater-agent-workspace/rustup-home:/opt/rustwide/rustup-home:ro,Z" "-e" "SOURCE_DIR=/opt/rustwide/workdir" "-e" "CARGO_TARGET_DIR=/opt/rustwide/target" "-e" "CARGO_INCREMENTAL=0" "-e" "RUST_BACKTRACE=full" "-e" "RUSTFLAGS=--cap-lints=warn" "-e" "RUSTDOCFLAGS=--cap-lints=warn" "-e" "CARGO_HOME=/opt/rustwide/cargo-home" "-e" "RUSTUP_HOME=/opt/rustwide/rustup-home" "-w" "/opt/rustwide/workdir" "-m" "1610612736" "--user" "0:0" "--network" "none" "ghcr.io/rust-lang/crates-build-env/linux@sha256:2788e3201cd34a07e3172128adcd8b3090168a8e3bcc40d7c032b9dda1df7d1c" "/opt/rustwide/cargo-home/bin/cargo" "+beta-2023-12-22" "build" "--frozen" "--message-format=json", kill_on_drop: false }`
[INFO] [stdout] dc8a40ae793d8df5d1429c2baf694a73526e403ddcc3eb6abdf47ec66031876a
[INFO] running `Command { std: "docker" "start" "-a" "dc8a40ae793d8df5d1429c2baf694a73526e403ddcc3eb6abdf47ec66031876a", kill_on_drop: false }`
[INFO] [stderr]    Compiling new_type_derive v0.2.2 (/opt/rustwide/workdir)
[INFO] [stderr]     Finished dev [unoptimized + debuginfo] target(s) in 0.05s
[INFO] running `Command { std: "docker" "inspect" "dc8a40ae793d8df5d1429c2baf694a73526e403ddcc3eb6abdf47ec66031876a", kill_on_drop: false }`
[INFO] running `Command { std: "docker" "rm" "-f" "dc8a40ae793d8df5d1429c2baf694a73526e403ddcc3eb6abdf47ec66031876a", kill_on_drop: false }`
[INFO] [stdout] dc8a40ae793d8df5d1429c2baf694a73526e403ddcc3eb6abdf47ec66031876a
[INFO] running `Command { std: "docker" "create" "-v" "/var/lib/crater-agent-workspace/builds/worker-5-tc2/target:/opt/rustwide/target:rw,Z" "-v" "/var/lib/crater-agent-workspace/builds/worker-5-tc2/source:/opt/rustwide/workdir:ro,Z" "-v" "/var/lib/crater-agent-workspace/cargo-home:/opt/rustwide/cargo-home:ro,Z" "-v" "/var/lib/crater-agent-workspace/rustup-home:/opt/rustwide/rustup-home:ro,Z" "-e" "SOURCE_DIR=/opt/rustwide/workdir" "-e" "CARGO_TARGET_DIR=/opt/rustwide/target" "-e" "CARGO_INCREMENTAL=0" "-e" "RUST_BACKTRACE=full" "-e" "RUSTFLAGS=--cap-lints=warn" "-e" "RUSTDOCFLAGS=--cap-lints=warn" "-e" "CARGO_HOME=/opt/rustwide/cargo-home" "-e" "RUSTUP_HOME=/opt/rustwide/rustup-home" "-w" "/opt/rustwide/workdir" "-m" "1610612736" "--user" "0:0" "--network" "none" "ghcr.io/rust-lang/crates-build-env/linux@sha256:2788e3201cd34a07e3172128adcd8b3090168a8e3bcc40d7c032b9dda1df7d1c" "/opt/rustwide/cargo-home/bin/cargo" "+beta-2023-12-22" "test" "--frozen" "--no-run" "--message-format=json", kill_on_drop: false }`
[INFO] [stdout] 291e105ea1611ae1db5b675c262f65f58075c3cb844a39ef985f08416417128f
[INFO] running `Command { std: "docker" "start" "-a" "291e105ea1611ae1db5b675c262f65f58075c3cb844a39ef985f08416417128f", kill_on_drop: false }`
[INFO] [stderr]    Compiling libc v0.2.151
[INFO] [stderr]    Compiling rustix v0.38.28
[INFO] [stderr]    Compiling serde v1.0.194
[INFO] [stderr]    Compiling fastrand v2.0.1
[INFO] [stderr]    Compiling rand_core v0.4.2
[INFO] [stderr]    Compiling quick-error v1.2.3
[INFO] [stderr]    Compiling bit-vec v0.6.3
[INFO] [stderr]    Compiling arrayvec v0.4.12
[INFO] [stderr]    Compiling regex-syntax v0.6.29
[INFO] [stderr]    Compiling num-traits v0.2.17
[INFO] [stderr]    Compiling nodrop v0.1.14
[INFO] [stderr]    Compiling static_assertions v0.2.5
[INFO] [stderr]    Compiling rand_core v0.3.1
[INFO] [stderr]    Compiling bit-set v0.5.3
[INFO] [stderr]    Compiling wait-timeout v0.2.0
[INFO] [stderr]    Compiling rand v0.5.6
[INFO] [stderr]    Compiling tempfile v3.9.0
[INFO] [stderr]    Compiling rusty-fork v0.2.2
[INFO] [stderr]    Compiling proptest v0.8.7
[INFO] [stderr]    Compiling bincode v1.3.3
[INFO] [stderr]    Compiling new_type_derive v0.2.2 (/opt/rustwide/workdir)
[INFO] [stdout] error[E0283]: type annotations needed
[INFO] [stdout]    --> src/new_type_pair.rs:473:25
[INFO] [stdout]     |
[INFO] [stdout] 473 |             let inner = String::from(self.as_ref());
[INFO] [stdout]     |                         ^^^^^^ cannot infer type for reference `&_`
[INFO] [stdout]     |
[INFO] [stdout]     = note: multiple `impl`s satisfying `String: From<&_>` found in the `alloc` crate:
[INFO] [stdout]             - impl From<&String> for String;
[INFO] [stdout]             - impl From<&str> for String;
[INFO] [stdout] 
[INFO] [stdout] 
[INFO] [stdout] error[E0283]: type annotations needed
[INFO] [stdout]    --> src/new_type_pair.rs:473:43
[INFO] [stdout]     |
[INFO] [stdout] 473 |             let inner = String::from(self.as_ref());
[INFO] [stdout]     |                                           ^^^^^^
[INFO] [stdout]     |
[INFO] [stdout] note: multiple `impl`s satisfying `StrWrapRef: AsRef<_>` found
[INFO] [stdout]    --> src/new_type_pair.rs:149:1
[INFO] [stdout]     |
[INFO] [stdout] 149 |   impl ::std::convert::AsRef<$stype> for $rtype {
[INFO] [stdout]     |   ^^^^^^^^^^^^^^^^^^^^^^^^^^^^^^^^^^^^^^^^^^^^^
[INFO] [stdout] ...
[INFO] [stdout] 156 |   impl ::std::convert::AsRef<$rtype> for $rtype {
[INFO] [stdout]     |   ^^^^^^^^^^^^^^^^^^^^^^^^^^^^^^^^^^^^^^^^^^^^^
[INFO] [stdout] ...
[INFO] [stdout] 450 | /     new_type_pair! {
[INFO] [stdout] 451 | |         #[derive(Clone, Debug, Hash, PartialEq, Eq, PartialOrd, Ord)]
[INFO] [stdout] 452 | |         /// And now it's documented!
[INFO] [stdout] 453 | |         pub struct StrWrap(String);
[INFO] [stdout] ...   |
[INFO] [stdout] 457 | |         pub struct StrWrapRef(str);
[INFO] [stdout] 458 | |     }
[INFO] [stdout]     | |_____- in this macro invocation
[INFO] [stdout]     = note: this error originates in the macro `new_type_pair` (in Nightly builds, run with -Z macro-backtrace for more info)
[INFO] [stdout] help: try using a fully qualified path to specify the expected types
[INFO] [stdout]     |
[INFO] [stdout] 473 |             let inner = String::from(<StrWrapRef as AsRef<T>>::as_ref(self));
[INFO] [stdout]     |                                      +++++++++++++++++++++++++++++++++    ~
[INFO] [stdout] 
[INFO] [stdout] 
[INFO] [stdout] error: aborting due to 2 previous errors
[INFO] [stdout] 
[INFO] [stdout] 
[INFO] [stdout] For more information about this error, try `rustc --explain E0283`.
[INFO] [stdout] 
[INFO] [stderr] error: could not compile `new_type_derive` (lib test) due to 3 previous errors
[INFO] [stderr] warning: build failed, waiting for other jobs to finish...
[INFO] running `Command { std: "docker" "inspect" "291e105ea1611ae1db5b675c262f65f58075c3cb844a39ef985f08416417128f", kill_on_drop: false }`
[INFO] running `Command { std: "docker" "rm" "-f" "291e105ea1611ae1db5b675c262f65f58075c3cb844a39ef985f08416417128f", kill_on_drop: false }`
[INFO] [stdout] 291e105ea1611ae1db5b675c262f65f58075c3cb844a39ef985f08416417128f
