[INFO] fetching crate netlink-proto 0.11.2...
[INFO] testing netlink-proto-0.11.2 against 1.75.0 for beta-1.76-1
[INFO] extracting crate netlink-proto 0.11.2 into /workspace/builds/worker-3-tc1/source
[INFO] validating manifest of crates.io crate netlink-proto 0.11.2 on toolchain 1.75.0
[INFO] running `Command { std: CARGO_HOME="/workspace/cargo-home" RUSTUP_HOME="/workspace/rustup-home" "/workspace/cargo-home/bin/cargo" "+1.75.0" "metadata" "--manifest-path" "Cargo.toml" "--no-deps", kill_on_drop: false }`
[INFO] started tweaking crates.io crate netlink-proto 0.11.2
[INFO] removed 0 missing examples
[INFO] finished tweaking crates.io crate netlink-proto 0.11.2
[INFO] tweaked toml for crates.io crate netlink-proto 0.11.2 written to /workspace/builds/worker-3-tc1/source/Cargo.toml
[INFO] crate crates.io crate netlink-proto 0.11.2 already has a lockfile, it will not be regenerated
[INFO] running `Command { std: CARGO_HOME="/workspace/cargo-home" RUSTUP_HOME="/workspace/rustup-home" "/workspace/cargo-home/bin/cargo" "+1.75.0" "fetch" "--manifest-path" "Cargo.toml", kill_on_drop: false }`
[INFO] [stderr]     Updating crates.io index
[INFO] [stderr]  Downloading crates ...
[INFO] [stderr]   Downloaded netlink-proto v0.11.1
[INFO] [stderr]   Downloaded syn v2.0.24
[INFO] [stderr]   Downloaded regex-automata v0.3.2
[INFO] [stderr]   Downloaded netlink-packet-audit v0.5.0
[INFO] [stderr]   Downloaded netlink-packet-route v0.14.1
[INFO] running `Command { std: "docker" "create" "-v" "/var/lib/crater-agent-workspace/builds/worker-3-tc1/target:/opt/rustwide/target:rw,Z" "-v" "/var/lib/crater-agent-workspace/builds/worker-3-tc1/source:/opt/rustwide/workdir:ro,Z" "-v" "/var/lib/crater-agent-workspace/cargo-home:/opt/rustwide/cargo-home:ro,Z" "-v" "/var/lib/crater-agent-workspace/rustup-home:/opt/rustwide/rustup-home:ro,Z" "-e" "SOURCE_DIR=/opt/rustwide/workdir" "-e" "CARGO_TARGET_DIR=/opt/rustwide/target" "-e" "CARGO_HOME=/opt/rustwide/cargo-home" "-e" "RUSTUP_HOME=/opt/rustwide/rustup-home" "-w" "/opt/rustwide/workdir" "-m" "1610612736" "--user" "0:0" "--network" "none" "ghcr.io/rust-lang/crates-build-env/linux@sha256:2788e3201cd34a07e3172128adcd8b3090168a8e3bcc40d7c032b9dda1df7d1c" "/opt/rustwide/cargo-home/bin/cargo" "+1.75.0" "metadata" "--no-deps" "--format-version=1", kill_on_drop: false }`
[INFO] [stdout] 8c05cca87855ab1194a1f0678fe52c5556b9c351c2c3baf848997933f0acf20a
[INFO] running `Command { std: "docker" "start" "-a" "8c05cca87855ab1194a1f0678fe52c5556b9c351c2c3baf848997933f0acf20a", kill_on_drop: false }`
[INFO] running `Command { std: "docker" "inspect" "8c05cca87855ab1194a1f0678fe52c5556b9c351c2c3baf848997933f0acf20a", kill_on_drop: false }`
[INFO] running `Command { std: "docker" "rm" "-f" "8c05cca87855ab1194a1f0678fe52c5556b9c351c2c3baf848997933f0acf20a", kill_on_drop: false }`
[INFO] [stdout] 8c05cca87855ab1194a1f0678fe52c5556b9c351c2c3baf848997933f0acf20a
[INFO] running `Command { std: "docker" "create" "-v" "/var/lib/crater-agent-workspace/builds/worker-3-tc1/target:/opt/rustwide/target:rw,Z" "-v" "/var/lib/crater-agent-workspace/builds/worker-3-tc1/source:/opt/rustwide/workdir:ro,Z" "-v" "/var/lib/crater-agent-workspace/cargo-home:/opt/rustwide/cargo-home:ro,Z" "-v" "/var/lib/crater-agent-workspace/rustup-home:/opt/rustwide/rustup-home:ro,Z" "-e" "SOURCE_DIR=/opt/rustwide/workdir" "-e" "CARGO_TARGET_DIR=/opt/rustwide/target" "-e" "CARGO_INCREMENTAL=0" "-e" "RUST_BACKTRACE=full" "-e" "RUSTFLAGS=--cap-lints=warn" "-e" "RUSTDOCFLAGS=--cap-lints=warn" "-e" "CARGO_HOME=/opt/rustwide/cargo-home" "-e" "RUSTUP_HOME=/opt/rustwide/rustup-home" "-w" "/opt/rustwide/workdir" "-m" "1610612736" "--user" "0:0" "--network" "none" "ghcr.io/rust-lang/crates-build-env/linux@sha256:2788e3201cd34a07e3172128adcd8b3090168a8e3bcc40d7c032b9dda1df7d1c" "/opt/rustwide/cargo-home/bin/cargo" "+1.75.0" "build" "--frozen" "--message-format=json", kill_on_drop: false }`
[INFO] [stdout] a0584389829536fa07cd38b5fa758013dbdb8cc78218f2b4306ca2c693cf6494
[INFO] running `Command { std: "docker" "start" "-a" "a0584389829536fa07cd38b5fa758013dbdb8cc78218f2b4306ca2c693cf6494", kill_on_drop: false }`
[INFO] [stderr]    Compiling proc-macro2 v1.0.64
[INFO] [stderr]    Compiling unicode-ident v1.0.10
[INFO] [stderr]    Compiling quote v1.0.29
[INFO] [stderr]    Compiling futures-core v0.3.28
[INFO] [stderr]    Compiling libc v0.2.147
[INFO] [stderr]    Compiling futures-task v0.3.28
[INFO] [stderr]    Compiling memchr v2.5.0
[INFO] [stderr]    Compiling futures-channel v0.3.28
[INFO] [stderr]    Compiling pin-project-lite v0.2.10
[INFO] [stderr]    Compiling futures-sink v0.3.28
[INFO] [stderr]    Compiling futures-util v0.3.28
[INFO] [stderr]    Compiling thiserror v1.0.43
[INFO] [stderr]    Compiling anyhow v1.0.71
[INFO] [stderr]    Compiling paste v1.0.13
[INFO] [stderr]    Compiling futures-io v0.3.28
[INFO] [stderr]    Compiling slab v0.4.8
[INFO] [stderr]    Compiling tokio v1.29.1
[INFO] [stderr]    Compiling byteorder v1.4.3
[INFO] [stderr]    Compiling bytes v1.4.0
[INFO] [stderr]    Compiling value-bag v1.4.1
[INFO] [stderr]    Compiling log v0.4.19
[INFO] [stderr]    Compiling syn v2.0.24
[INFO] [stderr]    Compiling num_cpus v1.16.0
[INFO] [stderr]    Compiling socket2 v0.4.9
[INFO] [stderr]    Compiling mio v0.8.8
[INFO] [stderr]    Compiling futures-macro v0.3.28
[INFO] [stderr]    Compiling thiserror-impl v1.0.43
[INFO] [stderr]    Compiling tokio-macros v2.1.0
[INFO] [stderr]    Compiling netlink-packet-utils v0.5.2
[INFO] [stderr]    Compiling netlink-packet-core v0.7.0
[INFO] [stderr]    Compiling futures-executor v0.3.28
[INFO] [stderr]    Compiling futures v0.3.28
[INFO] [stderr]    Compiling netlink-sys v0.8.5
[INFO] [stderr]    Compiling netlink-proto v0.11.2 (/opt/rustwide/workdir)
[INFO] [stderr]     Finished dev [unoptimized + debuginfo] target(s) in 12.10s
[INFO] running `Command { std: "docker" "inspect" "a0584389829536fa07cd38b5fa758013dbdb8cc78218f2b4306ca2c693cf6494", kill_on_drop: false }`
[INFO] running `Command { std: "docker" "rm" "-f" "a0584389829536fa07cd38b5fa758013dbdb8cc78218f2b4306ca2c693cf6494", kill_on_drop: false }`
[INFO] [stdout] a0584389829536fa07cd38b5fa758013dbdb8cc78218f2b4306ca2c693cf6494
[INFO] running `Command { std: "docker" "create" "-v" "/var/lib/crater-agent-workspace/builds/worker-3-tc1/target:/opt/rustwide/target:rw,Z" "-v" "/var/lib/crater-agent-workspace/builds/worker-3-tc1/source:/opt/rustwide/workdir:ro,Z" "-v" "/var/lib/crater-agent-workspace/cargo-home:/opt/rustwide/cargo-home:ro,Z" "-v" "/var/lib/crater-agent-workspace/rustup-home:/opt/rustwide/rustup-home:ro,Z" "-e" "SOURCE_DIR=/opt/rustwide/workdir" "-e" "CARGO_TARGET_DIR=/opt/rustwide/target" "-e" "CARGO_INCREMENTAL=0" "-e" "RUST_BACKTRACE=full" "-e" "RUSTFLAGS=--cap-lints=warn" "-e" "RUSTDOCFLAGS=--cap-lints=warn" "-e" "CARGO_HOME=/opt/rustwide/cargo-home" "-e" "RUSTUP_HOME=/opt/rustwide/rustup-home" "-w" "/opt/rustwide/workdir" "-m" "1610612736" "--user" "0:0" "--network" "none" "ghcr.io/rust-lang/crates-build-env/linux@sha256:2788e3201cd34a07e3172128adcd8b3090168a8e3bcc40d7c032b9dda1df7d1c" "/opt/rustwide/cargo-home/bin/cargo" "+1.75.0" "test" "--frozen" "--no-run" "--message-format=json", kill_on_drop: false }`
[INFO] [stdout] 9d97744c2cccccd205201badab440c806405a36eb154d7affabba56f19dc3ca1
[INFO] running `Command { std: "docker" "start" "-a" "9d97744c2cccccd205201badab440c806405a36eb154d7affabba56f19dc3ca1", kill_on_drop: false }`
[INFO] [stderr]    Compiling crossbeam-utils v0.8.16
[INFO] [stderr]    Compiling event-listener v2.5.3
[INFO] [stderr]    Compiling waker-fn v1.1.0
[INFO] [stderr]    Compiling parking v2.1.0
[INFO] [stderr]    Compiling fastrand v1.9.0
[INFO] [stderr]    Compiling io-lifetimes v1.0.11
[INFO] [stderr]    Compiling polling v2.8.0
[INFO] [stderr]    Compiling rustix v0.37.23
[INFO] [stderr]    Compiling async-io v1.13.0
[INFO] [stderr]    Compiling async-task v4.4.0
[INFO] [stderr]    Compiling linux-raw-sys v0.3.8
[INFO] [stderr]    Compiling netlink-packet-core v0.5.0
[INFO] [stderr]    Compiling aho-corasick v1.0.2
[INFO] [stderr]    Compiling atomic-waker v1.1.1
[INFO] [stderr]    Compiling regex-syntax v0.7.3
[INFO] [stderr]    Compiling syn v1.0.109
[INFO] [stderr]    Compiling kv-log-macro v1.0.7
[INFO] [stderr]    Compiling async-lock v2.7.0
[INFO] [stderr]    Compiling netlink-proto v0.11.1
[INFO] [stderr]    Compiling atty v0.2.14
[INFO] [stderr]    Compiling termcolor v1.2.0
[INFO] [stderr]    Compiling humantime v2.1.0
[INFO] [stderr]    Compiling futures-lite v1.13.0
[INFO] [stderr]    Compiling netlink-packet-route v0.14.1
[INFO] [stderr]    Compiling netlink-packet-audit v0.5.0
[INFO] [stderr]    Compiling concurrent-queue v2.2.0
[INFO] [stderr]    Compiling async-channel v1.9.0
[INFO] [stderr]    Compiling async-executor v1.5.1
[INFO] [stderr]    Compiling blocking v1.3.1
[INFO] [stderr]    Compiling regex-automata v0.3.2
[INFO] [stderr]    Compiling async-attributes v1.1.2
[INFO] [stderr]    Compiling async-global-executor v2.3.1
[INFO] [stderr]    Compiling regex v1.9.1
[INFO] [stderr]    Compiling async-std v1.12.0
[INFO] [stderr]    Compiling env_logger v0.8.4
[INFO] [stderr]    Compiling netlink-proto v0.11.2 (/opt/rustwide/workdir)
[INFO] [stdout] error[E0277]: the trait bound `NetlinkPayload<AuditMessage>: From<AuditMessage>` is not satisfied
[INFO] [stdout]   --> examples/audit_netlink_events.rs:70:26
[INFO] [stdout]    |
[INFO] [stdout] 70 |         let mut nl_msg = NetlinkMessage::from(payload);
[INFO] [stdout]    |                          ^^^^^^^^^^^^^^ the trait `From<AuditMessage>` is not implemented for `NetlinkPayload<AuditMessage>`
[INFO] [stdout]    |
[INFO] [stdout]    = help: the trait `From<T>` is implemented for `NetlinkMessage<T>`
[INFO] [stdout]    = note: required for `AuditMessage` to implement `Into<NetlinkPayload<AuditMessage>>`
[INFO] [stdout]    = note: required for `NetlinkMessage<AuditMessage>` to implement `From<AuditMessage>`
[INFO] [stdout] 
[INFO] [stdout] 
[INFO] [stdout] error[E0277]: the trait bound `AuditMessage: NetlinkSerializable` is not satisfied
[INFO] [stdout]    --> examples/audit_netlink_events.rs:52:44
[INFO] [stdout]     |
[INFO] [stdout] 52  |     let (conn, mut handle, mut messages) = new_connection(NETLINK_AUDIT)
[INFO] [stdout]     |                                            ^^^^^^^^^^^^^^ the trait `NetlinkSerializable` is not implemented for `AuditMessage`
[INFO] [stdout]     |
[INFO] [stdout] note: required by a bound in `new_connection`
[INFO] [stdout]    --> /opt/rustwide/workdir/src/lib.rs:235:11
[INFO] [stdout]     |
[INFO] [stdout] 226 | pub fn new_connection<T>(
[INFO] [stdout]     |        -------------- required by a bound in this function
[INFO] [stdout] ...
[INFO] [stdout] 235 |         + packet::NetlinkSerializable
[INFO] [stdout]     |           ^^^^^^^^^^^^^^^^^^^^^^^^^^^ required by this bound in `new_connection`
[INFO] [stdout] 
[INFO] [stdout] 
[INFO] [stdout] error[E0277]: the trait bound `AuditMessage: NetlinkDeserializable` is not satisfied
[INFO] [stdout]    --> examples/audit_netlink_events.rs:52:44
[INFO] [stdout]     |
[INFO] [stdout] 52  |     let (conn, mut handle, mut messages) = new_connection(NETLINK_AUDIT)
[INFO] [stdout]     |                                            ^^^^^^^^^^^^^^ the trait `NetlinkDeserializable` is not implemented for `AuditMessage`
[INFO] [stdout]     |
[INFO] [stdout] note: required by a bound in `new_connection`
[INFO] [stdout]    --> /opt/rustwide/workdir/src/lib.rs:236:11
[INFO] [stdout]     |
[INFO] [stdout] 226 | pub fn new_connection<T>(
[INFO] [stdout]     |        -------------- required by a bound in this function
[INFO] [stdout] ...
[INFO] [stdout] 236 |         + packet::NetlinkDeserializable
[INFO] [stdout]     |           ^^^^^^^^^^^^^^^^^^^^^^^^^^^^^ required by this bound in `new_connection`
[INFO] [stdout] 
[INFO] [stdout] 
[INFO] [stdout] error[E0277]: the trait bound `AuditMessage: NetlinkSerializable` is not satisfied
[INFO] [stdout]    --> examples/audit_netlink_events.rs:59:18
[INFO] [stdout]     |
[INFO] [stdout] 59  |     tokio::spawn(conn);
[INFO] [stdout]     |     ------------ ^^^^ the trait `NetlinkSerializable` is not implemented for `AuditMessage`
[INFO] [stdout]     |     |
[INFO] [stdout]     |     required by a bound introduced by this call
[INFO] [stdout]     |
[INFO] [stdout]     = note: required for `Connection<AuditMessage>` to implement `futures::Future`
[INFO] [stdout] note: required by a bound in `tokio::spawn`
[INFO] [stdout]    --> /opt/rustwide/cargo-home/registry/src/index.crates.io-6f17d22bba15001f/tokio-1.29.1/src/task/spawn.rs:166:12
[INFO] [stdout]     |
[INFO] [stdout] 164 |     pub fn spawn<T>(future: T) -> JoinHandle<T::Output>
[INFO] [stdout]     |            ----- required by a bound in this function
[INFO] [stdout] 165 |     where
[INFO] [stdout] 166 |         T: Future + Send + 'static,
[INFO] [stdout]     |            ^^^^^^ required by this bound in `spawn`
[INFO] [stdout] 
[INFO] [stdout] 
[INFO] [stdout] error[E0277]: the trait bound `AuditMessage: NetlinkDeserializable` is not satisfied
[INFO] [stdout]    --> examples/audit_netlink_events.rs:59:18
[INFO] [stdout]     |
[INFO] [stdout] 59  |     tokio::spawn(conn);
[INFO] [stdout]     |     ------------ ^^^^ the trait `NetlinkDeserializable` is not implemented for `AuditMessage`
[INFO] [stdout]     |     |
[INFO] [stdout]     |     required by a bound introduced by this call
[INFO] [stdout]     |
[INFO] [stdout]     = note: required for `Connection<AuditMessage>` to implement `futures::Future`
[INFO] [stdout] note: required by a bound in `tokio::spawn`
[INFO] [stdout]    --> /opt/rustwide/cargo-home/registry/src/index.crates.io-6f17d22bba15001f/tokio-1.29.1/src/task/spawn.rs:166:12
[INFO] [stdout]     |
[INFO] [stdout] 164 |     pub fn spawn<T>(future: T) -> JoinHandle<T::Output>
[INFO] [stdout]     |            ----- required by a bound in this function
[INFO] [stdout] 165 |     where
[INFO] [stdout] 166 |         T: Future + Send + 'static,
[INFO] [stdout]     |            ^^^^^^ required by this bound in `spawn`
[INFO] [stdout] 
[INFO] [stdout] 
[INFO] [stdout] error[E0277]: the trait bound `AuditMessage: NetlinkSerializable` is not satisfied
[INFO] [stdout]    --> src/connection.rs:340:30
[INFO] [stdout]     |
[INFO] [stdout] 340 |             new_connection::<AuditMessage>(NETLINK_AUDIT).unwrap();
[INFO] [stdout]     |                              ^^^^^^^^^^^^ the trait `NetlinkSerializable` is not implemented for `AuditMessage`
[INFO] [stdout]     |
[INFO] [stdout] note: required by a bound in `new_connection`
[INFO] [stdout]    --> src/lib.rs:235:11
[INFO] [stdout]     |
[INFO] [stdout] 226 | pub fn new_connection<T>(
[INFO] [stdout]     |        -------------- required by a bound in this function
[INFO] [stdout] ...
[INFO] [stdout] 235 |         + packet::NetlinkSerializable
[INFO] [stdout]     |           ^^^^^^^^^^^^^^^^^^^^^^^^^^^ required by this bound in `new_connection`
[INFO] [stdout] 
[INFO] [stdout] 
[INFO] [stdout] error[E0277]: the trait bound `AuditMessage: NetlinkDeserializable` is not satisfied
[INFO] [stdout]    --> src/connection.rs:340:30
[INFO] [stdout]     |
[INFO] [stdout] 340 |             new_connection::<AuditMessage>(NETLINK_AUDIT).unwrap();
[INFO] [stdout]     |                              ^^^^^^^^^^^^ the trait `NetlinkDeserializable` is not implemented for `AuditMessage`
[INFO] [stdout]     |
[INFO] [stdout] note: required by a bound in `new_connection`
[INFO] [stdout]    --> src/lib.rs:236:11
[INFO] [stdout]     |
[INFO] [stdout] 226 | pub fn new_connection<T>(
[INFO] [stdout]     |        -------------- required by a bound in this function
[INFO] [stdout] ...
[INFO] [stdout] 236 |         + packet::NetlinkDeserializable
[INFO] [stdout]     |           ^^^^^^^^^^^^^^^^^^^^^^^^^^^^^ required by this bound in `new_connection`
[INFO] [stdout] 
[INFO] [stdout] 
[INFO] [stdout] error[E0277]: the trait bound `AuditMessage: NetlinkSerializable` is not satisfied
[INFO] [stdout]    --> src/connection.rs:340:13
[INFO] [stdout]     |
[INFO] [stdout] 340 |             new_connection::<AuditMessage>(NETLINK_AUDIT).unwrap();
[INFO] [stdout]     |             ^^^^^^^^^^^^^^^^^^^^^^^^^^^^^^^^^^^^^^^^^^^^^ the trait `NetlinkSerializable` is not implemented for `AuditMessage`
[INFO] [stdout]     |
[INFO] [stdout] note: required by a bound in `connection::Connection`
[INFO] [stdout]    --> src/connection.rs:38:16
[INFO] [stdout]     |
[INFO] [stdout] 36  | pub struct Connection<T, S = DefaultSocket, C = NetlinkCodec>
[INFO] [stdout]     |            ---------- required by a bound in this struct
[INFO] [stdout] 37  | where
[INFO] [stdout] 38  |     T: Debug + NetlinkSerializable + NetlinkDeserializable,
[INFO] [stdout]     |                ^^^^^^^^^^^^^^^^^^^ required by this bound in `Connection`
[INFO] [stdout] 
[INFO] [stdout] 
[INFO] [stdout] error[E0277]: the trait bound `AuditMessage: NetlinkDeserializable` is not satisfied
[INFO] [stdout]    --> src/connection.rs:340:13
[INFO] [stdout]     |
[INFO] [stdout] 340 |             new_connection::<AuditMessage>(NETLINK_AUDIT).unwrap();
[INFO] [stdout]     |             ^^^^^^^^^^^^^^^^^^^^^^^^^^^^^^^^^^^^^^^^^^^^^ the trait `NetlinkDeserializable` is not implemented for `AuditMessage`
[INFO] [stdout]     |
[INFO] [stdout] note: required by a bound in `connection::Connection`
[INFO] [stdout]    --> src/connection.rs:38:38
[INFO] [stdout]     |
[INFO] [stdout] 36  | pub struct Connection<T, S = DefaultSocket, C = NetlinkCodec>
[INFO] [stdout]     |            ---------- required by a bound in this struct
[INFO] [stdout] 37  | where
[INFO] [stdout] 38  |     T: Debug + NetlinkSerializable + NetlinkDeserializable,
[INFO] [stdout]     |                                      ^^^^^^^^^^^^^^^^^^^^^ required by this bound in `Connection`
[INFO] [stdout] 
[INFO] [stdout] 
[INFO] [stdout] error[E0277]: the trait bound `AuditMessage: NetlinkSerializable` is not satisfied
[INFO] [stdout]   --> examples/audit_netlink_events.rs:59:5
[INFO] [stdout]    |
[INFO] [stdout] 59 |     tokio::spawn(conn);
[INFO] [stdout]    |     ^^^^^^^^^^^^ the trait `NetlinkSerializable` is not implemented for `AuditMessage`
[INFO] [stdout]    |
[INFO] [stdout]    = note: required for `Connection<AuditMessage>` to implement `futures::Future`
[INFO] [stdout] 
[INFO] [stdout] 
[INFO] [stdout] error[E0308]: mismatched types
[INFO] [stdout]   --> examples/dump_links.rs:34:18
[INFO] [stdout]    |
[INFO] [stdout] 34 |         .request(request, SocketAddr::new(0, 0))
[INFO] [stdout]    |          ------- ^^^^^^^ expected `NetlinkMessage<_>`, found `NetlinkMessage<RtnlMessage>`
[INFO] [stdout]    |          |
[INFO] [stdout]    |          arguments to this method are incorrect
[INFO] [stdout]    |
[INFO] [stdout]    = note: `NetlinkMessage<RtnlMessage>` and `NetlinkMessage<_>` have similar names, but are actually distinct types
[INFO] [stdout] note: `NetlinkMessage<RtnlMessage>` is defined in crate `netlink_packet_core`
[INFO] [stdout]   --> /opt/rustwide/cargo-home/registry/src/index.crates.io-6f17d22bba15001f/netlink-packet-core-0.5.0/src/message.rs:18:1
[INFO] [stdout]    |
[INFO] [stdout] 18 | pub struct NetlinkMessage<I> {
[INFO] [stdout]    | ^^^^^^^^^^^^^^^^^^^^^^^^^^^^
[INFO] [stdout] note: `NetlinkMessage<_>` is defined in crate `netlink_packet_core`
[INFO] [stdout]   --> /opt/rustwide/cargo-home/registry/src/index.crates.io-6f17d22bba15001f/netlink-packet-core-0.7.0/src/message.rs:18:1
[INFO] [stdout]    |
[INFO] [stdout] 18 | pub struct NetlinkMessage<I> {
[INFO] [stdout]    | ^^^^^^^^^^^^^^^^^^^^^^^^^^^^
[INFO] [stdout]    = note: perhaps two different versions of crate `netlink_packet_core` are being used?
[INFO] [stdout] note: method defined here
[INFO] [stdout]   --> /opt/rustwide/workdir/src/handle.rs:37:12
[INFO] [stdout]    |
[INFO] [stdout] 37 |     pub fn request(
[INFO] [stdout]    |            ^^^^^^^
[INFO] [stdout] 
[INFO] [stdout] 
[INFO] [stdout] error[E0277]: the trait bound `AuditMessage: NetlinkSerializable` is not satisfied
[INFO] [stdout]    --> src/connection.rs:341:27
[INFO] [stdout]     |
[INFO] [stdout] 341 |         let join_handle = tokio::spawn(conn);
[INFO] [stdout]     |                           ^^^^^^^^^^^^ the trait `NetlinkSerializable` is not implemented for `AuditMessage`
[INFO] [stdout]     |
[INFO] [stdout] note: required for `connection::Connection<AuditMessage>` to implement `futures::Future`
[INFO] [stdout]    --> src/connection.rs:291:15
[INFO] [stdout]     |
[INFO] [stdout] 291 | impl<T, S, C> Future for Connection<T, S, C>
[INFO] [stdout]     |               ^^^^^^     ^^^^^^^^^^^^^^^^^^^
[INFO] [stdout] 292 | where
[INFO] [stdout] 293 |     T: Debug + NetlinkSerializable + NetlinkDeserializable + Unpin,
[INFO] [stdout]     |                ------------------- unsatisfied trait bound introduced here
[INFO] [stdout] 
[INFO] [stdout] 
[INFO] [stdout] error[E0277]: the trait bound `AuditMessage: NetlinkDeserializable` is not satisfied
[INFO] [stdout]   --> examples/audit_netlink_events.rs:59:5
[INFO] [stdout]    |
[INFO] [stdout] 59 |     tokio::spawn(conn);
[INFO] [stdout]    |     ^^^^^^^^^^^^ the trait `NetlinkDeserializable` is not implemented for `AuditMessage`
[INFO] [stdout]    |
[INFO] [stdout]    = note: required for `Connection<AuditMessage>` to implement `futures::Future`
[INFO] [stdout] 
[INFO] [stdout] 
[INFO] [stdout] error[E0277]: the trait bound `AuditMessage: NetlinkDeserializable` is not satisfied
[INFO] [stdout]    --> src/connection.rs:341:27
[INFO] [stdout]     |
[INFO] [stdout] 341 |         let join_handle = tokio::spawn(conn);
[INFO] [stdout]     |                           ^^^^^^^^^^^^ the trait `NetlinkDeserializable` is not implemented for `AuditMessage`
[INFO] [stdout]     |
[INFO] [stdout] note: required for `connection::Connection<AuditMessage>` to implement `futures::Future`
[INFO] [stdout]    --> src/connection.rs:291:15
[INFO] [stdout]     |
[INFO] [stdout] 291 | impl<T, S, C> Future for Connection<T, S, C>
[INFO] [stdout]     |               ^^^^^^     ^^^^^^^^^^^^^^^^^^^
[INFO] [stdout] 292 | where
[INFO] [stdout] 293 |     T: Debug + NetlinkSerializable + NetlinkDeserializable + Unpin,
[INFO] [stdout]     |                                      --------------------- unsatisfied trait bound introduced here
[INFO] [stdout] 
[INFO] [stdout] 
[INFO] [stdout] error: aborting due to 7 previous errors
[INFO] [stdout] 
[INFO] [stdout] 
[INFO] [stdout] For more information about this error, try `rustc --explain E0277`.
[INFO] [stdout] 
[INFO] [stderr] error: could not compile `netlink-proto` (example "audit_netlink_events") due to 8 previous errors
[INFO] [stderr] warning: build failed, waiting for other jobs to finish...
[INFO] [stdout] error: aborting due to 6 previous errors
[INFO] [stdout] 
[INFO] [stdout] 
[INFO] [stdout] For more information about this error, try `rustc --explain E0277`.
[INFO] [stdout] 
[INFO] [stdout] error: aborting due to previous error
[INFO] [stdout] 
[INFO] [stdout] 
[INFO] [stdout] For more information about this error, try `rustc --explain E0308`.
[INFO] [stdout] 
[INFO] [stderr] error: could not compile `netlink-proto` (lib test) due to 7 previous errors
[INFO] [stderr] error: could not compile `netlink-proto` (example "dump_links") due to 2 previous errors
[INFO] running `Command { std: "docker" "inspect" "9d97744c2cccccd205201badab440c806405a36eb154d7affabba56f19dc3ca1", kill_on_drop: false }`
[INFO] running `Command { std: "docker" "rm" "-f" "9d97744c2cccccd205201badab440c806405a36eb154d7affabba56f19dc3ca1", kill_on_drop: false }`
[INFO] [stdout] 9d97744c2cccccd205201badab440c806405a36eb154d7affabba56f19dc3ca1
