[INFO] fetching crate near-vm-runner 0.17.0...
[INFO] testing near-vm-runner-0.17.0 against 1.75.0 for beta-1.76-1
[INFO] extracting crate near-vm-runner 0.17.0 into /workspace/builds/worker-1-tc1/source
[INFO] validating manifest of crates.io crate near-vm-runner 0.17.0 on toolchain 1.75.0
[INFO] running `Command { std: CARGO_HOME="/workspace/cargo-home" RUSTUP_HOME="/workspace/rustup-home" "/workspace/cargo-home/bin/cargo" "+1.75.0" "metadata" "--manifest-path" "Cargo.toml" "--no-deps", kill_on_drop: false }`
[INFO] started tweaking crates.io crate near-vm-runner 0.17.0
[INFO] finished tweaking crates.io crate near-vm-runner 0.17.0
[INFO] tweaked toml for crates.io crate near-vm-runner 0.17.0 written to /workspace/builds/worker-1-tc1/source/Cargo.toml
[INFO] running `Command { std: CARGO_HOME="/workspace/cargo-home" RUSTUP_HOME="/workspace/rustup-home" "/workspace/cargo-home/bin/cargo" "+1.75.0" "generate-lockfile" "--manifest-path" "Cargo.toml", kill_on_drop: false }`
[INFO] [stderr]     Updating crates.io index
[INFO] running `Command { std: CARGO_HOME="/workspace/cargo-home" RUSTUP_HOME="/workspace/rustup-home" "/workspace/cargo-home/bin/cargo" "+1.75.0" "fetch" "--manifest-path" "Cargo.toml", kill_on_drop: false }`
[INFO] [stderr]  Downloading crates ...
[INFO] [stderr]   Downloaded bolero-generator v0.8.0
[INFO] [stderr]   Downloaded near-cache v0.17.0
[INFO] [stderr]   Downloaded bolero v0.8.0
[INFO] [stderr]   Downloaded near-stable-hasher v0.17.0
[INFO] [stderr]   Downloaded near-vm-compiler v0.17.0
[INFO] [stderr]   Downloaded bolero-generator-derive v0.8.0
[INFO] [stderr]   Downloaded serde-bench v0.0.7
[INFO] [stderr]   Downloaded bolero-kani v0.8.0
[INFO] [stderr]   Downloaded wasmtime-types v4.0.1
[INFO] [stderr]   Downloaded near-vm-engine-universal v0.17.0
[INFO] [stderr]   Downloaded zeropool-bn v0.5.11
[INFO] [stderr]   Downloaded bolero-honggfuzz v0.8.0
[INFO] [stderr]   Downloaded wasmtime v4.0.1
[INFO] [stderr]   Downloaded near-vm-logic v0.17.0
[INFO] [stderr]   Downloaded finite-wasm v0.4.0
[INFO] [stderr]   Downloaded wasm-encoder v0.12.0
[INFO] [stderr]   Downloaded wasmer-runtime-near v0.18.0
[INFO] [stderr]   Downloaded wasmparser v0.99.0
[INFO] [stderr]   Downloaded wasmparser v0.85.0
[INFO] [stderr]   Downloaded wasm-smith v0.10.1
[INFO] [stderr]   Downloaded wasmparser v0.51.4
[INFO] [stderr]   Downloaded wasmer-runtime-core-near v0.18.3
[INFO] [stderr]   Downloaded bolero-afl v0.8.0
[INFO] [stderr]   Downloaded wasmparser v0.78.2
[INFO] [stderr]   Downloaded near-vm-vm v0.17.0
[INFO] [stderr]   Downloaded nix v0.15.0
[INFO] [stderr]   Downloaded wasmparser v0.104.0
[INFO] [stderr]   Downloaded wasmtime-cranelift v4.0.1
[INFO] [stderr]   Downloaded cranelift-wasm v0.91.1
[INFO] [stderr]   Downloaded wasmtime-environ v4.0.1
[INFO] [stderr]   Downloaded dynasm v1.2.3
[INFO] [stderr]   Downloaded bolero-libfuzzer v0.8.0
[INFO] [stderr]   Downloaded near-vm-types v0.17.0
[INFO] [stderr]   Downloaded flagset v0.4.4
[INFO] [stderr]   Downloaded wasmer-compiler-singlepass-near v2.4.0
[INFO] [stderr]   Downloaded page_size v0.4.2
[INFO] [stderr]   Downloaded wasmer-vm-near v2.4.0
[INFO] [stderr]   Downloaded expect-test v1.4.1
[INFO] [stderr]   Downloaded near-vm-compiler-singlepass v0.17.0
[INFO] [stderr]   Downloaded wasm-encoder v0.26.0
[INFO] [stderr]   Downloaded target-lexicon v0.10.0
[INFO] [stderr]   Downloaded wasmer-types-near v2.4.0
[INFO] [stderr]   Downloaded wasmprinter v0.2.56
[INFO] [stderr]   Downloaded pwasm-utils v0.12.0
[INFO] [stderr]   Downloaded wasmer-singlepass-backend-near v0.18.1
[INFO] [stderr]   Downloaded wasmtime-jit-debug v4.0.1
[INFO] [stderr]   Downloaded wasmtime-jit v4.0.1
[INFO] [stderr]   Downloaded wasmer-compiler-near v2.4.0
[INFO] [stderr]   Downloaded wasmer-engine-universal-near v2.4.0
[INFO] [stderr]   Downloaded near-vm-engine v0.17.0
[INFO] [stderr]   Downloaded prefix-sum-vec v0.1.2
[INFO] [stderr]   Downloaded dynasmrt v1.2.3
[INFO] [stderr]   Downloaded wasmer-engine-near v2.4.0
[INFO] [stderr]   Downloaded cranelift-native v0.91.1
[INFO] [stderr]   Downloaded wasmtime-jit-icache-coherence v3.0.1
[INFO] [stderr]   Downloaded wasmtime-asm-macros v4.0.1
[INFO] [stderr]   Downloaded bolero-engine v0.8.1
[INFO] [stderr]   Downloaded wasmtime-runtime v4.0.1
[INFO] running `Command { std: "docker" "create" "-v" "/var/lib/crater-agent-workspace/builds/worker-1-tc1/target:/opt/rustwide/target:rw,Z" "-v" "/var/lib/crater-agent-workspace/builds/worker-1-tc1/source:/opt/rustwide/workdir:ro,Z" "-v" "/var/lib/crater-agent-workspace/cargo-home:/opt/rustwide/cargo-home:ro,Z" "-v" "/var/lib/crater-agent-workspace/rustup-home:/opt/rustwide/rustup-home:ro,Z" "-e" "SOURCE_DIR=/opt/rustwide/workdir" "-e" "CARGO_TARGET_DIR=/opt/rustwide/target" "-e" "CARGO_HOME=/opt/rustwide/cargo-home" "-e" "RUSTUP_HOME=/opt/rustwide/rustup-home" "-w" "/opt/rustwide/workdir" "-m" "1610612736" "--user" "0:0" "--network" "none" "ghcr.io/rust-lang/crates-build-env/linux@sha256:2788e3201cd34a07e3172128adcd8b3090168a8e3bcc40d7c032b9dda1df7d1c" "/opt/rustwide/cargo-home/bin/cargo" "+1.75.0" "metadata" "--no-deps" "--format-version=1", kill_on_drop: false }`
[INFO] [stdout] 7aa6361e1af0b20f28c9ddf2ae8ce0320df3a5a4680a8f6dc843a7fccb3610d1
[INFO] running `Command { std: "docker" "start" "-a" "7aa6361e1af0b20f28c9ddf2ae8ce0320df3a5a4680a8f6dc843a7fccb3610d1", kill_on_drop: false }`
[INFO] running `Command { std: "docker" "inspect" "7aa6361e1af0b20f28c9ddf2ae8ce0320df3a5a4680a8f6dc843a7fccb3610d1", kill_on_drop: false }`
[INFO] running `Command { std: "docker" "rm" "-f" "7aa6361e1af0b20f28c9ddf2ae8ce0320df3a5a4680a8f6dc843a7fccb3610d1", kill_on_drop: false }`
[INFO] [stdout] 7aa6361e1af0b20f28c9ddf2ae8ce0320df3a5a4680a8f6dc843a7fccb3610d1
[INFO] running `Command { std: "docker" "create" "-v" "/var/lib/crater-agent-workspace/builds/worker-1-tc1/target:/opt/rustwide/target:rw,Z" "-v" "/var/lib/crater-agent-workspace/builds/worker-1-tc1/source:/opt/rustwide/workdir:ro,Z" "-v" "/var/lib/crater-agent-workspace/cargo-home:/opt/rustwide/cargo-home:ro,Z" "-v" "/var/lib/crater-agent-workspace/rustup-home:/opt/rustwide/rustup-home:ro,Z" "-e" "SOURCE_DIR=/opt/rustwide/workdir" "-e" "CARGO_TARGET_DIR=/opt/rustwide/target" "-e" "CARGO_INCREMENTAL=0" "-e" "RUST_BACKTRACE=full" "-e" "RUSTFLAGS=--cap-lints=warn" "-e" "RUSTDOCFLAGS=--cap-lints=warn" "-e" "CARGO_HOME=/opt/rustwide/cargo-home" "-e" "RUSTUP_HOME=/opt/rustwide/rustup-home" "-w" "/opt/rustwide/workdir" "-m" "1610612736" "--user" "0:0" "--network" "none" "ghcr.io/rust-lang/crates-build-env/linux@sha256:2788e3201cd34a07e3172128adcd8b3090168a8e3bcc40d7c032b9dda1df7d1c" "/opt/rustwide/cargo-home/bin/cargo" "+1.75.0" "build" "--frozen" "--message-format=json", kill_on_drop: false }`
[INFO] [stdout] 80ebe45caaa32cb37e325251d70da98998c11dfe1d52e157a9b9eb232b782510
[INFO] running `Command { std: "docker" "start" "-a" "80ebe45caaa32cb37e325251d70da98998c11dfe1d52e157a9b9eb232b782510", kill_on_drop: false }`
[INFO] [stderr]    Compiling libc v0.2.151
[INFO] [stderr]    Compiling serde v1.0.194
[INFO] [stderr]    Compiling syn v1.0.109
[INFO] [stderr]    Compiling ahash v0.7.7
[INFO] [stderr]    Compiling smallvec v1.11.2
[INFO] [stderr]    Compiling indexmap v1.9.3
[INFO] [stderr]    Compiling syn v2.0.48
[INFO] [stderr]    Compiling generic-array v0.14.7
[INFO] [stderr]    Compiling anyhow v1.0.79
[INFO] [stderr]    Compiling spin v0.5.2
[INFO] [stderr]    Compiling byteorder v1.5.0
[INFO] [stderr]    Compiling lazy_static v1.4.0
[INFO] [stderr]    Compiling percent-encoding v2.3.1
[INFO] [stderr]    Compiling bytes v1.5.0
[INFO] [stderr]    Compiling tracing-core v0.1.32
[INFO] [stderr]    Compiling parking_lot_core v0.9.9
[INFO] [stderr]    Compiling strsim v0.10.0
[INFO] [stderr]    Compiling tinyvec_macros v0.1.1
[INFO] [stderr]    Compiling ppv-lite86 v0.2.17
[INFO] [stderr]    Compiling either v1.9.0
[INFO] [stderr]    Compiling futures-core v0.3.30
[INFO] [stderr]    Compiling tinyvec v1.6.0
[INFO] [stderr]    Compiling ident_case v1.0.1
[INFO] [stderr]    Compiling tokio v1.28.2
[INFO] [stderr]    Compiling unicode-bidi v0.3.14
[INFO] [stderr]    Compiling target-lexicon v0.12.13
[INFO] [stderr]    Compiling form_urlencoded v1.2.1
[INFO] [stderr]    Compiling num-traits v0.2.17
[INFO] [stderr]    Compiling futures-sink v0.3.30
[INFO] [stderr]    Compiling slab v0.4.9
[INFO] [stderr]    Compiling bitflags v2.4.1
[INFO] [stderr]    Compiling rustix v0.38.28
[INFO] [stderr]    Compiling getrandom v0.2.11
[INFO] [stderr]    Compiling cc v1.0.83
[INFO] [stderr]    Compiling parking_lot v0.12.1
[INFO] [stderr]    Compiling unicode-normalization v0.1.22
[INFO] [stderr]    Compiling signal-hook-registry v1.4.1
[INFO] [stderr]    Compiling socket2 v0.4.10
[INFO] [stderr]    Compiling hashbrown v0.12.3
[INFO] [stderr]    Compiling idna v0.5.0
[INFO] [stderr]    Compiling mio v0.8.10
[INFO] [stderr]    Compiling num_cpus v1.16.0
[INFO] [stderr]    Compiling rand_core v0.6.4
[INFO] [stderr]    Compiling crossbeam-utils v0.8.18
[INFO] [stderr]    Compiling url v2.5.0
[INFO] [stderr]    Compiling rand_chacha v0.3.1
[INFO] [stderr]    Compiling linux-raw-sys v0.4.12
[INFO] [stderr]    Compiling rand v0.8.5
[INFO] [stderr]    Compiling futures-channel v0.3.30
[INFO] [stderr]    Compiling darling_core v0.20.3
[INFO] [stderr]    Compiling memoffset v0.6.5
[INFO] [stderr]    Compiling hashbrown v0.14.3
[INFO] [stderr]    Compiling futures-io v0.3.30
[INFO] [stderr]    Compiling futures-task v0.3.30
[INFO] [stderr]    Compiling equivalent v1.0.1
[INFO] [stderr]    Compiling itoa v1.0.10
[INFO] [stderr]    Compiling futures-util v0.3.30
[INFO] [stderr]    Compiling itertools v0.10.5
[INFO] [stderr]    Compiling digest v0.9.0
[INFO] [stderr]    Compiling subtle v2.5.0
[INFO] [stderr]    Compiling indexmap v2.1.0
[INFO] [stderr]    Compiling rkyv v0.7.43
[INFO] [stderr]    Compiling seahash v4.1.0
[INFO] [stderr]    Compiling backtrace v0.3.69
[INFO] [stderr]    Compiling gimli v0.28.1
[INFO] [stderr]    Compiling crypto-mac v0.8.0
[INFO] [stderr]    Compiling object v0.32.2
[INFO] [stderr]    Compiling stable_deref_trait v1.2.0
[INFO] [stderr]    Compiling fallible-iterator v0.2.0
[INFO] [stderr]    Compiling ahash v0.8.7
[INFO] [stderr]    Compiling borsh-schema-derive-internal v0.10.3
[INFO] [stderr]    Compiling borsh-derive-internal v0.10.3
[INFO] [stderr]    Compiling ptr_meta_derive v0.1.4
[INFO] [stderr]    Compiling serde_derive v1.0.194
[INFO] [stderr]    Compiling thiserror-impl v1.0.56
[INFO] [stderr]    Compiling tracing-attributes v0.1.27
[INFO] [stderr]    Compiling darling_macro v0.20.3
[INFO] [stderr]    Compiling tokio-macros v2.1.0
[INFO] [stderr]    Compiling ptr_meta v0.1.4
[INFO] [stderr]    Compiling rkyv_derive v0.7.43
[INFO] [stderr]    Compiling darling v0.20.3
[INFO] [stderr]    Compiling addr2line v0.21.0
[INFO] [stderr]    Compiling pin-project-internal v1.1.3
[INFO] [stderr]    Compiling prost-derive v0.9.0
[INFO] [stderr]    Compiling thiserror v1.0.56
[INFO] [stderr]    Compiling region v3.0.0
[INFO] [stderr]    Compiling tracing v0.1.40
[INFO] [stderr]    Compiling more-asserts v0.2.2
[INFO] [stderr]    Compiling cranelift-isle v0.91.1
[INFO] [stderr]    Compiling home v0.5.9
[INFO] [stderr]    Compiling which v4.4.2
[INFO] [stderr]    Compiling enumset_derive v0.8.1
[INFO] [stderr]    Compiling getrandom v0.1.16
[INFO] [stderr]    Compiling hashbrown v0.13.2
[INFO] [stderr]    Compiling pin-project v1.1.3
[INFO] [stderr]    Compiling memmap2 v0.5.10
[INFO] [stderr]    Compiling block-buffer v0.10.4
[INFO] [stderr]    Compiling crypto-common v0.1.6
[INFO] [stderr]    Compiling num-integer v0.1.45
[INFO] [stderr]    Compiling proc-macro-error-attr v1.0.4
[INFO] [stderr]    Compiling cranelift-codegen-shared v0.91.1
[INFO] [stderr]    Compiling async-trait v0.1.77
[INFO] [stderr]    Compiling cpufeatures v0.2.12
[INFO] [stderr]    Compiling cfg-if v0.1.10
[INFO] [stderr]    Compiling crunchy v0.2.2
[INFO] [stderr]    Compiling prost v0.9.0
[INFO] [stderr]    Compiling cranelift-codegen-meta v0.91.1
[INFO] [stderr]    Compiling enumset v1.1.3
[INFO] [stderr]    Compiling digest v0.10.7
[INFO] [stderr]    Compiling rand_core v0.5.1
[INFO] [stderr]    Compiling prost-build v0.9.0
[INFO] [stderr]    Compiling strum_macros v0.24.3
[INFO] [stderr]    Compiling http v0.2.11
[INFO] [stderr]    Compiling crossbeam-channel v0.5.10
[INFO] [stderr]    Compiling fxhash v0.2.1
[INFO] [stderr]    Compiling num-bigint v0.3.3
[INFO] [stderr]    Compiling proc-macro-error v1.0.4
[INFO] [stderr]    Compiling fixedbitset v0.4.2
[INFO] [stderr]    Compiling leb128 v0.2.5
[INFO] [stderr]    Compiling httparse v1.8.0
[INFO] [stderr]    Compiling tokio-util v0.7.10
[INFO] [stderr]    Compiling crc32fast v1.3.2
[INFO] [stderr]    Compiling unicode-segmentation v1.10.1
[INFO] [stderr]    Compiling fastrand v2.0.1
[INFO] [stderr]    Compiling strum v0.24.1
[INFO] [stderr]    Compiling heck v0.3.3
[INFO] [stderr]    Compiling tempfile v3.9.0
[INFO] [stderr]    Compiling tokio-stream v0.1.14
[INFO] [stderr]    Compiling petgraph v0.6.4
[INFO] [stderr]    Compiling prost-types v0.9.0
[INFO] [stderr]    Compiling cranelift-codegen v0.91.1
[INFO] [stderr]    Compiling zeroize_derive v1.4.2
[INFO] [stderr]    Compiling borsh-derive-internal v0.9.3
[INFO] [stderr]    Compiling toml v0.5.11
[INFO] [stderr]    Compiling cranelift-entity v0.91.1
[INFO] [stderr]    Compiling hex v0.4.3
[INFO] [stderr]    Compiling borsh-schema-derive-internal v0.9.3
[INFO] [stderr]    Compiling secp256k1-sys v0.8.1
[INFO] [stderr]    Compiling blake3 v0.3.8
[INFO] [stderr]    Compiling num-rational v0.3.2
[INFO] [stderr]    Compiling try-lock v0.2.5
[INFO] [stderr]    Compiling gimli v0.26.2
[INFO] [stderr]    Compiling wasmparser v0.104.0
[INFO] [stderr]    Compiling wasmparser v0.95.0
[INFO] [stderr]    Compiling convert_case v0.4.0
[INFO] [stderr]    Compiling regex-syntax v0.6.29
[INFO] [stderr]    Compiling static_assertions v1.1.0
[INFO] [stderr]    Compiling multimap v0.8.3
[INFO] [stderr]    Compiling proc-macro-crate v0.1.5
[INFO] [stderr]    Compiling slice-group-by v0.3.1
[INFO] [stderr]    Compiling semver-parser v0.7.0
[INFO] [stderr]    Compiling tower-service v0.3.2
[INFO] [stderr]    Compiling bitvec v1.0.1
[INFO] [stderr]    Compiling regalloc2 v0.5.1
[INFO] [stderr]    Compiling borsh-derive v0.10.3
[INFO] [stderr]    Compiling borsh v0.10.3
[INFO] [stderr]    Compiling regex-automata v0.1.10
[INFO] [stderr]    Compiling near-account-id v0.17.0
[INFO] [stderr]    Compiling borsh-derive v0.9.3
[INFO] [stderr]    Compiling semver v0.9.0
[INFO] [stderr]    Compiling derive_more v0.99.17
[INFO] [stderr]    Compiling wasmtime-types v4.0.1
[INFO] [stderr]    Compiling zeroize v1.3.0
[INFO] [stderr]    Compiling wasmprinter v0.2.56
[INFO] [stderr]    Compiling want v0.3.1
[INFO] [stderr]    Compiling cranelift-egraph v0.91.1
[INFO] [stderr]    Compiling cranelift-bforest v0.91.1
[INFO] [stderr]    Compiling h2 v0.3.22
[INFO] [stderr]    Compiling wasm-encoder v0.26.0
[INFO] [stderr]    Compiling http-body v0.4.6
[INFO] [stderr]    Compiling rand_chacha v0.2.2
[INFO] [stderr]    Compiling serde_with_macros v3.4.0
[INFO] [stderr]    Compiling futures-executor v0.3.30
[INFO] [stderr]    Compiling derive_arbitrary v1.3.2
[INFO] [stderr]    Compiling enum-map-derive v0.17.0
[INFO] [stderr]    Compiling wasmer-vm-near v2.4.0
[INFO] [stderr]    Compiling near-vm-vm v0.17.0
[INFO] [stderr]    Compiling hashbrown v0.11.2
[INFO] [stderr]    Compiling socket2 v0.5.5
[INFO] [stderr]    Compiling block-buffer v0.9.0
[INFO] [stderr]    Compiling prefix-sum-vec v0.1.2
[INFO] [stderr]    Compiling dissimilar v1.0.7
[INFO] [stderr]    Compiling arrayref v0.3.7
[INFO] [stderr]    Compiling bs58 v0.4.0
[INFO] [stderr]    Compiling base64 v0.21.5
[INFO] [stderr]    Compiling powerfmt v0.2.0
[INFO] [stderr]    Compiling serde_json v1.0.111
[INFO] [stderr]    Compiling arrayvec v0.5.2
[INFO] [stderr]    Compiling ryu v1.0.16
[INFO] [stderr]    Compiling overload v0.1.1
[INFO] [stderr]    Compiling signature v1.6.4
[INFO] [stderr]    Compiling httpdate v1.0.3
[INFO] [stderr]    Compiling io-lifetimes v1.0.11
[INFO] [stderr]    Compiling utf8parse v0.2.1
[INFO] [stderr]    Compiling bumpalo v3.14.0
[INFO] [stderr]    Compiling constant_time_eq v0.1.5
[INFO] [stderr]    Compiling anstyle-parse v0.2.3
[INFO] [stderr]    Compiling ed25519 v1.5.3
[INFO] [stderr]    Compiling nu-ansi-term v0.46.0
[INFO] [stderr]    Compiling arbitrary v1.3.2
[INFO] [stderr]    Compiling serde_with v3.4.0
[INFO] [stderr]    Compiling finite-wasm v0.4.0
[INFO] [stderr]    Compiling deranged v0.3.11
[INFO] [stderr]    Compiling borsh v0.9.3
[INFO] [stderr]    Compiling sha2 v0.9.9
[INFO] [stderr]    Compiling enum-map v2.7.3
[INFO] [stderr]    Compiling opentelemetry v0.17.0
[INFO] [stderr]    Compiling rand v0.7.3
[INFO] [stderr]    Compiling hyper v0.14.28
[INFO] [stderr]    Compiling object v0.29.0
[INFO] [stderr]    Compiling dynasm v1.2.3
[INFO] [stderr]    Compiling curve25519-dalek v3.2.1
[INFO] [stderr]    Compiling tonic-build v0.6.2
[INFO] [stderr]    Compiling matchers v0.1.0
[INFO] [stderr]    Compiling rustc_version v0.2.3
[INFO] [stderr]    Compiling fixed-hash v0.7.0
[INFO] [stderr]    Compiling uint v0.9.5
[INFO] [stderr]    Compiling near-vm-types v0.17.0
[INFO] [stderr]    Compiling wasmer-types-near v2.4.0
[INFO] [stderr]    Compiling wasmparser v0.99.0
[INFO] [stderr]    Compiling bincode v1.3.3
[INFO] [stderr]    Compiling tokio-io-timeout v1.2.0
[INFO] [stderr]    Compiling sha2 v0.10.8
[INFO] [stderr]    Compiling async-stream-impl v0.3.5
[INFO] [stderr]    Compiling serde_repr v0.1.18
[INFO] [stderr]    Compiling crossbeam-epoch v0.9.17
[INFO] [stderr]    Compiling cipher v0.2.5
[INFO] [stderr]    Compiling tracing-log v0.2.0
[INFO] [stderr]    Compiling sharded-slab v0.1.7
[INFO] [stderr]    Compiling thread_local v1.1.7
[INFO] [stderr]    Compiling paste v1.0.14
[INFO] [stderr]    Compiling json_comments v0.2.2
[INFO] [stderr]    Compiling rayon-core v1.12.0
[INFO] [stderr]    Compiling rustix v0.36.17
[INFO] [stderr]    Compiling tower-layer v0.3.2
[INFO] [stderr]    Compiling anstyle-query v1.0.2
[INFO] [stderr]    Compiling colorchoice v1.0.0
[INFO] [stderr]    Compiling anstyle v1.0.4
[INFO] [stderr]    Compiling protobuf v2.28.0
[INFO] [stderr]    Compiling target-lexicon v0.10.0
[INFO] [stderr]    Compiling time-core v0.1.2
[INFO] [stderr]    Compiling nix v0.15.0
[INFO] [stderr]    Compiling time v0.3.31
[INFO] [stderr]    Compiling tracing-subscriber v0.3.18
[INFO] [stderr]    Compiling anstream v0.6.5
[INFO] [stderr]    Compiling tower v0.4.13
[INFO] [stderr]    Compiling near-config-utils v0.17.0
[INFO] [stderr]    Compiling c2-chacha v0.3.3
[INFO] [stderr]    Compiling dynasmrt v1.2.3
[INFO] [stderr]    Compiling near-primitives-core v0.17.0
[INFO] [stderr]    Compiling crossbeam-deque v0.8.4
[INFO] [stderr]    Compiling async-stream v0.3.5
[INFO] [stderr]    Compiling hyper-timeout v0.4.1
[INFO] [stderr]    Compiling wasmtime-environ v4.0.1
[INFO] [stderr]    Compiling wasmer-runtime-core-near v0.18.3
[INFO] [stderr]    Compiling primitive-types v0.10.1
[INFO] [stderr]    Compiling opentelemetry-otlp v0.10.0
[INFO] [stderr]    Compiling ed25519-dalek v1.0.1
[INFO] [stderr]    Compiling secp256k1 v0.27.0
[INFO] [stderr]    Compiling blake2 v0.9.2
[INFO] [stderr]    Compiling near-rpc-error-core v0.17.0
[INFO] [stderr]    Compiling tokio-util v0.6.10
[INFO] [stderr]    Compiling parking_lot_core v0.7.3
[INFO] [stderr]    Compiling tracing-futures v0.2.5
[INFO] [stderr]    Compiling wasmtime-runtime v4.0.1
[INFO] [stderr]    Compiling fs2 v0.4.3
[INFO] [stderr]    Compiling lock_api v0.3.4
[INFO] [stderr]    Compiling generic-array v0.12.4
[INFO] [stderr]    Compiling wasmparser v0.78.2
[INFO] [stderr]    Compiling clap_lex v0.6.0
[INFO] [stderr]    Compiling prometheus v0.13.3
[INFO] [stderr]    Compiling void v1.0.2
[INFO] [stderr]    Compiling linux-raw-sys v0.1.4
[INFO] [stderr]    Compiling base64 v0.13.1
[INFO] [stderr]    Compiling reed-solomon-erasure v4.0.2
[INFO] [stderr]    Compiling near-stdx v0.17.0
[INFO] [stderr]    Compiling cpp_demangle v0.3.5
[INFO] [stderr]    Compiling tonic v0.6.2
[INFO] [stderr]    Compiling near-crypto v0.17.0
[INFO] [stderr]    Compiling cranelift-frontend v0.91.1
[INFO] [stderr]    Compiling clap_builder v4.4.12
[INFO] [stderr]    Compiling wasmer-compiler-near v2.4.0
[INFO] [stderr]    Compiling digest v0.8.1
[INFO] [stderr]    Compiling parking_lot v0.10.2
[INFO] [stderr]    Compiling near-rpc-error-macro v0.17.0
[INFO] [stderr]    Compiling near-vm-compiler v0.17.0
[INFO] [stderr]    Compiling serde-bench v0.0.7
[INFO] [stderr]    Compiling serde_bytes v0.11.14
[INFO] [stderr]    Compiling actix-rt v2.9.0
[INFO] [stderr]    Compiling futures v0.3.30
[INFO] [stderr]    Compiling actix_derive v0.6.1
[INFO] [stderr]    Compiling clap_derive v4.4.7
[INFO] [stderr]    Compiling actix-macros v0.2.4
[INFO] [stderr]    Compiling memfd v0.6.4
[INFO] [stderr]    Compiling psm v0.1.21
[INFO] [stderr]    Compiling page_size v0.4.2
[INFO] [stderr]    Compiling errno v0.2.8
[INFO] [stderr]    Compiling tracing-log v0.1.4
[INFO] [stderr]    Compiling wasmtime-asm-macros v4.0.1
[INFO] [stderr]    Compiling wasmtime-jit-debug v4.0.1
[INFO] [stderr]    Compiling unsafe-libyaml v0.2.10
[INFO] [stderr]    Compiling wasmparser v0.51.4
[INFO] [stderr]    Compiling chrono v0.4.31
[INFO] [stderr]    Compiling serde_yaml v0.9.30
[INFO] [stderr]    Compiling clap v4.4.13
[INFO] [stderr]    Compiling tracing-opentelemetry v0.17.4
[INFO] [stderr]    Compiling actix v0.13.1
[INFO] [stderr]    Compiling rayon v1.8.0
[INFO] [stderr]    Compiling near-vm-errors v0.17.0
[INFO] [stderr]    Compiling cranelift-wasm v0.91.1
[INFO] [stderr]    Compiling cranelift-native v0.91.1
[INFO] [stderr]    Compiling near-fmt v0.17.0
[INFO] [stderr]    Compiling tracing-appender v0.2.3
[INFO] [stderr]    Compiling opentelemetry-semantic-conventions v0.9.0
[INFO] [stderr]    Compiling addr2line v0.17.0
[INFO] [stderr]    Compiling bytesize v1.3.0
[INFO] [stderr]    Compiling smart-default v0.6.0
[INFO] [stderr]    Compiling atty v0.2.14
[INFO] [stderr]    Compiling wasmtime-jit-icache-coherence v3.0.1
[INFO] [stderr]    Compiling keccak v0.1.4
[INFO] [stderr]    Compiling wasmtime v4.0.1
[INFO] [stderr]    Compiling easy-ext v0.2.9
[INFO] [stderr]    Compiling rustc-hex v2.1.0
[INFO] [stderr]    Compiling zeropool-bn v0.5.11
[INFO] [stderr]    Compiling sha3 v0.10.8
[INFO] [stderr]    Compiling wasmer-singlepass-backend-near v0.18.1
[INFO] [stderr]    Compiling wasmtime-jit v4.0.1
[INFO] [stderr]    Compiling near-o11y v0.17.0
[INFO] [stderr]    Compiling near-primitives v0.17.0
[INFO] [stderr]    Compiling wasmtime-cranelift v4.0.1
[INFO] [stderr]    Compiling near-vm-engine v0.17.0
[INFO] [stderr]    Compiling wasmer-engine-near v2.4.0
[INFO] [stderr]    Compiling ripemd v0.1.3
[INFO] [stderr]    Compiling loupe-derive v0.1.3
[INFO] [stderr]    Compiling lru v0.7.8
[INFO] [stderr]    Compiling memmap v0.7.0
[INFO] [stderr]    Compiling parity-wasm v0.41.0
[INFO] [stderr]    Compiling near-cache v0.17.0
[INFO] [stderr]    Compiling near-vm-engine-universal v0.17.0
[INFO] [stderr]    Compiling wasmer-runtime-near v0.18.0
[INFO] [stderr]    Compiling loupe v0.1.3
[INFO] [stderr]    Compiling pwasm-utils v0.12.0
[INFO] [stderr]    Compiling wasmer-engine-universal-near v2.4.0
[INFO] [stderr]    Compiling near-vm-compiler-singlepass v0.17.0
[INFO] [stderr]    Compiling wasmer-compiler-singlepass-near v2.4.0
[INFO] [stderr]    Compiling near-stable-hasher v0.17.0
[INFO] [stderr]    Compiling parity-wasm v0.42.2
[INFO] [stderr]    Compiling near-vm-logic v0.17.0
[INFO] [stderr]    Compiling near-vm-runner v0.17.0 (/opt/rustwide/workdir)
[INFO] [stderr]     Finished dev [unoptimized + debuginfo] target(s) in 3m 50s
[INFO] [stderr] warning: the following packages contain code that will be rejected by a future version of Rust: wasmer-singlepass-backend-near v0.18.1, wasmparser v0.78.2
[INFO] [stderr] note: to see what the problems were, use the option `--future-incompat-report`, or run `cargo report future-incompatibilities --id 1`
[INFO] running `Command { std: "docker" "inspect" "80ebe45caaa32cb37e325251d70da98998c11dfe1d52e157a9b9eb232b782510", kill_on_drop: false }`
[INFO] running `Command { std: "docker" "rm" "-f" "80ebe45caaa32cb37e325251d70da98998c11dfe1d52e157a9b9eb232b782510", kill_on_drop: false }`
[INFO] [stdout] 80ebe45caaa32cb37e325251d70da98998c11dfe1d52e157a9b9eb232b782510
[INFO] running `Command { std: "docker" "create" "-v" "/var/lib/crater-agent-workspace/builds/worker-1-tc1/target:/opt/rustwide/target:rw,Z" "-v" "/var/lib/crater-agent-workspace/builds/worker-1-tc1/source:/opt/rustwide/workdir:ro,Z" "-v" "/var/lib/crater-agent-workspace/cargo-home:/opt/rustwide/cargo-home:ro,Z" "-v" "/var/lib/crater-agent-workspace/rustup-home:/opt/rustwide/rustup-home:ro,Z" "-e" "SOURCE_DIR=/opt/rustwide/workdir" "-e" "CARGO_TARGET_DIR=/opt/rustwide/target" "-e" "CARGO_INCREMENTAL=0" "-e" "RUST_BACKTRACE=full" "-e" "RUSTFLAGS=--cap-lints=warn" "-e" "RUSTDOCFLAGS=--cap-lints=warn" "-e" "CARGO_HOME=/opt/rustwide/cargo-home" "-e" "RUSTUP_HOME=/opt/rustwide/rustup-home" "-w" "/opt/rustwide/workdir" "-m" "1610612736" "--user" "0:0" "--network" "none" "ghcr.io/rust-lang/crates-build-env/linux@sha256:2788e3201cd34a07e3172128adcd8b3090168a8e3bcc40d7c032b9dda1df7d1c" "/opt/rustwide/cargo-home/bin/cargo" "+1.75.0" "test" "--frozen" "--no-run" "--message-format=json", kill_on_drop: false }`
[INFO] [stdout] 403702b3e4985943051888bd56f478ad527477837475eebea94384377001b0a6
[INFO] running `Command { std: "docker" "start" "-a" "403702b3e4985943051888bd56f478ad527477837475eebea94384377001b0a6", kill_on_drop: false }`
[INFO] [stderr]    Compiling bolero-generator-derive v0.8.0
[INFO] [stderr]    Compiling wasm-encoder v0.38.1
[INFO] [stderr]    Compiling unicode-width v0.1.11
[INFO] [stderr]    Compiling pretty-hex v0.3.0
[INFO] [stderr]    Compiling wasm-encoder v0.12.0
[INFO] [stderr]    Compiling wasmparser v0.85.0
[INFO] [stderr]    Compiling flagset v0.4.4
[INFO] [stderr]    Compiling expect-test v1.4.1
[INFO] [stderr]    Compiling assert_matches v1.5.0
[INFO] [stderr]    Compiling wast v69.0.1
[INFO] [stderr]    Compiling bolero-generator v0.8.0
[INFO] [stderr]    Compiling wasm-smith v0.10.1
[INFO] [stderr]    Compiling bolero-engine v0.8.1
[INFO] [stderr]    Compiling bolero v0.8.0
[INFO] [stderr]    Compiling wat v1.0.82
[INFO] [stderr]    Compiling near-vm-runner v0.17.0 (/opt/rustwide/workdir)
[INFO] [stdout] error[E0433]: failed to resolve: use of undeclared crate or module `near_test_contracts`
[INFO] [stdout]   --> src/tests/cache.rs:57:20
[INFO] [stdout]    |
[INFO] [stdout] 57 |         let code = near_test_contracts::trivial_contract();
[INFO] [stdout]    |                    ^^^^^^^^^^^^^^^^^^^ use of undeclared crate or module `near_test_contracts`
[INFO] [stdout] 
[INFO] [stdout] 
[INFO] [stdout] error[E0433]: failed to resolve: use of undeclared crate or module `near_test_contracts`
[INFO] [stdout]    --> src/tests/cache.rs:135:42
[INFO] [stdout]     |
[INFO] [stdout] 135 |         let contract = ContractCode::new(near_test_contracts::arbitrary_contract(seed), None);
[INFO] [stdout]     |                                          ^^^^^^^^^^^^^^^^^^^ use of undeclared crate or module `near_test_contracts`
[INFO] [stdout] 
[INFO] [stdout] 
[INFO] [stdout] error[E0433]: failed to resolve: use of undeclared crate or module `near_test_contracts`
[INFO] [stdout]   --> src/tests/fuzzers.rs:77:14
[INFO] [stdout]    |
[INFO] [stdout] 77 |         Some(near_test_contracts::rs_contract().into())
[INFO] [stdout]    |              ^^^^^^^^^^^^^^^^^^^ use of undeclared crate or module `near_test_contracts`
[INFO] [stdout] 
[INFO] [stdout] 
[INFO] [stdout] error[E0433]: failed to resolve: use of undeclared crate or module `near_test_contracts`
[INFO] [stdout]   --> src/tests/rs_contract.rs:20:16
[INFO] [stdout]    |
[INFO] [stdout] 20 |     let code = near_test_contracts::rs_contract();
[INFO] [stdout]    |                ^^^^^^^^^^^^^^^^^^^ use of undeclared crate or module `near_test_contracts`
[INFO] [stdout] 
[INFO] [stdout] 
[INFO] [stdout] error[E0433]: failed to resolve: use of undeclared crate or module `near_test_contracts`
[INFO] [stdout]    --> src/tests/rs_contract.rs:253:23
[INFO] [stdout]     |
[INFO] [stdout] 253 |     ContractCode::new(near_test_contracts::rs_contract().to_vec(), None)
[INFO] [stdout]     |                       ^^^^^^^^^^^^^^^^^^^ use of undeclared crate or module `near_test_contracts`
[INFO] [stdout] 
[INFO] [stdout] 
[INFO] [stdout] error[E0433]: failed to resolve: use of undeclared crate or module `near_test_contracts`
[INFO] [stdout]   --> src/tests/ts_contract.rs:15:38
[INFO] [stdout]    |
[INFO] [stdout] 15 |         let code = ContractCode::new(near_test_contracts::ts_contract().to_vec(), None);
[INFO] [stdout]    |                                      ^^^^^^^^^^^^^^^^^^^ use of undeclared crate or module `near_test_contracts`
[INFO] [stdout] 
[INFO] [stdout] 
[INFO] [stdout] error[E0433]: failed to resolve: use of undeclared crate or module `near_test_contracts`
[INFO] [stdout]    --> src/tests/compile_errors.rs:351:26
[INFO] [stdout]     |
[INFO] [stdout] 351 |     test_builder().wasm(&near_test_contracts::LargeContract {
[INFO] [stdout]     |                          ^^^^^^^^^^^^^^^^^^^ use of undeclared crate or module `near_test_contracts`
[INFO] [stdout] 
[INFO] [stdout] 
[INFO] [stdout] error[E0433]: failed to resolve: use of undeclared crate or module `near_test_contracts`
[INFO] [stdout]    --> src/tests/compile_errors.rs:386:14
[INFO] [stdout]     |
[INFO] [stdout] 386 |             &near_test_contracts::LargeContract {
[INFO] [stdout]     |              ^^^^^^^^^^^^^^^^^^^ use of undeclared crate or module `near_test_contracts`
[INFO] [stdout] 
[INFO] [stdout] 
[INFO] [stdout] error[E0433]: failed to resolve: use of undeclared crate or module `near_test_contracts`
[INFO] [stdout]    --> src/tests/compile_errors.rs:158:10
[INFO] [stdout]     |
[INFO] [stdout] 158 |         &near_test_contracts::LargeContract {
[INFO] [stdout]     |          ^^^^^^^^^^^^^^^^^^^ use of undeclared crate or module `near_test_contracts`
[INFO] [stdout] 
[INFO] [stdout] 
[INFO] [stdout] error[E0433]: failed to resolve: use of undeclared crate or module `near_test_contracts`
[INFO] [stdout]    --> src/tests/compile_errors.rs:189:10
[INFO] [stdout]     |
[INFO] [stdout] 189 |         &near_test_contracts::LargeContract {
[INFO] [stdout]     |          ^^^^^^^^^^^^^^^^^^^ use of undeclared crate or module `near_test_contracts`
[INFO] [stdout] 
[INFO] [stdout] 
[INFO] [stdout] error[E0433]: failed to resolve: use of undeclared crate or module `near_test_contracts`
[INFO] [stdout]    --> src/tests/compile_errors.rs:224:14
[INFO] [stdout]     |
[INFO] [stdout] 224 |             &near_test_contracts::LargeContract {
[INFO] [stdout]     |              ^^^^^^^^^^^^^^^^^^^ use of undeclared crate or module `near_test_contracts`
[INFO] [stdout] 
[INFO] [stdout] 
[INFO] [stdout] error[E0433]: failed to resolve: use of undeclared crate or module `near_test_contracts`
[INFO] [stdout]    --> src/tests/compile_errors.rs:256:14
[INFO] [stdout]     |
[INFO] [stdout] 256 |             &near_test_contracts::LargeContract {
[INFO] [stdout]     |              ^^^^^^^^^^^^^^^^^^^ use of undeclared crate or module `near_test_contracts`
[INFO] [stdout] 
[INFO] [stdout] 
[INFO] [stdout] error[E0433]: failed to resolve: use of undeclared crate or module `near_test_contracts`
[INFO] [stdout]    --> src/tests/compile_errors.rs:291:14
[INFO] [stdout]     |
[INFO] [stdout] 291 |             &near_test_contracts::LargeContract {
[INFO] [stdout]     |              ^^^^^^^^^^^^^^^^^^^ use of undeclared crate or module `near_test_contracts`
[INFO] [stdout] 
[INFO] [stdout] 
[INFO] [stdout] error[E0433]: failed to resolve: use of undeclared crate or module `near_test_contracts`
[INFO] [stdout]    --> src/tests/compile_errors.rs:323:14
[INFO] [stdout]     |
[INFO] [stdout] 323 |             &near_test_contracts::LargeContract {
[INFO] [stdout]     |              ^^^^^^^^^^^^^^^^^^^ use of undeclared crate or module `near_test_contracts`
[INFO] [stdout] 
[INFO] [stdout] 
[INFO] [stdout] error: aborting due to 14 previous errors
[INFO] [stdout] 
[INFO] [stdout] 
[INFO] [stdout] For more information about this error, try `rustc --explain E0433`.
[INFO] [stdout] 
[INFO] [stderr] error: could not compile `near-vm-runner` (lib test) due to 15 previous errors
[INFO] running `Command { std: "docker" "inspect" "403702b3e4985943051888bd56f478ad527477837475eebea94384377001b0a6", kill_on_drop: false }`
[INFO] running `Command { std: "docker" "rm" "-f" "403702b3e4985943051888bd56f478ad527477837475eebea94384377001b0a6", kill_on_drop: false }`
[INFO] [stdout] 403702b3e4985943051888bd56f478ad527477837475eebea94384377001b0a6
