[INFO] fetching crate near-contract-standards 5.0.0-alpha.1...
[INFO] testing near-contract-standards-5.0.0-alpha.1 against 1.75.0 for beta-1.76-1
[INFO] extracting crate near-contract-standards 5.0.0-alpha.1 into /workspace/builds/worker-7-tc1/source
[INFO] validating manifest of crates.io crate near-contract-standards 5.0.0-alpha.1 on toolchain 1.75.0
[INFO] running `Command { std: CARGO_HOME="/workspace/cargo-home" RUSTUP_HOME="/workspace/rustup-home" "/workspace/cargo-home/bin/cargo" "+1.75.0" "metadata" "--manifest-path" "Cargo.toml" "--no-deps", kill_on_drop: false }`
[INFO] started tweaking crates.io crate near-contract-standards 5.0.0-alpha.1
[INFO] finished tweaking crates.io crate near-contract-standards 5.0.0-alpha.1
[INFO] tweaked toml for crates.io crate near-contract-standards 5.0.0-alpha.1 written to /workspace/builds/worker-7-tc1/source/Cargo.toml
[INFO] running `Command { std: CARGO_HOME="/workspace/cargo-home" RUSTUP_HOME="/workspace/rustup-home" "/workspace/cargo-home/bin/cargo" "+1.75.0" "generate-lockfile" "--manifest-path" "Cargo.toml", kill_on_drop: false }`
[INFO] [stderr]     Updating crates.io index
[INFO] running `Command { std: CARGO_HOME="/workspace/cargo-home" RUSTUP_HOME="/workspace/rustup-home" "/workspace/cargo-home/bin/cargo" "+1.75.0" "fetch" "--manifest-path" "Cargo.toml", kill_on_drop: false }`
[INFO] [stderr]     Blocking waiting for file lock on package cache
[INFO] [stderr]     Blocking waiting for file lock on package cache
[INFO] [stderr]  Downloading crates ...
[INFO] [stderr]   Downloaded borsh v1.1.2
[INFO] [stderr]   Downloaded near-token v0.2.0
[INFO] [stderr]   Downloaded near-abi v0.4.1
[INFO] [stderr]   Downloaded borsh-derive v1.1.2
[INFO] [stderr]   Downloaded near-gas v0.2.5
[INFO] [stderr]   Downloaded near-sys v0.2.1
[INFO] [stderr]   Downloaded near-account-id v1.0.0
[INFO] [stderr]   Downloaded near-sdk-macros v5.0.0-alpha.1
[INFO] [stderr]   Downloaded near-sdk v5.0.0-alpha.1
[INFO] running `Command { std: "docker" "create" "-v" "/var/lib/crater-agent-workspace/builds/worker-7-tc1/target:/opt/rustwide/target:rw,Z" "-v" "/var/lib/crater-agent-workspace/builds/worker-7-tc1/source:/opt/rustwide/workdir:ro,Z" "-v" "/var/lib/crater-agent-workspace/cargo-home:/opt/rustwide/cargo-home:ro,Z" "-v" "/var/lib/crater-agent-workspace/rustup-home:/opt/rustwide/rustup-home:ro,Z" "-e" "SOURCE_DIR=/opt/rustwide/workdir" "-e" "CARGO_TARGET_DIR=/opt/rustwide/target" "-e" "CARGO_HOME=/opt/rustwide/cargo-home" "-e" "RUSTUP_HOME=/opt/rustwide/rustup-home" "-w" "/opt/rustwide/workdir" "-m" "1610612736" "--user" "0:0" "--network" "none" "ghcr.io/rust-lang/crates-build-env/linux@sha256:2788e3201cd34a07e3172128adcd8b3090168a8e3bcc40d7c032b9dda1df7d1c" "/opt/rustwide/cargo-home/bin/cargo" "+1.75.0" "metadata" "--no-deps" "--format-version=1", kill_on_drop: false }`
[INFO] [stdout] 50090785505e027ae6b2fcb8423da861c00b6c7789c8a8f215708d0d37cc93d1
[INFO] running `Command { std: "docker" "start" "-a" "50090785505e027ae6b2fcb8423da861c00b6c7789c8a8f215708d0d37cc93d1", kill_on_drop: false }`
[INFO] running `Command { std: "docker" "inspect" "50090785505e027ae6b2fcb8423da861c00b6c7789c8a8f215708d0d37cc93d1", kill_on_drop: false }`
[INFO] running `Command { std: "docker" "rm" "-f" "50090785505e027ae6b2fcb8423da861c00b6c7789c8a8f215708d0d37cc93d1", kill_on_drop: false }`
[INFO] [stdout] 50090785505e027ae6b2fcb8423da861c00b6c7789c8a8f215708d0d37cc93d1
[INFO] running `Command { std: "docker" "create" "-v" "/var/lib/crater-agent-workspace/builds/worker-7-tc1/target:/opt/rustwide/target:rw,Z" "-v" "/var/lib/crater-agent-workspace/builds/worker-7-tc1/source:/opt/rustwide/workdir:ro,Z" "-v" "/var/lib/crater-agent-workspace/cargo-home:/opt/rustwide/cargo-home:ro,Z" "-v" "/var/lib/crater-agent-workspace/rustup-home:/opt/rustwide/rustup-home:ro,Z" "-e" "SOURCE_DIR=/opt/rustwide/workdir" "-e" "CARGO_TARGET_DIR=/opt/rustwide/target" "-e" "CARGO_INCREMENTAL=0" "-e" "RUST_BACKTRACE=full" "-e" "RUSTFLAGS=--cap-lints=warn" "-e" "RUSTDOCFLAGS=--cap-lints=warn" "-e" "CARGO_HOME=/opt/rustwide/cargo-home" "-e" "RUSTUP_HOME=/opt/rustwide/rustup-home" "-w" "/opt/rustwide/workdir" "-m" "1610612736" "--user" "0:0" "--network" "none" "ghcr.io/rust-lang/crates-build-env/linux@sha256:2788e3201cd34a07e3172128adcd8b3090168a8e3bcc40d7c032b9dda1df7d1c" "/opt/rustwide/cargo-home/bin/cargo" "+1.75.0" "build" "--frozen" "--message-format=json", kill_on_drop: false }`
[INFO] [stdout] 027942bd9da5275430269e23202dc299320c517e6f45eed99bf44315094d66b2
[INFO] running `Command { std: "docker" "start" "-a" "027942bd9da5275430269e23202dc299320c517e6f45eed99bf44315094d66b2", kill_on_drop: false }`
[INFO] [stderr]    Compiling syn v1.0.109
[INFO] [stderr]    Compiling hashbrown v0.14.3
[INFO] [stderr]    Compiling equivalent v1.0.1
[INFO] [stderr]    Compiling proc-macro-error v1.0.4
[INFO] [stderr]    Compiling serde v1.0.194
[INFO] [stderr]    Compiling syn v2.0.48
[INFO] [stderr]    Compiling winnow v0.5.32
[INFO] [stderr]    Compiling toml_datetime v0.6.3
[INFO] [stderr]    Compiling cfg_aliases v0.1.1
[INFO] [stderr]    Compiling borsh v1.1.2
[INFO] [stderr]    Compiling schemars v0.8.16
[INFO] [stderr]    Compiling once_cell v1.19.0
[INFO] [stderr]    Compiling dyn-clone v1.0.16
[INFO] [stderr]    Compiling semver v1.0.21
[INFO] [stderr]    Compiling near-sdk-macros v5.0.0-alpha.1
[INFO] [stderr]    Compiling Inflector v0.11.4
[INFO] [stderr]    Compiling strum v0.24.1
[INFO] [stderr]    Compiling indexmap v2.1.0
[INFO] [stderr]    Compiling near-sys v0.2.1
[INFO] [stderr]    Compiling bs58 v0.4.0
[INFO] [stderr]    Compiling toml_edit v0.20.2
[INFO] [stderr]    Compiling serde_derive_internals v0.26.0
[INFO] [stderr]    Compiling strum_macros v0.24.3
[INFO] [stderr]    Compiling schemars_derive v0.8.16
[INFO] [stderr]    Compiling proc-macro-crate v2.0.1
[INFO] [stderr]    Compiling darling_core v0.20.3
[INFO] [stderr]    Compiling serde_derive v1.0.194
[INFO] [stderr]    Compiling syn_derive v0.1.8
[INFO] [stderr]    Compiling darling_macro v0.20.3
[INFO] [stderr]    Compiling borsh-derive v1.1.2
[INFO] [stderr]    Compiling darling v0.20.3
[INFO] [stderr]    Compiling serde_json v1.0.111
[INFO] [stderr]    Compiling near-account-id v1.0.0
[INFO] [stderr]    Compiling near-gas v0.2.5
[INFO] [stderr]    Compiling near-abi v0.4.1
[INFO] [stderr]    Compiling near-token v0.2.0
[INFO] [stderr]    Compiling near-sdk v5.0.0-alpha.1
[INFO] [stderr]    Compiling near-contract-standards v5.0.0-alpha.1 (/opt/rustwide/workdir)
[INFO] [stdout] warning: unused import: `macros::*`
[INFO] [stdout]   --> src/fungible_token/mod.rs:18:9
[INFO] [stdout]    |
[INFO] [stdout] 18 | pub use macros::*;
[INFO] [stdout]    |         ^^^^^^^^^
[INFO] [stdout]    |
[INFO] [stdout]    = note: `#[warn(unused_imports)]` on by default
[INFO] [stdout] 
[INFO] [stdout] 
[INFO] [stdout] warning: unused import: `approval_impl::*`
[INFO] [stdout]  --> src/non_fungible_token/approval/mod.rs:4:9
[INFO] [stdout]   |
[INFO] [stdout] 4 | pub use approval_impl::*;
[INFO] [stdout]   |         ^^^^^^^^^^^^^^^^
[INFO] [stdout] 
[INFO] [stdout] 
[INFO] [stdout] warning: unused import: `macros::*`
[INFO] [stdout]   --> src/non_fungible_token/mod.rs:23:9
[INFO] [stdout]    |
[INFO] [stdout] 23 | pub use macros::*;
[INFO] [stdout]    |         ^^^^^^^^^
[INFO] [stdout] 
[INFO] [stdout] 
[INFO] [stdout] warning: 3 warnings emitted
[INFO] [stdout] 
[INFO] [stdout] 
[INFO] [stderr]     Finished dev [unoptimized + debuginfo] target(s) in 25.42s
[INFO] running `Command { std: "docker" "inspect" "027942bd9da5275430269e23202dc299320c517e6f45eed99bf44315094d66b2", kill_on_drop: false }`
[INFO] running `Command { std: "docker" "rm" "-f" "027942bd9da5275430269e23202dc299320c517e6f45eed99bf44315094d66b2", kill_on_drop: false }`
[INFO] [stdout] 027942bd9da5275430269e23202dc299320c517e6f45eed99bf44315094d66b2
[INFO] running `Command { std: "docker" "create" "-v" "/var/lib/crater-agent-workspace/builds/worker-7-tc1/target:/opt/rustwide/target:rw,Z" "-v" "/var/lib/crater-agent-workspace/builds/worker-7-tc1/source:/opt/rustwide/workdir:ro,Z" "-v" "/var/lib/crater-agent-workspace/cargo-home:/opt/rustwide/cargo-home:ro,Z" "-v" "/var/lib/crater-agent-workspace/rustup-home:/opt/rustwide/rustup-home:ro,Z" "-e" "SOURCE_DIR=/opt/rustwide/workdir" "-e" "CARGO_TARGET_DIR=/opt/rustwide/target" "-e" "CARGO_INCREMENTAL=0" "-e" "RUST_BACKTRACE=full" "-e" "RUSTFLAGS=--cap-lints=warn" "-e" "RUSTDOCFLAGS=--cap-lints=warn" "-e" "CARGO_HOME=/opt/rustwide/cargo-home" "-e" "RUSTUP_HOME=/opt/rustwide/rustup-home" "-w" "/opt/rustwide/workdir" "-m" "1610612736" "--user" "0:0" "--network" "none" "ghcr.io/rust-lang/crates-build-env/linux@sha256:2788e3201cd34a07e3172128adcd8b3090168a8e3bcc40d7c032b9dda1df7d1c" "/opt/rustwide/cargo-home/bin/cargo" "+1.75.0" "test" "--frozen" "--no-run" "--message-format=json", kill_on_drop: false }`
[INFO] [stdout] 2f532a4d62cb398495de48011dc1d634f11866238788c867442f879cce22d11a
[INFO] running `Command { std: "docker" "start" "-a" "2f532a4d62cb398495de48011dc1d634f11866238788c867442f879cce22d11a", kill_on_drop: false }`
[INFO] [stderr]    Compiling near-contract-standards v5.0.0-alpha.1 (/opt/rustwide/workdir)
[INFO] [stdout] warning: unused import: `macros::*`
[INFO] [stdout]   --> src/fungible_token/mod.rs:18:9
[INFO] [stdout]    |
[INFO] [stdout] 18 | pub use macros::*;
[INFO] [stdout]    |         ^^^^^^^^^
[INFO] [stdout]    |
[INFO] [stdout]    = note: `#[warn(unused_imports)]` on by default
[INFO] [stdout] 
[INFO] [stdout] 
[INFO] [stdout] warning: unused import: `approval_impl::*`
[INFO] [stdout]  --> src/non_fungible_token/approval/mod.rs:4:9
[INFO] [stdout]   |
[INFO] [stdout] 4 | pub use approval_impl::*;
[INFO] [stdout]   |         ^^^^^^^^^^^^^^^^
[INFO] [stdout] 
[INFO] [stdout] 
[INFO] [stdout] warning: unused import: `macros::*`
[INFO] [stdout]   --> src/non_fungible_token/mod.rs:23:9
[INFO] [stdout]    |
[INFO] [stdout] 23 | pub use macros::*;
[INFO] [stdout]    |         ^^^^^^^^^
[INFO] [stdout] 
[INFO] [stdout] 
[INFO] [stdout] warning: 3 warnings emitted
[INFO] [stdout] 
[INFO] [stdout] 
[INFO] [stdout] error[E0432]: unresolved import `near_sdk::test_utils`
[INFO] [stdout]    --> src/fungible_token/events.rs:123:20
[INFO] [stdout]     |
[INFO] [stdout] 123 |     use near_sdk::{test_utils, AccountIdRef};
[INFO] [stdout]     |                    ^^^^^^^^^^ no `test_utils` in the root
[INFO] [stdout]     |
[INFO] [stdout] note: found an item that was configured out
[INFO] [stdout]    --> /opt/rustwide/cargo-home/registry/src/index.crates.io-6f17d22bba15001f/near-sdk-5.0.0-alpha.1/src/lib.rs:54:9
[INFO] [stdout]     |
[INFO] [stdout] 54  | pub mod test_utils;
[INFO] [stdout]     |         ^^^^^^^^^^
[INFO] [stdout] 
[INFO] [stdout] 
[INFO] [stdout] error[E0432]: unresolved import `near_sdk::test_utils`
[INFO] [stdout]    --> src/non_fungible_token/events.rs:126:9
[INFO] [stdout]     |
[INFO] [stdout] 126 |     use near_sdk::test_utils;
[INFO] [stdout]     |         ^^^^^^^^^^^^^^^^^^^^ no `test_utils` in the root
[INFO] [stdout]     |
[INFO] [stdout] note: found an item that was configured out
[INFO] [stdout]    --> /opt/rustwide/cargo-home/registry/src/index.crates.io-6f17d22bba15001f/near-sdk-5.0.0-alpha.1/src/lib.rs:54:9
[INFO] [stdout]     |
[INFO] [stdout] 54  | pub mod test_utils;
[INFO] [stdout]     |         ^^^^^^^^^^
[INFO] [stdout] 
[INFO] [stdout] 
[INFO] [stdout] warning: unused import: `macros::*`
[INFO] [stdout]   --> src/fungible_token/mod.rs:18:9
[INFO] [stdout]    |
[INFO] [stdout] 18 | pub use macros::*;
[INFO] [stdout]    |         ^^^^^^^^^
[INFO] [stdout]    |
[INFO] [stdout]    = note: `#[warn(unused_imports)]` on by default
[INFO] [stdout] 
[INFO] [stdout] 
[INFO] [stdout] warning: unused import: `approval_impl::*`
[INFO] [stdout]  --> src/non_fungible_token/approval/mod.rs:4:9
[INFO] [stdout]   |
[INFO] [stdout] 4 | pub use approval_impl::*;
[INFO] [stdout]   |         ^^^^^^^^^^^^^^^^
[INFO] [stdout] 
[INFO] [stdout] 
[INFO] [stdout] warning: unused import: `macros::*`
[INFO] [stdout]   --> src/non_fungible_token/mod.rs:23:9
[INFO] [stdout]    |
[INFO] [stdout] 23 | pub use macros::*;
[INFO] [stdout]    |         ^^^^^^^^^
[INFO] [stdout] 
[INFO] [stdout] 
[INFO] [stdout] error: aborting due to 2 previous errors; 3 warnings emitted
[INFO] [stdout] 
[INFO] [stdout] 
[INFO] [stdout] For more information about this error, try `rustc --explain E0432`.
[INFO] [stdout] 
[INFO] [stderr] error: could not compile `near-contract-standards` (lib test) due to 3 previous errors; 3 warnings emitted
[INFO] running `Command { std: "docker" "inspect" "2f532a4d62cb398495de48011dc1d634f11866238788c867442f879cce22d11a", kill_on_drop: false }`
[INFO] running `Command { std: "docker" "rm" "-f" "2f532a4d62cb398495de48011dc1d634f11866238788c867442f879cce22d11a", kill_on_drop: false }`
[INFO] [stdout] 2f532a4d62cb398495de48011dc1d634f11866238788c867442f879cce22d11a
[INFO] testing near-contract-standards-5.0.0-alpha.1 against beta-2023-12-22 for beta-1.76-1
[INFO] extracting crate near-contract-standards 5.0.0-alpha.1 into /workspace/builds/worker-7-tc2/source
[INFO] validating manifest of crates.io crate near-contract-standards 5.0.0-alpha.1 on toolchain beta-2023-12-22
[INFO] running `Command { std: CARGO_HOME="/workspace/cargo-home" RUSTUP_HOME="/workspace/rustup-home" "/workspace/cargo-home/bin/cargo" "+beta-2023-12-22" "metadata" "--manifest-path" "Cargo.toml" "--no-deps", kill_on_drop: false }`
[INFO] started tweaking crates.io crate near-contract-standards 5.0.0-alpha.1
[INFO] finished tweaking crates.io crate near-contract-standards 5.0.0-alpha.1
[INFO] tweaked toml for crates.io crate near-contract-standards 5.0.0-alpha.1 written to /workspace/builds/worker-7-tc2/source/Cargo.toml
[INFO] running `Command { std: CARGO_HOME="/workspace/cargo-home" RUSTUP_HOME="/workspace/rustup-home" "/workspace/cargo-home/bin/cargo" "+beta-2023-12-22" "generate-lockfile" "--manifest-path" "Cargo.toml", kill_on_drop: false }`
[INFO] [stderr]     Updating crates.io index
[INFO] running `Command { std: CARGO_HOME="/workspace/cargo-home" RUSTUP_HOME="/workspace/rustup-home" "/workspace/cargo-home/bin/cargo" "+beta-2023-12-22" "fetch" "--manifest-path" "Cargo.toml", kill_on_drop: false }`
[INFO] running `Command { std: "docker" "create" "-v" "/var/lib/crater-agent-workspace/builds/worker-7-tc2/target:/opt/rustwide/target:rw,Z" "-v" "/var/lib/crater-agent-workspace/builds/worker-7-tc2/source:/opt/rustwide/workdir:ro,Z" "-v" "/var/lib/crater-agent-workspace/cargo-home:/opt/rustwide/cargo-home:ro,Z" "-v" "/var/lib/crater-agent-workspace/rustup-home:/opt/rustwide/rustup-home:ro,Z" "-e" "SOURCE_DIR=/opt/rustwide/workdir" "-e" "CARGO_TARGET_DIR=/opt/rustwide/target" "-e" "CARGO_HOME=/opt/rustwide/cargo-home" "-e" "RUSTUP_HOME=/opt/rustwide/rustup-home" "-w" "/opt/rustwide/workdir" "-m" "1610612736" "--user" "0:0" "--network" "none" "ghcr.io/rust-lang/crates-build-env/linux@sha256:2788e3201cd34a07e3172128adcd8b3090168a8e3bcc40d7c032b9dda1df7d1c" "/opt/rustwide/cargo-home/bin/cargo" "+beta-2023-12-22" "metadata" "--no-deps" "--format-version=1", kill_on_drop: false }`
[INFO] [stdout] 4fec34a1314da9ac72986b0a01061582034e80512e666710912a9192eb8f7221
[INFO] running `Command { std: "docker" "start" "-a" "4fec34a1314da9ac72986b0a01061582034e80512e666710912a9192eb8f7221", kill_on_drop: false }`
[INFO] running `Command { std: "docker" "inspect" "4fec34a1314da9ac72986b0a01061582034e80512e666710912a9192eb8f7221", kill_on_drop: false }`
[INFO] running `Command { std: "docker" "rm" "-f" "4fec34a1314da9ac72986b0a01061582034e80512e666710912a9192eb8f7221", kill_on_drop: false }`
[INFO] [stdout] 4fec34a1314da9ac72986b0a01061582034e80512e666710912a9192eb8f7221
[INFO] running `Command { std: "docker" "create" "-v" "/var/lib/crater-agent-workspace/builds/worker-7-tc2/target:/opt/rustwide/target:rw,Z" "-v" "/var/lib/crater-agent-workspace/builds/worker-7-tc2/source:/opt/rustwide/workdir:ro,Z" "-v" "/var/lib/crater-agent-workspace/cargo-home:/opt/rustwide/cargo-home:ro,Z" "-v" "/var/lib/crater-agent-workspace/rustup-home:/opt/rustwide/rustup-home:ro,Z" "-e" "SOURCE_DIR=/opt/rustwide/workdir" "-e" "CARGO_TARGET_DIR=/opt/rustwide/target" "-e" "CARGO_INCREMENTAL=0" "-e" "RUST_BACKTRACE=full" "-e" "RUSTFLAGS=--cap-lints=warn" "-e" "RUSTDOCFLAGS=--cap-lints=warn" "-e" "CARGO_HOME=/opt/rustwide/cargo-home" "-e" "RUSTUP_HOME=/opt/rustwide/rustup-home" "-w" "/opt/rustwide/workdir" "-m" "1610612736" "--user" "0:0" "--network" "none" "ghcr.io/rust-lang/crates-build-env/linux@sha256:2788e3201cd34a07e3172128adcd8b3090168a8e3bcc40d7c032b9dda1df7d1c" "/opt/rustwide/cargo-home/bin/cargo" "+beta-2023-12-22" "build" "--frozen" "--message-format=json", kill_on_drop: false }`
[INFO] [stdout] 322deed7242377cb3f87de2891061729eff53d3ce65712b0ad2e61f49f8c5dde
[INFO] running `Command { std: "docker" "start" "-a" "322deed7242377cb3f87de2891061729eff53d3ce65712b0ad2e61f49f8c5dde", kill_on_drop: false }`
[INFO] [stderr]    Compiling syn v1.0.109
[INFO] [stderr]    Compiling equivalent v1.0.1
[INFO] [stderr]    Compiling hashbrown v0.14.3
[INFO] [stderr]    Compiling serde v1.0.194
[INFO] [stderr]    Compiling proc-macro-error v1.0.4
[INFO] [stderr]    Compiling winnow v0.5.32
[INFO] [stderr]    Compiling syn v2.0.48
[INFO] [stderr]    Compiling toml_datetime v0.6.3
[INFO] [stderr]    Compiling cfg_aliases v0.1.1
[INFO] [stderr]    Compiling borsh v1.1.2
[INFO] [stderr]    Compiling schemars v0.8.16
[INFO] [stderr]    Compiling once_cell v1.19.0
[INFO] [stderr]    Compiling dyn-clone v1.0.16
[INFO] [stderr]    Compiling semver v1.0.21
[INFO] [stderr]    Compiling near-sdk-macros v5.0.0-alpha.1
[INFO] [stderr]    Compiling strum v0.24.1
[INFO] [stderr]    Compiling Inflector v0.11.4
[INFO] [stderr]    Compiling near-sys v0.2.1
[INFO] [stderr]    Compiling indexmap v2.1.0
[INFO] [stderr]    Compiling bs58 v0.4.0
[INFO] [stderr]    Compiling toml_edit v0.20.2
[INFO] [stderr]    Compiling serde_derive_internals v0.26.0
[INFO] [stderr]    Compiling strum_macros v0.24.3
[INFO] [stderr]    Compiling proc-macro-crate v2.0.1
[INFO] [stderr]    Compiling schemars_derive v0.8.16
[INFO] [stderr]    Compiling darling_core v0.20.3
[INFO] [stderr]    Compiling serde_derive v1.0.194
[INFO] [stderr]    Compiling syn_derive v0.1.8
[INFO] [stderr]    Compiling borsh-derive v1.1.2
[INFO] [stderr]    Compiling darling_macro v0.20.3
[INFO] [stderr]    Compiling darling v0.20.3
[INFO] [stderr]    Compiling serde_json v1.0.111
[INFO] [stderr]    Compiling near-gas v0.2.5
[INFO] [stderr]    Compiling near-token v0.2.0
[INFO] [stderr]    Compiling near-account-id v1.0.0
[INFO] [stderr]    Compiling near-abi v0.4.1
[INFO] [stderr]    Compiling near-sdk v5.0.0-alpha.1
[INFO] [stderr]    Compiling near-contract-standards v5.0.0-alpha.1 (/opt/rustwide/workdir)
[INFO] [stdout] warning: unused import: `macros::*`
[INFO] [stdout]   --> src/fungible_token/mod.rs:18:9
[INFO] [stdout]    |
[INFO] [stdout] 18 | pub use macros::*;
[INFO] [stdout]    |         ^^^^^^^^^
[INFO] [stdout]    |
[INFO] [stdout]    = note: `#[warn(unused_imports)]` on by default
[INFO] [stdout] 
[INFO] [stdout] 
[INFO] [stdout] warning: unused import: `approval_impl::*`
[INFO] [stdout]  --> src/non_fungible_token/approval/mod.rs:4:9
[INFO] [stdout]   |
[INFO] [stdout] 4 | pub use approval_impl::*;
[INFO] [stdout]   |         ^^^^^^^^^^^^^^^^
[INFO] [stdout] 
[INFO] [stdout] 
[INFO] [stdout] warning: unused import: `macros::*`
[INFO] [stdout]   --> src/non_fungible_token/mod.rs:23:9
[INFO] [stdout]    |
[INFO] [stdout] 23 | pub use macros::*;
[INFO] [stdout]    |         ^^^^^^^^^
[INFO] [stdout] 
[INFO] [stdout] 
[INFO] [stdout] warning: 3 warnings emitted
[INFO] [stdout] 
[INFO] [stdout] 
[INFO] [stderr]     Finished dev [unoptimized + debuginfo] target(s) in 32.33s
[INFO] running `Command { std: "docker" "inspect" "322deed7242377cb3f87de2891061729eff53d3ce65712b0ad2e61f49f8c5dde", kill_on_drop: false }`
[INFO] running `Command { std: "docker" "rm" "-f" "322deed7242377cb3f87de2891061729eff53d3ce65712b0ad2e61f49f8c5dde", kill_on_drop: false }`
[INFO] [stdout] 322deed7242377cb3f87de2891061729eff53d3ce65712b0ad2e61f49f8c5dde
[INFO] running `Command { std: "docker" "create" "-v" "/var/lib/crater-agent-workspace/builds/worker-7-tc2/target:/opt/rustwide/target:rw,Z" "-v" "/var/lib/crater-agent-workspace/builds/worker-7-tc2/source:/opt/rustwide/workdir:ro,Z" "-v" "/var/lib/crater-agent-workspace/cargo-home:/opt/rustwide/cargo-home:ro,Z" "-v" "/var/lib/crater-agent-workspace/rustup-home:/opt/rustwide/rustup-home:ro,Z" "-e" "SOURCE_DIR=/opt/rustwide/workdir" "-e" "CARGO_TARGET_DIR=/opt/rustwide/target" "-e" "CARGO_INCREMENTAL=0" "-e" "RUST_BACKTRACE=full" "-e" "RUSTFLAGS=--cap-lints=warn" "-e" "RUSTDOCFLAGS=--cap-lints=warn" "-e" "CARGO_HOME=/opt/rustwide/cargo-home" "-e" "RUSTUP_HOME=/opt/rustwide/rustup-home" "-w" "/opt/rustwide/workdir" "-m" "1610612736" "--user" "0:0" "--network" "none" "ghcr.io/rust-lang/crates-build-env/linux@sha256:2788e3201cd34a07e3172128adcd8b3090168a8e3bcc40d7c032b9dda1df7d1c" "/opt/rustwide/cargo-home/bin/cargo" "+beta-2023-12-22" "test" "--frozen" "--no-run" "--message-format=json", kill_on_drop: false }`
[INFO] [stdout] 6b8f8e8ab17049edcc4a55d6790909a0519fa7eb50077357907f1882aeec897a
[INFO] running `Command { std: "docker" "start" "-a" "6b8f8e8ab17049edcc4a55d6790909a0519fa7eb50077357907f1882aeec897a", kill_on_drop: false }`
[INFO] [stdout] warning: unused import: `macros::*`
[INFO] [stdout]   --> src/fungible_token/mod.rs:18:9
[INFO] [stdout]    |
[INFO] [stdout] 18 | pub use macros::*;
[INFO] [stdout]    |         ^^^^^^^^^
[INFO] [stdout]    |
[INFO] [stdout]    = note: `#[warn(unused_imports)]` on by default
[INFO] [stdout] 
[INFO] [stdout] 
[INFO] [stdout] warning: unused import: `approval_impl::*`
[INFO] [stdout]  --> src/non_fungible_token/approval/mod.rs:4:9
[INFO] [stdout]   |
[INFO] [stdout] 4 | pub use approval_impl::*;
[INFO] [stdout]   |         ^^^^^^^^^^^^^^^^
[INFO] [stdout] 
[INFO] [stdout] 
[INFO] [stdout] warning: unused import: `macros::*`
[INFO] [stdout]   --> src/non_fungible_token/mod.rs:23:9
[INFO] [stdout]    |
[INFO] [stdout] 23 | pub use macros::*;
[INFO] [stdout]    |         ^^^^^^^^^
[INFO] [stdout] 
[INFO] [stdout] 
[INFO] [stdout] warning: 3 warnings emitted
[INFO] [stdout] 
[INFO] [stdout] 
[INFO] [stderr]    Compiling near-contract-standards v5.0.0-alpha.1 (/opt/rustwide/workdir)
[INFO] [stdout] error[E0432]: unresolved import `near_sdk::test_utils`
[INFO] [stdout]    --> src/fungible_token/events.rs:123:20
[INFO] [stdout]     |
[INFO] [stdout] 123 |     use near_sdk::{test_utils, AccountIdRef};
[INFO] [stdout]     |                    ^^^^^^^^^^ no `test_utils` in the root
[INFO] [stdout]     |
[INFO] [stdout] note: found an item that was configured out
[INFO] [stdout]    --> /opt/rustwide/cargo-home/registry/src/index.crates.io-6f17d22bba15001f/near-sdk-5.0.0-alpha.1/src/lib.rs:54:9
[INFO] [stdout]     |
[INFO] [stdout] 54  | pub mod test_utils;
[INFO] [stdout]     |         ^^^^^^^^^^
[INFO] [stdout] 
[INFO] [stdout] 
[INFO] [stdout] error[E0432]: unresolved import `near_sdk::test_utils`
[INFO] [stdout]    --> src/non_fungible_token/events.rs:126:9
[INFO] [stdout]     |
[INFO] [stdout] 126 |     use near_sdk::test_utils;
[INFO] [stdout]     |         ^^^^^^^^^^^^^^^^^^^^ no `test_utils` in the root
[INFO] [stdout]     |
[INFO] [stdout] note: found an item that was configured out
[INFO] [stdout]    --> /opt/rustwide/cargo-home/registry/src/index.crates.io-6f17d22bba15001f/near-sdk-5.0.0-alpha.1/src/lib.rs:54:9
[INFO] [stdout]     |
[INFO] [stdout] 54  | pub mod test_utils;
[INFO] [stdout]     |         ^^^^^^^^^^
[INFO] [stdout] 
[INFO] [stdout] 
[INFO] [stdout] warning: unused import: `macros::*`
[INFO] [stdout]   --> src/fungible_token/mod.rs:18:9
[INFO] [stdout]    |
[INFO] [stdout] 18 | pub use macros::*;
[INFO] [stdout]    |         ^^^^^^^^^
[INFO] [stdout]    |
[INFO] [stdout]    = note: `#[warn(unused_imports)]` on by default
[INFO] [stdout] 
[INFO] [stdout] 
[INFO] [stdout] warning: unused import: `approval_impl::*`
[INFO] [stdout]  --> src/non_fungible_token/approval/mod.rs:4:9
[INFO] [stdout]   |
[INFO] [stdout] 4 | pub use approval_impl::*;
[INFO] [stdout]   |         ^^^^^^^^^^^^^^^^
[INFO] [stdout] 
[INFO] [stdout] 
[INFO] [stdout] warning: unused import: `macros::*`
[INFO] [stdout]   --> src/non_fungible_token/mod.rs:23:9
[INFO] [stdout]    |
[INFO] [stdout] 23 | pub use macros::*;
[INFO] [stdout]    |         ^^^^^^^^^
[INFO] [stdout] 
[INFO] [stdout] 
[INFO] [stdout] error: aborting due to 2 previous errors; 3 warnings emitted
[INFO] [stdout] 
[INFO] [stdout] 
[INFO] [stdout] For more information about this error, try `rustc --explain E0432`.
[INFO] [stdout] 
[INFO] [stderr] error: could not compile `near-contract-standards` (lib test) due to 3 previous errors; 3 warnings emitted
[INFO] running `Command { std: "docker" "inspect" "6b8f8e8ab17049edcc4a55d6790909a0519fa7eb50077357907f1882aeec897a", kill_on_drop: false }`
[INFO] running `Command { std: "docker" "rm" "-f" "6b8f8e8ab17049edcc4a55d6790909a0519fa7eb50077357907f1882aeec897a", kill_on_drop: false }`
[INFO] [stdout] 6b8f8e8ab17049edcc4a55d6790909a0519fa7eb50077357907f1882aeec897a
