[INFO] fetching crate near-contract-standards-sbt 4.1.6...
[INFO] testing near-contract-standards-sbt-4.1.6 against 1.75.0 for beta-1.76-1
[INFO] extracting crate near-contract-standards-sbt 4.1.6 into /workspace/builds/worker-1-tc1/source
[INFO] validating manifest of crates.io crate near-contract-standards-sbt 4.1.6 on toolchain 1.75.0
[INFO] running `Command { std: CARGO_HOME="/workspace/cargo-home" RUSTUP_HOME="/workspace/rustup-home" "/workspace/cargo-home/bin/cargo" "+1.75.0" "metadata" "--manifest-path" "Cargo.toml" "--no-deps", kill_on_drop: false }`
[INFO] started tweaking crates.io crate near-contract-standards-sbt 4.1.6
[INFO] finished tweaking crates.io crate near-contract-standards-sbt 4.1.6
[INFO] tweaked toml for crates.io crate near-contract-standards-sbt 4.1.6 written to /workspace/builds/worker-1-tc1/source/Cargo.toml
[INFO] running `Command { std: CARGO_HOME="/workspace/cargo-home" RUSTUP_HOME="/workspace/rustup-home" "/workspace/cargo-home/bin/cargo" "+1.75.0" "generate-lockfile" "--manifest-path" "Cargo.toml", kill_on_drop: false }`
[INFO] [stderr]     Updating crates.io index
[INFO] running `Command { std: CARGO_HOME="/workspace/cargo-home" RUSTUP_HOME="/workspace/rustup-home" "/workspace/cargo-home/bin/cargo" "+1.75.0" "fetch" "--manifest-path" "Cargo.toml", kill_on_drop: false }`
[INFO] [stderr]  Downloading crates ...
[INFO] [stderr]   Downloaded near-sys v0.2.1
[INFO] [stderr]   Downloaded near-sdk-macros v4.1.1
[INFO] [stderr]   Downloaded near-abi v0.3.0
[INFO] [stderr]   Downloaded near-sdk v4.1.1
[INFO] running `Command { std: "docker" "create" "-v" "/var/lib/crater-agent-workspace/builds/worker-1-tc1/target:/opt/rustwide/target:rw,Z" "-v" "/var/lib/crater-agent-workspace/builds/worker-1-tc1/source:/opt/rustwide/workdir:ro,Z" "-v" "/var/lib/crater-agent-workspace/cargo-home:/opt/rustwide/cargo-home:ro,Z" "-v" "/var/lib/crater-agent-workspace/rustup-home:/opt/rustwide/rustup-home:ro,Z" "-e" "SOURCE_DIR=/opt/rustwide/workdir" "-e" "CARGO_TARGET_DIR=/opt/rustwide/target" "-e" "CARGO_HOME=/opt/rustwide/cargo-home" "-e" "RUSTUP_HOME=/opt/rustwide/rustup-home" "-w" "/opt/rustwide/workdir" "-m" "1610612736" "--user" "0:0" "--network" "none" "ghcr.io/rust-lang/crates-build-env/linux@sha256:2788e3201cd34a07e3172128adcd8b3090168a8e3bcc40d7c032b9dda1df7d1c" "/opt/rustwide/cargo-home/bin/cargo" "+1.75.0" "metadata" "--no-deps" "--format-version=1", kill_on_drop: false }`
[INFO] [stdout] 0f1f050fab1aeb65c944dd801690c195f197261cb55f832c6faa32603ba76361
[INFO] running `Command { std: "docker" "start" "-a" "0f1f050fab1aeb65c944dd801690c195f197261cb55f832c6faa32603ba76361", kill_on_drop: false }`
[INFO] running `Command { std: "docker" "inspect" "0f1f050fab1aeb65c944dd801690c195f197261cb55f832c6faa32603ba76361", kill_on_drop: false }`
[INFO] running `Command { std: "docker" "rm" "-f" "0f1f050fab1aeb65c944dd801690c195f197261cb55f832c6faa32603ba76361", kill_on_drop: false }`
[INFO] [stdout] 0f1f050fab1aeb65c944dd801690c195f197261cb55f832c6faa32603ba76361
[INFO] running `Command { std: "docker" "create" "-v" "/var/lib/crater-agent-workspace/builds/worker-1-tc1/target:/opt/rustwide/target:rw,Z" "-v" "/var/lib/crater-agent-workspace/builds/worker-1-tc1/source:/opt/rustwide/workdir:ro,Z" "-v" "/var/lib/crater-agent-workspace/cargo-home:/opt/rustwide/cargo-home:ro,Z" "-v" "/var/lib/crater-agent-workspace/rustup-home:/opt/rustwide/rustup-home:ro,Z" "-e" "SOURCE_DIR=/opt/rustwide/workdir" "-e" "CARGO_TARGET_DIR=/opt/rustwide/target" "-e" "CARGO_INCREMENTAL=0" "-e" "RUST_BACKTRACE=full" "-e" "RUSTFLAGS=--cap-lints=warn" "-e" "RUSTDOCFLAGS=--cap-lints=warn" "-e" "CARGO_HOME=/opt/rustwide/cargo-home" "-e" "RUSTUP_HOME=/opt/rustwide/rustup-home" "-w" "/opt/rustwide/workdir" "-m" "1610612736" "--user" "0:0" "--network" "none" "ghcr.io/rust-lang/crates-build-env/linux@sha256:2788e3201cd34a07e3172128adcd8b3090168a8e3bcc40d7c032b9dda1df7d1c" "/opt/rustwide/cargo-home/bin/cargo" "+1.75.0" "build" "--frozen" "--message-format=json", kill_on_drop: false }`
[INFO] [stdout] 019b4013b2aaf1e0eb32111e22385cbf789cb16952798202989475ad52748c79
[INFO] running `Command { std: "docker" "start" "-a" "019b4013b2aaf1e0eb32111e22385cbf789cb16952798202989475ad52748c79", kill_on_drop: false }`
[INFO] [stderr]    Compiling proc-macro2 v1.0.75
[INFO] [stderr]    Compiling syn v1.0.109
[INFO] [stderr]    Compiling serde v1.0.194
[INFO] [stderr]    Compiling libc v0.2.151
[INFO] [stderr]    Compiling version_check v0.9.4
[INFO] [stderr]    Compiling once_cell v1.19.0
[INFO] [stderr]    Compiling serde_json v1.0.111
[INFO] [stderr]    Compiling schemars v0.8.16
[INFO] [stderr]    Compiling semver v1.0.21
[INFO] [stderr]    Compiling itoa v1.0.10
[INFO] [stderr]    Compiling ryu v1.0.16
[INFO] [stderr]    Compiling ahash v0.7.7
[INFO] [stderr]    Compiling dyn-clone v1.0.16
[INFO] [stderr]    Compiling Inflector v0.11.4
[INFO] [stderr]    Compiling base64 v0.13.1
[INFO] [stderr]    Compiling bs58 v0.4.0
[INFO] [stderr]    Compiling near-sys v0.2.1
[INFO] [stderr]    Compiling quote v1.0.35
[INFO] [stderr]    Compiling syn v2.0.48
[INFO] [stderr]    Compiling getrandom v0.2.11
[INFO] [stderr]    Compiling hashbrown v0.11.2
[INFO] [stderr]    Compiling serde_derive v1.0.194
[INFO] [stderr]    Compiling borsh-schema-derive-internal v0.9.3
[INFO] [stderr]    Compiling serde_derive_internals v0.26.0
[INFO] [stderr]    Compiling borsh-derive-internal v0.9.3
[INFO] [stderr]    Compiling schemars_derive v0.8.16
[INFO] [stderr]    Compiling near-sdk-macros v4.1.1
[INFO] [stderr]    Compiling toml v0.5.11
[INFO] [stderr]    Compiling proc-macro-crate v0.1.5
[INFO] [stderr]    Compiling borsh-derive v0.9.3
[INFO] [stderr]    Compiling borsh v0.9.3
[INFO] [stderr]    Compiling near-abi v0.3.0
[INFO] [stderr]    Compiling near-sdk v4.1.1
[INFO] [stderr]    Compiling near-contract-standards-sbt v4.1.6 (/opt/rustwide/workdir)
[INFO] [stdout] warning: unused import: `macros::*`
[INFO] [stdout]   --> src/fungible_token/mod.rs:11:9
[INFO] [stdout]    |
[INFO] [stdout] 11 | pub use macros::*;
[INFO] [stdout]    |         ^^^^^^^^^
[INFO] [stdout]    |
[INFO] [stdout]    = note: `#[warn(unused_imports)]` on by default
[INFO] [stdout] 
[INFO] [stdout] 
[INFO] [stdout] warning: unused import: `approval_impl::*`
[INFO] [stdout]  --> src/non_fungible_token/approval/mod.rs:4:9
[INFO] [stdout]   |
[INFO] [stdout] 4 | pub use approval_impl::*;
[INFO] [stdout]   |         ^^^^^^^^^^^^^^^^
[INFO] [stdout] 
[INFO] [stdout] 
[INFO] [stdout] warning: unused import: `macros::*`
[INFO] [stdout]   --> src/non_fungible_token/mod.rs:24:9
[INFO] [stdout]    |
[INFO] [stdout] 24 | pub use macros::*;
[INFO] [stdout]    |         ^^^^^^^^^
[INFO] [stdout] 
[INFO] [stdout] 
[INFO] [stdout] warning: 3 warnings emitted
[INFO] [stdout] 
[INFO] [stdout] 
[INFO] [stderr]     Finished dev [unoptimized + debuginfo] target(s) in 11.46s
[INFO] running `Command { std: "docker" "inspect" "019b4013b2aaf1e0eb32111e22385cbf789cb16952798202989475ad52748c79", kill_on_drop: false }`
[INFO] running `Command { std: "docker" "rm" "-f" "019b4013b2aaf1e0eb32111e22385cbf789cb16952798202989475ad52748c79", kill_on_drop: false }`
[INFO] [stdout] 019b4013b2aaf1e0eb32111e22385cbf789cb16952798202989475ad52748c79
[INFO] running `Command { std: "docker" "create" "-v" "/var/lib/crater-agent-workspace/builds/worker-1-tc1/target:/opt/rustwide/target:rw,Z" "-v" "/var/lib/crater-agent-workspace/builds/worker-1-tc1/source:/opt/rustwide/workdir:ro,Z" "-v" "/var/lib/crater-agent-workspace/cargo-home:/opt/rustwide/cargo-home:ro,Z" "-v" "/var/lib/crater-agent-workspace/rustup-home:/opt/rustwide/rustup-home:ro,Z" "-e" "SOURCE_DIR=/opt/rustwide/workdir" "-e" "CARGO_TARGET_DIR=/opt/rustwide/target" "-e" "CARGO_INCREMENTAL=0" "-e" "RUST_BACKTRACE=full" "-e" "RUSTFLAGS=--cap-lints=warn" "-e" "RUSTDOCFLAGS=--cap-lints=warn" "-e" "CARGO_HOME=/opt/rustwide/cargo-home" "-e" "RUSTUP_HOME=/opt/rustwide/rustup-home" "-w" "/opt/rustwide/workdir" "-m" "1610612736" "--user" "0:0" "--network" "none" "ghcr.io/rust-lang/crates-build-env/linux@sha256:2788e3201cd34a07e3172128adcd8b3090168a8e3bcc40d7c032b9dda1df7d1c" "/opt/rustwide/cargo-home/bin/cargo" "+1.75.0" "test" "--frozen" "--no-run" "--message-format=json", kill_on_drop: false }`
[INFO] [stdout] 16852a39efd59bf729934f683461f3db10983c8e90958b8d9c0d14cc168e3fb8
[INFO] running `Command { std: "docker" "start" "-a" "16852a39efd59bf729934f683461f3db10983c8e90958b8d9c0d14cc168e3fb8", kill_on_drop: false }`
[INFO] [stdout] warning: unused import: `macros::*`
[INFO] [stdout]   --> src/fungible_token/mod.rs:11:9
[INFO] [stdout]    |
[INFO] [stdout] 11 | pub use macros::*;
[INFO] [stdout]    |         ^^^^^^^^^
[INFO] [stdout]    |
[INFO] [stdout]    = note: `#[warn(unused_imports)]` on by default
[INFO] [stdout] 
[INFO] [stdout] 
[INFO] [stdout] warning: unused import: `approval_impl::*`
[INFO] [stdout]  --> src/non_fungible_token/approval/mod.rs:4:9
[INFO] [stdout]   |
[INFO] [stdout] 4 | pub use approval_impl::*;
[INFO] [stdout]   |         ^^^^^^^^^^^^^^^^
[INFO] [stdout] 
[INFO] [stdout] 
[INFO] [stdout] warning: unused import: `macros::*`
[INFO] [stdout]   --> src/non_fungible_token/mod.rs:24:9
[INFO] [stdout]    |
[INFO] [stdout] 24 | pub use macros::*;
[INFO] [stdout]    |         ^^^^^^^^^
[INFO] [stdout] 
[INFO] [stdout] 
[INFO] [stdout] warning: 3 warnings emitted
[INFO] [stdout] 
[INFO] [stdout] 
[INFO] [stderr]    Compiling near-contract-standards-sbt v4.1.6 (/opt/rustwide/workdir)
[INFO] [stdout] error[E0432]: unresolved import `near_sdk::test_utils`
[INFO] [stdout]    --> src/fungible_token/events.rs:123:20
[INFO] [stdout]     |
[INFO] [stdout] 123 |     use near_sdk::{test_utils, AccountId};
[INFO] [stdout]     |                    ^^^^^^^^^^ no `test_utils` in the root
[INFO] [stdout]     |
[INFO] [stdout] note: found an item that was configured out
[INFO] [stdout]    --> /opt/rustwide/cargo-home/registry/src/index.crates.io-6f17d22bba15001f/near-sdk-4.1.1/src/lib.rs:52:9
[INFO] [stdout]     |
[INFO] [stdout] 52  | pub mod test_utils;
[INFO] [stdout]     |         ^^^^^^^^^^
[INFO] [stdout] 
[INFO] [stdout] 
[INFO] [stdout] error[E0432]: unresolved import `near_sdk::test_utils`
[INFO] [stdout]    --> src/non_fungible_token/events.rs:126:20
[INFO] [stdout]     |
[INFO] [stdout] 126 |     use near_sdk::{test_utils, AccountId};
[INFO] [stdout]     |                    ^^^^^^^^^^ no `test_utils` in the root
[INFO] [stdout]     |
[INFO] [stdout] note: found an item that was configured out
[INFO] [stdout]    --> /opt/rustwide/cargo-home/registry/src/index.crates.io-6f17d22bba15001f/near-sdk-4.1.1/src/lib.rs:52:9
[INFO] [stdout]     |
[INFO] [stdout] 52  | pub mod test_utils;
[INFO] [stdout]     |         ^^^^^^^^^^
[INFO] [stdout] 
[INFO] [stdout] 
[INFO] [stdout] warning: unused import: `macros::*`
[INFO] [stdout]   --> src/fungible_token/mod.rs:11:9
[INFO] [stdout]    |
[INFO] [stdout] 11 | pub use macros::*;
[INFO] [stdout]    |         ^^^^^^^^^
[INFO] [stdout]    |
[INFO] [stdout]    = note: `#[warn(unused_imports)]` on by default
[INFO] [stdout] 
[INFO] [stdout] 
[INFO] [stdout] warning: unused import: `approval_impl::*`
[INFO] [stdout]  --> src/non_fungible_token/approval/mod.rs:4:9
[INFO] [stdout]   |
[INFO] [stdout] 4 | pub use approval_impl::*;
[INFO] [stdout]   |         ^^^^^^^^^^^^^^^^
[INFO] [stdout] 
[INFO] [stdout] 
[INFO] [stdout] warning: unused import: `macros::*`
[INFO] [stdout]   --> src/non_fungible_token/mod.rs:24:9
[INFO] [stdout]    |
[INFO] [stdout] 24 | pub use macros::*;
[INFO] [stdout]    |         ^^^^^^^^^
[INFO] [stdout] 
[INFO] [stdout] 
[INFO] [stdout] error: aborting due to 2 previous errors; 3 warnings emitted
[INFO] [stdout] 
[INFO] [stdout] 
[INFO] [stdout] For more information about this error, try `rustc --explain E0432`.
[INFO] [stdout] 
[INFO] [stderr] error: could not compile `near-contract-standards-sbt` (lib test) due to 3 previous errors; 3 warnings emitted
[INFO] running `Command { std: "docker" "inspect" "16852a39efd59bf729934f683461f3db10983c8e90958b8d9c0d14cc168e3fb8", kill_on_drop: false }`
[INFO] running `Command { std: "docker" "rm" "-f" "16852a39efd59bf729934f683461f3db10983c8e90958b8d9c0d14cc168e3fb8", kill_on_drop: false }`
[INFO] [stdout] 16852a39efd59bf729934f683461f3db10983c8e90958b8d9c0d14cc168e3fb8
[INFO] testing near-contract-standards-sbt-4.1.6 against beta-2023-12-22 for beta-1.76-1
[INFO] extracting crate near-contract-standards-sbt 4.1.6 into /workspace/builds/worker-1-tc2/source
[INFO] validating manifest of crates.io crate near-contract-standards-sbt 4.1.6 on toolchain beta-2023-12-22
[INFO] running `Command { std: CARGO_HOME="/workspace/cargo-home" RUSTUP_HOME="/workspace/rustup-home" "/workspace/cargo-home/bin/cargo" "+beta-2023-12-22" "metadata" "--manifest-path" "Cargo.toml" "--no-deps", kill_on_drop: false }`
[INFO] started tweaking crates.io crate near-contract-standards-sbt 4.1.6
[INFO] finished tweaking crates.io crate near-contract-standards-sbt 4.1.6
[INFO] tweaked toml for crates.io crate near-contract-standards-sbt 4.1.6 written to /workspace/builds/worker-1-tc2/source/Cargo.toml
[INFO] running `Command { std: CARGO_HOME="/workspace/cargo-home" RUSTUP_HOME="/workspace/rustup-home" "/workspace/cargo-home/bin/cargo" "+beta-2023-12-22" "generate-lockfile" "--manifest-path" "Cargo.toml", kill_on_drop: false }`
[INFO] [stderr]     Updating crates.io index
[INFO] running `Command { std: CARGO_HOME="/workspace/cargo-home" RUSTUP_HOME="/workspace/rustup-home" "/workspace/cargo-home/bin/cargo" "+beta-2023-12-22" "fetch" "--manifest-path" "Cargo.toml", kill_on_drop: false }`
[INFO] running `Command { std: "docker" "create" "-v" "/var/lib/crater-agent-workspace/builds/worker-1-tc2/target:/opt/rustwide/target:rw,Z" "-v" "/var/lib/crater-agent-workspace/builds/worker-1-tc2/source:/opt/rustwide/workdir:ro,Z" "-v" "/var/lib/crater-agent-workspace/cargo-home:/opt/rustwide/cargo-home:ro,Z" "-v" "/var/lib/crater-agent-workspace/rustup-home:/opt/rustwide/rustup-home:ro,Z" "-e" "SOURCE_DIR=/opt/rustwide/workdir" "-e" "CARGO_TARGET_DIR=/opt/rustwide/target" "-e" "CARGO_HOME=/opt/rustwide/cargo-home" "-e" "RUSTUP_HOME=/opt/rustwide/rustup-home" "-w" "/opt/rustwide/workdir" "-m" "1610612736" "--user" "0:0" "--network" "none" "ghcr.io/rust-lang/crates-build-env/linux@sha256:2788e3201cd34a07e3172128adcd8b3090168a8e3bcc40d7c032b9dda1df7d1c" "/opt/rustwide/cargo-home/bin/cargo" "+beta-2023-12-22" "metadata" "--no-deps" "--format-version=1", kill_on_drop: false }`
[INFO] [stdout] 930e60d538c880d26ed2c5590430f8f6a7992289f7736c0e7a14c514bce4e23d
[INFO] running `Command { std: "docker" "start" "-a" "930e60d538c880d26ed2c5590430f8f6a7992289f7736c0e7a14c514bce4e23d", kill_on_drop: false }`
[INFO] running `Command { std: "docker" "inspect" "930e60d538c880d26ed2c5590430f8f6a7992289f7736c0e7a14c514bce4e23d", kill_on_drop: false }`
[INFO] running `Command { std: "docker" "rm" "-f" "930e60d538c880d26ed2c5590430f8f6a7992289f7736c0e7a14c514bce4e23d", kill_on_drop: false }`
[INFO] [stdout] 930e60d538c880d26ed2c5590430f8f6a7992289f7736c0e7a14c514bce4e23d
[INFO] running `Command { std: "docker" "create" "-v" "/var/lib/crater-agent-workspace/builds/worker-1-tc2/target:/opt/rustwide/target:rw,Z" "-v" "/var/lib/crater-agent-workspace/builds/worker-1-tc2/source:/opt/rustwide/workdir:ro,Z" "-v" "/var/lib/crater-agent-workspace/cargo-home:/opt/rustwide/cargo-home:ro,Z" "-v" "/var/lib/crater-agent-workspace/rustup-home:/opt/rustwide/rustup-home:ro,Z" "-e" "SOURCE_DIR=/opt/rustwide/workdir" "-e" "CARGO_TARGET_DIR=/opt/rustwide/target" "-e" "CARGO_INCREMENTAL=0" "-e" "RUST_BACKTRACE=full" "-e" "RUSTFLAGS=--cap-lints=warn" "-e" "RUSTDOCFLAGS=--cap-lints=warn" "-e" "CARGO_HOME=/opt/rustwide/cargo-home" "-e" "RUSTUP_HOME=/opt/rustwide/rustup-home" "-w" "/opt/rustwide/workdir" "-m" "1610612736" "--user" "0:0" "--network" "none" "ghcr.io/rust-lang/crates-build-env/linux@sha256:2788e3201cd34a07e3172128adcd8b3090168a8e3bcc40d7c032b9dda1df7d1c" "/opt/rustwide/cargo-home/bin/cargo" "+beta-2023-12-22" "build" "--frozen" "--message-format=json", kill_on_drop: false }`
[INFO] [stdout] 6a1cacf242090485eaa35bfe1dd76099ad3de3d59839a0e59ef00dd1407b2b0b
[INFO] running `Command { std: "docker" "start" "-a" "6a1cacf242090485eaa35bfe1dd76099ad3de3d59839a0e59ef00dd1407b2b0b", kill_on_drop: false }`
[INFO] [stderr]    Compiling proc-macro2 v1.0.75
[INFO] [stderr]    Compiling syn v1.0.109
[INFO] [stderr]    Compiling serde v1.0.194
[INFO] [stderr]    Compiling libc v0.2.151
[INFO] [stderr]    Compiling version_check v0.9.4
[INFO] [stderr]    Compiling once_cell v1.19.0
[INFO] [stderr]    Compiling serde_json v1.0.111
[INFO] [stderr]    Compiling itoa v1.0.10
[INFO] [stderr]    Compiling semver v1.0.21
[INFO] [stderr]    Compiling ryu v1.0.16
[INFO] [stderr]    Compiling schemars v0.8.16
[INFO] [stderr]    Compiling dyn-clone v1.0.16
[INFO] [stderr]    Compiling ahash v0.7.7
[INFO] [stderr]    Compiling Inflector v0.11.4
[INFO] [stderr]    Compiling base64 v0.13.1
[INFO] [stderr]    Compiling bs58 v0.4.0
[INFO] [stderr]    Compiling near-sys v0.2.1
[INFO] [stderr]    Compiling quote v1.0.35
[INFO] [stderr]    Compiling syn v2.0.48
[INFO] [stderr]    Compiling getrandom v0.2.11
[INFO] [stderr]    Compiling hashbrown v0.11.2
[INFO] [stderr]    Compiling serde_derive v1.0.194
[INFO] [stderr]    Compiling borsh-schema-derive-internal v0.9.3
[INFO] [stderr]    Compiling borsh-derive-internal v0.9.3
[INFO] [stderr]    Compiling serde_derive_internals v0.26.0
[INFO] [stderr]    Compiling schemars_derive v0.8.16
[INFO] [stderr]    Compiling near-sdk-macros v4.1.1
[INFO] [stderr]    Compiling toml v0.5.11
[INFO] [stderr]    Compiling proc-macro-crate v0.1.5
[INFO] [stderr]    Compiling borsh-derive v0.9.3
[INFO] [stderr]    Compiling borsh v0.9.3
[INFO] [stderr]    Compiling near-abi v0.3.0
[INFO] [stderr]    Compiling near-sdk v4.1.1
[INFO] [stderr]    Compiling near-contract-standards-sbt v4.1.6 (/opt/rustwide/workdir)
[INFO] [stdout] warning: unused import: `macros::*`
[INFO] [stdout]   --> src/fungible_token/mod.rs:11:9
[INFO] [stdout]    |
[INFO] [stdout] 11 | pub use macros::*;
[INFO] [stdout]    |         ^^^^^^^^^
[INFO] [stdout]    |
[INFO] [stdout]    = note: `#[warn(unused_imports)]` on by default
[INFO] [stdout] 
[INFO] [stdout] 
[INFO] [stdout] warning: unused import: `approval_impl::*`
[INFO] [stdout]  --> src/non_fungible_token/approval/mod.rs:4:9
[INFO] [stdout]   |
[INFO] [stdout] 4 | pub use approval_impl::*;
[INFO] [stdout]   |         ^^^^^^^^^^^^^^^^
[INFO] [stdout] 
[INFO] [stdout] 
[INFO] [stdout] warning: unused import: `macros::*`
[INFO] [stdout]   --> src/non_fungible_token/mod.rs:24:9
[INFO] [stdout]    |
[INFO] [stdout] 24 | pub use macros::*;
[INFO] [stdout]    |         ^^^^^^^^^
[INFO] [stdout] 
[INFO] [stdout] 
[INFO] [stdout] warning: 3 warnings emitted
[INFO] [stdout] 
[INFO] [stdout] 
[INFO] [stderr]     Finished dev [unoptimized + debuginfo] target(s) in 9.26s
[INFO] running `Command { std: "docker" "inspect" "6a1cacf242090485eaa35bfe1dd76099ad3de3d59839a0e59ef00dd1407b2b0b", kill_on_drop: false }`
[INFO] running `Command { std: "docker" "rm" "-f" "6a1cacf242090485eaa35bfe1dd76099ad3de3d59839a0e59ef00dd1407b2b0b", kill_on_drop: false }`
[INFO] [stdout] 6a1cacf242090485eaa35bfe1dd76099ad3de3d59839a0e59ef00dd1407b2b0b
[INFO] running `Command { std: "docker" "create" "-v" "/var/lib/crater-agent-workspace/builds/worker-1-tc2/target:/opt/rustwide/target:rw,Z" "-v" "/var/lib/crater-agent-workspace/builds/worker-1-tc2/source:/opt/rustwide/workdir:ro,Z" "-v" "/var/lib/crater-agent-workspace/cargo-home:/opt/rustwide/cargo-home:ro,Z" "-v" "/var/lib/crater-agent-workspace/rustup-home:/opt/rustwide/rustup-home:ro,Z" "-e" "SOURCE_DIR=/opt/rustwide/workdir" "-e" "CARGO_TARGET_DIR=/opt/rustwide/target" "-e" "CARGO_INCREMENTAL=0" "-e" "RUST_BACKTRACE=full" "-e" "RUSTFLAGS=--cap-lints=warn" "-e" "RUSTDOCFLAGS=--cap-lints=warn" "-e" "CARGO_HOME=/opt/rustwide/cargo-home" "-e" "RUSTUP_HOME=/opt/rustwide/rustup-home" "-w" "/opt/rustwide/workdir" "-m" "1610612736" "--user" "0:0" "--network" "none" "ghcr.io/rust-lang/crates-build-env/linux@sha256:2788e3201cd34a07e3172128adcd8b3090168a8e3bcc40d7c032b9dda1df7d1c" "/opt/rustwide/cargo-home/bin/cargo" "+beta-2023-12-22" "test" "--frozen" "--no-run" "--message-format=json", kill_on_drop: false }`
[INFO] [stdout] eba658a2b809b6ac908cc5bbbf36cfc62d4efff672d88285fd20452fa2cf2056
[INFO] running `Command { std: "docker" "start" "-a" "eba658a2b809b6ac908cc5bbbf36cfc62d4efff672d88285fd20452fa2cf2056", kill_on_drop: false }`
[INFO] [stdout] warning: unused import: `macros::*`
[INFO] [stdout]   --> src/fungible_token/mod.rs:11:9
[INFO] [stdout]    |
[INFO] [stdout] 11 | pub use macros::*;
[INFO] [stdout]    |         ^^^^^^^^^
[INFO] [stdout]    |
[INFO] [stdout]    = note: `#[warn(unused_imports)]` on by default
[INFO] [stdout] 
[INFO] [stdout] 
[INFO] [stderr]    Compiling near-contract-standards-sbt v4.1.6 (/opt/rustwide/workdir)
[INFO] [stdout] warning: unused import: `approval_impl::*`
[INFO] [stdout]  --> src/non_fungible_token/approval/mod.rs:4:9
[INFO] [stdout]   |
[INFO] [stdout] 4 | pub use approval_impl::*;
[INFO] [stdout]   |         ^^^^^^^^^^^^^^^^
[INFO] [stdout] 
[INFO] [stdout] 
[INFO] [stdout] warning: unused import: `macros::*`
[INFO] [stdout]   --> src/non_fungible_token/mod.rs:24:9
[INFO] [stdout]    |
[INFO] [stdout] 24 | pub use macros::*;
[INFO] [stdout]    |         ^^^^^^^^^
[INFO] [stdout] 
[INFO] [stdout] 
[INFO] [stdout] warning: 3 warnings emitted
[INFO] [stdout] 
[INFO] [stdout] 
[INFO] [stdout] error[E0432]: unresolved import `near_sdk::test_utils`
[INFO] [stdout]    --> src/fungible_token/events.rs:123:20
[INFO] [stdout]     |
[INFO] [stdout] 123 |     use near_sdk::{test_utils, AccountId};
[INFO] [stdout]     |                    ^^^^^^^^^^ no `test_utils` in the root
[INFO] [stdout]     |
[INFO] [stdout] note: found an item that was configured out
[INFO] [stdout]    --> /opt/rustwide/cargo-home/registry/src/index.crates.io-6f17d22bba15001f/near-sdk-4.1.1/src/lib.rs:52:9
[INFO] [stdout]     |
[INFO] [stdout] 52  | pub mod test_utils;
[INFO] [stdout]     |         ^^^^^^^^^^
[INFO] [stdout] 
[INFO] [stdout] 
[INFO] [stdout] error[E0432]: unresolved import `near_sdk::test_utils`
[INFO] [stdout]    --> src/non_fungible_token/events.rs:126:20
[INFO] [stdout]     |
[INFO] [stdout] 126 |     use near_sdk::{test_utils, AccountId};
[INFO] [stdout]     |                    ^^^^^^^^^^ no `test_utils` in the root
[INFO] [stdout]     |
[INFO] [stdout] note: found an item that was configured out
[INFO] [stdout]    --> /opt/rustwide/cargo-home/registry/src/index.crates.io-6f17d22bba15001f/near-sdk-4.1.1/src/lib.rs:52:9
[INFO] [stdout]     |
[INFO] [stdout] 52  | pub mod test_utils;
[INFO] [stdout]     |         ^^^^^^^^^^
[INFO] [stdout] 
[INFO] [stdout] 
[INFO] [stdout] warning: unused import: `macros::*`
[INFO] [stdout]   --> src/fungible_token/mod.rs:11:9
[INFO] [stdout]    |
[INFO] [stdout] 11 | pub use macros::*;
[INFO] [stdout]    |         ^^^^^^^^^
[INFO] [stdout]    |
[INFO] [stdout]    = note: `#[warn(unused_imports)]` on by default
[INFO] [stdout] 
[INFO] [stdout] 
[INFO] [stdout] warning: unused import: `approval_impl::*`
[INFO] [stdout]  --> src/non_fungible_token/approval/mod.rs:4:9
[INFO] [stdout]   |
[INFO] [stdout] 4 | pub use approval_impl::*;
[INFO] [stdout]   |         ^^^^^^^^^^^^^^^^
[INFO] [stdout] 
[INFO] [stdout] 
[INFO] [stdout] warning: unused import: `macros::*`
[INFO] [stdout]   --> src/non_fungible_token/mod.rs:24:9
[INFO] [stdout]    |
[INFO] [stdout] 24 | pub use macros::*;
[INFO] [stdout]    |         ^^^^^^^^^
[INFO] [stdout] 
[INFO] [stdout] 
[INFO] [stdout] error: aborting due to 2 previous errors; 3 warnings emitted
[INFO] [stdout] 
[INFO] [stdout] 
[INFO] [stdout] For more information about this error, try `rustc --explain E0432`.
[INFO] [stdout] 
[INFO] [stderr] error: could not compile `near-contract-standards-sbt` (lib test) due to 3 previous errors; 3 warnings emitted
[INFO] running `Command { std: "docker" "inspect" "eba658a2b809b6ac908cc5bbbf36cfc62d4efff672d88285fd20452fa2cf2056", kill_on_drop: false }`
[INFO] running `Command { std: "docker" "rm" "-f" "eba658a2b809b6ac908cc5bbbf36cfc62d4efff672d88285fd20452fa2cf2056", kill_on_drop: false }`
[INFO] [stdout] eba658a2b809b6ac908cc5bbbf36cfc62d4efff672d88285fd20452fa2cf2056
