[INFO] fetching crate near-bindgen-macros 0.6.0...
[INFO] testing near-bindgen-macros-0.6.0 against 1.75.0 for beta-1.76-1
[INFO] extracting crate near-bindgen-macros 0.6.0 into /workspace/builds/worker-7-tc1/source
[INFO] validating manifest of crates.io crate near-bindgen-macros 0.6.0 on toolchain 1.75.0
[INFO] running `Command { std: CARGO_HOME="/workspace/cargo-home" RUSTUP_HOME="/workspace/rustup-home" "/workspace/cargo-home/bin/cargo" "+1.75.0" "metadata" "--manifest-path" "Cargo.toml" "--no-deps", kill_on_drop: false }`
[INFO] started tweaking crates.io crate near-bindgen-macros 0.6.0
[INFO] finished tweaking crates.io crate near-bindgen-macros 0.6.0
[INFO] tweaked toml for crates.io crate near-bindgen-macros 0.6.0 written to /workspace/builds/worker-7-tc1/source/Cargo.toml
[INFO] running `Command { std: CARGO_HOME="/workspace/cargo-home" RUSTUP_HOME="/workspace/rustup-home" "/workspace/cargo-home/bin/cargo" "+1.75.0" "generate-lockfile" "--manifest-path" "Cargo.toml", kill_on_drop: false }`
[INFO] [stderr]     Updating crates.io index
[INFO] running `Command { std: CARGO_HOME="/workspace/cargo-home" RUSTUP_HOME="/workspace/rustup-home" "/workspace/cargo-home/bin/cargo" "+1.75.0" "fetch" "--manifest-path" "Cargo.toml", kill_on_drop: false }`
[INFO] [stderr]  Downloading crates ...
[INFO] [stderr]   Downloaded near-bindgen-core v0.6.0
[INFO] running `Command { std: "docker" "create" "-v" "/var/lib/crater-agent-workspace/builds/worker-7-tc1/target:/opt/rustwide/target:rw,Z" "-v" "/var/lib/crater-agent-workspace/builds/worker-7-tc1/source:/opt/rustwide/workdir:ro,Z" "-v" "/var/lib/crater-agent-workspace/cargo-home:/opt/rustwide/cargo-home:ro,Z" "-v" "/var/lib/crater-agent-workspace/rustup-home:/opt/rustwide/rustup-home:ro,Z" "-e" "SOURCE_DIR=/opt/rustwide/workdir" "-e" "CARGO_TARGET_DIR=/opt/rustwide/target" "-e" "CARGO_HOME=/opt/rustwide/cargo-home" "-e" "RUSTUP_HOME=/opt/rustwide/rustup-home" "-w" "/opt/rustwide/workdir" "-m" "1610612736" "--user" "0:0" "--network" "none" "ghcr.io/rust-lang/crates-build-env/linux@sha256:2788e3201cd34a07e3172128adcd8b3090168a8e3bcc40d7c032b9dda1df7d1c" "/opt/rustwide/cargo-home/bin/cargo" "+1.75.0" "metadata" "--no-deps" "--format-version=1", kill_on_drop: false }`
[INFO] [stdout] 7ae9cc53250904367a5209a41169c593251fefe5ad08ecbc1fd0627e54f0f75c
[INFO] running `Command { std: "docker" "start" "-a" "7ae9cc53250904367a5209a41169c593251fefe5ad08ecbc1fd0627e54f0f75c", kill_on_drop: false }`
[INFO] running `Command { std: "docker" "inspect" "7ae9cc53250904367a5209a41169c593251fefe5ad08ecbc1fd0627e54f0f75c", kill_on_drop: false }`
[INFO] running `Command { std: "docker" "rm" "-f" "7ae9cc53250904367a5209a41169c593251fefe5ad08ecbc1fd0627e54f0f75c", kill_on_drop: false }`
[INFO] [stdout] 7ae9cc53250904367a5209a41169c593251fefe5ad08ecbc1fd0627e54f0f75c
[INFO] running `Command { std: "docker" "create" "-v" "/var/lib/crater-agent-workspace/builds/worker-7-tc1/target:/opt/rustwide/target:rw,Z" "-v" "/var/lib/crater-agent-workspace/builds/worker-7-tc1/source:/opt/rustwide/workdir:ro,Z" "-v" "/var/lib/crater-agent-workspace/cargo-home:/opt/rustwide/cargo-home:ro,Z" "-v" "/var/lib/crater-agent-workspace/rustup-home:/opt/rustwide/rustup-home:ro,Z" "-e" "SOURCE_DIR=/opt/rustwide/workdir" "-e" "CARGO_TARGET_DIR=/opt/rustwide/target" "-e" "CARGO_INCREMENTAL=0" "-e" "RUST_BACKTRACE=full" "-e" "RUSTFLAGS=--cap-lints=warn" "-e" "RUSTDOCFLAGS=--cap-lints=warn" "-e" "CARGO_HOME=/opt/rustwide/cargo-home" "-e" "RUSTUP_HOME=/opt/rustwide/rustup-home" "-w" "/opt/rustwide/workdir" "-m" "1610612736" "--user" "0:0" "--network" "none" "ghcr.io/rust-lang/crates-build-env/linux@sha256:2788e3201cd34a07e3172128adcd8b3090168a8e3bcc40d7c032b9dda1df7d1c" "/opt/rustwide/cargo-home/bin/cargo" "+1.75.0" "build" "--frozen" "--message-format=json", kill_on_drop: false }`
[INFO] [stdout] 0bf8d1d1106bcb7eed81aa8e05e7438538b79e1b81bd4604921d67e9ac9a536a
[INFO] running `Command { std: "docker" "start" "-a" "0bf8d1d1106bcb7eed81aa8e05e7438538b79e1b81bd4604921d67e9ac9a536a", kill_on_drop: false }`
[INFO] [stderr]    Compiling memchr v2.7.1
[INFO] [stderr]    Compiling regex-syntax v0.8.2
[INFO] [stderr]    Compiling syn v1.0.109
[INFO] [stderr]    Compiling lazy_static v1.4.0
[INFO] [stderr]    Compiling aho-corasick v1.1.2
[INFO] [stderr]    Compiling regex-automata v0.4.3
[INFO] [stderr]    Compiling regex v1.10.2
[INFO] [stderr]    Compiling Inflector v0.11.4
[INFO] [stderr]    Compiling near-bindgen-core v0.6.0
[INFO] [stdout] error[E0432]: unresolved import `syn::export`
[INFO] [stdout]  --> /opt/rustwide/cargo-home/registry/src/index.crates.io-6f17d22bba15001f/near-bindgen-core-0.6.0/src/code_generator/attr_sig_info.rs:1:10
[INFO] [stdout]   |
[INFO] [stdout] 1 | use syn::export::TokenStream2;
[INFO] [stdout]   |          ^^^^^^ could not find `export` in `syn`
[INFO] [stdout] 
[INFO] [stdout] 
[INFO] [stdout] error[E0432]: unresolved import `syn::export`
[INFO] [stdout]  --> /opt/rustwide/cargo-home/registry/src/index.crates.io-6f17d22bba15001f/near-bindgen-core-0.6.0/src/code_generator/impl_item_method_info.rs:3:10
[INFO] [stdout]   |
[INFO] [stdout] 3 | use syn::export::TokenStream2;
[INFO] [stdout]   |          ^^^^^^ could not find `export` in `syn`
[INFO] [stdout] 
[INFO] [stdout] 
[INFO] [stdout] error[E0432]: unresolved import `syn::export`
[INFO] [stdout]  --> /opt/rustwide/cargo-home/registry/src/index.crates.io-6f17d22bba15001f/near-bindgen-core-0.6.0/src/code_generator/item_trait_info.rs:3:10
[INFO] [stdout]   |
[INFO] [stdout] 3 | use syn::export::TokenStream2;
[INFO] [stdout]   |          ^^^^^^ could not find `export` in `syn`
[INFO] [stdout] 
[INFO] [stdout] 
[INFO] [stdout] error[E0432]: unresolved import `syn::export`
[INFO] [stdout]  --> /opt/rustwide/cargo-home/registry/src/index.crates.io-6f17d22bba15001f/near-bindgen-core-0.6.0/src/code_generator/trait_item_method_info.rs:3:10
[INFO] [stdout]   |
[INFO] [stdout] 3 | use syn::export::TokenStream2;
[INFO] [stdout]   |          ^^^^^^ could not find `export` in `syn`
[INFO] [stdout] 
[INFO] [stdout] 
[INFO] [stdout] error[E0432]: unresolved import `syn::export`
[INFO] [stdout]  --> /opt/rustwide/cargo-home/registry/src/index.crates.io-6f17d22bba15001f/near-bindgen-core-0.6.0/src/code_generator/item_impl_info.rs:2:10
[INFO] [stdout]   |
[INFO] [stdout] 2 | use syn::export::TokenStream2;
[INFO] [stdout]   |          ^^^^^^ could not find `export` in `syn`
[INFO] [stdout] 
[INFO] [stdout] 
[INFO] [stdout] error[E0432]: unresolved import `syn::export`
[INFO] [stdout]  --> /opt/rustwide/cargo-home/registry/src/index.crates.io-6f17d22bba15001f/near-bindgen-core-0.6.0/src/info_extractor/arg_info.rs:4:10
[INFO] [stdout]   |
[INFO] [stdout] 4 | use syn::export::Span;
[INFO] [stdout]   |          ^^^^^^ could not find `export` in `syn`
[INFO] [stdout] 
[INFO] [stdout] 
[INFO] [stdout] error[E0432]: unresolved import `syn::export`
[INFO] [stdout]  --> /opt/rustwide/cargo-home/registry/src/index.crates.io-6f17d22bba15001f/near-bindgen-core-0.6.0/src/info_extractor/attr_sig_info.rs:5:10
[INFO] [stdout]   |
[INFO] [stdout] 5 | use syn::export::Span;
[INFO] [stdout]   |          ^^^^^^ could not find `export` in `syn`
[INFO] [stdout] 
[INFO] [stdout] 
[INFO] [stdout] error[E0432]: unresolved import `syn::export`
[INFO] [stdout]  --> /opt/rustwide/cargo-home/registry/src/index.crates.io-6f17d22bba15001f/near-bindgen-core-0.6.0/src/info_extractor/trait_item_method_info.rs:2:10
[INFO] [stdout]   |
[INFO] [stdout] 2 | use syn::export::Span;
[INFO] [stdout]   |          ^^^^^^ could not find `export` in `syn`
[INFO] [stdout] 
[INFO] [stdout] 
[INFO] [stdout] error[E0432]: unresolved import `syn::export`
[INFO] [stdout]  --> /opt/rustwide/cargo-home/registry/src/index.crates.io-6f17d22bba15001f/near-bindgen-core-0.6.0/src/info_extractor/item_trait_info.rs:3:10
[INFO] [stdout]   |
[INFO] [stdout] 3 | use syn::export::Span;
[INFO] [stdout]   |          ^^^^^^ could not find `export` in `syn`
[INFO] [stdout] 
[INFO] [stdout] 
[INFO] [stdout] error[E0432]: unresolved import `syn::export`
[INFO] [stdout]  --> /opt/rustwide/cargo-home/registry/src/index.crates.io-6f17d22bba15001f/near-bindgen-core-0.6.0/src/metadata/metadata_generator.rs:4:10
[INFO] [stdout]   |
[INFO] [stdout] 4 | use syn::export::TokenStream2;
[INFO] [stdout]   |          ^^^^^^ could not find `export` in `syn`
[INFO] [stdout] 
[INFO] [stdout] 
[INFO] [stdout] error[E0432]: unresolved import `syn::export`
[INFO] [stdout]  --> /opt/rustwide/cargo-home/registry/src/index.crates.io-6f17d22bba15001f/near-bindgen-core-0.6.0/src/metadata/metadata_visitor.rs:8:10
[INFO] [stdout]   |
[INFO] [stdout] 8 | use syn::export::{ToTokens, TokenStream2};
[INFO] [stdout]   |          ^^^^^^ could not find `export` in `syn`
[INFO] [stdout] 
[INFO] [stdout] 
[INFO] [stdout] error[E0631]: type mismatch in closure arguments
[INFO] [stdout]    --> /opt/rustwide/cargo-home/registry/src/index.crates.io-6f17d22bba15001f/near-bindgen-core-0.6.0/src/code_generator/attr_sig_info.rs:151:14
[INFO] [stdout]     |
[INFO] [stdout] 151 |             .fold(TokenStream2::new(), |acc, (idx, arg)| {
[INFO] [stdout]     |              ^^^^ expected due to this ----------------- found signature defined here
[INFO] [stdout]     |
[INFO] [stdout]     = note: expected closure signature `fn({type error}, (usize, &ArgInfo)) -> _`
[INFO] [stdout]                found closure signature `fn(_, (_, ArgInfo)) -> _`
[INFO] [stdout] note: required by a bound in `fold`
[INFO] [stdout]    --> /rustc/82e1608dfa6e0b5569232559e3d385fea5a93112/library/core/src/iter/traits/iterator.rs:2633:5
[INFO] [stdout] 
[INFO] [stdout] 
[INFO] [stdout] error[E0631]: type mismatch in closure arguments
[INFO] [stdout]    --> /opt/rustwide/cargo-home/registry/src/index.crates.io-6f17d22bba15001f/near-bindgen-core-0.6.0/src/code_generator/attr_sig_info.rs:185:14
[INFO] [stdout]     |
[INFO] [stdout] 185 |             .fold(TokenStream2::new(), |acc, arg| {
[INFO] [stdout]     |              ^^^^ expected due to this ---------- found signature defined here
[INFO] [stdout]     |
[INFO] [stdout]     = note: expected closure signature `fn({type error}, &ArgInfo) -> _`
[INFO] [stdout]                found closure signature `fn(_, ArgInfo) -> _`
[INFO] [stdout] note: required by a bound in `fold`
[INFO] [stdout]    --> /rustc/82e1608dfa6e0b5569232559e3d385fea5a93112/library/core/src/iter/traits/iterator.rs:2633:5
[INFO] [stdout] help: consider adjusting the signature so it borrows its argument
[INFO] [stdout]     |
[INFO] [stdout] 185 |             .fold(TokenStream2::new(), |acc, &arg| {
[INFO] [stdout]     |                                              +
[INFO] [stdout] 
[INFO] [stdout] 
[INFO] [stdout] error[E0599]: no method named `to_token_stream` found for struct `syn::Path` in the current scope
[INFO] [stdout]   --> /opt/rustwide/cargo-home/registry/src/index.crates.io-6f17d22bba15001f/near-bindgen-core-0.6.0/src/metadata/metadata_visitor.rs:25:35
[INFO] [stdout]    |
[INFO] [stdout] 25 |             .any(|attr| attr.path.to_token_stream().to_string().as_str() == "near_bindgen");
[INFO] [stdout]    |                                   ^^^^^^^^^^^^^^^ method not found in `syn::Path`
[INFO] [stdout]    |
[INFO] [stdout]   ::: /opt/rustwide/cargo-home/registry/src/index.crates.io-6f17d22bba15001f/quote-1.0.35/src/to_tokens.rs:59:8
[INFO] [stdout]    |
[INFO] [stdout] 59 |     fn to_token_stream(&self) -> TokenStream {
[INFO] [stdout]    |        --------------- the method is available for `syn::Path` here
[INFO] [stdout]    |
[INFO] [stdout]    = help: items from traits can only be used if the trait is in scope
[INFO] [stdout] help: the following trait is implemented but not in scope; perhaps add a `use` for it:
[INFO] [stdout]    |
[INFO] [stdout] 5  + use quote::ToTokens;
[INFO] [stdout]    |
[INFO] [stdout] 
[INFO] [stdout] 
[INFO] [stdout] error: aborting due to 14 previous errors
[INFO] [stdout] 
[INFO] [stdout] 
[INFO] [stdout] Some errors have detailed explanations: E0432, E0599, E0631.
[INFO] [stdout] 
[INFO] [stdout] For more information about an error, try `rustc --explain E0432`.
[INFO] [stdout] 
[INFO] [stderr] error: could not compile `near-bindgen-core` (lib) due to 15 previous errors
[INFO] [stderr] warning: build failed, waiting for other jobs to finish...
[INFO] running `Command { std: "docker" "inspect" "0bf8d1d1106bcb7eed81aa8e05e7438538b79e1b81bd4604921d67e9ac9a536a", kill_on_drop: false }`
[INFO] running `Command { std: "docker" "rm" "-f" "0bf8d1d1106bcb7eed81aa8e05e7438538b79e1b81bd4604921d67e9ac9a536a", kill_on_drop: false }`
[INFO] [stdout] 0bf8d1d1106bcb7eed81aa8e05e7438538b79e1b81bd4604921d67e9ac9a536a
[INFO] testing near-bindgen-macros-0.6.0 against beta-2023-12-22 for beta-1.76-1
[INFO] extracting crate near-bindgen-macros 0.6.0 into /workspace/builds/worker-7-tc2/source
[INFO] validating manifest of crates.io crate near-bindgen-macros 0.6.0 on toolchain beta-2023-12-22
[INFO] running `Command { std: CARGO_HOME="/workspace/cargo-home" RUSTUP_HOME="/workspace/rustup-home" "/workspace/cargo-home/bin/cargo" "+beta-2023-12-22" "metadata" "--manifest-path" "Cargo.toml" "--no-deps", kill_on_drop: false }`
[INFO] started tweaking crates.io crate near-bindgen-macros 0.6.0
[INFO] finished tweaking crates.io crate near-bindgen-macros 0.6.0
[INFO] tweaked toml for crates.io crate near-bindgen-macros 0.6.0 written to /workspace/builds/worker-7-tc2/source/Cargo.toml
[INFO] running `Command { std: CARGO_HOME="/workspace/cargo-home" RUSTUP_HOME="/workspace/rustup-home" "/workspace/cargo-home/bin/cargo" "+beta-2023-12-22" "generate-lockfile" "--manifest-path" "Cargo.toml", kill_on_drop: false }`
[INFO] [stderr]     Updating crates.io index
[INFO] running `Command { std: CARGO_HOME="/workspace/cargo-home" RUSTUP_HOME="/workspace/rustup-home" "/workspace/cargo-home/bin/cargo" "+beta-2023-12-22" "fetch" "--manifest-path" "Cargo.toml", kill_on_drop: false }`
[INFO] running `Command { std: "docker" "create" "-v" "/var/lib/crater-agent-workspace/builds/worker-7-tc2/target:/opt/rustwide/target:rw,Z" "-v" "/var/lib/crater-agent-workspace/builds/worker-7-tc2/source:/opt/rustwide/workdir:ro,Z" "-v" "/var/lib/crater-agent-workspace/cargo-home:/opt/rustwide/cargo-home:ro,Z" "-v" "/var/lib/crater-agent-workspace/rustup-home:/opt/rustwide/rustup-home:ro,Z" "-e" "SOURCE_DIR=/opt/rustwide/workdir" "-e" "CARGO_TARGET_DIR=/opt/rustwide/target" "-e" "CARGO_HOME=/opt/rustwide/cargo-home" "-e" "RUSTUP_HOME=/opt/rustwide/rustup-home" "-w" "/opt/rustwide/workdir" "-m" "1610612736" "--user" "0:0" "--network" "none" "ghcr.io/rust-lang/crates-build-env/linux@sha256:2788e3201cd34a07e3172128adcd8b3090168a8e3bcc40d7c032b9dda1df7d1c" "/opt/rustwide/cargo-home/bin/cargo" "+beta-2023-12-22" "metadata" "--no-deps" "--format-version=1", kill_on_drop: false }`
[INFO] [stdout] 83f187d9e65333ac2f088b916a1f2ed243e9f8d7a417471971f02b7a9fa3f721
[INFO] running `Command { std: "docker" "start" "-a" "83f187d9e65333ac2f088b916a1f2ed243e9f8d7a417471971f02b7a9fa3f721", kill_on_drop: false }`
[INFO] running `Command { std: "docker" "inspect" "83f187d9e65333ac2f088b916a1f2ed243e9f8d7a417471971f02b7a9fa3f721", kill_on_drop: false }`
[INFO] running `Command { std: "docker" "rm" "-f" "83f187d9e65333ac2f088b916a1f2ed243e9f8d7a417471971f02b7a9fa3f721", kill_on_drop: false }`
[INFO] [stdout] 83f187d9e65333ac2f088b916a1f2ed243e9f8d7a417471971f02b7a9fa3f721
[INFO] running `Command { std: "docker" "create" "-v" "/var/lib/crater-agent-workspace/builds/worker-7-tc2/target:/opt/rustwide/target:rw,Z" "-v" "/var/lib/crater-agent-workspace/builds/worker-7-tc2/source:/opt/rustwide/workdir:ro,Z" "-v" "/var/lib/crater-agent-workspace/cargo-home:/opt/rustwide/cargo-home:ro,Z" "-v" "/var/lib/crater-agent-workspace/rustup-home:/opt/rustwide/rustup-home:ro,Z" "-e" "SOURCE_DIR=/opt/rustwide/workdir" "-e" "CARGO_TARGET_DIR=/opt/rustwide/target" "-e" "CARGO_INCREMENTAL=0" "-e" "RUST_BACKTRACE=full" "-e" "RUSTFLAGS=--cap-lints=warn" "-e" "RUSTDOCFLAGS=--cap-lints=warn" "-e" "CARGO_HOME=/opt/rustwide/cargo-home" "-e" "RUSTUP_HOME=/opt/rustwide/rustup-home" "-w" "/opt/rustwide/workdir" "-m" "1610612736" "--user" "0:0" "--network" "none" "ghcr.io/rust-lang/crates-build-env/linux@sha256:2788e3201cd34a07e3172128adcd8b3090168a8e3bcc40d7c032b9dda1df7d1c" "/opt/rustwide/cargo-home/bin/cargo" "+beta-2023-12-22" "build" "--frozen" "--message-format=json", kill_on_drop: false }`
[INFO] [stdout] 8bb3213e5e30e3be1cebe0de31bad338e0120d74f9058b4ee2a259f467699260
[INFO] running `Command { std: "docker" "start" "-a" "8bb3213e5e30e3be1cebe0de31bad338e0120d74f9058b4ee2a259f467699260", kill_on_drop: false }`
[INFO] [stderr]    Compiling memchr v2.7.1
[INFO] [stderr]    Compiling regex-syntax v0.8.2
[INFO] [stderr]    Compiling syn v1.0.109
[INFO] [stderr]    Compiling lazy_static v1.4.0
[INFO] [stderr]    Compiling aho-corasick v1.1.2
[INFO] [stderr]    Compiling regex-automata v0.4.3
[INFO] [stderr]    Compiling regex v1.10.2
[INFO] [stderr]    Compiling Inflector v0.11.4
[INFO] [stderr]    Compiling near-bindgen-core v0.6.0
[INFO] [stdout] error[E0432]: unresolved import `syn::export`
[INFO] [stdout]  --> /opt/rustwide/cargo-home/registry/src/index.crates.io-6f17d22bba15001f/near-bindgen-core-0.6.0/src/code_generator/attr_sig_info.rs:1:10
[INFO] [stdout]   |
[INFO] [stdout] 1 | use syn::export::TokenStream2;
[INFO] [stdout]   |          ^^^^^^ could not find `export` in `syn`
[INFO] [stdout] 
[INFO] [stdout] 
[INFO] [stdout] error[E0432]: unresolved import `syn::export`
[INFO] [stdout]  --> /opt/rustwide/cargo-home/registry/src/index.crates.io-6f17d22bba15001f/near-bindgen-core-0.6.0/src/code_generator/impl_item_method_info.rs:3:10
[INFO] [stdout]   |
[INFO] [stdout] 3 | use syn::export::TokenStream2;
[INFO] [stdout]   |          ^^^^^^ could not find `export` in `syn`
[INFO] [stdout] 
[INFO] [stdout] 
[INFO] [stdout] error[E0432]: unresolved import `syn::export`
[INFO] [stdout]  --> /opt/rustwide/cargo-home/registry/src/index.crates.io-6f17d22bba15001f/near-bindgen-core-0.6.0/src/code_generator/item_trait_info.rs:3:10
[INFO] [stdout]   |
[INFO] [stdout] 3 | use syn::export::TokenStream2;
[INFO] [stdout]   |          ^^^^^^ could not find `export` in `syn`
[INFO] [stdout] 
[INFO] [stdout] 
[INFO] [stdout] error[E0432]: unresolved import `syn::export`
[INFO] [stdout]  --> /opt/rustwide/cargo-home/registry/src/index.crates.io-6f17d22bba15001f/near-bindgen-core-0.6.0/src/code_generator/trait_item_method_info.rs:3:10
[INFO] [stdout]   |
[INFO] [stdout] 3 | use syn::export::TokenStream2;
[INFO] [stdout]   |          ^^^^^^ could not find `export` in `syn`
[INFO] [stdout] 
[INFO] [stdout] 
[INFO] [stdout] error[E0432]: unresolved import `syn::export`
[INFO] [stdout]  --> /opt/rustwide/cargo-home/registry/src/index.crates.io-6f17d22bba15001f/near-bindgen-core-0.6.0/src/code_generator/item_impl_info.rs:2:10
[INFO] [stdout]   |
[INFO] [stdout] 2 | use syn::export::TokenStream2;
[INFO] [stdout]   |          ^^^^^^ could not find `export` in `syn`
[INFO] [stdout] 
[INFO] [stdout] 
[INFO] [stdout] error[E0432]: unresolved import `syn::export`
[INFO] [stdout]  --> /opt/rustwide/cargo-home/registry/src/index.crates.io-6f17d22bba15001f/near-bindgen-core-0.6.0/src/info_extractor/arg_info.rs:4:10
[INFO] [stdout]   |
[INFO] [stdout] 4 | use syn::export::Span;
[INFO] [stdout]   |          ^^^^^^ could not find `export` in `syn`
[INFO] [stdout] 
[INFO] [stdout] 
[INFO] [stdout] error[E0432]: unresolved import `syn::export`
[INFO] [stdout]  --> /opt/rustwide/cargo-home/registry/src/index.crates.io-6f17d22bba15001f/near-bindgen-core-0.6.0/src/info_extractor/attr_sig_info.rs:5:10
[INFO] [stdout]   |
[INFO] [stdout] 5 | use syn::export::Span;
[INFO] [stdout]   |          ^^^^^^ could not find `export` in `syn`
[INFO] [stdout] 
[INFO] [stdout] 
[INFO] [stdout] error[E0432]: unresolved import `syn::export`
[INFO] [stdout]  --> /opt/rustwide/cargo-home/registry/src/index.crates.io-6f17d22bba15001f/near-bindgen-core-0.6.0/src/info_extractor/trait_item_method_info.rs:2:10
[INFO] [stdout]   |
[INFO] [stdout] 2 | use syn::export::Span;
[INFO] [stdout]   |          ^^^^^^ could not find `export` in `syn`
[INFO] [stdout] 
[INFO] [stdout] 
[INFO] [stdout] error[E0432]: unresolved import `syn::export`
[INFO] [stdout]  --> /opt/rustwide/cargo-home/registry/src/index.crates.io-6f17d22bba15001f/near-bindgen-core-0.6.0/src/info_extractor/item_trait_info.rs:3:10
[INFO] [stdout]   |
[INFO] [stdout] 3 | use syn::export::Span;
[INFO] [stdout]   |          ^^^^^^ could not find `export` in `syn`
[INFO] [stdout] 
[INFO] [stdout] 
[INFO] [stdout] error[E0432]: unresolved import `syn::export`
[INFO] [stdout]  --> /opt/rustwide/cargo-home/registry/src/index.crates.io-6f17d22bba15001f/near-bindgen-core-0.6.0/src/metadata/metadata_generator.rs:4:10
[INFO] [stdout]   |
[INFO] [stdout] 4 | use syn::export::TokenStream2;
[INFO] [stdout]   |          ^^^^^^ could not find `export` in `syn`
[INFO] [stdout] 
[INFO] [stdout] 
[INFO] [stdout] error[E0432]: unresolved import `syn::export`
[INFO] [stdout]  --> /opt/rustwide/cargo-home/registry/src/index.crates.io-6f17d22bba15001f/near-bindgen-core-0.6.0/src/metadata/metadata_visitor.rs:8:10
[INFO] [stdout]   |
[INFO] [stdout] 8 | use syn::export::{ToTokens, TokenStream2};
[INFO] [stdout]   |          ^^^^^^ could not find `export` in `syn`
[INFO] [stdout] 
[INFO] [stdout] 
[INFO] [stdout] error[E0631]: type mismatch in closure arguments
[INFO] [stdout]    --> /opt/rustwide/cargo-home/registry/src/index.crates.io-6f17d22bba15001f/near-bindgen-core-0.6.0/src/code_generator/attr_sig_info.rs:151:14
[INFO] [stdout]     |
[INFO] [stdout] 151 |             .fold(TokenStream2::new(), |acc, (idx, arg)| {
[INFO] [stdout]     |              ^^^^ expected due to this ----------------- found signature defined here
[INFO] [stdout]     |
[INFO] [stdout]     = note: expected closure signature `fn({type error}, (usize, &ArgInfo)) -> _`
[INFO] [stdout]                found closure signature `fn(_, (_, ArgInfo)) -> _`
[INFO] [stdout] note: required by a bound in `fold`
[INFO] [stdout]    --> /rustc/0e09125c6c3c2fd70d7de961bcf0e51575235fad/library/core/src/iter/traits/iterator.rs:2633:5
[INFO] [stdout] 
[INFO] [stdout] 
[INFO] [stdout] error[E0631]: type mismatch in closure arguments
[INFO] [stdout]    --> /opt/rustwide/cargo-home/registry/src/index.crates.io-6f17d22bba15001f/near-bindgen-core-0.6.0/src/code_generator/attr_sig_info.rs:185:14
[INFO] [stdout]     |
[INFO] [stdout] 185 |             .fold(TokenStream2::new(), |acc, arg| {
[INFO] [stdout]     |              ^^^^ expected due to this ---------- found signature defined here
[INFO] [stdout]     |
[INFO] [stdout]     = note: expected closure signature `fn({type error}, &ArgInfo) -> _`
[INFO] [stdout]                found closure signature `fn(_, ArgInfo) -> _`
[INFO] [stdout] note: required by a bound in `fold`
[INFO] [stdout]    --> /rustc/0e09125c6c3c2fd70d7de961bcf0e51575235fad/library/core/src/iter/traits/iterator.rs:2633:5
[INFO] [stdout] help: consider adjusting the signature so it borrows its argument
[INFO] [stdout]     |
[INFO] [stdout] 185 |             .fold(TokenStream2::new(), |acc, &arg| {
[INFO] [stdout]     |                                              +
[INFO] [stdout] 
[INFO] [stdout] 
[INFO] [stdout] error[E0599]: no method named `to_token_stream` found for struct `syn::Path` in the current scope
[INFO] [stdout]   --> /opt/rustwide/cargo-home/registry/src/index.crates.io-6f17d22bba15001f/near-bindgen-core-0.6.0/src/metadata/metadata_visitor.rs:25:35
[INFO] [stdout]    |
[INFO] [stdout] 25 |             .any(|attr| attr.path.to_token_stream().to_string().as_str() == "near_bindgen");
[INFO] [stdout]    |                                   ^^^^^^^^^^^^^^^ method not found in `syn::Path`
[INFO] [stdout]    |
[INFO] [stdout]   ::: /opt/rustwide/cargo-home/registry/src/index.crates.io-6f17d22bba15001f/quote-1.0.35/src/to_tokens.rs:59:8
[INFO] [stdout]    |
[INFO] [stdout] 59 |     fn to_token_stream(&self) -> TokenStream {
[INFO] [stdout]    |        --------------- the method is available for `syn::Path` here
[INFO] [stdout]    |
[INFO] [stdout]    = help: items from traits can only be used if the trait is in scope
[INFO] [stdout] help: the following trait is implemented but not in scope; perhaps add a `use` for it:
[INFO] [stdout]    |
[INFO] [stdout] 5  + use quote::ToTokens;
[INFO] [stdout]    |
[INFO] [stdout] 
[INFO] [stdout] 
[INFO] [stdout] error: aborting due to 14 previous errors
[INFO] [stdout] 
[INFO] [stdout] 
[INFO] [stdout] Some errors have detailed explanations: E0432, E0599, E0631.
[INFO] [stdout] 
[INFO] [stdout] For more information about an error, try `rustc --explain E0432`.
[INFO] [stdout] 
[INFO] [stderr] error: could not compile `near-bindgen-core` (lib) due to 15 previous errors
[INFO] [stderr] warning: build failed, waiting for other jobs to finish...
[INFO] running `Command { std: "docker" "inspect" "8bb3213e5e30e3be1cebe0de31bad338e0120d74f9058b4ee2a259f467699260", kill_on_drop: false }`
[INFO] running `Command { std: "docker" "rm" "-f" "8bb3213e5e30e3be1cebe0de31bad338e0120d74f9058b4ee2a259f467699260", kill_on_drop: false }`
[INFO] [stdout] 8bb3213e5e30e3be1cebe0de31bad338e0120d74f9058b4ee2a259f467699260
