[INFO] fetching crate ncheat 0.3.0...
[INFO] testing ncheat-0.3.0 against 1.75.0 for beta-1.76-1
[INFO] extracting crate ncheat 0.3.0 into /workspace/builds/worker-3-tc1/source
[INFO] validating manifest of crates.io crate ncheat 0.3.0 on toolchain 1.75.0
[INFO] running `Command { std: CARGO_HOME="/workspace/cargo-home" RUSTUP_HOME="/workspace/rustup-home" "/workspace/cargo-home/bin/cargo" "+1.75.0" "metadata" "--manifest-path" "Cargo.toml" "--no-deps", kill_on_drop: false }`
[INFO] started tweaking crates.io crate ncheat 0.3.0
[INFO] finished tweaking crates.io crate ncheat 0.3.0
[INFO] tweaked toml for crates.io crate ncheat 0.3.0 written to /workspace/builds/worker-3-tc1/source/Cargo.toml
[INFO] crate crates.io crate ncheat 0.3.0 already has a lockfile, it will not be regenerated
[INFO] running `Command { std: CARGO_HOME="/workspace/cargo-home" RUSTUP_HOME="/workspace/rustup-home" "/workspace/cargo-home/bin/cargo" "+1.75.0" "fetch" "--manifest-path" "Cargo.toml", kill_on_drop: false }`
[INFO] running `Command { std: "docker" "create" "-v" "/var/lib/crater-agent-workspace/builds/worker-3-tc1/target:/opt/rustwide/target:rw,Z" "-v" "/var/lib/crater-agent-workspace/builds/worker-3-tc1/source:/opt/rustwide/workdir:ro,Z" "-v" "/var/lib/crater-agent-workspace/cargo-home:/opt/rustwide/cargo-home:ro,Z" "-v" "/var/lib/crater-agent-workspace/rustup-home:/opt/rustwide/rustup-home:ro,Z" "-e" "SOURCE_DIR=/opt/rustwide/workdir" "-e" "CARGO_TARGET_DIR=/opt/rustwide/target" "-e" "CARGO_HOME=/opt/rustwide/cargo-home" "-e" "RUSTUP_HOME=/opt/rustwide/rustup-home" "-w" "/opt/rustwide/workdir" "-m" "1610612736" "--user" "0:0" "--network" "none" "ghcr.io/rust-lang/crates-build-env/linux@sha256:2788e3201cd34a07e3172128adcd8b3090168a8e3bcc40d7c032b9dda1df7d1c" "/opt/rustwide/cargo-home/bin/cargo" "+1.75.0" "metadata" "--no-deps" "--format-version=1", kill_on_drop: false }`
[INFO] [stdout] 4cf2022dac6636713f459bfe8effe8ad2fe841de1b6f9f89e6eae0488e4683fb
[INFO] running `Command { std: "docker" "start" "-a" "4cf2022dac6636713f459bfe8effe8ad2fe841de1b6f9f89e6eae0488e4683fb", kill_on_drop: false }`
[INFO] running `Command { std: "docker" "inspect" "4cf2022dac6636713f459bfe8effe8ad2fe841de1b6f9f89e6eae0488e4683fb", kill_on_drop: false }`
[INFO] running `Command { std: "docker" "rm" "-f" "4cf2022dac6636713f459bfe8effe8ad2fe841de1b6f9f89e6eae0488e4683fb", kill_on_drop: false }`
[INFO] [stdout] 4cf2022dac6636713f459bfe8effe8ad2fe841de1b6f9f89e6eae0488e4683fb
[INFO] running `Command { std: "docker" "create" "-v" "/var/lib/crater-agent-workspace/builds/worker-3-tc1/target:/opt/rustwide/target:rw,Z" "-v" "/var/lib/crater-agent-workspace/builds/worker-3-tc1/source:/opt/rustwide/workdir:ro,Z" "-v" "/var/lib/crater-agent-workspace/cargo-home:/opt/rustwide/cargo-home:ro,Z" "-v" "/var/lib/crater-agent-workspace/rustup-home:/opt/rustwide/rustup-home:ro,Z" "-e" "SOURCE_DIR=/opt/rustwide/workdir" "-e" "CARGO_TARGET_DIR=/opt/rustwide/target" "-e" "CARGO_INCREMENTAL=0" "-e" "RUST_BACKTRACE=full" "-e" "RUSTFLAGS=--cap-lints=warn" "-e" "RUSTDOCFLAGS=--cap-lints=warn" "-e" "CARGO_HOME=/opt/rustwide/cargo-home" "-e" "RUSTUP_HOME=/opt/rustwide/rustup-home" "-w" "/opt/rustwide/workdir" "-m" "1610612736" "--user" "0:0" "--network" "none" "ghcr.io/rust-lang/crates-build-env/linux@sha256:2788e3201cd34a07e3172128adcd8b3090168a8e3bcc40d7c032b9dda1df7d1c" "/opt/rustwide/cargo-home/bin/cargo" "+1.75.0" "build" "--frozen" "--message-format=json", kill_on_drop: false }`
[INFO] [stdout] 37d83f7c3543604fe3bd91991e591ad660d8bc1f02c70f2681f699b50e20f68b
[INFO] running `Command { std: "docker" "start" "-a" "37d83f7c3543604fe3bd91991e591ad660d8bc1f02c70f2681f699b50e20f68b", kill_on_drop: false }`
[INFO] [stderr]    Compiling ncheat v0.3.0 (/opt/rustwide/workdir)
[INFO] [stdout] error[E0433]: failed to resolve: could not find `windows` in `os`
[INFO] [stdout]   --> src/core/module.rs:44:30
[INFO] [stdout]    |
[INFO] [stdout] 44 |                     std::os::windows::prelude::OsStringExt::from_wide(&module_entry.sz_module);
[INFO] [stdout]    |                              ^^^^^^^ could not find `windows` in `os`
[INFO] [stdout]    |
[INFO] [stdout] help: consider importing this trait
[INFO] [stdout]    |
[INFO] [stdout] 1  + use std::os::unix::prelude::OsStringExt;
[INFO] [stdout]    |
[INFO] [stdout] help: if you import `OsStringExt`, refer to it directly
[INFO] [stdout]    |
[INFO] [stdout] 44 -                     std::os::windows::prelude::OsStringExt::from_wide(&module_entry.sz_module);
[INFO] [stdout] 44 +                     OsStringExt::from_wide(&module_entry.sz_module);
[INFO] [stdout]    |
[INFO] [stdout] 
[INFO] [stdout] 
[INFO] [stdout] error[E0433]: failed to resolve: could not find `windows` in `os`
[INFO] [stdout]   --> src/core/module.rs:53:30
[INFO] [stdout]    |
[INFO] [stdout] 53 |                     std::os::windows::prelude::OsStringExt::from_wide(&module_entry.sz_exe_path);
[INFO] [stdout]    |                              ^^^^^^^ could not find `windows` in `os`
[INFO] [stdout]    |
[INFO] [stdout] help: consider importing this trait
[INFO] [stdout]    |
[INFO] [stdout] 1  + use std::os::unix::prelude::OsStringExt;
[INFO] [stdout]    |
[INFO] [stdout] help: if you import `OsStringExt`, refer to it directly
[INFO] [stdout]    |
[INFO] [stdout] 53 -                     std::os::windows::prelude::OsStringExt::from_wide(&module_entry.sz_exe_path);
[INFO] [stdout] 53 +                     OsStringExt::from_wide(&module_entry.sz_exe_path);
[INFO] [stdout]    |
[INFO] [stdout] 
[INFO] [stdout] 
[INFO] [stdout] error[E0433]: failed to resolve: could not find `windows` in `os`
[INFO] [stdout]    --> src/core/module.rs:105:22
[INFO] [stdout]     |
[INFO] [stdout] 105 |             std::os::windows::prelude::OsStringExt::from_wide(&sys_dir_path_buffer);
[INFO] [stdout]     |                      ^^^^^^^ could not find `windows` in `os`
[INFO] [stdout]     |
[INFO] [stdout] help: consider importing this trait
[INFO] [stdout]     |
[INFO] [stdout] 1   + use std::os::unix::prelude::OsStringExt;
[INFO] [stdout]     |
[INFO] [stdout] help: if you import `OsStringExt`, refer to it directly
[INFO] [stdout]     |
[INFO] [stdout] 105 -             std::os::windows::prelude::OsStringExt::from_wide(&sys_dir_path_buffer);
[INFO] [stdout] 105 +             OsStringExt::from_wide(&sys_dir_path_buffer);
[INFO] [stdout]     |
[INFO] [stdout] 
[INFO] [stdout] 
[INFO] [stdout] error[E0433]: failed to resolve: could not find `windows` in `os`
[INFO] [stdout]   --> src/core/process.rs:81:30
[INFO] [stdout]    |
[INFO] [stdout] 81 |                     std::os::windows::prelude::OsStringExt::from_wide(&process_entry.sz_exe_file);
[INFO] [stdout]    |                              ^^^^^^^ could not find `windows` in `os`
[INFO] [stdout]    |
[INFO] [stdout] help: consider importing this trait
[INFO] [stdout]    |
[INFO] [stdout] 1  + use std::os::unix::prelude::OsStringExt;
[INFO] [stdout]    |
[INFO] [stdout] help: if you import `OsStringExt`, refer to it directly
[INFO] [stdout]    |
[INFO] [stdout] 81 -                     std::os::windows::prelude::OsStringExt::from_wide(&process_entry.sz_exe_file);
[INFO] [stdout] 81 +                     OsStringExt::from_wide(&process_entry.sz_exe_file);
[INFO] [stdout]    |
[INFO] [stdout] 
[INFO] [stdout] 
[INFO] [stdout] error[E0433]: failed to resolve: could not find `windows` in `os`
[INFO] [stdout]    --> src/core/process.rs:152:30
[INFO] [stdout]     |
[INFO] [stdout] 152 |                     std::os::windows::prelude::OsStringExt::from_wide(&name_data);
[INFO] [stdout]     |                              ^^^^^^^ could not find `windows` in `os`
[INFO] [stdout]     |
[INFO] [stdout] help: consider importing this trait
[INFO] [stdout]     |
[INFO] [stdout] 1   + use std::os::unix::prelude::OsStringExt;
[INFO] [stdout]     |
[INFO] [stdout] help: if you import `OsStringExt`, refer to it directly
[INFO] [stdout]     |
[INFO] [stdout] 152 -                     std::os::windows::prelude::OsStringExt::from_wide(&name_data);
[INFO] [stdout] 152 +                     OsStringExt::from_wide(&name_data);
[INFO] [stdout]     |
[INFO] [stdout] 
[INFO] [stdout] 
[INFO] [stdout] error: aborting due to 5 previous errors
[INFO] [stdout] 
[INFO] [stdout] 
[INFO] [stdout] For more information about this error, try `rustc --explain E0433`.
[INFO] [stdout] 
[INFO] [stderr] error: could not compile `ncheat` (lib) due to 6 previous errors
[INFO] running `Command { std: "docker" "inspect" "37d83f7c3543604fe3bd91991e591ad660d8bc1f02c70f2681f699b50e20f68b", kill_on_drop: false }`
[INFO] running `Command { std: "docker" "rm" "-f" "37d83f7c3543604fe3bd91991e591ad660d8bc1f02c70f2681f699b50e20f68b", kill_on_drop: false }`
[INFO] [stdout] 37d83f7c3543604fe3bd91991e591ad660d8bc1f02c70f2681f699b50e20f68b
