[INFO] fetching crate nbtrock 0.1.0...
[INFO] testing nbtrock-0.1.0 against 1.75.0 for beta-1.76-1
[INFO] extracting crate nbtrock 0.1.0 into /workspace/builds/worker-1-tc1/source
[INFO] validating manifest of crates.io crate nbtrock 0.1.0 on toolchain 1.75.0
[INFO] running `Command { std: CARGO_HOME="/workspace/cargo-home" RUSTUP_HOME="/workspace/rustup-home" "/workspace/cargo-home/bin/cargo" "+1.75.0" "metadata" "--manifest-path" "Cargo.toml" "--no-deps", kill_on_drop: false }`
[INFO] started tweaking crates.io crate nbtrock 0.1.0
[INFO] finished tweaking crates.io crate nbtrock 0.1.0
[INFO] tweaked toml for crates.io crate nbtrock 0.1.0 written to /workspace/builds/worker-1-tc1/source/Cargo.toml
[INFO] running `Command { std: CARGO_HOME="/workspace/cargo-home" RUSTUP_HOME="/workspace/rustup-home" "/workspace/cargo-home/bin/cargo" "+1.75.0" "generate-lockfile" "--manifest-path" "Cargo.toml", kill_on_drop: false }`
[INFO] [stderr]     Updating crates.io index
[INFO] running `Command { std: CARGO_HOME="/workspace/cargo-home" RUSTUP_HOME="/workspace/rustup-home" "/workspace/cargo-home/bin/cargo" "+1.75.0" "fetch" "--manifest-path" "Cargo.toml", kill_on_drop: false }`
[INFO] [stderr]  Downloading crates ...
[INFO] [stderr]   Downloaded griddle v0.5.2
[INFO] running `Command { std: "docker" "create" "-v" "/var/lib/crater-agent-workspace/builds/worker-1-tc1/target:/opt/rustwide/target:rw,Z" "-v" "/var/lib/crater-agent-workspace/builds/worker-1-tc1/source:/opt/rustwide/workdir:ro,Z" "-v" "/var/lib/crater-agent-workspace/cargo-home:/opt/rustwide/cargo-home:ro,Z" "-v" "/var/lib/crater-agent-workspace/rustup-home:/opt/rustwide/rustup-home:ro,Z" "-e" "SOURCE_DIR=/opt/rustwide/workdir" "-e" "CARGO_TARGET_DIR=/opt/rustwide/target" "-e" "CARGO_HOME=/opt/rustwide/cargo-home" "-e" "RUSTUP_HOME=/opt/rustwide/rustup-home" "-w" "/opt/rustwide/workdir" "-m" "1610612736" "--user" "0:0" "--network" "none" "ghcr.io/rust-lang/crates-build-env/linux@sha256:2788e3201cd34a07e3172128adcd8b3090168a8e3bcc40d7c032b9dda1df7d1c" "/opt/rustwide/cargo-home/bin/cargo" "+1.75.0" "metadata" "--no-deps" "--format-version=1", kill_on_drop: false }`
[INFO] [stdout] c507bac9b4d23ebe170eebf9e8c9ddb0947d8e6bde1f026de515d13554c8165f
[INFO] running `Command { std: "docker" "start" "-a" "c507bac9b4d23ebe170eebf9e8c9ddb0947d8e6bde1f026de515d13554c8165f", kill_on_drop: false }`
[INFO] running `Command { std: "docker" "inspect" "c507bac9b4d23ebe170eebf9e8c9ddb0947d8e6bde1f026de515d13554c8165f", kill_on_drop: false }`
[INFO] running `Command { std: "docker" "rm" "-f" "c507bac9b4d23ebe170eebf9e8c9ddb0947d8e6bde1f026de515d13554c8165f", kill_on_drop: false }`
[INFO] [stdout] c507bac9b4d23ebe170eebf9e8c9ddb0947d8e6bde1f026de515d13554c8165f
[INFO] running `Command { std: "docker" "create" "-v" "/var/lib/crater-agent-workspace/builds/worker-1-tc1/target:/opt/rustwide/target:rw,Z" "-v" "/var/lib/crater-agent-workspace/builds/worker-1-tc1/source:/opt/rustwide/workdir:ro,Z" "-v" "/var/lib/crater-agent-workspace/cargo-home:/opt/rustwide/cargo-home:ro,Z" "-v" "/var/lib/crater-agent-workspace/rustup-home:/opt/rustwide/rustup-home:ro,Z" "-e" "SOURCE_DIR=/opt/rustwide/workdir" "-e" "CARGO_TARGET_DIR=/opt/rustwide/target" "-e" "CARGO_INCREMENTAL=0" "-e" "RUST_BACKTRACE=full" "-e" "RUSTFLAGS=--cap-lints=warn" "-e" "RUSTDOCFLAGS=--cap-lints=warn" "-e" "CARGO_HOME=/opt/rustwide/cargo-home" "-e" "RUSTUP_HOME=/opt/rustwide/rustup-home" "-w" "/opt/rustwide/workdir" "-m" "1610612736" "--user" "0:0" "--network" "none" "ghcr.io/rust-lang/crates-build-env/linux@sha256:2788e3201cd34a07e3172128adcd8b3090168a8e3bcc40d7c032b9dda1df7d1c" "/opt/rustwide/cargo-home/bin/cargo" "+1.75.0" "build" "--frozen" "--message-format=json", kill_on_drop: false }`
[INFO] [stdout] 26c19f9234a381ae69723cf819a995371fef5d67aee8dfbc480ad4d9ad49c33a
[INFO] running `Command { std: "docker" "start" "-a" "26c19f9234a381ae69723cf819a995371fef5d67aee8dfbc480ad4d9ad49c33a", kill_on_drop: false }`
[INFO] [stderr]    Compiling libc v0.2.151
[INFO] [stderr]    Compiling serde v1.0.194
[INFO] [stderr]    Compiling syn v2.0.48
[INFO] [stderr]    Compiling getrandom v0.2.11
[INFO] [stderr]    Compiling ahash v0.7.7
[INFO] [stderr]    Compiling hashbrown v0.11.2
[INFO] [stderr]    Compiling griddle v0.5.2
[INFO] [stderr]    Compiling thiserror-impl v1.0.56
[INFO] [stderr]    Compiling ritelinked v0.3.2
[INFO] [stderr]    Compiling thiserror v1.0.56
[INFO] [stderr]    Compiling nbtrock v0.1.0 (/opt/rustwide/workdir)
[INFO] [stderr]     Finished dev [unoptimized + debuginfo] target(s) in 9.41s
[INFO] running `Command { std: "docker" "inspect" "26c19f9234a381ae69723cf819a995371fef5d67aee8dfbc480ad4d9ad49c33a", kill_on_drop: false }`
[INFO] running `Command { std: "docker" "rm" "-f" "26c19f9234a381ae69723cf819a995371fef5d67aee8dfbc480ad4d9ad49c33a", kill_on_drop: false }`
[INFO] [stdout] 26c19f9234a381ae69723cf819a995371fef5d67aee8dfbc480ad4d9ad49c33a
[INFO] running `Command { std: "docker" "create" "-v" "/var/lib/crater-agent-workspace/builds/worker-1-tc1/target:/opt/rustwide/target:rw,Z" "-v" "/var/lib/crater-agent-workspace/builds/worker-1-tc1/source:/opt/rustwide/workdir:ro,Z" "-v" "/var/lib/crater-agent-workspace/cargo-home:/opt/rustwide/cargo-home:ro,Z" "-v" "/var/lib/crater-agent-workspace/rustup-home:/opt/rustwide/rustup-home:ro,Z" "-e" "SOURCE_DIR=/opt/rustwide/workdir" "-e" "CARGO_TARGET_DIR=/opt/rustwide/target" "-e" "CARGO_INCREMENTAL=0" "-e" "RUST_BACKTRACE=full" "-e" "RUSTFLAGS=--cap-lints=warn" "-e" "RUSTDOCFLAGS=--cap-lints=warn" "-e" "CARGO_HOME=/opt/rustwide/cargo-home" "-e" "RUSTUP_HOME=/opt/rustwide/rustup-home" "-w" "/opt/rustwide/workdir" "-m" "1610612736" "--user" "0:0" "--network" "none" "ghcr.io/rust-lang/crates-build-env/linux@sha256:2788e3201cd34a07e3172128adcd8b3090168a8e3bcc40d7c032b9dda1df7d1c" "/opt/rustwide/cargo-home/bin/cargo" "+1.75.0" "test" "--frozen" "--no-run" "--message-format=json", kill_on_drop: false }`
[INFO] [stdout] c944650595f25a3443574cd9c24db5064982328b9e5532c55e22c27378617503
[INFO] running `Command { std: "docker" "start" "-a" "c944650595f25a3443574cd9c24db5064982328b9e5532c55e22c27378617503", kill_on_drop: false }`
[INFO] [stderr]    Compiling nbtrock v0.1.0 (/opt/rustwide/workdir)
[INFO] [stdout] error[E0432]: unresolved import `nbtrock::wasm`
[INFO] [stdout]    --> tests/web.rs:1:15
[INFO] [stdout]     |
[INFO] [stdout] 1   | use nbtrock::{wasm, IResult, NBT};
[INFO] [stdout]     |               ^^^^ no `wasm` in the root
[INFO] [stdout]     |
[INFO] [stdout] note: found an item that was configured out
[INFO] [stdout]    --> /opt/rustwide/workdir/src/lib.rs:462:9
[INFO] [stdout]     |
[INFO] [stdout] 462 | pub mod wasm;
[INFO] [stdout]     |         ^^^^
[INFO] [stdout]     = note: the item is gated behind the `wasm` feature
[INFO] [stdout] 
[INFO] [stdout] 
[INFO] [stdout] error[E0432]: unresolved import `wasm_bindgen_test`
[INFO] [stdout]  --> tests/web.rs:2:5
[INFO] [stdout]   |
[INFO] [stdout] 2 | use wasm_bindgen_test::{wasm_bindgen_test, wasm_bindgen_test_configure};
[INFO] [stdout]   |     ^^^^^^^^^^^^^^^^^ use of undeclared crate or module `wasm_bindgen_test`
[INFO] [stdout] 
[INFO] [stdout] 
[INFO] [stdout] error: cannot determine resolution for the attribute macro `wasm_bindgen_test`
[INFO] [stdout]  --> tests/web.rs:6:3
[INFO] [stdout]   |
[INFO] [stdout] 6 | #[wasm_bindgen_test]
[INFO] [stdout]   |   ^^^^^^^^^^^^^^^^^
[INFO] [stdout]   |
[INFO] [stdout]   = note: import resolution is stuck, try simplifying macro imports
[INFO] [stdout] 
[INFO] [stdout] 
[INFO] [stdout] error: cannot determine resolution for the macro `wasm_bindgen_test_configure`
[INFO] [stdout]  --> tests/web.rs:4:1
[INFO] [stdout]   |
[INFO] [stdout] 4 | wasm_bindgen_test_configure!(run_in_browser);
[INFO] [stdout]   | ^^^^^^^^^^^^^^^^^^^^^^^^^^^
[INFO] [stdout]   |
[INFO] [stdout]   = note: import resolution is stuck, try simplifying macro imports
[INFO] [stdout] 
[INFO] [stdout] 
[INFO] [stdout] error: aborting due to 4 previous errors
[INFO] [stdout] 
[INFO] [stdout] 
[INFO] [stdout] For more information about this error, try `rustc --explain E0432`.
[INFO] [stdout] 
[INFO] [stderr] error: could not compile `nbtrock` (test "web") due to 5 previous errors
[INFO] [stderr] warning: build failed, waiting for other jobs to finish...
[INFO] running `Command { std: "docker" "inspect" "c944650595f25a3443574cd9c24db5064982328b9e5532c55e22c27378617503", kill_on_drop: false }`
[INFO] running `Command { std: "docker" "rm" "-f" "c944650595f25a3443574cd9c24db5064982328b9e5532c55e22c27378617503", kill_on_drop: false }`
[INFO] [stdout] c944650595f25a3443574cd9c24db5064982328b9e5532c55e22c27378617503
[INFO] testing nbtrock-0.1.0 against beta-2023-12-22 for beta-1.76-1
[INFO] extracting crate nbtrock 0.1.0 into /workspace/builds/worker-1-tc2/source
[INFO] validating manifest of crates.io crate nbtrock 0.1.0 on toolchain beta-2023-12-22
[INFO] running `Command { std: CARGO_HOME="/workspace/cargo-home" RUSTUP_HOME="/workspace/rustup-home" "/workspace/cargo-home/bin/cargo" "+beta-2023-12-22" "metadata" "--manifest-path" "Cargo.toml" "--no-deps", kill_on_drop: false }`
[INFO] started tweaking crates.io crate nbtrock 0.1.0
[INFO] finished tweaking crates.io crate nbtrock 0.1.0
[INFO] tweaked toml for crates.io crate nbtrock 0.1.0 written to /workspace/builds/worker-1-tc2/source/Cargo.toml
[INFO] running `Command { std: CARGO_HOME="/workspace/cargo-home" RUSTUP_HOME="/workspace/rustup-home" "/workspace/cargo-home/bin/cargo" "+beta-2023-12-22" "generate-lockfile" "--manifest-path" "Cargo.toml", kill_on_drop: false }`
[INFO] [stderr]     Updating crates.io index
[INFO] running `Command { std: CARGO_HOME="/workspace/cargo-home" RUSTUP_HOME="/workspace/rustup-home" "/workspace/cargo-home/bin/cargo" "+beta-2023-12-22" "fetch" "--manifest-path" "Cargo.toml", kill_on_drop: false }`
[INFO] running `Command { std: "docker" "create" "-v" "/var/lib/crater-agent-workspace/builds/worker-1-tc2/target:/opt/rustwide/target:rw,Z" "-v" "/var/lib/crater-agent-workspace/builds/worker-1-tc2/source:/opt/rustwide/workdir:ro,Z" "-v" "/var/lib/crater-agent-workspace/cargo-home:/opt/rustwide/cargo-home:ro,Z" "-v" "/var/lib/crater-agent-workspace/rustup-home:/opt/rustwide/rustup-home:ro,Z" "-e" "SOURCE_DIR=/opt/rustwide/workdir" "-e" "CARGO_TARGET_DIR=/opt/rustwide/target" "-e" "CARGO_HOME=/opt/rustwide/cargo-home" "-e" "RUSTUP_HOME=/opt/rustwide/rustup-home" "-w" "/opt/rustwide/workdir" "-m" "1610612736" "--user" "0:0" "--network" "none" "ghcr.io/rust-lang/crates-build-env/linux@sha256:2788e3201cd34a07e3172128adcd8b3090168a8e3bcc40d7c032b9dda1df7d1c" "/opt/rustwide/cargo-home/bin/cargo" "+beta-2023-12-22" "metadata" "--no-deps" "--format-version=1", kill_on_drop: false }`
[INFO] [stdout] dc4678f1acdb2fc933d90447eee8e407f96dcd01d83aeac4e5a049692b2dbfc8
[INFO] running `Command { std: "docker" "start" "-a" "dc4678f1acdb2fc933d90447eee8e407f96dcd01d83aeac4e5a049692b2dbfc8", kill_on_drop: false }`
[INFO] running `Command { std: "docker" "inspect" "dc4678f1acdb2fc933d90447eee8e407f96dcd01d83aeac4e5a049692b2dbfc8", kill_on_drop: false }`
[INFO] running `Command { std: "docker" "rm" "-f" "dc4678f1acdb2fc933d90447eee8e407f96dcd01d83aeac4e5a049692b2dbfc8", kill_on_drop: false }`
[INFO] [stdout] dc4678f1acdb2fc933d90447eee8e407f96dcd01d83aeac4e5a049692b2dbfc8
[INFO] running `Command { std: "docker" "create" "-v" "/var/lib/crater-agent-workspace/builds/worker-1-tc2/target:/opt/rustwide/target:rw,Z" "-v" "/var/lib/crater-agent-workspace/builds/worker-1-tc2/source:/opt/rustwide/workdir:ro,Z" "-v" "/var/lib/crater-agent-workspace/cargo-home:/opt/rustwide/cargo-home:ro,Z" "-v" "/var/lib/crater-agent-workspace/rustup-home:/opt/rustwide/rustup-home:ro,Z" "-e" "SOURCE_DIR=/opt/rustwide/workdir" "-e" "CARGO_TARGET_DIR=/opt/rustwide/target" "-e" "CARGO_INCREMENTAL=0" "-e" "RUST_BACKTRACE=full" "-e" "RUSTFLAGS=--cap-lints=warn" "-e" "RUSTDOCFLAGS=--cap-lints=warn" "-e" "CARGO_HOME=/opt/rustwide/cargo-home" "-e" "RUSTUP_HOME=/opt/rustwide/rustup-home" "-w" "/opt/rustwide/workdir" "-m" "1610612736" "--user" "0:0" "--network" "none" "ghcr.io/rust-lang/crates-build-env/linux@sha256:2788e3201cd34a07e3172128adcd8b3090168a8e3bcc40d7c032b9dda1df7d1c" "/opt/rustwide/cargo-home/bin/cargo" "+beta-2023-12-22" "build" "--frozen" "--message-format=json", kill_on_drop: false }`
[INFO] [stdout] 9c87eb8d5372806e2dd8d7d84fc924449b9f478dd4c26cc972887cba43a19346
[INFO] running `Command { std: "docker" "start" "-a" "9c87eb8d5372806e2dd8d7d84fc924449b9f478dd4c26cc972887cba43a19346", kill_on_drop: false }`
[INFO] [stderr]    Compiling libc v0.2.151
[INFO] [stderr]    Compiling serde v1.0.194
[INFO] [stderr]    Compiling syn v2.0.48
[INFO] [stderr]    Compiling getrandom v0.2.11
[INFO] [stderr]    Compiling ahash v0.7.7
[INFO] [stderr]    Compiling hashbrown v0.11.2
[INFO] [stderr]    Compiling griddle v0.5.2
[INFO] [stderr]    Compiling thiserror-impl v1.0.56
[INFO] [stderr]    Compiling ritelinked v0.3.2
[INFO] [stderr]    Compiling thiserror v1.0.56
[INFO] [stderr]    Compiling nbtrock v0.1.0 (/opt/rustwide/workdir)
[INFO] [stderr]     Finished dev [unoptimized + debuginfo] target(s) in 10.81s
[INFO] running `Command { std: "docker" "inspect" "9c87eb8d5372806e2dd8d7d84fc924449b9f478dd4c26cc972887cba43a19346", kill_on_drop: false }`
[INFO] running `Command { std: "docker" "rm" "-f" "9c87eb8d5372806e2dd8d7d84fc924449b9f478dd4c26cc972887cba43a19346", kill_on_drop: false }`
[INFO] [stdout] 9c87eb8d5372806e2dd8d7d84fc924449b9f478dd4c26cc972887cba43a19346
[INFO] running `Command { std: "docker" "create" "-v" "/var/lib/crater-agent-workspace/builds/worker-1-tc2/target:/opt/rustwide/target:rw,Z" "-v" "/var/lib/crater-agent-workspace/builds/worker-1-tc2/source:/opt/rustwide/workdir:ro,Z" "-v" "/var/lib/crater-agent-workspace/cargo-home:/opt/rustwide/cargo-home:ro,Z" "-v" "/var/lib/crater-agent-workspace/rustup-home:/opt/rustwide/rustup-home:ro,Z" "-e" "SOURCE_DIR=/opt/rustwide/workdir" "-e" "CARGO_TARGET_DIR=/opt/rustwide/target" "-e" "CARGO_INCREMENTAL=0" "-e" "RUST_BACKTRACE=full" "-e" "RUSTFLAGS=--cap-lints=warn" "-e" "RUSTDOCFLAGS=--cap-lints=warn" "-e" "CARGO_HOME=/opt/rustwide/cargo-home" "-e" "RUSTUP_HOME=/opt/rustwide/rustup-home" "-w" "/opt/rustwide/workdir" "-m" "1610612736" "--user" "0:0" "--network" "none" "ghcr.io/rust-lang/crates-build-env/linux@sha256:2788e3201cd34a07e3172128adcd8b3090168a8e3bcc40d7c032b9dda1df7d1c" "/opt/rustwide/cargo-home/bin/cargo" "+beta-2023-12-22" "test" "--frozen" "--no-run" "--message-format=json", kill_on_drop: false }`
[INFO] [stdout] 955a368a959844d145837504c9a71c9f9300f275a3f9e25a73c809b0e58a40f0
[INFO] running `Command { std: "docker" "start" "-a" "955a368a959844d145837504c9a71c9f9300f275a3f9e25a73c809b0e58a40f0", kill_on_drop: false }`
[INFO] [stderr]    Compiling nbtrock v0.1.0 (/opt/rustwide/workdir)
[INFO] [stdout] error[E0432]: unresolved import `nbtrock::wasm`
[INFO] [stdout]    --> tests/web.rs:1:15
[INFO] [stdout]     |
[INFO] [stdout] 1   | use nbtrock::{wasm, IResult, NBT};
[INFO] [stdout]     |               ^^^^ no `wasm` in the root
[INFO] [stdout]     |
[INFO] [stdout] note: found an item that was configured out
[INFO] [stdout]    --> /opt/rustwide/workdir/src/lib.rs:462:9
[INFO] [stdout]     |
[INFO] [stdout] 462 | pub mod wasm;
[INFO] [stdout]     |         ^^^^
[INFO] [stdout]     = note: the item is gated behind the `wasm` feature
[INFO] [stdout] 
[INFO] [stdout] 
[INFO] [stdout] error[E0432]: unresolved import `wasm_bindgen_test`
[INFO] [stdout]  --> tests/web.rs:2:5
[INFO] [stdout]   |
[INFO] [stdout] 2 | use wasm_bindgen_test::{wasm_bindgen_test, wasm_bindgen_test_configure};
[INFO] [stdout]   |     ^^^^^^^^^^^^^^^^^ use of undeclared crate or module `wasm_bindgen_test`
[INFO] [stdout] 
[INFO] [stdout] 
[INFO] [stdout] error: cannot determine resolution for the attribute macro `wasm_bindgen_test`
[INFO] [stdout]  --> tests/web.rs:6:3
[INFO] [stdout]   |
[INFO] [stdout] 6 | #[wasm_bindgen_test]
[INFO] [stdout]   |   ^^^^^^^^^^^^^^^^^
[INFO] [stdout]   |
[INFO] [stdout]   = note: import resolution is stuck, try simplifying macro imports
[INFO] [stdout] 
[INFO] [stdout] 
[INFO] [stdout] error: cannot determine resolution for the macro `wasm_bindgen_test_configure`
[INFO] [stdout]  --> tests/web.rs:4:1
[INFO] [stdout]   |
[INFO] [stdout] 4 | wasm_bindgen_test_configure!(run_in_browser);
[INFO] [stdout]   | ^^^^^^^^^^^^^^^^^^^^^^^^^^^
[INFO] [stdout]   |
[INFO] [stdout]   = note: import resolution is stuck, try simplifying macro imports
[INFO] [stdout] 
[INFO] [stdout] 
[INFO] [stdout] error: aborting due to 4 previous errors
[INFO] [stdout] 
[INFO] [stdout] 
[INFO] [stdout] For more information about this error, try `rustc --explain E0432`.
[INFO] [stdout] 
[INFO] [stderr] error: could not compile `nbtrock` (test "web") due to 5 previous errors
[INFO] [stderr] warning: build failed, waiting for other jobs to finish...
[INFO] running `Command { std: "docker" "inspect" "955a368a959844d145837504c9a71c9f9300f275a3f9e25a73c809b0e58a40f0", kill_on_drop: false }`
[INFO] running `Command { std: "docker" "rm" "-f" "955a368a959844d145837504c9a71c9f9300f275a3f9e25a73c809b0e58a40f0", kill_on_drop: false }`
[INFO] [stdout] 955a368a959844d145837504c9a71c9f9300f275a3f9e25a73c809b0e58a40f0
