[INFO] fetching crate naumachia 0.2.0...
[INFO] testing naumachia-0.2.0 against 1.75.0 for beta-1.76-1
[INFO] extracting crate naumachia 0.2.0 into /workspace/builds/worker-7-tc1/source
[INFO] validating manifest of crates.io crate naumachia 0.2.0 on toolchain 1.75.0
[INFO] running `Command { std: CARGO_HOME="/workspace/cargo-home" RUSTUP_HOME="/workspace/rustup-home" "/workspace/cargo-home/bin/cargo" "+1.75.0" "metadata" "--manifest-path" "Cargo.toml" "--no-deps", kill_on_drop: false }`
[INFO] started tweaking crates.io crate naumachia 0.2.0
[INFO] finished tweaking crates.io crate naumachia 0.2.0
[INFO] tweaked toml for crates.io crate naumachia 0.2.0 written to /workspace/builds/worker-7-tc1/source/Cargo.toml
[INFO] running `Command { std: CARGO_HOME="/workspace/cargo-home" RUSTUP_HOME="/workspace/rustup-home" "/workspace/cargo-home/bin/cargo" "+1.75.0" "generate-lockfile" "--manifest-path" "Cargo.toml", kill_on_drop: false }`
[INFO] [stderr]     Updating crates.io index
[INFO] running `Command { std: CARGO_HOME="/workspace/cargo-home" RUSTUP_HOME="/workspace/rustup-home" "/workspace/cargo-home/bin/cargo" "+1.75.0" "fetch" "--manifest-path" "Cargo.toml", kill_on_drop: false }`
[INFO] [stderr]  Downloading crates ...
[INFO] [stderr]   Downloaded minicbor-derive v0.12.0
[INFO] [stderr]   Downloaded noop_proc_macro v0.3.0
[INFO] [stderr]   Downloaded minicbor v0.18.0
[INFO] [stderr]   Downloaded ed25519-bip32 v0.4.1
[INFO] [stderr]   Downloaded cryptoxide v0.4.4
[INFO] [stderr]   Downloaded fraction v0.10.0
[INFO] [stderr]   Downloaded bech32 v0.7.3
[INFO] [stderr]   Downloaded cbor_event v2.4.0
[INFO] [stderr]   Downloaded clear_on_drop v0.2.5
[INFO] [stderr]   Downloaded cardano-multiplatform-lib v3.1.3
[INFO] [stderr]   Downloaded pallas-crypto v0.14.2
[INFO] [stderr]   Downloaded pretty v0.11.3
[INFO] [stderr]   Downloaded blockfrost-http-client v0.0.8
[INFO] [stderr]   Downloaded flat-rs v0.0.21
[INFO] [stderr]   Downloaded pallas-traverse v0.14.2
[INFO] [stderr]   Downloaded pallas-addresses v0.14.2
[INFO] [stderr]   Downloaded pallas-codec v0.14.2
[INFO] [stderr]   Downloaded pallas-primitives v0.14.2
[INFO] [stderr]   Downloaded uplc v0.0.22
[INFO] running `Command { std: "docker" "create" "-v" "/var/lib/crater-agent-workspace/builds/worker-7-tc1/target:/opt/rustwide/target:rw,Z" "-v" "/var/lib/crater-agent-workspace/builds/worker-7-tc1/source:/opt/rustwide/workdir:ro,Z" "-v" "/var/lib/crater-agent-workspace/cargo-home:/opt/rustwide/cargo-home:ro,Z" "-v" "/var/lib/crater-agent-workspace/rustup-home:/opt/rustwide/rustup-home:ro,Z" "-e" "SOURCE_DIR=/opt/rustwide/workdir" "-e" "CARGO_TARGET_DIR=/opt/rustwide/target" "-e" "CARGO_HOME=/opt/rustwide/cargo-home" "-e" "RUSTUP_HOME=/opt/rustwide/rustup-home" "-w" "/opt/rustwide/workdir" "-m" "1610612736" "--user" "0:0" "--network" "none" "ghcr.io/rust-lang/crates-build-env/linux@sha256:2788e3201cd34a07e3172128adcd8b3090168a8e3bcc40d7c032b9dda1df7d1c" "/opt/rustwide/cargo-home/bin/cargo" "+1.75.0" "metadata" "--no-deps" "--format-version=1", kill_on_drop: false }`
[INFO] [stdout] 9ada1b061fc33c6a1359cf54543b9f9c4d8a6145e83369697eefc49f096f1206
[INFO] running `Command { std: "docker" "start" "-a" "9ada1b061fc33c6a1359cf54543b9f9c4d8a6145e83369697eefc49f096f1206", kill_on_drop: false }`
[INFO] running `Command { std: "docker" "inspect" "9ada1b061fc33c6a1359cf54543b9f9c4d8a6145e83369697eefc49f096f1206", kill_on_drop: false }`
[INFO] running `Command { std: "docker" "rm" "-f" "9ada1b061fc33c6a1359cf54543b9f9c4d8a6145e83369697eefc49f096f1206", kill_on_drop: false }`
[INFO] [stdout] 9ada1b061fc33c6a1359cf54543b9f9c4d8a6145e83369697eefc49f096f1206
[INFO] running `Command { std: "docker" "create" "-v" "/var/lib/crater-agent-workspace/builds/worker-7-tc1/target:/opt/rustwide/target:rw,Z" "-v" "/var/lib/crater-agent-workspace/builds/worker-7-tc1/source:/opt/rustwide/workdir:ro,Z" "-v" "/var/lib/crater-agent-workspace/cargo-home:/opt/rustwide/cargo-home:ro,Z" "-v" "/var/lib/crater-agent-workspace/rustup-home:/opt/rustwide/rustup-home:ro,Z" "-e" "SOURCE_DIR=/opt/rustwide/workdir" "-e" "CARGO_TARGET_DIR=/opt/rustwide/target" "-e" "CARGO_INCREMENTAL=0" "-e" "RUST_BACKTRACE=full" "-e" "RUSTFLAGS=--cap-lints=warn" "-e" "RUSTDOCFLAGS=--cap-lints=warn" "-e" "CARGO_HOME=/opt/rustwide/cargo-home" "-e" "RUSTUP_HOME=/opt/rustwide/rustup-home" "-w" "/opt/rustwide/workdir" "-m" "1610612736" "--user" "0:0" "--network" "none" "ghcr.io/rust-lang/crates-build-env/linux@sha256:2788e3201cd34a07e3172128adcd8b3090168a8e3bcc40d7c032b9dda1df7d1c" "/opt/rustwide/cargo-home/bin/cargo" "+1.75.0" "build" "--frozen" "--message-format=json", kill_on_drop: false }`
[INFO] [stdout] ff8649f5b2601756c07bc1a488071e545c34116e4b94f2993b05c679949f9da1
[INFO] running `Command { std: "docker" "start" "-a" "ff8649f5b2601756c07bc1a488071e545c34116e4b94f2993b05c679949f9da1", kill_on_drop: false }`
[INFO] [stderr]    Compiling proc-macro2 v1.0.75
[INFO] [stderr]    Compiling syn v1.0.109
[INFO] [stderr]    Compiling libc v0.2.151
[INFO] [stderr]    Compiling generic-array v0.14.7
[INFO] [stderr]    Compiling num-traits v0.2.17
[INFO] [stderr]    Compiling num-integer v0.1.45
[INFO] [stderr]    Compiling smallvec v1.11.2
[INFO] [stderr]    Compiling serde_json v1.0.111
[INFO] [stderr]    Compiling parking_lot_core v0.9.9
[INFO] [stderr]    Compiling thiserror v1.0.56
[INFO] [stderr]    Compiling socket2 v0.5.5
[INFO] [stderr]    Compiling mio v0.8.10
[INFO] [stderr]    Compiling signal-hook-registry v1.4.1
[INFO] [stderr]    Compiling parking_lot v0.12.1
[INFO] [stderr]    Compiling cc v1.0.83
[INFO] [stderr]    Compiling quote v1.0.35
[INFO] [stderr]    Compiling num_cpus v1.16.0
[INFO] [stderr]    Compiling minicbor v0.18.0
[INFO] [stderr]    Compiling syn v2.0.48
[INFO] [stderr]    Compiling cryptoxide v0.4.4
[INFO] [stderr]    Compiling block-buffer v0.10.4
[INFO] [stderr]    Compiling crypto-common v0.1.6
[INFO] [stderr]    Compiling num-bigint v0.2.6
[INFO] [stderr]    Compiling subtle v2.5.0
[INFO] [stderr]    Compiling tracing v0.1.40
[INFO] [stderr]    Compiling digest v0.10.7
[INFO] [stderr]    Compiling num-iter v0.1.43
[INFO] [stderr]    Compiling num-rational v0.2.4
[INFO] [stderr]    Compiling num-complex v0.2.4
[INFO] [stderr]    Compiling anyhow v1.0.79
[INFO] [stderr]    Compiling ident_case v1.0.1
[INFO] [stderr]    Compiling equivalent v1.0.1
[INFO] [stderr]    Compiling strsim v0.10.0
[INFO] [stderr]    Compiling hashbrown v0.14.3
[INFO] [stderr]    Compiling openssl-sys v0.9.98
[INFO] [stderr]    Compiling form_urlencoded v1.2.1
[INFO] [stderr]    Compiling indexmap v2.1.0
[INFO] [stderr]    Compiling openssl v0.10.62
[INFO] [stderr]    Compiling native-tls v0.2.11
[INFO] [stderr]    Compiling clear_on_drop v0.2.5
[INFO] [stderr]    Compiling http-body v0.4.6
[INFO] [stderr]    Compiling serde_derive_internals v0.26.0
[INFO] [stderr]    Compiling num-bigint v0.4.4
[INFO] [stderr]    Compiling bech32 v0.9.1
[INFO] [stderr]    Compiling schemars v0.8.16
[INFO] [stderr]    Compiling httpdate v1.0.3
[INFO] [stderr]    Compiling unicode-segmentation v1.10.1
[INFO] [stderr]    Compiling base58 v0.2.0
[INFO] [stderr]    Compiling rustversion v1.0.14
[INFO] [stderr]    Compiling unicode-bidi v0.3.14
[INFO] [stderr]    Compiling sha2 v0.10.8
[INFO] [stderr]    Compiling darling_core v0.20.3
[INFO] [stderr]    Compiling idna v0.5.0
[INFO] [stderr]    Compiling num v0.2.1
[INFO] [stderr]    Compiling rustix v0.38.28
[INFO] [stderr]    Compiling peg-runtime v0.8.2
[INFO] [stderr]    Compiling rand_core v0.4.2
[INFO] [stderr]    Compiling dyn-clone v1.0.16
[INFO] [stderr]    Compiling minicbor-derive v0.12.0
[INFO] [stderr]    Compiling schemars_derive v0.8.16
[INFO] [stderr]    Compiling fraction v0.10.0
[INFO] [stderr]    Compiling rand_os v0.1.3
[INFO] [stderr]    Compiling peg-macros v0.8.2
[INFO] [stderr]    Compiling url v2.5.0
[INFO] [stderr]    Compiling ed25519-bip32 v0.4.1
[INFO] [stderr]    Compiling hmac v0.12.1
[INFO] [stderr]    Compiling pbkdf2 v0.11.0
[INFO] [stderr]    Compiling digest v0.9.0
[INFO] [stderr]    Compiling encoding_rs v0.8.33
[INFO] [stderr]    Compiling linked-hash-map v0.5.6
[INFO] [stderr]    Compiling typed-arena v2.0.2
[INFO] [stderr]    Compiling base64 v0.21.5
[INFO] [stderr]    Compiling arrayvec v0.5.2
[INFO] [stderr]    Compiling heck v0.4.1
[INFO] [stderr]    Compiling linux-raw-sys v0.4.12
[INFO] [stderr]    Compiling cbor_event v2.4.0
[INFO] [stderr]    Compiling serde_derive v1.0.194
[INFO] [stderr]    Compiling thiserror-impl v1.0.56
[INFO] [stderr]    Compiling futures-macro v0.3.30
[INFO] [stderr]    Compiling tokio-macros v2.2.0
[INFO] [stderr]    Compiling openssl-macros v0.1.1
[INFO] [stderr]    Compiling darling_macro v0.20.3
[INFO] [stderr]    Compiling zeroize_derive v1.4.2
[INFO] [stderr]    Compiling darling v0.20.3
[INFO] [stderr]    Compiling serde_with_macros v2.3.3
[INFO] [stderr]    Compiling tokio v1.35.1
[INFO] [stderr]    Compiling futures-util v0.3.30
[INFO] [stderr]    Compiling noop_proc_macro v0.3.0
[INFO] [stderr]    Compiling zeroize v1.7.0
[INFO] [stderr]    Compiling bech32 v0.7.3
[INFO] [stderr]    Compiling mime v0.3.17
[INFO] [stderr]    Compiling ipnet v2.9.0
[INFO] [stderr]    Compiling tiny-bip39 v1.0.0
[INFO] [stderr]    Compiling flat-rs v0.0.21
[INFO] [stderr]    Compiling strum_macros v0.24.3
[INFO] [stderr]    Compiling pretty v0.11.3
[INFO] [stderr]    Compiling async-trait v0.1.77
[INFO] [stderr]    Compiling uuid-macro-internal v1.6.1
[INFO] [stderr]    Compiling futures-executor v0.3.30
[INFO] [stderr]    Compiling futures v0.3.30
[INFO] [stderr]    Compiling peg v0.8.2
[INFO] [stderr]    Compiling dirs-sys v0.3.7
[INFO] [stderr]    Compiling fastrand v2.0.1
[INFO] [stderr]    Compiling serde v1.0.194
[INFO] [stderr]    Compiling tokio-util v0.7.10
[INFO] [stderr]    Compiling tokio-native-tls v0.3.1
[INFO] [stderr]    Compiling strum v0.24.1
[INFO] [stderr]    Compiling tempfile v3.9.0
[INFO] [stderr]    Compiling dirs v4.0.0
[INFO] [stderr]    Compiling uuid v1.6.1
[INFO] [stderr]    Compiling h2 v0.3.22
[INFO] [stderr]    Compiling pallas-codec v0.14.2
[INFO] [stderr]    Compiling serde_urlencoded v0.7.1
[INFO] [stderr]    Compiling toml v0.5.11
[INFO] [stderr]    Compiling pallas-crypto v0.14.2
[INFO] [stderr]    Compiling pallas-addresses v0.14.2
[INFO] [stderr]    Compiling hyper v0.14.28
[INFO] [stderr]    Compiling pallas-primitives v0.14.2
[INFO] [stderr]    Compiling serde_with v2.3.3
[INFO] [stderr]    Compiling cardano-multiplatform-lib v3.1.3
[INFO] [stderr]    Compiling hyper-tls v0.5.0
[INFO] [stderr]    Compiling reqwest v0.11.23
[INFO] [stderr]    Compiling pallas-traverse v0.14.2
[INFO] [stderr]    Compiling uplc v0.0.22
[INFO] [stderr]    Compiling blockfrost-http-client v0.0.8
[INFO] [stderr]    Compiling naumachia v0.2.0 (/opt/rustwide/workdir)
[INFO] [stdout] error[E0308]: mismatched types
[INFO] [stdout]     --> src/trireme_ledger_client/blockfrost_ledger.rs:44:25
[INFO] [stdout]      |
[INFO] [stdout] 43   |                     let plutus_data = encode_json_value_to_plutus_datum(
[INFO] [stdout]      |                                       --------------------------------- arguments to this function are incorrect
[INFO] [stdout] 44   |                         json_datum["json_value"].clone(), // TODO: Make this safer!
[INFO] [stdout]      |                         ^^^^^^^^^^^^^^^^^^^^^^^^^^^^^^^^ expected `Value`, found `serde_json::Value`
[INFO] [stdout]      |
[INFO] [stdout]      = note: `serde_json::Value` and `Value` have similar names, but are actually distinct types
[INFO] [stdout] note: `serde_json::Value` is defined in crate `serde_json`
[INFO] [stdout]     --> /opt/rustwide/cargo-home/registry/src/index.crates.io-6f17d22bba15001f/serde_json-1.0.111/src/value/mod.rs:116:1
[INFO] [stdout]      |
[INFO] [stdout] 116  | pub enum Value {
[INFO] [stdout]      | ^^^^^^^^^^^^^^
[INFO] [stdout] note: `Value` is defined in crate `cardano_multiplatform_lib`
[INFO] [stdout]     --> /opt/rustwide/cargo-home/registry/src/index.crates.io-6f17d22bba15001f/cardano-multiplatform-lib-3.1.3/src/json_serialize.rs:22:1
[INFO] [stdout]      |
[INFO] [stdout] 22   | pub enum Value {
[INFO] [stdout]      | ^^^^^^^^^^^^^^
[INFO] [stdout] note: function defined here
[INFO] [stdout]     --> /opt/rustwide/cargo-home/registry/src/index.crates.io-6f17d22bba15001f/cardano-multiplatform-lib-3.1.3/src/plutus.rs:1109:8
[INFO] [stdout]      |
[INFO] [stdout] 1109 | pub fn encode_json_value_to_plutus_datum(value: json_serialize::Value, schema: PlutusDatumSchema) -> Result<PlutusData, JsError> {
[INFO] [stdout]      |        ^^^^^^^^^^^^^^^^^^^^^^^^^^^^^^^^^
[INFO] [stdout] 
[INFO] [stdout] 
[INFO] [stdout] error[E0308]: mismatched types
[INFO] [stdout]     --> src/trireme_ledger_client/cml_client/blockfrost_ledger.rs:43:25
[INFO] [stdout]      |
[INFO] [stdout] 42   |                     let plutus_data = encode_json_value_to_plutus_datum(
[INFO] [stdout]      |                                       --------------------------------- arguments to this function are incorrect
[INFO] [stdout] 43   |                         json_datum["json_value"].clone(), // TODO: Make this safer!
[INFO] [stdout]      |                         ^^^^^^^^^^^^^^^^^^^^^^^^^^^^^^^^ expected `Value`, found `serde_json::Value`
[INFO] [stdout]      |
[INFO] [stdout]      = note: `serde_json::Value` and `Value` have similar names, but are actually distinct types
[INFO] [stdout] note: `serde_json::Value` is defined in crate `serde_json`
[INFO] [stdout]     --> /opt/rustwide/cargo-home/registry/src/index.crates.io-6f17d22bba15001f/serde_json-1.0.111/src/value/mod.rs:116:1
[INFO] [stdout]      |
[INFO] [stdout] 116  | pub enum Value {
[INFO] [stdout]      | ^^^^^^^^^^^^^^
[INFO] [stdout] note: `Value` is defined in crate `cardano_multiplatform_lib`
[INFO] [stdout]     --> /opt/rustwide/cargo-home/registry/src/index.crates.io-6f17d22bba15001f/cardano-multiplatform-lib-3.1.3/src/json_serialize.rs:22:1
[INFO] [stdout]      |
[INFO] [stdout] 22   | pub enum Value {
[INFO] [stdout]      | ^^^^^^^^^^^^^^
[INFO] [stdout] note: function defined here
[INFO] [stdout]     --> /opt/rustwide/cargo-home/registry/src/index.crates.io-6f17d22bba15001f/cardano-multiplatform-lib-3.1.3/src/plutus.rs:1109:8
[INFO] [stdout]      |
[INFO] [stdout] 1109 | pub fn encode_json_value_to_plutus_datum(value: json_serialize::Value, schema: PlutusDatumSchema) -> Result<PlutusData, JsError> {
[INFO] [stdout]      |        ^^^^^^^^^^^^^^^^^^^^^^^^^^^^^^^^^
[INFO] [stdout] 
[INFO] [stdout] 
[INFO] [stdout] error: aborting due to 2 previous errors
[INFO] [stdout] 
[INFO] [stdout] 
[INFO] [stdout] For more information about this error, try `rustc --explain E0308`.
[INFO] [stdout] 
[INFO] [stderr] error: could not compile `naumachia` (lib) due to 3 previous errors
[INFO] running `Command { std: "docker" "inspect" "ff8649f5b2601756c07bc1a488071e545c34116e4b94f2993b05c679949f9da1", kill_on_drop: false }`
[INFO] running `Command { std: "docker" "rm" "-f" "ff8649f5b2601756c07bc1a488071e545c34116e4b94f2993b05c679949f9da1", kill_on_drop: false }`
[INFO] [stdout] ff8649f5b2601756c07bc1a488071e545c34116e4b94f2993b05c679949f9da1
[INFO] testing naumachia-0.2.0 against beta-2023-12-22 for beta-1.76-1
[INFO] extracting crate naumachia 0.2.0 into /workspace/builds/worker-7-tc2/source
[INFO] validating manifest of crates.io crate naumachia 0.2.0 on toolchain beta-2023-12-22
[INFO] running `Command { std: CARGO_HOME="/workspace/cargo-home" RUSTUP_HOME="/workspace/rustup-home" "/workspace/cargo-home/bin/cargo" "+beta-2023-12-22" "metadata" "--manifest-path" "Cargo.toml" "--no-deps", kill_on_drop: false }`
[INFO] started tweaking crates.io crate naumachia 0.2.0
[INFO] finished tweaking crates.io crate naumachia 0.2.0
[INFO] tweaked toml for crates.io crate naumachia 0.2.0 written to /workspace/builds/worker-7-tc2/source/Cargo.toml
[INFO] running `Command { std: CARGO_HOME="/workspace/cargo-home" RUSTUP_HOME="/workspace/rustup-home" "/workspace/cargo-home/bin/cargo" "+beta-2023-12-22" "generate-lockfile" "--manifest-path" "Cargo.toml", kill_on_drop: false }`
[INFO] [stderr]     Updating crates.io index
[INFO] running `Command { std: CARGO_HOME="/workspace/cargo-home" RUSTUP_HOME="/workspace/rustup-home" "/workspace/cargo-home/bin/cargo" "+beta-2023-12-22" "fetch" "--manifest-path" "Cargo.toml", kill_on_drop: false }`
[INFO] [stderr]     Blocking waiting for file lock on package cache
[INFO] running `Command { std: "docker" "create" "-v" "/var/lib/crater-agent-workspace/builds/worker-7-tc2/target:/opt/rustwide/target:rw,Z" "-v" "/var/lib/crater-agent-workspace/builds/worker-7-tc2/source:/opt/rustwide/workdir:ro,Z" "-v" "/var/lib/crater-agent-workspace/cargo-home:/opt/rustwide/cargo-home:ro,Z" "-v" "/var/lib/crater-agent-workspace/rustup-home:/opt/rustwide/rustup-home:ro,Z" "-e" "SOURCE_DIR=/opt/rustwide/workdir" "-e" "CARGO_TARGET_DIR=/opt/rustwide/target" "-e" "CARGO_HOME=/opt/rustwide/cargo-home" "-e" "RUSTUP_HOME=/opt/rustwide/rustup-home" "-w" "/opt/rustwide/workdir" "-m" "1610612736" "--user" "0:0" "--network" "none" "ghcr.io/rust-lang/crates-build-env/linux@sha256:2788e3201cd34a07e3172128adcd8b3090168a8e3bcc40d7c032b9dda1df7d1c" "/opt/rustwide/cargo-home/bin/cargo" "+beta-2023-12-22" "metadata" "--no-deps" "--format-version=1", kill_on_drop: false }`
[INFO] [stdout] 721313ccc4f7406e6b1775c1be1dd2466ad45698019d5066a4b7056d1be698de
[INFO] running `Command { std: "docker" "start" "-a" "721313ccc4f7406e6b1775c1be1dd2466ad45698019d5066a4b7056d1be698de", kill_on_drop: false }`
[INFO] running `Command { std: "docker" "inspect" "721313ccc4f7406e6b1775c1be1dd2466ad45698019d5066a4b7056d1be698de", kill_on_drop: false }`
[INFO] running `Command { std: "docker" "rm" "-f" "721313ccc4f7406e6b1775c1be1dd2466ad45698019d5066a4b7056d1be698de", kill_on_drop: false }`
[INFO] [stdout] 721313ccc4f7406e6b1775c1be1dd2466ad45698019d5066a4b7056d1be698de
[INFO] running `Command { std: "docker" "create" "-v" "/var/lib/crater-agent-workspace/builds/worker-7-tc2/target:/opt/rustwide/target:rw,Z" "-v" "/var/lib/crater-agent-workspace/builds/worker-7-tc2/source:/opt/rustwide/workdir:ro,Z" "-v" "/var/lib/crater-agent-workspace/cargo-home:/opt/rustwide/cargo-home:ro,Z" "-v" "/var/lib/crater-agent-workspace/rustup-home:/opt/rustwide/rustup-home:ro,Z" "-e" "SOURCE_DIR=/opt/rustwide/workdir" "-e" "CARGO_TARGET_DIR=/opt/rustwide/target" "-e" "CARGO_INCREMENTAL=0" "-e" "RUST_BACKTRACE=full" "-e" "RUSTFLAGS=--cap-lints=warn" "-e" "RUSTDOCFLAGS=--cap-lints=warn" "-e" "CARGO_HOME=/opt/rustwide/cargo-home" "-e" "RUSTUP_HOME=/opt/rustwide/rustup-home" "-w" "/opt/rustwide/workdir" "-m" "1610612736" "--user" "0:0" "--network" "none" "ghcr.io/rust-lang/crates-build-env/linux@sha256:2788e3201cd34a07e3172128adcd8b3090168a8e3bcc40d7c032b9dda1df7d1c" "/opt/rustwide/cargo-home/bin/cargo" "+beta-2023-12-22" "build" "--frozen" "--message-format=json", kill_on_drop: false }`
[INFO] [stdout] 80358db9c97e15f5dc3534742c1017ef723728649886e84bf5dabe4909a85eac
[INFO] running `Command { std: "docker" "start" "-a" "80358db9c97e15f5dc3534742c1017ef723728649886e84bf5dabe4909a85eac", kill_on_drop: false }`
[INFO] [stderr]    Compiling proc-macro2 v1.0.75
[INFO] [stderr]    Compiling syn v1.0.109
[INFO] [stderr]    Compiling libc v0.2.151
[INFO] [stderr]    Compiling generic-array v0.14.7
[INFO] [stderr]    Compiling num-traits v0.2.17
[INFO] [stderr]    Compiling num-integer v0.1.45
[INFO] [stderr]    Compiling smallvec v1.11.2
[INFO] [stderr]    Compiling serde_json v1.0.111
[INFO] [stderr]    Compiling parking_lot_core v0.9.9
[INFO] [stderr]    Compiling thiserror v1.0.56
[INFO] [stderr]    Compiling socket2 v0.5.5
[INFO] [stderr]    Compiling num_cpus v1.16.0
[INFO] [stderr]    Compiling mio v0.8.10
[INFO] [stderr]    Compiling parking_lot v0.12.1
[INFO] [stderr]    Compiling cc v1.0.83
[INFO] [stderr]    Compiling signal-hook-registry v1.4.1
[INFO] [stderr]    Compiling minicbor v0.18.0
[INFO] [stderr]    Compiling quote v1.0.35
[INFO] [stderr]    Compiling cryptoxide v0.4.4
[INFO] [stderr]    Compiling syn v2.0.48
[INFO] [stderr]    Compiling crypto-common v0.1.6
[INFO] [stderr]    Compiling block-buffer v0.10.4
[INFO] [stderr]    Compiling num-bigint v0.2.6
[INFO] [stderr]    Compiling subtle v2.5.0
[INFO] [stderr]    Compiling tracing v0.1.40
[INFO] [stderr]    Compiling digest v0.10.7
[INFO] [stderr]    Compiling num-rational v0.2.4
[INFO] [stderr]    Compiling num-complex v0.2.4
[INFO] [stderr]    Compiling num-iter v0.1.43
[INFO] [stderr]    Compiling strsim v0.10.0
[INFO] [stderr]    Compiling hashbrown v0.14.3
[INFO] [stderr]    Compiling equivalent v1.0.1
[INFO] [stderr]    Compiling ident_case v1.0.1
[INFO] [stderr]    Compiling anyhow v1.0.79
[INFO] [stderr]    Compiling openssl-sys v0.9.98
[INFO] [stderr]    Compiling unicode-normalization v0.1.22
[INFO] [stderr]    Compiling form_urlencoded v1.2.1
[INFO] [stderr]    Compiling indexmap v2.1.0
[INFO] [stderr]    Compiling openssl v0.10.62
[INFO] [stderr]    Compiling native-tls v0.2.11
[INFO] [stderr]    Compiling clear_on_drop v0.2.5
[INFO] [stderr]    Compiling serde_derive_internals v0.26.0
[INFO] [stderr]    Compiling http-body v0.4.6
[INFO] [stderr]    Compiling num-bigint v0.4.4
[INFO] [stderr]    Compiling unicode-bidi v0.3.14
[INFO] [stderr]    Compiling unicode-segmentation v1.10.1
[INFO] [stderr]    Compiling base58 v0.2.0
[INFO] [stderr]    Compiling schemars v0.8.16
[INFO] [stderr]    Compiling rustversion v1.0.14
[INFO] [stderr]    Compiling bech32 v0.9.1
[INFO] [stderr]    Compiling httpdate v1.0.3
[INFO] [stderr]    Compiling sha2 v0.10.8
[INFO] [stderr]    Compiling darling_core v0.20.3
[INFO] [stderr]    Compiling idna v0.5.0
[INFO] [stderr]    Compiling num v0.2.1
[INFO] [stderr]    Compiling peg-runtime v0.8.2
[INFO] [stderr]    Compiling rustix v0.38.28
[INFO] [stderr]    Compiling dyn-clone v1.0.16
[INFO] [stderr]    Compiling rand_core v0.4.2
[INFO] [stderr]    Compiling minicbor-derive v0.12.0
[INFO] [stderr]    Compiling schemars_derive v0.8.16
[INFO] [stderr]    Compiling fraction v0.10.0
[INFO] [stderr]    Compiling rand_os v0.1.3
[INFO] [stderr]    Compiling url v2.5.0
[INFO] [stderr]    Compiling peg-macros v0.8.2
[INFO] [stderr]    Compiling ed25519-bip32 v0.4.1
[INFO] [stderr]    Compiling pbkdf2 v0.11.0
[INFO] [stderr]    Compiling hmac v0.12.1
[INFO] [stderr]    Compiling digest v0.9.0
[INFO] [stderr]    Compiling encoding_rs v0.8.33
[INFO] [stderr]    Compiling bech32 v0.7.3
[INFO] [stderr]    Compiling ipnet v2.9.0
[INFO] [stderr]    Compiling heck v0.4.1
[INFO] [stderr]    Compiling mime v0.3.17
[INFO] [stderr]    Compiling serde_derive v1.0.194
[INFO] [stderr]    Compiling thiserror-impl v1.0.56
[INFO] [stderr]    Compiling futures-macro v0.3.30
[INFO] [stderr]    Compiling tokio-macros v2.2.0
[INFO] [stderr]    Compiling openssl-macros v0.1.1
[INFO] [stderr]    Compiling darling_macro v0.20.3
[INFO] [stderr]    Compiling tokio v1.35.1
[INFO] [stderr]    Compiling darling v0.20.3
[INFO] [stderr]    Compiling zeroize_derive v1.4.2
[INFO] [stderr]    Compiling serde_with_macros v2.3.3
[INFO] [stderr]    Compiling futures-util v0.3.30
[INFO] [stderr]    Compiling arrayvec v0.5.2
[INFO] [stderr]    Compiling base64 v0.21.5
[INFO] [stderr]    Compiling zeroize v1.7.0
[INFO] [stderr]    Compiling linked-hash-map v0.5.6
[INFO] [stderr]    Compiling linux-raw-sys v0.4.12
[INFO] [stderr]    Compiling noop_proc_macro v0.3.0
[INFO] [stderr]    Compiling cbor_event v2.4.0
[INFO] [stderr]    Compiling typed-arena v2.0.2
[INFO] [stderr]    Compiling tiny-bip39 v1.0.0
[INFO] [stderr]    Compiling pretty v0.11.3
[INFO] [stderr]    Compiling flat-rs v0.0.21
[INFO] [stderr]    Compiling peg v0.8.2
[INFO] [stderr]    Compiling strum_macros v0.24.3
[INFO] [stderr]    Compiling async-trait v0.1.77
[INFO] [stderr]    Compiling uuid-macro-internal v1.6.1
[INFO] [stderr]    Compiling futures-executor v0.3.30
[INFO] [stderr]    Compiling dirs-sys v0.3.7
[INFO] [stderr]    Compiling serde v1.0.194
[INFO] [stderr]    Compiling futures v0.3.30
[INFO] [stderr]    Compiling strum v0.24.1
[INFO] [stderr]    Compiling fastrand v2.0.1
[INFO] [stderr]    Compiling dirs v4.0.0
[INFO] [stderr]    Compiling tempfile v3.9.0
[INFO] [stderr]    Compiling uuid v1.6.1
[INFO] [stderr]    Compiling tokio-util v0.7.10
[INFO] [stderr]    Compiling tokio-native-tls v0.3.1
[INFO] [stderr]    Compiling h2 v0.3.22
[INFO] [stderr]    Compiling pallas-codec v0.14.2
[INFO] [stderr]    Compiling serde_urlencoded v0.7.1
[INFO] [stderr]    Compiling toml v0.5.11
[INFO] [stderr]    Compiling pallas-crypto v0.14.2
[INFO] [stderr]    Compiling pallas-addresses v0.14.2
[INFO] [stderr]    Compiling pallas-primitives v0.14.2
[INFO] [stderr]    Compiling serde_with v2.3.3
[INFO] [stderr]    Compiling hyper v0.14.28
[INFO] [stderr]    Compiling cardano-multiplatform-lib v3.1.3
[INFO] [stderr]    Compiling hyper-tls v0.5.0
[INFO] [stderr]    Compiling reqwest v0.11.23
[INFO] [stderr]    Compiling pallas-traverse v0.14.2
[INFO] [stderr]    Compiling uplc v0.0.22
[INFO] [stderr]    Compiling blockfrost-http-client v0.0.8
[INFO] [stderr]    Compiling naumachia v0.2.0 (/opt/rustwide/workdir)
[INFO] [stdout] error[E0308]: mismatched types
[INFO] [stdout]     --> src/trireme_ledger_client/blockfrost_ledger.rs:44:25
[INFO] [stdout]      |
[INFO] [stdout] 43   |                     let plutus_data = encode_json_value_to_plutus_datum(
[INFO] [stdout]      |                                       --------------------------------- arguments to this function are incorrect
[INFO] [stdout] 44   |                         json_datum["json_value"].clone(), // TODO: Make this safer!
[INFO] [stdout]      |                         ^^^^^^^^^^^^^^^^^^^^^^^^^^^^^^^^ expected `Value`, found `serde_json::Value`
[INFO] [stdout]      |
[INFO] [stdout]      = note: `serde_json::Value` and `Value` have similar names, but are actually distinct types
[INFO] [stdout] note: `serde_json::Value` is defined in crate `serde_json`
[INFO] [stdout]     --> /opt/rustwide/cargo-home/registry/src/index.crates.io-6f17d22bba15001f/serde_json-1.0.111/src/value/mod.rs:116:1
[INFO] [stdout]      |
[INFO] [stdout] 116  | pub enum Value {
[INFO] [stdout]      | ^^^^^^^^^^^^^^
[INFO] [stdout] note: `Value` is defined in crate `cardano_multiplatform_lib`
[INFO] [stdout]     --> /opt/rustwide/cargo-home/registry/src/index.crates.io-6f17d22bba15001f/cardano-multiplatform-lib-3.1.3/src/json_serialize.rs:22:1
[INFO] [stdout]      |
[INFO] [stdout] 22   | pub enum Value {
[INFO] [stdout]      | ^^^^^^^^^^^^^^
[INFO] [stdout] note: function defined here
[INFO] [stdout]     --> /opt/rustwide/cargo-home/registry/src/index.crates.io-6f17d22bba15001f/cardano-multiplatform-lib-3.1.3/src/plutus.rs:1109:8
[INFO] [stdout]      |
[INFO] [stdout] 1109 | pub fn encode_json_value_to_plutus_datum(value: json_serialize::Value, schema: PlutusDatumSchema) -> Result<PlutusData, JsError> {
[INFO] [stdout]      |        ^^^^^^^^^^^^^^^^^^^^^^^^^^^^^^^^^
[INFO] [stdout] 
[INFO] [stdout] 
[INFO] [stdout] error[E0308]: mismatched types
[INFO] [stdout]     --> src/trireme_ledger_client/cml_client/blockfrost_ledger.rs:43:25
[INFO] [stdout]      |
[INFO] [stdout] 42   |                     let plutus_data = encode_json_value_to_plutus_datum(
[INFO] [stdout]      |                                       --------------------------------- arguments to this function are incorrect
[INFO] [stdout] 43   |                         json_datum["json_value"].clone(), // TODO: Make this safer!
[INFO] [stdout]      |                         ^^^^^^^^^^^^^^^^^^^^^^^^^^^^^^^^ expected `Value`, found `serde_json::Value`
[INFO] [stdout]      |
[INFO] [stdout]      = note: `serde_json::Value` and `Value` have similar names, but are actually distinct types
[INFO] [stdout] note: `serde_json::Value` is defined in crate `serde_json`
[INFO] [stdout]     --> /opt/rustwide/cargo-home/registry/src/index.crates.io-6f17d22bba15001f/serde_json-1.0.111/src/value/mod.rs:116:1
[INFO] [stdout]      |
[INFO] [stdout] 116  | pub enum Value {
[INFO] [stdout]      | ^^^^^^^^^^^^^^
[INFO] [stdout] note: `Value` is defined in crate `cardano_multiplatform_lib`
[INFO] [stdout]     --> /opt/rustwide/cargo-home/registry/src/index.crates.io-6f17d22bba15001f/cardano-multiplatform-lib-3.1.3/src/json_serialize.rs:22:1
[INFO] [stdout]      |
[INFO] [stdout] 22   | pub enum Value {
[INFO] [stdout]      | ^^^^^^^^^^^^^^
[INFO] [stdout] note: function defined here
[INFO] [stdout]     --> /opt/rustwide/cargo-home/registry/src/index.crates.io-6f17d22bba15001f/cardano-multiplatform-lib-3.1.3/src/plutus.rs:1109:8
[INFO] [stdout]      |
[INFO] [stdout] 1109 | pub fn encode_json_value_to_plutus_datum(value: json_serialize::Value, schema: PlutusDatumSchema) -> Result<PlutusData, JsError> {
[INFO] [stdout]      |        ^^^^^^^^^^^^^^^^^^^^^^^^^^^^^^^^^
[INFO] [stdout] 
[INFO] [stdout] 
[INFO] [stdout] error: aborting due to 2 previous errors
[INFO] [stdout] 
[INFO] [stdout] 
[INFO] [stdout] For more information about this error, try `rustc --explain E0308`.
[INFO] [stdout] 
[INFO] [stderr] error: could not compile `naumachia` (lib) due to 3 previous errors
[INFO] running `Command { std: "docker" "inspect" "80358db9c97e15f5dc3534742c1017ef723728649886e84bf5dabe4909a85eac", kill_on_drop: false }`
[INFO] running `Command { std: "docker" "rm" "-f" "80358db9c97e15f5dc3534742c1017ef723728649886e84bf5dabe4909a85eac", kill_on_drop: false }`
[INFO] [stdout] 80358db9c97e15f5dc3534742c1017ef723728649886e84bf5dabe4909a85eac
