[INFO] fetching crate nats-aflowt 0.16.105...
[INFO] testing nats-aflowt-0.16.105 against 1.75.0 for beta-1.76-1
[INFO] extracting crate nats-aflowt 0.16.105 into /workspace/builds/worker-7-tc1/source
[INFO] validating manifest of crates.io crate nats-aflowt 0.16.105 on toolchain 1.75.0
[INFO] running `Command { std: CARGO_HOME="/workspace/cargo-home" RUSTUP_HOME="/workspace/rustup-home" "/workspace/cargo-home/bin/cargo" "+1.75.0" "metadata" "--manifest-path" "Cargo.toml" "--no-deps", kill_on_drop: false }`
[INFO] removed /workspace/builds/worker-7-tc1/source/.cargo/config
[INFO] started tweaking crates.io crate nats-aflowt 0.16.105
[INFO] removed 0 missing examples
[INFO] finished tweaking crates.io crate nats-aflowt 0.16.105
[INFO] tweaked toml for crates.io crate nats-aflowt 0.16.105 written to /workspace/builds/worker-7-tc1/source/Cargo.toml
[INFO] crate crates.io crate nats-aflowt 0.16.105 already has a lockfile, it will not be regenerated
[INFO] running `Command { std: CARGO_HOME="/workspace/cargo-home" RUSTUP_HOME="/workspace/rustup-home" "/workspace/cargo-home/bin/cargo" "+1.75.0" "fetch" "--manifest-path" "Cargo.toml", kill_on_drop: false }`
[INFO] [stderr]     Updating crates.io index
[INFO] [stderr]  Downloading crates ...
[INFO] [stderr]   Downloaded base64-url v1.4.10
[INFO] [stderr]   Downloaded serde_nanos v0.1.2
[INFO] [stderr]   Downloaded ed25519 v1.3.0
[INFO] [stderr]   Downloaded historian v4.0.4
[INFO] [stderr]   Downloaded zeroize_derive v1.3.1
[INFO] [stderr]   Downloaded zeroize v1.5.2
[INFO] [stderr]   Downloaded polling v2.2.0
[INFO] [stderr]   Downloaded rustls-native-certs v0.6.1
[INFO] [stderr]   Downloaded signal-hook v0.3.13
[INFO] [stderr]   Downloaded opentelemetry-otlp v0.10.0
[INFO] [stderr]   Downloaded rustls v0.20.3
[INFO] [stderr]   Downloaded tokio v1.16.1
[INFO] [stderr]   Downloaded libc v0.2.117
[INFO] [stderr]   Downloaded smol v1.2.5
[INFO] [stderr]   Downloaded time v0.3.7
[INFO] [stderr]   Downloaded tracing-subscriber v0.3.8
[INFO] [stderr]   Downloaded opentelemetry v0.17.0
[INFO] [stderr]   Downloaded tracing v0.1.30
[INFO] [stderr]   Downloaded signature v1.5.0
[INFO] [stderr]   Downloaded semver v1.0.5
[INFO] [stderr]   Downloaded async-process v1.3.0
[INFO] [stderr]   Downloaded serde_repr v0.1.7
[INFO] [stderr]   Downloaded async-task v4.1.0
[INFO] [stderr]   Downloaded tokio-rustls v0.23.2
[INFO] [stderr]   Downloaded async-fs v1.5.0
[INFO] [stderr]   Downloaded tracing-attributes v0.1.19
[INFO] [stderr]   Downloaded blocking v1.1.0
[INFO] [stderr]   Downloaded event-listener v2.5.2
[INFO] [stderr]   Downloaded async-net v1.6.1
[INFO] [stderr]   Downloaded tracing-opentelemetry v0.17.1
[INFO] running `Command { std: "docker" "create" "-v" "/var/lib/crater-agent-workspace/builds/worker-7-tc1/target:/opt/rustwide/target:rw,Z" "-v" "/var/lib/crater-agent-workspace/builds/worker-7-tc1/source:/opt/rustwide/workdir:ro,Z" "-v" "/var/lib/crater-agent-workspace/cargo-home:/opt/rustwide/cargo-home:ro,Z" "-v" "/var/lib/crater-agent-workspace/rustup-home:/opt/rustwide/rustup-home:ro,Z" "-e" "SOURCE_DIR=/opt/rustwide/workdir" "-e" "CARGO_TARGET_DIR=/opt/rustwide/target" "-e" "CARGO_HOME=/opt/rustwide/cargo-home" "-e" "RUSTUP_HOME=/opt/rustwide/rustup-home" "-w" "/opt/rustwide/workdir" "-m" "1610612736" "--user" "0:0" "--network" "none" "ghcr.io/rust-lang/crates-build-env/linux@sha256:2788e3201cd34a07e3172128adcd8b3090168a8e3bcc40d7c032b9dda1df7d1c" "/opt/rustwide/cargo-home/bin/cargo" "+1.75.0" "metadata" "--no-deps" "--format-version=1", kill_on_drop: false }`
[INFO] [stdout] 2cca721d59b8e62db5c12221266418abe8d63665f54fa713a9e20eba4d50c8a5
[INFO] running `Command { std: "docker" "start" "-a" "2cca721d59b8e62db5c12221266418abe8d63665f54fa713a9e20eba4d50c8a5", kill_on_drop: false }`
[INFO] running `Command { std: "docker" "inspect" "2cca721d59b8e62db5c12221266418abe8d63665f54fa713a9e20eba4d50c8a5", kill_on_drop: false }`
[INFO] running `Command { std: "docker" "rm" "-f" "2cca721d59b8e62db5c12221266418abe8d63665f54fa713a9e20eba4d50c8a5", kill_on_drop: false }`
[INFO] [stdout] 2cca721d59b8e62db5c12221266418abe8d63665f54fa713a9e20eba4d50c8a5
[INFO] running `Command { std: "docker" "create" "-v" "/var/lib/crater-agent-workspace/builds/worker-7-tc1/target:/opt/rustwide/target:rw,Z" "-v" "/var/lib/crater-agent-workspace/builds/worker-7-tc1/source:/opt/rustwide/workdir:ro,Z" "-v" "/var/lib/crater-agent-workspace/cargo-home:/opt/rustwide/cargo-home:ro,Z" "-v" "/var/lib/crater-agent-workspace/rustup-home:/opt/rustwide/rustup-home:ro,Z" "-e" "SOURCE_DIR=/opt/rustwide/workdir" "-e" "CARGO_TARGET_DIR=/opt/rustwide/target" "-e" "CARGO_INCREMENTAL=0" "-e" "RUST_BACKTRACE=full" "-e" "RUSTFLAGS=--cap-lints=warn" "-e" "RUSTDOCFLAGS=--cap-lints=warn" "-e" "CARGO_HOME=/opt/rustwide/cargo-home" "-e" "RUSTUP_HOME=/opt/rustwide/rustup-home" "-w" "/opt/rustwide/workdir" "-m" "1610612736" "--user" "0:0" "--network" "none" "ghcr.io/rust-lang/crates-build-env/linux@sha256:2788e3201cd34a07e3172128adcd8b3090168a8e3bcc40d7c032b9dda1df7d1c" "/opt/rustwide/cargo-home/bin/cargo" "+1.75.0" "build" "--frozen" "--message-format=json", kill_on_drop: false }`
[INFO] [stdout] d93ab21eeeed3427dcd18a2c888c307e64faebc35efa61c1ca6a3fbc7952d7d3
[INFO] running `Command { std: "docker" "start" "-a" "d93ab21eeeed3427dcd18a2c888c307e64faebc35efa61c1ca6a3fbc7952d7d3", kill_on_drop: false }`
[INFO] [stderr]    Compiling proc-macro2 v1.0.36
[INFO] [stderr]    Compiling unicode-xid v0.2.2
[INFO] [stderr]    Compiling syn v1.0.86
[INFO] [stderr]    Compiling libc v0.2.117
[INFO] [stderr]    Compiling cfg-if v1.0.0
[INFO] [stderr]    Compiling futures-core v0.3.21
[INFO] [stderr]    Compiling memchr v2.4.1
[INFO] [stderr]    Compiling typenum v1.15.0
[INFO] [stderr]    Compiling version_check v0.9.4
[INFO] [stderr]    Compiling cc v1.0.72
[INFO] [stderr]    Compiling once_cell v1.9.0
[INFO] [stderr]    Compiling pin-project-lite v0.2.8
[INFO] [stderr]    Compiling log v0.4.14
[INFO] [stderr]    Compiling smallvec v1.8.0
[INFO] [stderr]    Compiling parking_lot_core v0.8.5
[INFO] [stderr]    Compiling serde_derive v1.0.136
[INFO] [stderr]    Compiling scopeguard v1.1.0
[INFO] [stderr]    Compiling instant v0.1.12
[INFO] [stderr]    Compiling lock_api v0.4.6
[INFO] [stderr]    Compiling const-oid v0.6.2
[INFO] [stderr]    Compiling untrusted v0.7.1
[INFO] [stderr]    Compiling futures-io v0.3.21
[INFO] [stderr]    Compiling serde v1.0.136
[INFO] [stderr]    Compiling spin v0.5.2
[INFO] [stderr]    Compiling futures-task v0.3.21
[INFO] [stderr]    Compiling generic-array v0.14.5
[INFO] [stderr]    Compiling futures-channel v0.3.21
[INFO] [stderr]    Compiling der v0.4.5
[INFO] [stderr]    Compiling tinyvec_macros v0.1.0
[INFO] [stderr]    Compiling base64 v0.13.0
[INFO] [stderr]    Compiling base64ct v1.1.1
[INFO] [stderr]    Compiling signature v1.5.0
[INFO] [stderr]    Compiling futures-util v0.3.21
[INFO] [stderr]    Compiling futures-sink v0.3.21
[INFO] [stderr]    Compiling ppv-lite86 v0.2.16
[INFO] [stderr]    Compiling tinyvec v1.5.1
[INFO] [stderr]    Compiling pem-rfc7468 v0.2.4
[INFO] [stderr]    Compiling matches v0.1.9
[INFO] [stderr]    Compiling pin-utils v0.1.0
[INFO] [stderr]    Compiling byteorder v1.4.3
[INFO] [stderr]    Compiling subtle v2.4.1
[INFO] [stderr]    Compiling rand_core v0.5.1
[INFO] [stderr]    Compiling parking_lot_core v0.9.1
[INFO] [stderr]    Compiling rustls v0.20.3
[INFO] [stderr]    Compiling bytes v1.1.0
[INFO] [stderr]    Compiling cache-padded v1.2.0
[INFO] [stderr]    Compiling slab v0.4.5
[INFO] [stderr]    Compiling opaque-debug v0.3.0
[INFO] [stderr]    Compiling quote v1.0.15
[INFO] [stderr]    Compiling cpufeatures v0.2.1
[INFO] [stderr]    Compiling concurrent-queue v1.2.2
[INFO] [stderr]    Compiling ed25519 v1.3.0
[INFO] [stderr]    Compiling parking v2.0.0
[INFO] [stderr]    Compiling itoa v1.0.1
[INFO] [stderr]    Compiling serde_json v1.0.79
[INFO] [stderr]    Compiling event-listener v2.5.2
[INFO] [stderr]    Compiling getrandom v0.2.4
[INFO] [stderr]    Compiling signal-hook-registry v1.4.0
[INFO] [stderr]    Compiling mio v0.7.14
[INFO] [stderr]    Compiling num_cpus v1.13.1
[INFO] [stderr]    Compiling rand_core v0.6.3
[INFO] [stderr]    Compiling spki v0.4.1
[INFO] [stderr]    Compiling percent-encoding v2.1.0
[INFO] [stderr]    Compiling waker-fn v1.1.0
[INFO] [stderr]    Compiling parking_lot v0.11.2
[INFO] [stderr]    Compiling async-trait v0.1.52
[INFO] [stderr]    Compiling unicode-bidi v0.3.7
[INFO] [stderr]    Compiling ring v0.16.20
[INFO] [stderr]    Compiling fastrand v1.7.0
[INFO] [stderr]    Compiling rand_chacha v0.3.1
[INFO] [stderr]    Compiling form_urlencoded v1.0.1
[INFO] [stderr]    Compiling unicode-normalization v0.1.19
[INFO] [stderr]    Compiling futures-lite v1.12.0
[INFO] [stderr]    Compiling async-channel v1.6.1
[INFO] [stderr]    Compiling rustls-pemfile v0.2.1
[INFO] [stderr]    Compiling regex-syntax v0.6.25
[INFO] [stderr]    Compiling openssl-probe v0.1.5
[INFO] [stderr]    Compiling lazy_static v1.4.0
[INFO] [stderr]    Compiling num_threads v0.1.3
[INFO] [stderr]    Compiling rand v0.8.5
[INFO] [stderr]    Compiling data-encoding v2.3.2
[INFO] [stderr]    Compiling ryu v1.0.9
[INFO] [stderr]    Compiling atomic-waker v1.0.0
[INFO] [stderr]    Compiling async-task v4.1.0
[INFO] [stderr]    Compiling parking_lot v0.12.0
[INFO] [stderr]    Compiling rustls-native-certs v0.6.1
[INFO] [stderr]    Compiling rustls-pemfile v0.3.0
[INFO] [stderr]    Compiling base64-url v1.4.10
[INFO] [stderr]    Compiling json v0.12.4
[INFO] [stderr]    Compiling digest v0.9.0
[INFO] [stderr]    Compiling block-buffer v0.9.0
[INFO] [stderr]    Compiling sha2 v0.9.9
[INFO] [stderr]    Compiling idna v0.2.3
[INFO] [stderr]    Compiling blocking v1.1.0
[INFO] [stderr]    Compiling nuid v0.3.2
[INFO] [stderr]    Compiling regex v1.5.4
[INFO] [stderr]    Compiling url v2.2.2
[INFO] [stderr]    Compiling synstructure v0.12.6
[INFO] [stderr]    Compiling webpki v0.22.0
[INFO] [stderr]    Compiling sct v0.7.0
[INFO] [stderr]    Compiling zeroize_derive v1.3.1
[INFO] [stderr]    Compiling tokio-macros v1.7.0
[INFO] [stderr]    Compiling futures-macro v0.3.21
[INFO] [stderr]    Compiling async-stream-impl v0.3.2
[INFO] [stderr]    Compiling pin-project-internal v1.0.10
[INFO] [stderr]    Compiling serde_repr v0.1.7
[INFO] [stderr]    Compiling async-stream v0.3.2
[INFO] [stderr]    Compiling tokio v1.16.1
[INFO] [stderr]    Compiling zeroize v1.5.2
[INFO] [stderr]    Compiling pkcs8 v0.7.6
[INFO] [stderr]    Compiling curve25519-dalek v3.2.0
[INFO] [stderr]    Compiling signatory v0.23.2
[INFO] [stderr]    Compiling pin-project v1.0.10
[INFO] [stderr]    Compiling ed25519-dalek v1.0.1
[INFO] [stderr]    Compiling nkeys v0.2.0
[INFO] [stderr]    Compiling futures-executor v0.3.21
[INFO] [stderr]    Compiling futures v0.3.21
[INFO] [stderr]    Compiling tokio-stream v0.1.8
[INFO] [stderr]    Compiling tokio-rustls v0.23.2
[INFO] [stderr]    Compiling serde_nanos v0.1.2
[INFO] [stderr]    Compiling time v0.3.7
[INFO] [stderr]    Compiling nats-aflowt v0.16.105 (/opt/rustwide/workdir)
[INFO] [stdout] warning: the type `[u8; 4096]` does not permit being left uninitialized
[INFO] [stdout]    --> src/proto.rs:109:48
[INFO] [stdout]     |
[INFO] [stdout] 109 |     let mut command_buf: [u8; 4096] = unsafe { std::mem::MaybeUninit::uninit().assume_init() };
[INFO] [stdout]     |                                                ^^^^^^^^^^^^^^^^^^^^^^^^^^^^^^^^^^^^^^^^^^^^^
[INFO] [stdout]     |                                                |
[INFO] [stdout]     |                                                this code causes undefined behavior when executed
[INFO] [stdout]     |                                                help: use `MaybeUninit<T>` instead, and only call `assume_init` after initialization is done
[INFO] [stdout]     |
[INFO] [stdout]     = note: integers must be initialized
[INFO] [stdout]     = note: `#[warn(invalid_value)]` on by default
[INFO] [stdout] 
[INFO] [stdout] 
[INFO] [stdout] warning: 1 warning emitted
[INFO] [stdout] 
[INFO] [stdout] 
[INFO] [stderr]     Finished dev [unoptimized + debuginfo] target(s) in 13.44s
[INFO] running `Command { std: "docker" "inspect" "d93ab21eeeed3427dcd18a2c888c307e64faebc35efa61c1ca6a3fbc7952d7d3", kill_on_drop: false }`
[INFO] running `Command { std: "docker" "rm" "-f" "d93ab21eeeed3427dcd18a2c888c307e64faebc35efa61c1ca6a3fbc7952d7d3", kill_on_drop: false }`
[INFO] [stdout] d93ab21eeeed3427dcd18a2c888c307e64faebc35efa61c1ca6a3fbc7952d7d3
[INFO] running `Command { std: "docker" "create" "-v" "/var/lib/crater-agent-workspace/builds/worker-7-tc1/target:/opt/rustwide/target:rw,Z" "-v" "/var/lib/crater-agent-workspace/builds/worker-7-tc1/source:/opt/rustwide/workdir:ro,Z" "-v" "/var/lib/crater-agent-workspace/cargo-home:/opt/rustwide/cargo-home:ro,Z" "-v" "/var/lib/crater-agent-workspace/rustup-home:/opt/rustwide/rustup-home:ro,Z" "-e" "SOURCE_DIR=/opt/rustwide/workdir" "-e" "CARGO_TARGET_DIR=/opt/rustwide/target" "-e" "CARGO_INCREMENTAL=0" "-e" "RUST_BACKTRACE=full" "-e" "RUSTFLAGS=--cap-lints=warn" "-e" "RUSTDOCFLAGS=--cap-lints=warn" "-e" "CARGO_HOME=/opt/rustwide/cargo-home" "-e" "RUSTUP_HOME=/opt/rustwide/rustup-home" "-w" "/opt/rustwide/workdir" "-m" "1610612736" "--user" "0:0" "--network" "none" "ghcr.io/rust-lang/crates-build-env/linux@sha256:2788e3201cd34a07e3172128adcd8b3090168a8e3bcc40d7c032b9dda1df7d1c" "/opt/rustwide/cargo-home/bin/cargo" "+1.75.0" "test" "--frozen" "--no-run" "--message-format=json", kill_on_drop: false }`
[INFO] [stdout] af7ab90e90d59240687cafbdc67853a37572fe0b76e086b5f7d6e59df2f3095f
[INFO] running `Command { std: "docker" "start" "-a" "af7ab90e90d59240687cafbdc67853a37572fe0b76e086b5f7d6e59df2f3095f", kill_on_drop: false }`
[INFO] [stderr]    Compiling cfg-if v1.0.0
[INFO] [stderr]    Compiling log v0.4.14
[INFO] [stderr]    Compiling autocfg v1.1.0
[INFO] [stderr]    Compiling once_cell v1.9.0
[INFO] [stderr]    Compiling pin-project-lite v0.2.8
[INFO] [stderr]    Compiling lazy_static v1.4.0
[INFO] [stderr]    Compiling futures-io v0.3.21
[INFO] [stderr]    Compiling scopeguard v1.1.0
[INFO] [stderr]    Compiling crossbeam-utils v0.8.7
[INFO] [stderr]    Compiling libc v0.2.117
[INFO] [stderr]    Compiling memchr v2.4.1
[INFO] [stderr]    Compiling futures-core v0.3.21
[INFO] [stderr]    Compiling slab v0.4.5
[INFO] [stderr]    Compiling cache-padded v1.2.0
[INFO] [stderr]    Compiling regex-syntax v0.6.25
[INFO] [stderr]    Compiling serde v1.0.136
[INFO] [stderr]    Compiling parking v2.0.0
[INFO] [stderr]    Compiling fastrand v1.7.0
[INFO] [stderr]    Compiling smallvec v1.8.0
[INFO] [stderr]    Compiling waker-fn v1.1.0
[INFO] [stderr]    Compiling concurrent-queue v1.2.2
[INFO] [stderr]    Compiling typenum v1.15.0
[INFO] [stderr]    Compiling proc-macro2 v0.4.30
[INFO] [stderr]    Compiling semver v1.0.5
[INFO] [stderr]    Compiling event-listener v2.5.2
[INFO] [stderr]    Compiling lock_api v0.4.6
[INFO] [stderr]    Compiling instant v0.1.12
[INFO] [stderr]    Compiling unicode-xid v0.1.0
[INFO] [stderr]    Compiling regex-automata v0.1.10
[INFO] [stderr]    Compiling crossbeam-epoch v0.9.7
[INFO] [stderr]    Compiling unicode-width v0.1.9
[INFO] [stderr]    Compiling unicode-segmentation v1.9.0
[INFO] [stderr]    Compiling memoffset v0.6.5
[INFO] [stderr]    Compiling miniz_oxide v0.4.4
[INFO] [stderr]    Compiling textwrap v0.11.0
[INFO] [stderr]    Compiling zeroize v1.5.2
[INFO] [stderr]    Compiling backtrace v0.3.64
[INFO] [stderr]    Compiling aho-corasick v0.7.18
[INFO] [stderr]    Compiling futures-lite v1.12.0
[INFO] [stderr]    Compiling strsim v0.8.0
[INFO] [stderr]    Compiling atty v0.2.14
[INFO] [stderr]    Compiling signal-hook-registry v1.4.0
[INFO] [stderr]    Compiling num_cpus v1.13.1
[INFO] [stderr]    Compiling getrandom v0.2.4
[INFO] [stderr]    Compiling heck v0.3.3
[INFO] [stderr]    Compiling parking_lot_core v0.8.5
[INFO] [stderr]    Compiling rand_core v0.6.3
[INFO] [stderr]    Compiling untrusted v0.7.1
[INFO] [stderr]    Compiling futures-sink v0.3.21
[INFO] [stderr]    Compiling syn v0.15.44
[INFO] [stderr]    Compiling generic-array v0.14.5
[INFO] [stderr]    Compiling async-task v4.1.0
[INFO] [stderr]    Compiling adler v1.0.2
[INFO] [stderr]    Compiling vec_map v0.8.2
[INFO] [stderr]    Compiling bitflags v1.3.2
[INFO] [stderr]    Compiling ansi_term v0.12.1
[INFO] [stderr]    Compiling rayon-core v1.9.1
[INFO] [stderr]    Compiling const-oid v0.6.2
[INFO] [stderr]    Compiling failure_derive v0.1.8
[INFO] [stderr]    Compiling gimli v0.26.1
[INFO] [stderr]    Compiling spin v0.5.2
[INFO] [stderr]    Compiling clap v2.34.0
[INFO] [stderr]    Compiling der v0.4.5
[INFO] [stderr]    Compiling ring v0.16.20
[INFO] [stderr]    Compiling parking_lot v0.11.2
[INFO] [stderr]    Compiling quote v0.6.13
[INFO] [stderr]    Compiling futures-channel v0.3.21
[INFO] [stderr]    Compiling digest v0.9.0
[INFO] [stderr]    Compiling rustc_version v0.4.0
[INFO] [stderr]    Compiling mio v0.7.14
[INFO] [stderr]    Compiling object v0.27.1
[INFO] [stderr]    Compiling futures-task v0.3.21
[INFO] [stderr]    Compiling async-channel v1.6.1
[INFO] [stderr]    Compiling proc-macro-error-attr v1.0.4
[INFO] [stderr]    Compiling either v1.6.1
[INFO] [stderr]    Compiling ppv-lite86 v0.2.16
[INFO] [stderr]    Compiling same-file v1.0.6
[INFO] [stderr]    Compiling base64 v0.13.0
[INFO] [stderr]    Compiling bytes v1.1.0
[INFO] [stderr]    Compiling ryu v1.0.9
[INFO] [stderr]    Compiling signature v1.5.0
[INFO] [stderr]    Compiling itoa v1.0.1
[INFO] [stderr]    Compiling tinyvec_macros v0.1.0
[INFO] [stderr]    Compiling rustc-demangle v0.1.21
[INFO] [stderr]    Compiling pin-utils v0.1.0
[INFO] [stderr]    Compiling regex v1.5.4
[INFO] [stderr]    Compiling base64ct v1.1.1
[INFO] [stderr]    Compiling atomic-waker v1.0.0
[INFO] [stderr]    Compiling rand_chacha v0.3.1
[INFO] [stderr]    Compiling pem-rfc7468 v0.2.4
[INFO] [stderr]    Compiling blocking v1.1.0
[INFO] [stderr]    Compiling tokio v1.16.1
[INFO] [stderr]    Compiling futures-util v0.3.21
[INFO] [stderr]    Compiling tinyvec v1.5.1
[INFO] [stderr]    Compiling spki v0.4.1
[INFO] [stderr]    Compiling walkdir v2.3.2
[INFO] [stderr]    Compiling cast v0.2.7
[INFO] [stderr]    Compiling crossbeam-deque v0.8.1
[INFO] [stderr]    Compiling block-buffer v0.9.0
[INFO] [stderr]    Compiling polling v2.2.0
[INFO] [stderr]    Compiling socket2 v0.4.4
[INFO] [stderr]    Compiling crossbeam-channel v0.5.2
[INFO] [stderr]    Compiling rayon v1.5.1
[INFO] [stderr]    Compiling num-traits v0.2.14
[INFO] [stderr]    Compiling proc-macro-error v1.0.4
[INFO] [stderr]    Compiling rand_core v0.5.1
[INFO] [stderr]    Compiling quick-error v1.2.3
[INFO] [stderr]    Compiling subtle v2.4.1
[INFO] [stderr]    Compiling termcolor v1.1.2
[INFO] [stderr]    Compiling opaque-debug v0.3.0
[INFO] [stderr]    Compiling signal-hook v0.3.13
[INFO] [stderr]    Compiling matches v0.1.9
[INFO] [stderr]    Compiling cpufeatures v0.2.1
[INFO] [stderr]    Compiling byteorder v1.4.3
[INFO] [stderr]    Compiling fnv v1.0.7
[INFO] [stderr]    Compiling sha2 v0.9.9
[INFO] [stderr]    Compiling bstr v0.2.17
[INFO] [stderr]    Compiling serde_json v1.0.79
[INFO] [stderr]    Compiling humantime v1.3.0
[INFO] [stderr]    Compiling curve25519-dalek v3.2.0
[INFO] [stderr]    Compiling addr2line v0.17.0
[INFO] [stderr]    Compiling unicode-normalization v0.1.19
[INFO] [stderr]    Compiling async-io v1.6.0
[INFO] [stderr]    Compiling sct v0.7.0
[INFO] [stderr]    Compiling webpki v0.22.0
[INFO] [stderr]    Compiling globset v0.4.8
[INFO] [stderr]    Compiling pkcs8 v0.7.6
[INFO] [stderr]    Compiling rand v0.8.5
[INFO] [stderr]    Compiling ed25519 v1.3.0
[INFO] [stderr]    Compiling thread_local v1.1.4
[INFO] [stderr]    Compiling plotters-backend v0.3.2
[INFO] [stderr]    Compiling unicode-bidi v0.3.7
[INFO] [stderr]    Compiling percent-encoding v2.1.0
[INFO] [stderr]    Compiling ignore v0.4.18
[INFO] [stderr]    Compiling form_urlencoded v1.0.1
[INFO] [stderr]    Compiling failure v0.1.8
[INFO] [stderr]    Compiling plotters-svg v0.3.1
[INFO] [stderr]    Compiling idna v0.2.3
[INFO] [stderr]    Compiling ed25519-dalek v1.0.1
[INFO] [stderr]    Compiling futures-executor v0.3.21
[INFO] [stderr]    Compiling structopt-derive v0.2.18
[INFO] [stderr]    Compiling signatory v0.23.2
[INFO] [stderr]    Compiling rustls v0.20.3
[INFO] [stderr]    Compiling futures v0.3.21
[INFO] [stderr]    Compiling env_logger v0.5.13
[INFO] [stderr]    Compiling parking_lot_core v0.9.1
[INFO] [stderr]    Compiling rustls-pemfile v0.2.1
[INFO] [stderr]    Compiling itertools v0.10.3
[INFO] [stderr]    Compiling csv-core v0.1.10
[INFO] [stderr]    Compiling async-lock v2.4.0
[INFO] [stderr]    Compiling itoa v0.4.8
[INFO] [stderr]    Compiling data-encoding v2.3.2
[INFO] [stderr]    Compiling openssl-probe v0.1.5
[INFO] [stderr]    Compiling num_threads v0.1.3
[INFO] [stderr]    Compiling half v1.8.2
[INFO] [stderr]    Compiling async-fs v1.5.0
[INFO] [stderr]    Compiling csv v1.1.6
[INFO] [stderr]    Compiling plotters v0.3.1
[INFO] [stderr]    Compiling tokio-stream v0.1.8
[INFO] [stderr]    Compiling time v0.3.7
[INFO] [stderr]    Compiling rustls-native-certs v0.6.1
[INFO] [stderr]    Compiling nkeys v0.2.0
[INFO] [stderr]    Compiling serde_cbor v0.11.2
[INFO] [stderr]    Compiling structopt v0.2.18
[INFO] [stderr]    Compiling clap-verbosity-flag v0.2.0
[INFO] [stderr]    Compiling pin-project v1.0.10
[INFO] [stderr]    Compiling async-stream v0.3.2
[INFO] [stderr]    Compiling async-process v1.3.0
[INFO] [stderr]    Compiling parking_lot v0.12.0
[INFO] [stderr]    Compiling url v2.2.2
[INFO] [stderr]    Compiling structopt-derive v0.4.18
[INFO] [stderr]    Compiling globwalk v0.3.1
[INFO] [stderr]    Compiling exitfailure v0.5.1
[INFO] [stderr]    Compiling nuid v0.3.2
[INFO] [stderr]    Compiling tinytemplate v1.2.1
[INFO] [stderr]    Compiling criterion-plot v0.4.4
[INFO] [stderr]    Compiling async-net v1.6.1
[INFO] [stderr]    Compiling serde_nanos v0.1.2
[INFO] [stderr]    Compiling base64-url v1.4.10
[INFO] [stderr]    Compiling rustls-pemfile v0.3.0
[INFO] [stderr]    Compiling async-executor v1.4.1
[INFO] [stderr]    Compiling remove_dir_all v0.5.3
[INFO] [stderr]    Compiling tokio-rustls v0.23.2
[INFO] [stderr]    Compiling oorandom v11.1.3
[INFO] [stderr]    Compiling json v0.12.4
[INFO] [stderr]    Compiling humantime v2.1.0
[INFO] [stderr]    Compiling smol v1.2.5
[INFO] [stderr]    Compiling criterion v0.3.5
[INFO] [stderr]    Compiling quicli v0.4.0
[INFO] [stderr]    Compiling env_logger v0.9.0
[INFO] [stderr]    Compiling historian v4.0.4
[INFO] [stderr]    Compiling nats-aflowt v0.16.105 (/opt/rustwide/workdir)
[INFO] [stderr]    Compiling structopt v0.3.26
[INFO] [stdout] warning: the type `[u8; 4096]` does not permit being left uninitialized
[INFO] [stdout]    --> src/proto.rs:109:48
[INFO] [stdout]     |
[INFO] [stdout] 109 |     let mut command_buf: [u8; 4096] = unsafe { std::mem::MaybeUninit::uninit().assume_init() };
[INFO] [stdout]     |                                                ^^^^^^^^^^^^^^^^^^^^^^^^^^^^^^^^^^^^^^^^^^^^^
[INFO] [stdout]     |                                                |
[INFO] [stdout]     |                                                this code causes undefined behavior when executed
[INFO] [stdout]     |                                                help: use `MaybeUninit<T>` instead, and only call `assume_init` after initialization is done
[INFO] [stdout]     |
[INFO] [stdout]     = note: integers must be initialized
[INFO] [stdout]     = note: `#[warn(invalid_value)]` on by default
[INFO] [stdout] 
[INFO] [stdout] 
[INFO] [stdout] warning: 1 warning emitted
[INFO] [stdout] 
[INFO] [stdout] 
[INFO] [stdout] error[E0432]: unresolved import `nats_test_server`
[INFO] [stdout]   --> tests/reconnection.rs:23:5
[INFO] [stdout]    |
[INFO] [stdout] 23 | use nats_test_server::NatsTestServer;
[INFO] [stdout]    |     ^^^^^^^^^^^^^^^^ use of undeclared crate or module `nats_test_server`
[INFO] [stdout] 
[INFO] [stdout] 
[INFO] [stdout] error[E0282]: type annotations needed for `Arc<T>`
[INFO] [stdout]   --> tests/reconnection.rs:46:9
[INFO] [stdout]    |
[INFO] [stdout] 46 |     let nc = loop {
[INFO] [stdout]    |         ^^
[INFO] [stdout] ...
[INFO] [stdout] 57 |         let nc = nc.clone();
[INFO] [stdout]    |                     ----- type must be known at this point
[INFO] [stdout]    |
[INFO] [stdout] help: consider giving `nc` an explicit type, where the type for type parameter `T` is specified
[INFO] [stdout]    |
[INFO] [stdout] 46 |     let nc: Arc<T> = loop {
[INFO] [stdout]    |           ++++++++
[INFO] [stdout] 
[INFO] [stdout] 
[INFO] [stdout] error: aborting due to 2 previous errors
[INFO] [stdout] 
[INFO] [stdout] 
[INFO] [stdout] Some errors have detailed explanations: E0282, E0432.
[INFO] [stdout] 
[INFO] [stdout] For more information about an error, try `rustc --explain E0282`.
[INFO] [stdout] 
[INFO] [stderr] error: could not compile `nats-aflowt` (test "reconnection") due to 3 previous errors
[INFO] [stderr] warning: build failed, waiting for other jobs to finish...
[INFO] [stderr] error: could not compile `nats-aflowt` (lib test)
[INFO] [stderr] 
[INFO] [stderr] Caused by:
[INFO] [stderr]   process didn't exit successfully: `/opt/rustwide/rustup-home/toolchains/1.75.0-x86_64-unknown-linux-gnu/bin/rustc --crate-name nats_aflowt --edition=2021 src/lib.rs --error-format=json --json=diagnostic-rendered-ansi,artifacts,future-incompat --emit=dep-info,link -C embed-bitcode=no -C debuginfo=2 -C split-debuginfo=unpacked --test --cfg 'feature="default"' -C metadata=36c27dd127efe9c6 -C extra-filename=-36c27dd127efe9c6 --out-dir /opt/rustwide/target/debug/deps -L dependency=/opt/rustwide/target/debug/deps --extern async_stream=/opt/rustwide/target/debug/deps/libasync_stream-7e7181f3175004c3.rlib --extern async_trait=/opt/rustwide/target/debug/deps/libasync_trait-8a18d534971a30d1.so --extern base64=/opt/rustwide/target/debug/deps/libbase64-4b6a299b1618568c.rlib --extern base64_url=/opt/rustwide/target/debug/deps/libbase64_url-2586e2c04197bcd8.rlib --extern blocking=/opt/rustwide/target/debug/deps/libblocking-cc79f0d294b64b31.rlib --extern criterion=/opt/rustwide/target/debug/deps/libcriterion-cffc5647e72168bd.rlib --extern env_logger=/opt/rustwide/target/debug/deps/libenv_logger-d06fadf9c67aabef.rlib --extern fastrand=/opt/rustwide/target/debug/deps/libfastrand-b5f1bc702d3780c1.rlib --extern futures=/opt/rustwide/target/debug/deps/libfutures-0d8126ada2cb3e3d.rlib --extern historian=/opt/rustwide/target/debug/deps/libhistorian-29bdc6abb98cf136.rlib --extern itoa=/opt/rustwide/target/debug/deps/libitoa-bb6e72adf1f647aa.rlib --extern json=/opt/rustwide/target/debug/deps/libjson-0b610d922f888269.rlib --extern lazy_static=/opt/rustwide/target/debug/deps/liblazy_static-42ec64c94dbf69cf.rlib --extern libc=/opt/rustwide/target/debug/deps/liblibc-300e520a62f7698a.rlib --extern log=/opt/rustwide/target/debug/deps/liblog-e1b54939c122a12d.rlib --extern memchr=/opt/rustwide/target/debug/deps/libmemchr-33f0f7da266b2ec7.rlib --extern nkeys=/opt/rustwide/target/debug/deps/libnkeys-f42d2d1ee831225d.rlib --extern nuid=/opt/rustwide/target/debug/deps/libnuid-36c631025637d532.rlib --extern once_cell=/opt/rustwide/target/debug/deps/libonce_cell-8d87c72471c06107.rlib --extern parking_lot=/opt/rustwide/target/debug/deps/libparking_lot-a6aa5fcd982b20e1.rlib --extern pin_project=/opt/rustwide/target/debug/deps/libpin_project-ed9a201871420b6b.rlib --extern pin_utils=/opt/rustwide/target/debug/deps/libpin_utils-cf166e5282202930.rlib --extern quicli=/opt/rustwide/target/debug/deps/libquicli-c69dc3ebc66a1528.rlib --extern rand=/opt/rustwide/target/debug/deps/librand-1f11c89f9776a207.rlib --extern regex=/opt/rustwide/target/debug/deps/libregex-a4e5166045db244f.rlib --extern rustls_native_certs=/opt/rustwide/target/debug/deps/librustls_native_certs-fa2348a63e20b2a6.rlib --extern rustls_pemfile=/opt/rustwide/target/debug/deps/librustls_pemfile-63279c1849aba3f8.rlib --extern serde=/opt/rustwide/target/debug/deps/libserde-2a564ef6b663f4ac.rlib --extern serde_json=/opt/rustwide/target/debug/deps/libserde_json-0c8bf7d35beda118.rlib --extern serde_nanos=/opt/rustwide/target/debug/deps/libserde_nanos-256df71a42c6b0a9.rlib --extern serde_repr=/opt/rustwide/target/debug/deps/libserde_repr-4132b614f316bc7d.so --extern smol=/opt/rustwide/target/debug/deps/libsmol-7088c836365dc34f.rlib --extern structopt=/opt/rustwide/target/debug/deps/libstructopt-36eb41351e571b59.rlib --extern time=/opt/rustwide/target/debug/deps/libtime-85ff1bea54b4e21c.rlib --extern tokio=/opt/rustwide/target/debug/deps/libtokio-a7b484578185e1c4.rlib --extern tokio_rustls=/opt/rustwide/target/debug/deps/libtokio_rustls-59129623ead799bd.rlib --extern tokio_stream=/opt/rustwide/target/debug/deps/libtokio_stream-909c782c3057a6c6.rlib --extern url=/opt/rustwide/target/debug/deps/liburl-a42cf7e77a8e8f3c.rlib --extern webpki=/opt/rustwide/target/debug/deps/libwebpki-7691b79ed1efc690.rlib --cap-lints=warn -L native=/opt/rustwide/target/debug/build/ring-c661407c2e015e47/out` (signal: 9, SIGKILL: kill)
[INFO] [stderr] error: could not compile `nats-aflowt` (test "jetstream")
[INFO] [stderr] 
[INFO] [stderr] Caused by:
[INFO] [stderr]   process didn't exit successfully: `/opt/rustwide/rustup-home/toolchains/1.75.0-x86_64-unknown-linux-gnu/bin/rustc --crate-name jetstream --edition=2021 tests/jetstream.rs --error-format=json --json=diagnostic-rendered-ansi,artifacts,future-incompat --emit=dep-info,link -C embed-bitcode=no -C debuginfo=2 -C split-debuginfo=unpacked --test --cfg 'feature="default"' -C metadata=a55d2703a59699bb -C extra-filename=-a55d2703a59699bb --out-dir /opt/rustwide/target/debug/deps -L dependency=/opt/rustwide/target/debug/deps --extern async_stream=/opt/rustwide/target/debug/deps/libasync_stream-7e7181f3175004c3.rlib --extern async_trait=/opt/rustwide/target/debug/deps/libasync_trait-8a18d534971a30d1.so --extern base64=/opt/rustwide/target/debug/deps/libbase64-4b6a299b1618568c.rlib --extern base64_url=/opt/rustwide/target/debug/deps/libbase64_url-2586e2c04197bcd8.rlib --extern blocking=/opt/rustwide/target/debug/deps/libblocking-cc79f0d294b64b31.rlib --extern criterion=/opt/rustwide/target/debug/deps/libcriterion-cffc5647e72168bd.rlib --extern env_logger=/opt/rustwide/target/debug/deps/libenv_logger-d06fadf9c67aabef.rlib --extern fastrand=/opt/rustwide/target/debug/deps/libfastrand-b5f1bc702d3780c1.rlib --extern futures=/opt/rustwide/target/debug/deps/libfutures-0d8126ada2cb3e3d.rlib --extern historian=/opt/rustwide/target/debug/deps/libhistorian-29bdc6abb98cf136.rlib --extern itoa=/opt/rustwide/target/debug/deps/libitoa-bb6e72adf1f647aa.rlib --extern json=/opt/rustwide/target/debug/deps/libjson-0b610d922f888269.rlib --extern lazy_static=/opt/rustwide/target/debug/deps/liblazy_static-42ec64c94dbf69cf.rlib --extern libc=/opt/rustwide/target/debug/deps/liblibc-300e520a62f7698a.rlib --extern log=/opt/rustwide/target/debug/deps/liblog-e1b54939c122a12d.rlib --extern memchr=/opt/rustwide/target/debug/deps/libmemchr-33f0f7da266b2ec7.rlib --extern nats_aflowt=/opt/rustwide/target/debug/deps/libnats_aflowt-7528063c34b03e4d.rlib --extern nkeys=/opt/rustwide/target/debug/deps/libnkeys-f42d2d1ee831225d.rlib --extern nuid=/opt/rustwide/target/debug/deps/libnuid-36c631025637d532.rlib --extern once_cell=/opt/rustwide/target/debug/deps/libonce_cell-8d87c72471c06107.rlib --extern parking_lot=/opt/rustwide/target/debug/deps/libparking_lot-a6aa5fcd982b20e1.rlib --extern pin_project=/opt/rustwide/target/debug/deps/libpin_project-ed9a201871420b6b.rlib --extern pin_utils=/opt/rustwide/target/debug/deps/libpin_utils-cf166e5282202930.rlib --extern quicli=/opt/rustwide/target/debug/deps/libquicli-c69dc3ebc66a1528.rlib --extern rand=/opt/rustwide/target/debug/deps/librand-1f11c89f9776a207.rlib --extern regex=/opt/rustwide/target/debug/deps/libregex-a4e5166045db244f.rlib --extern rustls_native_certs=/opt/rustwide/target/debug/deps/librustls_native_certs-fa2348a63e20b2a6.rlib --extern rustls_pemfile=/opt/rustwide/target/debug/deps/librustls_pemfile-63279c1849aba3f8.rlib --extern serde=/opt/rustwide/target/debug/deps/libserde-2a564ef6b663f4ac.rlib --extern serde_json=/opt/rustwide/target/debug/deps/libserde_json-0c8bf7d35beda118.rlib --extern serde_nanos=/opt/rustwide/target/debug/deps/libserde_nanos-256df71a42c6b0a9.rlib --extern serde_repr=/opt/rustwide/target/debug/deps/libserde_repr-4132b614f316bc7d.so --extern smol=/opt/rustwide/target/debug/deps/libsmol-7088c836365dc34f.rlib --extern structopt=/opt/rustwide/target/debug/deps/libstructopt-36eb41351e571b59.rlib --extern time=/opt/rustwide/target/debug/deps/libtime-85ff1bea54b4e21c.rlib --extern tokio=/opt/rustwide/target/debug/deps/libtokio-a7b484578185e1c4.rlib --extern tokio_rustls=/opt/rustwide/target/debug/deps/libtokio_rustls-59129623ead799bd.rlib --extern tokio_stream=/opt/rustwide/target/debug/deps/libtokio_stream-909c782c3057a6c6.rlib --extern url=/opt/rustwide/target/debug/deps/liburl-a42cf7e77a8e8f3c.rlib --extern webpki=/opt/rustwide/target/debug/deps/libwebpki-7691b79ed1efc690.rlib --cap-lints=warn -L native=/opt/rustwide/target/debug/build/ring-c661407c2e015e47/out` (signal: 9, SIGKILL: kill)
[INFO] [stderr] error: could not compile `nats-aflowt` (example "kv_history")
[INFO] [stderr] 
[INFO] [stderr] Caused by:
[INFO] [stderr]   process didn't exit successfully: `/opt/rustwide/rustup-home/toolchains/1.75.0-x86_64-unknown-linux-gnu/bin/rustc --crate-name kv_history --edition=2021 examples/kv_history.rs --error-format=json --json=diagnostic-rendered-ansi,artifacts,future-incompat --crate-type bin --emit=dep-info,link -C embed-bitcode=no -C debuginfo=2 -C split-debuginfo=unpacked --cfg 'feature="default"' -C metadata=291ef4b450989261 -C extra-filename=-291ef4b450989261 --out-dir /opt/rustwide/target/debug/examples -L dependency=/opt/rustwide/target/debug/deps --extern async_stream=/opt/rustwide/target/debug/deps/libasync_stream-7e7181f3175004c3.rlib --extern async_trait=/opt/rustwide/target/debug/deps/libasync_trait-8a18d534971a30d1.so --extern base64=/opt/rustwide/target/debug/deps/libbase64-4b6a299b1618568c.rlib --extern base64_url=/opt/rustwide/target/debug/deps/libbase64_url-2586e2c04197bcd8.rlib --extern blocking=/opt/rustwide/target/debug/deps/libblocking-cc79f0d294b64b31.rlib --extern criterion=/opt/rustwide/target/debug/deps/libcriterion-cffc5647e72168bd.rlib --extern env_logger=/opt/rustwide/target/debug/deps/libenv_logger-d06fadf9c67aabef.rlib --extern fastrand=/opt/rustwide/target/debug/deps/libfastrand-b5f1bc702d3780c1.rlib --extern futures=/opt/rustwide/target/debug/deps/libfutures-0d8126ada2cb3e3d.rlib --extern historian=/opt/rustwide/target/debug/deps/libhistorian-29bdc6abb98cf136.rlib --extern itoa=/opt/rustwide/target/debug/deps/libitoa-bb6e72adf1f647aa.rlib --extern json=/opt/rustwide/target/debug/deps/libjson-0b610d922f888269.rlib --extern lazy_static=/opt/rustwide/target/debug/deps/liblazy_static-42ec64c94dbf69cf.rlib --extern libc=/opt/rustwide/target/debug/deps/liblibc-300e520a62f7698a.rlib --extern log=/opt/rustwide/target/debug/deps/liblog-e1b54939c122a12d.rlib --extern memchr=/opt/rustwide/target/debug/deps/libmemchr-33f0f7da266b2ec7.rlib --extern nats_aflowt=/opt/rustwide/target/debug/deps/libnats_aflowt-7528063c34b03e4d.rlib --extern nkeys=/opt/rustwide/target/debug/deps/libnkeys-f42d2d1ee831225d.rlib --extern nuid=/opt/rustwide/target/debug/deps/libnuid-36c631025637d532.rlib --extern once_cell=/opt/rustwide/target/debug/deps/libonce_cell-8d87c72471c06107.rlib --extern parking_lot=/opt/rustwide/target/debug/deps/libparking_lot-a6aa5fcd982b20e1.rlib --extern pin_project=/opt/rustwide/target/debug/deps/libpin_project-ed9a201871420b6b.rlib --extern pin_utils=/opt/rustwide/target/debug/deps/libpin_utils-cf166e5282202930.rlib --extern quicli=/opt/rustwide/target/debug/deps/libquicli-c69dc3ebc66a1528.rlib --extern rand=/opt/rustwide/target/debug/deps/librand-1f11c89f9776a207.rlib --extern regex=/opt/rustwide/target/debug/deps/libregex-a4e5166045db244f.rlib --extern rustls_native_certs=/opt/rustwide/target/debug/deps/librustls_native_certs-fa2348a63e20b2a6.rlib --extern rustls_pemfile=/opt/rustwide/target/debug/deps/librustls_pemfile-63279c1849aba3f8.rlib --extern serde=/opt/rustwide/target/debug/deps/libserde-2a564ef6b663f4ac.rlib --extern serde_json=/opt/rustwide/target/debug/deps/libserde_json-0c8bf7d35beda118.rlib --extern serde_nanos=/opt/rustwide/target/debug/deps/libserde_nanos-256df71a42c6b0a9.rlib --extern serde_repr=/opt/rustwide/target/debug/deps/libserde_repr-4132b614f316bc7d.so --extern smol=/opt/rustwide/target/debug/deps/libsmol-7088c836365dc34f.rlib --extern structopt=/opt/rustwide/target/debug/deps/libstructopt-36eb41351e571b59.rlib --extern time=/opt/rustwide/target/debug/deps/libtime-85ff1bea54b4e21c.rlib --extern tokio=/opt/rustwide/target/debug/deps/libtokio-a7b484578185e1c4.rlib --extern tokio_rustls=/opt/rustwide/target/debug/deps/libtokio_rustls-59129623ead799bd.rlib --extern tokio_stream=/opt/rustwide/target/debug/deps/libtokio_stream-909c782c3057a6c6.rlib --extern url=/opt/rustwide/target/debug/deps/liburl-a42cf7e77a8e8f3c.rlib --extern webpki=/opt/rustwide/target/debug/deps/libwebpki-7691b79ed1efc690.rlib --cap-lints=warn -L native=/opt/rustwide/target/debug/build/ring-c661407c2e015e47/out` (signal: 9, SIGKILL: kill)
[INFO] [stderr] error: could not compile `nats-aflowt` (example "push_drain")
[INFO] [stderr] 
[INFO] [stderr] Caused by:
[INFO] [stderr]   process didn't exit successfully: `/opt/rustwide/rustup-home/toolchains/1.75.0-x86_64-unknown-linux-gnu/bin/rustc --crate-name push_drain --edition=2021 examples/push_drain.rs --error-format=json --json=diagnostic-rendered-ansi,artifacts,future-incompat --crate-type bin --emit=dep-info,link -C embed-bitcode=no -C debuginfo=2 -C split-debuginfo=unpacked --cfg 'feature="default"' -C metadata=8b114b177d0f3012 -C extra-filename=-8b114b177d0f3012 --out-dir /opt/rustwide/target/debug/examples -L dependency=/opt/rustwide/target/debug/deps --extern async_stream=/opt/rustwide/target/debug/deps/libasync_stream-7e7181f3175004c3.rlib --extern async_trait=/opt/rustwide/target/debug/deps/libasync_trait-8a18d534971a30d1.so --extern base64=/opt/rustwide/target/debug/deps/libbase64-4b6a299b1618568c.rlib --extern base64_url=/opt/rustwide/target/debug/deps/libbase64_url-2586e2c04197bcd8.rlib --extern blocking=/opt/rustwide/target/debug/deps/libblocking-cc79f0d294b64b31.rlib --extern criterion=/opt/rustwide/target/debug/deps/libcriterion-cffc5647e72168bd.rlib --extern env_logger=/opt/rustwide/target/debug/deps/libenv_logger-d06fadf9c67aabef.rlib --extern fastrand=/opt/rustwide/target/debug/deps/libfastrand-b5f1bc702d3780c1.rlib --extern futures=/opt/rustwide/target/debug/deps/libfutures-0d8126ada2cb3e3d.rlib --extern historian=/opt/rustwide/target/debug/deps/libhistorian-29bdc6abb98cf136.rlib --extern itoa=/opt/rustwide/target/debug/deps/libitoa-bb6e72adf1f647aa.rlib --extern json=/opt/rustwide/target/debug/deps/libjson-0b610d922f888269.rlib --extern lazy_static=/opt/rustwide/target/debug/deps/liblazy_static-42ec64c94dbf69cf.rlib --extern libc=/opt/rustwide/target/debug/deps/liblibc-300e520a62f7698a.rlib --extern log=/opt/rustwide/target/debug/deps/liblog-e1b54939c122a12d.rlib --extern memchr=/opt/rustwide/target/debug/deps/libmemchr-33f0f7da266b2ec7.rlib --extern nats_aflowt=/opt/rustwide/target/debug/deps/libnats_aflowt-7528063c34b03e4d.rlib --extern nkeys=/opt/rustwide/target/debug/deps/libnkeys-f42d2d1ee831225d.rlib --extern nuid=/opt/rustwide/target/debug/deps/libnuid-36c631025637d532.rlib --extern once_cell=/opt/rustwide/target/debug/deps/libonce_cell-8d87c72471c06107.rlib --extern parking_lot=/opt/rustwide/target/debug/deps/libparking_lot-a6aa5fcd982b20e1.rlib --extern pin_project=/opt/rustwide/target/debug/deps/libpin_project-ed9a201871420b6b.rlib --extern pin_utils=/opt/rustwide/target/debug/deps/libpin_utils-cf166e5282202930.rlib --extern quicli=/opt/rustwide/target/debug/deps/libquicli-c69dc3ebc66a1528.rlib --extern rand=/opt/rustwide/target/debug/deps/librand-1f11c89f9776a207.rlib --extern regex=/opt/rustwide/target/debug/deps/libregex-a4e5166045db244f.rlib --extern rustls_native_certs=/opt/rustwide/target/debug/deps/librustls_native_certs-fa2348a63e20b2a6.rlib --extern rustls_pemfile=/opt/rustwide/target/debug/deps/librustls_pemfile-63279c1849aba3f8.rlib --extern serde=/opt/rustwide/target/debug/deps/libserde-2a564ef6b663f4ac.rlib --extern serde_json=/opt/rustwide/target/debug/deps/libserde_json-0c8bf7d35beda118.rlib --extern serde_nanos=/opt/rustwide/target/debug/deps/libserde_nanos-256df71a42c6b0a9.rlib --extern serde_repr=/opt/rustwide/target/debug/deps/libserde_repr-4132b614f316bc7d.so --extern smol=/opt/rustwide/target/debug/deps/libsmol-7088c836365dc34f.rlib --extern structopt=/opt/rustwide/target/debug/deps/libstructopt-36eb41351e571b59.rlib --extern time=/opt/rustwide/target/debug/deps/libtime-85ff1bea54b4e21c.rlib --extern tokio=/opt/rustwide/target/debug/deps/libtokio-a7b484578185e1c4.rlib --extern tokio_rustls=/opt/rustwide/target/debug/deps/libtokio_rustls-59129623ead799bd.rlib --extern tokio_stream=/opt/rustwide/target/debug/deps/libtokio_stream-909c782c3057a6c6.rlib --extern url=/opt/rustwide/target/debug/deps/liburl-a42cf7e77a8e8f3c.rlib --extern webpki=/opt/rustwide/target/debug/deps/libwebpki-7691b79ed1efc690.rlib --cap-lints=warn -L native=/opt/rustwide/target/debug/build/ring-c661407c2e015e47/out` (signal: 9, SIGKILL: kill)
[INFO] [stderr] error: could not compile `nats-aflowt` (test "async_errors")
[INFO] [stderr] 
[INFO] [stderr] Caused by:
[INFO] [stderr]   process didn't exit successfully: `/opt/rustwide/rustup-home/toolchains/1.75.0-x86_64-unknown-linux-gnu/bin/rustc --crate-name async_errors --edition=2021 tests/async_errors.rs --error-format=json --json=diagnostic-rendered-ansi,artifacts,future-incompat --emit=dep-info,link -C embed-bitcode=no -C debuginfo=2 -C split-debuginfo=unpacked --test --cfg 'feature="default"' -C metadata=8be5b2e1b9763d98 -C extra-filename=-8be5b2e1b9763d98 --out-dir /opt/rustwide/target/debug/deps -L dependency=/opt/rustwide/target/debug/deps --extern async_stream=/opt/rustwide/target/debug/deps/libasync_stream-7e7181f3175004c3.rlib --extern async_trait=/opt/rustwide/target/debug/deps/libasync_trait-8a18d534971a30d1.so --extern base64=/opt/rustwide/target/debug/deps/libbase64-4b6a299b1618568c.rlib --extern base64_url=/opt/rustwide/target/debug/deps/libbase64_url-2586e2c04197bcd8.rlib --extern blocking=/opt/rustwide/target/debug/deps/libblocking-cc79f0d294b64b31.rlib --extern criterion=/opt/rustwide/target/debug/deps/libcriterion-cffc5647e72168bd.rlib --extern env_logger=/opt/rustwide/target/debug/deps/libenv_logger-d06fadf9c67aabef.rlib --extern fastrand=/opt/rustwide/target/debug/deps/libfastrand-b5f1bc702d3780c1.rlib --extern futures=/opt/rustwide/target/debug/deps/libfutures-0d8126ada2cb3e3d.rlib --extern historian=/opt/rustwide/target/debug/deps/libhistorian-29bdc6abb98cf136.rlib --extern itoa=/opt/rustwide/target/debug/deps/libitoa-bb6e72adf1f647aa.rlib --extern json=/opt/rustwide/target/debug/deps/libjson-0b610d922f888269.rlib --extern lazy_static=/opt/rustwide/target/debug/deps/liblazy_static-42ec64c94dbf69cf.rlib --extern libc=/opt/rustwide/target/debug/deps/liblibc-300e520a62f7698a.rlib --extern log=/opt/rustwide/target/debug/deps/liblog-e1b54939c122a12d.rlib --extern memchr=/opt/rustwide/target/debug/deps/libmemchr-33f0f7da266b2ec7.rlib --extern nats_aflowt=/opt/rustwide/target/debug/deps/libnats_aflowt-7528063c34b03e4d.rlib --extern nkeys=/opt/rustwide/target/debug/deps/libnkeys-f42d2d1ee831225d.rlib --extern nuid=/opt/rustwide/target/debug/deps/libnuid-36c631025637d532.rlib --extern once_cell=/opt/rustwide/target/debug/deps/libonce_cell-8d87c72471c06107.rlib --extern parking_lot=/opt/rustwide/target/debug/deps/libparking_lot-a6aa5fcd982b20e1.rlib --extern pin_project=/opt/rustwide/target/debug/deps/libpin_project-ed9a201871420b6b.rlib --extern pin_utils=/opt/rustwide/target/debug/deps/libpin_utils-cf166e5282202930.rlib --extern quicli=/opt/rustwide/target/debug/deps/libquicli-c69dc3ebc66a1528.rlib --extern rand=/opt/rustwide/target/debug/deps/librand-1f11c89f9776a207.rlib --extern regex=/opt/rustwide/target/debug/deps/libregex-a4e5166045db244f.rlib --extern rustls_native_certs=/opt/rustwide/target/debug/deps/librustls_native_certs-fa2348a63e20b2a6.rlib --extern rustls_pemfile=/opt/rustwide/target/debug/deps/librustls_pemfile-63279c1849aba3f8.rlib --extern serde=/opt/rustwide/target/debug/deps/libserde-2a564ef6b663f4ac.rlib --extern serde_json=/opt/rustwide/target/debug/deps/libserde_json-0c8bf7d35beda118.rlib --extern serde_nanos=/opt/rustwide/target/debug/deps/libserde_nanos-256df71a42c6b0a9.rlib --extern serde_repr=/opt/rustwide/target/debug/deps/libserde_repr-4132b614f316bc7d.so --extern smol=/opt/rustwide/target/debug/deps/libsmol-7088c836365dc34f.rlib --extern structopt=/opt/rustwide/target/debug/deps/libstructopt-36eb41351e571b59.rlib --extern time=/opt/rustwide/target/debug/deps/libtime-85ff1bea54b4e21c.rlib --extern tokio=/opt/rustwide/target/debug/deps/libtokio-a7b484578185e1c4.rlib --extern tokio_rustls=/opt/rustwide/target/debug/deps/libtokio_rustls-59129623ead799bd.rlib --extern tokio_stream=/opt/rustwide/target/debug/deps/libtokio_stream-909c782c3057a6c6.rlib --extern url=/opt/rustwide/target/debug/deps/liburl-a42cf7e77a8e8f3c.rlib --extern webpki=/opt/rustwide/target/debug/deps/libwebpki-7691b79ed1efc690.rlib --cap-lints=warn -L native=/opt/rustwide/target/debug/build/ring-c661407c2e015e47/out` (signal: 9, SIGKILL: kill)
[INFO] [stderr] error: could not compile `nats-aflowt` (example "nats-box")
[INFO] [stderr] 
[INFO] [stderr] Caused by:
[INFO] [stderr]   process didn't exit successfully: `/opt/rustwide/rustup-home/toolchains/1.75.0-x86_64-unknown-linux-gnu/bin/rustc --crate-name nats_box --edition=2021 examples/nats-box/main.rs --error-format=json --json=diagnostic-rendered-ansi,artifacts,future-incompat --crate-type bin --emit=dep-info,link -C embed-bitcode=no -C debuginfo=2 -C split-debuginfo=unpacked --cfg 'feature="default"' -C metadata=88647442ff7ab7c6 -C extra-filename=-88647442ff7ab7c6 --out-dir /opt/rustwide/target/debug/examples -L dependency=/opt/rustwide/target/debug/deps --extern async_stream=/opt/rustwide/target/debug/deps/libasync_stream-7e7181f3175004c3.rlib --extern async_trait=/opt/rustwide/target/debug/deps/libasync_trait-8a18d534971a30d1.so --extern base64=/opt/rustwide/target/debug/deps/libbase64-4b6a299b1618568c.rlib --extern base64_url=/opt/rustwide/target/debug/deps/libbase64_url-2586e2c04197bcd8.rlib --extern blocking=/opt/rustwide/target/debug/deps/libblocking-cc79f0d294b64b31.rlib --extern criterion=/opt/rustwide/target/debug/deps/libcriterion-cffc5647e72168bd.rlib --extern env_logger=/opt/rustwide/target/debug/deps/libenv_logger-d06fadf9c67aabef.rlib --extern fastrand=/opt/rustwide/target/debug/deps/libfastrand-b5f1bc702d3780c1.rlib --extern futures=/opt/rustwide/target/debug/deps/libfutures-0d8126ada2cb3e3d.rlib --extern historian=/opt/rustwide/target/debug/deps/libhistorian-29bdc6abb98cf136.rlib --extern itoa=/opt/rustwide/target/debug/deps/libitoa-bb6e72adf1f647aa.rlib --extern json=/opt/rustwide/target/debug/deps/libjson-0b610d922f888269.rlib --extern lazy_static=/opt/rustwide/target/debug/deps/liblazy_static-42ec64c94dbf69cf.rlib --extern libc=/opt/rustwide/target/debug/deps/liblibc-300e520a62f7698a.rlib --extern log=/opt/rustwide/target/debug/deps/liblog-e1b54939c122a12d.rlib --extern memchr=/opt/rustwide/target/debug/deps/libmemchr-33f0f7da266b2ec7.rlib --extern nats_aflowt=/opt/rustwide/target/debug/deps/libnats_aflowt-7528063c34b03e4d.rlib --extern nkeys=/opt/rustwide/target/debug/deps/libnkeys-f42d2d1ee831225d.rlib --extern nuid=/opt/rustwide/target/debug/deps/libnuid-36c631025637d532.rlib --extern once_cell=/opt/rustwide/target/debug/deps/libonce_cell-8d87c72471c06107.rlib --extern parking_lot=/opt/rustwide/target/debug/deps/libparking_lot-a6aa5fcd982b20e1.rlib --extern pin_project=/opt/rustwide/target/debug/deps/libpin_project-ed9a201871420b6b.rlib --extern pin_utils=/opt/rustwide/target/debug/deps/libpin_utils-cf166e5282202930.rlib --extern quicli=/opt/rustwide/target/debug/deps/libquicli-c69dc3ebc66a1528.rlib --extern rand=/opt/rustwide/target/debug/deps/librand-1f11c89f9776a207.rlib --extern regex=/opt/rustwide/target/debug/deps/libregex-a4e5166045db244f.rlib --extern rustls_native_certs=/opt/rustwide/target/debug/deps/librustls_native_certs-fa2348a63e20b2a6.rlib --extern rustls_pemfile=/opt/rustwide/target/debug/deps/librustls_pemfile-63279c1849aba3f8.rlib --extern serde=/opt/rustwide/target/debug/deps/libserde-2a564ef6b663f4ac.rlib --extern serde_json=/opt/rustwide/target/debug/deps/libserde_json-0c8bf7d35beda118.rlib --extern serde_nanos=/opt/rustwide/target/debug/deps/libserde_nanos-256df71a42c6b0a9.rlib --extern serde_repr=/opt/rustwide/target/debug/deps/libserde_repr-4132b614f316bc7d.so --extern smol=/opt/rustwide/target/debug/deps/libsmol-7088c836365dc34f.rlib --extern structopt=/opt/rustwide/target/debug/deps/libstructopt-36eb41351e571b59.rlib --extern time=/opt/rustwide/target/debug/deps/libtime-85ff1bea54b4e21c.rlib --extern tokio=/opt/rustwide/target/debug/deps/libtokio-a7b484578185e1c4.rlib --extern tokio_rustls=/opt/rustwide/target/debug/deps/libtokio_rustls-59129623ead799bd.rlib --extern tokio_stream=/opt/rustwide/target/debug/deps/libtokio_stream-909c782c3057a6c6.rlib --extern url=/opt/rustwide/target/debug/deps/liburl-a42cf7e77a8e8f3c.rlib --extern webpki=/opt/rustwide/target/debug/deps/libwebpki-7691b79ed1efc690.rlib --cap-lints=warn -L native=/opt/rustwide/target/debug/build/ring-c661407c2e015e47/out` (signal: 9, SIGKILL: kill)
[INFO] [stderr] error: could not compile `nats-aflowt` (test "lame_duck_mode")
[INFO] [stderr] 
[INFO] [stderr] Caused by:
[INFO] [stderr]   process didn't exit successfully: `/opt/rustwide/rustup-home/toolchains/1.75.0-x86_64-unknown-linux-gnu/bin/rustc --crate-name lame_duck_mode --edition=2021 tests/lame_duck_mode.rs --error-format=json --json=diagnostic-rendered-ansi,artifacts,future-incompat --emit=dep-info,link -C embed-bitcode=no -C debuginfo=2 -C split-debuginfo=unpacked --test --cfg 'feature="default"' -C metadata=051aee11169a01a5 -C extra-filename=-051aee11169a01a5 --out-dir /opt/rustwide/target/debug/deps -L dependency=/opt/rustwide/target/debug/deps --extern async_stream=/opt/rustwide/target/debug/deps/libasync_stream-7e7181f3175004c3.rlib --extern async_trait=/opt/rustwide/target/debug/deps/libasync_trait-8a18d534971a30d1.so --extern base64=/opt/rustwide/target/debug/deps/libbase64-4b6a299b1618568c.rlib --extern base64_url=/opt/rustwide/target/debug/deps/libbase64_url-2586e2c04197bcd8.rlib --extern blocking=/opt/rustwide/target/debug/deps/libblocking-cc79f0d294b64b31.rlib --extern criterion=/opt/rustwide/target/debug/deps/libcriterion-cffc5647e72168bd.rlib --extern env_logger=/opt/rustwide/target/debug/deps/libenv_logger-d06fadf9c67aabef.rlib --extern fastrand=/opt/rustwide/target/debug/deps/libfastrand-b5f1bc702d3780c1.rlib --extern futures=/opt/rustwide/target/debug/deps/libfutures-0d8126ada2cb3e3d.rlib --extern historian=/opt/rustwide/target/debug/deps/libhistorian-29bdc6abb98cf136.rlib --extern itoa=/opt/rustwide/target/debug/deps/libitoa-bb6e72adf1f647aa.rlib --extern json=/opt/rustwide/target/debug/deps/libjson-0b610d922f888269.rlib --extern lazy_static=/opt/rustwide/target/debug/deps/liblazy_static-42ec64c94dbf69cf.rlib --extern libc=/opt/rustwide/target/debug/deps/liblibc-300e520a62f7698a.rlib --extern log=/opt/rustwide/target/debug/deps/liblog-e1b54939c122a12d.rlib --extern memchr=/opt/rustwide/target/debug/deps/libmemchr-33f0f7da266b2ec7.rlib --extern nats_aflowt=/opt/rustwide/target/debug/deps/libnats_aflowt-7528063c34b03e4d.rlib --extern nkeys=/opt/rustwide/target/debug/deps/libnkeys-f42d2d1ee831225d.rlib --extern nuid=/opt/rustwide/target/debug/deps/libnuid-36c631025637d532.rlib --extern once_cell=/opt/rustwide/target/debug/deps/libonce_cell-8d87c72471c06107.rlib --extern parking_lot=/opt/rustwide/target/debug/deps/libparking_lot-a6aa5fcd982b20e1.rlib --extern pin_project=/opt/rustwide/target/debug/deps/libpin_project-ed9a201871420b6b.rlib --extern pin_utils=/opt/rustwide/target/debug/deps/libpin_utils-cf166e5282202930.rlib --extern quicli=/opt/rustwide/target/debug/deps/libquicli-c69dc3ebc66a1528.rlib --extern rand=/opt/rustwide/target/debug/deps/librand-1f11c89f9776a207.rlib --extern regex=/opt/rustwide/target/debug/deps/libregex-a4e5166045db244f.rlib --extern rustls_native_certs=/opt/rustwide/target/debug/deps/librustls_native_certs-fa2348a63e20b2a6.rlib --extern rustls_pemfile=/opt/rustwide/target/debug/deps/librustls_pemfile-63279c1849aba3f8.rlib --extern serde=/opt/rustwide/target/debug/deps/libserde-2a564ef6b663f4ac.rlib --extern serde_json=/opt/rustwide/target/debug/deps/libserde_json-0c8bf7d35beda118.rlib --extern serde_nanos=/opt/rustwide/target/debug/deps/libserde_nanos-256df71a42c6b0a9.rlib --extern serde_repr=/opt/rustwide/target/debug/deps/libserde_repr-4132b614f316bc7d.so --extern smol=/opt/rustwide/target/debug/deps/libsmol-7088c836365dc34f.rlib --extern structopt=/opt/rustwide/target/debug/deps/libstructopt-36eb41351e571b59.rlib --extern time=/opt/rustwide/target/debug/deps/libtime-85ff1bea54b4e21c.rlib --extern tokio=/opt/rustwide/target/debug/deps/libtokio-a7b484578185e1c4.rlib --extern tokio_rustls=/opt/rustwide/target/debug/deps/libtokio_rustls-59129623ead799bd.rlib --extern tokio_stream=/opt/rustwide/target/debug/deps/libtokio_stream-909c782c3057a6c6.rlib --extern url=/opt/rustwide/target/debug/deps/liburl-a42cf7e77a8e8f3c.rlib --extern webpki=/opt/rustwide/target/debug/deps/libwebpki-7691b79ed1efc690.rlib --cap-lints=warn -L native=/opt/rustwide/target/debug/build/ring-c661407c2e015e47/out` (signal: 9, SIGKILL: kill)
[INFO] [stdout] error: linking with `cc` failed: exit status: 1
[INFO] [stdout]   |
[INFO] [stdout]   = note: LC_ALL="C" PATH="/opt/rustwide/rustup-home/toolchains/1.75.0-x86_64-unknown-linux-gnu/lib/rustlib/x86_64-unknown-linux-gnu/bin:/opt/rustwide/cargo-home/bin:/usr/local/sbin:/usr/local/bin:/usr/sbin:/usr/bin:/sbin:/bin" VSLANG="1033" "cc" "-m64" "/tmp/rustcVoTCxc/symbols.o" "/opt/rustwide/target/debug/deps/drop-f1caa7cbaa0b29c0.drop.8706d0148146fc7c-cgu.00.rcgu.o" "/opt/rustwide/target/debug/deps/drop-f1caa7cbaa0b29c0.drop.8706d0148146fc7c-cgu.01.rcgu.o" "/opt/rustwide/target/debug/deps/drop-f1caa7cbaa0b29c0.drop.8706d0148146fc7c-cgu.02.rcgu.o" "/opt/rustwide/target/debug/deps/drop-f1caa7cbaa0b29c0.drop.8706d0148146fc7c-cgu.03.rcgu.o" "/opt/rustwide/target/debug/deps/drop-f1caa7cbaa0b29c0.drop.8706d0148146fc7c-cgu.04.rcgu.o" "/opt/rustwide/target/debug/deps/drop-f1caa7cbaa0b29c0.drop.8706d0148146fc7c-cgu.05.rcgu.o" "/opt/rustwide/target/debug/deps/drop-f1caa7cbaa0b29c0.drop.8706d0148146fc7c-cgu.06.rcgu.o" "/opt/rustwide/target/debug/deps/drop-f1caa7cbaa0b29c0.drop.8706d0148146fc7c-cgu.07.rcgu.o" "/opt/rustwide/target/debug/deps/drop-f1caa7cbaa0b29c0.drop.8706d0148146fc7c-cgu.08.rcgu.o" "/opt/rustwide/target/debug/deps/drop-f1caa7cbaa0b29c0.drop.8706d0148146fc7c-cgu.09.rcgu.o" "/opt/rustwide/target/debug/deps/drop-f1caa7cbaa0b29c0.drop.8706d0148146fc7c-cgu.10.rcgu.o" "/opt/rustwide/target/debug/deps/drop-f1caa7cbaa0b29c0.drop.8706d0148146fc7c-cgu.11.rcgu.o" "/opt/rustwide/target/debug/deps/drop-f1caa7cbaa0b29c0.drop.8706d0148146fc7c-cgu.12.rcgu.o" "/opt/rustwide/target/debug/deps/drop-f1caa7cbaa0b29c0.drop.8706d0148146fc7c-cgu.13.rcgu.o" "/opt/rustwide/target/debug/deps/drop-f1caa7cbaa0b29c0.drop.8706d0148146fc7c-cgu.14.rcgu.o" "/opt/rustwide/target/debug/deps/drop-f1caa7cbaa0b29c0.drop.8706d0148146fc7c-cgu.15.rcgu.o" "/opt/rustwide/target/debug/deps/drop-f1caa7cbaa0b29c0.1653h59hlsqv7le6.rcgu.o" "-Wl,--as-needed" "-L" "/opt/rustwide/target/debug/deps" "-L" "/opt/rustwide/target/debug/build/ring-c661407c2e015e47/out" "-L" "/opt/rustwide/rustup-home/toolchains/1.75.0-x86_64-unknown-linux-gnu/lib/rustlib/x86_64-unknown-linux-gnu/lib" "-Wl,-Bstatic" "/opt/rustwide/rustup-home/toolchains/1.75.0-x86_64-unknown-linux-gnu/lib/rustlib/x86_64-unknown-linux-gnu/lib/libtest-3df1bed8075ce1de.rlib" "/opt/rustwide/rustup-home/toolchains/1.75.0-x86_64-unknown-linux-gnu/lib/rustlib/x86_64-unknown-linux-gnu/lib/libgetopts-2076fd86b325cb5d.rlib" "/opt/rustwide/rustup-home/toolchains/1.75.0-x86_64-unknown-linux-gnu/lib/rustlib/x86_64-unknown-linux-gnu/lib/libunicode_width-caa7152ee70c190f.rlib" "/opt/rustwide/rustup-home/toolchains/1.75.0-x86_64-unknown-linux-gnu/lib/rustlib/x86_64-unknown-linux-gnu/lib/librustc_std_workspace_std-04e6425e07f02a3c.rlib" "/opt/rustwide/target/debug/deps/libnats_aflowt-7528063c34b03e4d.rlib" "/opt/rustwide/target/debug/deps/libserde_json-0c8bf7d35beda118.rlib" "/opt/rustwide/target/debug/deps/libryu-3f5f1fb5705e4a84.rlib" "/opt/rustwide/target/debug/deps/libserde_nanos-256df71a42c6b0a9.rlib" "/opt/rustwide/target/debug/deps/libnuid-36c631025637d532.rlib" "/opt/rustwide/target/debug/deps/libfastrand-b5f1bc702d3780c1.rlib" "/opt/rustwide/target/debug/deps/librustls_native_certs-fa2348a63e20b2a6.rlib" "/opt/rustwide/target/debug/deps/librustls_pemfile-c81b0aebe8b9aa1c.rlib" "/opt/rustwide/target/debug/deps/libopenssl_probe-a4690a0dee427556.rlib" "/opt/rustwide/target/debug/deps/librustls_pemfile-63279c1849aba3f8.rlib" "/opt/rustwide/target/debug/deps/libbase64_url-2586e2c04197bcd8.rlib" "/opt/rustwide/target/debug/deps/libbase64-4b6a299b1618568c.rlib" "/opt/rustwide/target/debug/deps/libasync_stream-7e7181f3175004c3.rlib" "/opt/rustwide/target/debug/deps/libjson-0b610d922f888269.rlib" "/opt/rustwide/target/debug/deps/libtokio_rustls-59129623ead799bd.rlib" "/opt/rustwide/target/debug/deps/librustls-9c88ddec47a351b1.rlib" "/opt/rustwide/target/debug/deps/libsct-3be3e957d06b49db.rlib" "/opt/rustwide/target/debug/deps/libwebpki-7691b79ed1efc690.rlib" "/opt/rustwide/target/debug/deps/libring-88059e912197370b.rlib" "/opt/rustwide/target/debug/deps/libspin-5040c9d97952ee5d.rlib" "/opt/rustwide/target/debug/deps/libuntrusted-bc769e65799cc5d7.rlib" "/opt/rustwide/target/debug/deps/libpin_project-ed9a201871420b6b.rlib" "/opt/rustwide/target/debug/deps/libfutures-0d8126ada2cb3e3d.rlib" "/opt/rustwide/target/debug/deps/libfutures_executor-2170778afd56c5c1.rlib" "/opt/rustwide/target/debug/deps/libfutures_util-a735ccfdf7d44dca.rlib" "/opt/rustwide/target/debug/deps/libfutures_io-5bfabc38b511c796.rlib" "/opt/rustwide/target/debug/deps/libslab-7fc4ce5252868002.rlib" "/opt/rustwide/target/debug/deps/libfutures_channel-d13c0555d6e222a7.rlib" "/opt/rustwide/target/debug/deps/libfutures_sink-2bebb645ec5c6d11.rlib" "/opt/rustwide/target/debug/deps/libfutures_task-940862ee89a3ec31.rlib" "/opt/rustwide/target/debug/deps/libpin_utils-cf166e5282202930.rlib" "/opt/rustwide/target/debug/deps/libfutures_core-77c9a0eea9f90509.rlib" "/opt/rustwide/target/debug/deps/libtime-85ff1bea54b4e21c.rlib" "/opt/rustwide/target/debug/deps/libitoa-bb6e72adf1f647aa.rlib" "/opt/rustwide/target/debug/deps/libserde-2a564ef6b663f4ac.rlib" "/opt/rustwide/target/debug/deps/liburl-a42cf7e77a8e8f3c.rlib" "/opt/rustwide/target/debug/deps/libidna-e1a812ff64b12e03.rlib" "/opt/rustwide/target/debug/deps/libunicode_normalization-99633a9b284ed408.rlib" "/opt/rustwide/target/debug/deps/libtinyvec-8ede1410faae67cc.rlib" "/opt/rustwide/target/debug/deps/libtinyvec_macros-3d8269d3cd705b63.rlib" "/opt/rustwide/target/debug/deps/libunicode_bidi-7cfb02172296c123.rlib" "/opt/rustwide/target/debug/deps/libform_urlencoded-6e497d0d2264ac23.rlib" "/opt/rustwide/target/debug/deps/libpercent_encoding-4eb47278167fc8c5.rlib" "/opt/rustwide/target/debug/deps/libmatches-6a5a2f00338d2125.rlib" "/opt/rustwide/target/debug/deps/libtokio-a7b484578185e1c4.rlib" "/opt/rustwide/target/debug/deps/libsignal_hook_registry-c160abb3ec16c462.rlib" "/opt/rustwide/target/debug/deps/libnum_cpus-03c8c745618b2360.rlib" "/opt/rustwide/target/debug/deps/libbytes-b9ee4a8f4dd408ef.rlib" "/opt/rustwide/target/debug/deps/libmio-6481569cf3847caf.rlib" "/opt/rustwide/target/debug/deps/libpin_project_lite-6e8a1f74680f8cf0.rlib" "/opt/rustwide/target/debug/deps/libparking_lot-3797fdb393c5bce2.rlib" "/opt/rustwide/target/debug/deps/libparking_lot_core-e71eefd32d5351ba.rlib" "/opt/rustwide/target/debug/deps/libsmallvec-b612547de98b2dbc.rlib" "/opt/rustwide/target/debug/deps/liblock_api-a241322aa1972a11.rlib" "/opt/rustwide/target/debug/deps/libscopeguard-60e6274d8fe06fbc.rlib" "/opt/rustwide/target/debug/deps/libinstant-c0875febabed1d31.rlib" "/opt/rustwide/target/debug/deps/liblog-e1b54939c122a12d.rlib" "/opt/rustwide/target/debug/deps/libregex-a4e5166045db244f.rlib" "/opt/rustwide/target/debug/deps/libaho_corasick-9f6b03d28786be9e.rlib" "/opt/rustwide/target/debug/deps/libmemchr-33f0f7da266b2ec7.rlib" "/opt/rustwide/target/debug/deps/libregex_syntax-94a2ece234eda6e7.rlib" "/opt/rustwide/target/debug/deps/libonce_cell-8d87c72471c06107.rlib" "/opt/rustwide/target/debug/deps/libnkeys-f42d2d1ee831225d.rlib" "/opt/rustwide/target/debug/deps/libdata_encoding-ef9ecd481adcd31c.rlib" "/opt/rustwide/target/debug/deps/libsignatory-cabb895faf360d55.rlib" "/opt/rustwide/target/debug/deps/libpkcs8-5dd7f170d261e51d.rlib" "/opt/rustwide/target/debug/deps/libpem_rfc7468-560d61fdb623008b.rlib" "/opt/rustwide/target/debug/deps/libbase64ct-114f8c7a5abaeaed.rlib" "/opt/rustwide/target/debug/deps/libspki-39a12242a223ad22.rlib" "/opt/rustwide/target/debug/deps/libder-71309c5205ddb803.rlib" "/opt/rustwide/target/debug/deps/libconst_oid-6844d7bb429d4719.rlib" "/opt/rustwide/target/debug/deps/librand-1f11c89f9776a207.rlib" "/opt/rustwide/target/debug/deps/librand_chacha-eff66acc6af69929.rlib" "/opt/rustwide/target/debug/deps/libppv_lite86-09f0ba60caf6a029.rlib" "/opt/rustwide/target/debug/deps/librand_core-3a735f963d97d1b1.rlib" "/opt/rustwide/target/debug/deps/libgetrandom-01a4d1a87c4bb184.rlib" "/opt/rustwide/target/debug/deps/liblibc-300e520a62f7698a.rlib" "/opt/rustwide/target/debug/deps/libed25519_dalek-c3bc322542675a07.rlib" "/opt/rustwide/target/debug/deps/libsha2-c543773b9338c8b3.rlib" "/opt/rustwide/target/debug/deps/libcpufeatures-2aa161de0ea91fd9.rlib" "/opt/rustwide/target/debug/deps/libcfg_if-eb90fc9f7df5c2ab.rlib" "/opt/rustwide/target/debug/deps/libopaque_debug-ee4f441ece4a320d.rlib" "/opt/rustwide/target/debug/deps/libblock_buffer-3299b249822bdc8d.rlib" "/opt/rustwide/target/debug/deps/libcurve25519_dalek-06afa90cf744e1fe.rlib" "/opt/rustwide/target/debug/deps/libsubtle-31dc3a4c0ae06157.rlib" "/opt/rustwide/target/debug/deps/libzeroize-d1bbea873eb16e6f.rlib" "/opt/rustwide/target/debug/deps/librand_core-67cf80cffad00199.rlib" "/opt/rustwide/target/debug/deps/libdigest-a32fab6cd141349d.rlib" "/opt/rustwide/target/debug/deps/libgeneric_array-20fa23028733711e.rlib" "/opt/rustwide/target/debug/deps/libtypenum-d67db1c4cf1a79cb.rlib" "/opt/rustwide/target/debug/deps/libbyteorder-3519268747ea43bf.rlib" "/opt/rustwide/target/debug/deps/libed25519-813530f0499668cc.rlib" "/opt/rustwide/target/debug/deps/libsignature-151a9318adaa3b52.rlib" "/opt/rustwide/target/debug/deps/liblazy_static-42ec64c94dbf69cf.rlib" "/opt/rustwide/rustup-home/toolchains/1.75.0-x86_64-unknown-linux-gnu/lib/rustlib/x86_64-unknown-linux-gnu/lib/libstd-90f6ddbf82de36ec.rlib" "/opt/rustwide/rustup-home/toolchains/1.75.0-x86_64-unknown-linux-gnu/lib/rustlib/x86_64-unknown-linux-gnu/lib/libpanic_unwind-480c41e9d4e1f677.rlib" "/opt/rustwide/rustup-home/toolchains/1.75.0-x86_64-unknown-linux-gnu/lib/rustlib/x86_64-unknown-linux-gnu/lib/libobject-db744c0ca03eed1d.rlib" "/opt/rustwide/rustup-home/toolchains/1.75.0-x86_64-unknown-linux-gnu/lib/rustlib/x86_64-unknown-linux-gnu/lib/libmemchr-8ba652dc7d4b285a.rlib" "/opt/rustwide/rustup-home/toolchains/1.75.0-x86_64-unknown-linux-gnu/lib/rustlib/x86_64-unknown-linux-gnu/lib/libaddr2line-d5f4520a9ebc0d58.rlib" "/opt/rustwide/rustup-home/toolchains/1.75.0-x86_64-unknown-linux-gnu/lib/rustlib/x86_64-unknown-linux-gnu/lib/libgimli-4ad84de58f0cb463.rlib" "/opt/rustwide/rustup-home/toolchains/1.75.0-x86_64-unknown-linux-gnu/lib/rustlib/x86_64-unknown-linux-gnu/lib/librustc_demangle-0d10aae2e0f38735.rlib" "/opt/rustwide/rustup-home/toolchains/1.75.0-x86_64-unknown-linux-gnu/lib/rustlib/x86_64-unknown-linux-gnu/lib/libstd_detect-0c17cff739e6745b.rlib" "/opt/rustwide/rustup-home/toolchains/1.75.0-x86_64-unknown-linux-gnu/lib/rustlib/x86_64-unknown-linux-gnu/lib/libhashbrown-b29e17139dde1aa8.rlib" "/opt/rustwide/rustup-home/toolchains/1.75.0-x86_64-unknown-linux-gnu/lib/rustlib/x86_64-unknown-linux-gnu/lib/librustc_std_workspace_alloc-1f975299829cc7bd.rlib" "/opt/rustwide/rustup-home/toolchains/1.75.0-x86_64-unknown-linux-gnu/lib/rustlib/x86_64-unknown-linux-gnu/lib/libminiz_oxide-86bae3bc3079f89b.rlib" "/opt/rustwide/rustup-home/toolchains/1.75.0-x86_64-unknown-linux-gnu/lib/rustlib/x86_64-unknown-linux-gnu/lib/libadler-321b82c30dffdf5f.rlib" "/opt/rustwide/rustup-home/toolchains/1.75.0-x86_64-unknown-linux-gnu/lib/rustlib/x86_64-unknown-linux-gnu/lib/libunwind-3dd8a6810a0bdfef.rlib" "/opt/rustwide/rustup-home/toolchains/1.75.0-x86_64-unknown-linux-gnu/lib/rustlib/x86_64-unknown-linux-gnu/lib/libcfg_if-eb39a61c0c879984.rlib" "/opt/rustwide/rustup-home/toolchains/1.75.0-x86_64-unknown-linux-gnu/lib/rustlib/x86_64-unknown-linux-gnu/lib/liblibc-aa769569f91c3548.rlib" "/opt/rustwide/rustup-home/toolchains/1.75.0-x86_64-unknown-linux-gnu/lib/rustlib/x86_64-unknown-linux-gnu/lib/liballoc-510a192a50a983ed.rlib" "/opt/rustwide/rustup-home/toolchains/1.75.0-x86_64-unknown-linux-gnu/lib/rustlib/x86_64-unknown-linux-gnu/lib/librustc_std_workspace_core-0577018320f99037.rlib" "/opt/rustwide/rustup-home/toolchains/1.75.0-x86_64-unknown-linux-gnu/lib/rustlib/x86_64-unknown-linux-gnu/lib/libcore-193cf992125ccd4c.rlib" "/opt/rustwide/rustup-home/toolchains/1.75.0-x86_64-unknown-linux-gnu/lib/rustlib/x86_64-unknown-linux-gnu/lib/libcompiler_builtins-8e138eaf26ebb4a8.rlib" "-Wl,-Bdynamic" "-lgcc_s" "-lutil" "-lrt" "-lpthread" "-lm" "-ldl" "-lc" "-Wl,--eh-frame-hdr" "-Wl,-z,noexecstack" "-L" "/opt/rustwide/rustup-home/toolchains/1.75.0-x86_64-unknown-linux-gnu/lib/rustlib/x86_64-unknown-linux-gnu/lib" "-o" "/opt/rustwide/target/debug/deps/drop-f1caa7cbaa0b29c0" "-Wl,--gc-sections" "-pie" "-Wl,-z,relro,-z,now" "-nodefaultlibs"
[INFO] [stdout]   = note: collect2: fatal error: ld terminated with signal 9 [Killed]
[INFO] [stdout]           compilation terminated.
[INFO] [stdout]           
[INFO] [stdout] 
[INFO] [stdout] 
[INFO] [stdout] error: aborting due to previous error
[INFO] [stdout] 
[INFO] [stdout] 
[INFO] [stderr] error: could not compile `nats-aflowt` (test "drop") due to 2 previous errors
[INFO] [stdout] error: linking with `cc` failed: exit status: 1
[INFO] [stdout]   |
[INFO] [stdout]   = note: LC_ALL="C" PATH="/opt/rustwide/rustup-home/toolchains/1.75.0-x86_64-unknown-linux-gnu/lib/rustlib/x86_64-unknown-linux-gnu/bin:/opt/rustwide/cargo-home/bin:/usr/local/sbin:/usr/local/bin:/usr/sbin:/usr/bin:/sbin:/bin" VSLANG="1033" "cc" "-m64" "/tmp/rustcxmKSBW/symbols.o" "/opt/rustwide/target/debug/deps/request_multi-91fc3549828ceab7.request_multi.4df829d0c43dd60f-cgu.00.rcgu.o" "/opt/rustwide/target/debug/deps/request_multi-91fc3549828ceab7.request_multi.4df829d0c43dd60f-cgu.01.rcgu.o" "/opt/rustwide/target/debug/deps/request_multi-91fc3549828ceab7.request_multi.4df829d0c43dd60f-cgu.02.rcgu.o" "/opt/rustwide/target/debug/deps/request_multi-91fc3549828ceab7.request_multi.4df829d0c43dd60f-cgu.03.rcgu.o" "/opt/rustwide/target/debug/deps/request_multi-91fc3549828ceab7.request_multi.4df829d0c43dd60f-cgu.04.rcgu.o" "/opt/rustwide/target/debug/deps/request_multi-91fc3549828ceab7.request_multi.4df829d0c43dd60f-cgu.05.rcgu.o" "/opt/rustwide/target/debug/deps/request_multi-91fc3549828ceab7.request_multi.4df829d0c43dd60f-cgu.06.rcgu.o" "/opt/rustwide/target/debug/deps/request_multi-91fc3549828ceab7.request_multi.4df829d0c43dd60f-cgu.07.rcgu.o" "/opt/rustwide/target/debug/deps/request_multi-91fc3549828ceab7.request_multi.4df829d0c43dd60f-cgu.08.rcgu.o" "/opt/rustwide/target/debug/deps/request_multi-91fc3549828ceab7.request_multi.4df829d0c43dd60f-cgu.09.rcgu.o" "/opt/rustwide/target/debug/deps/request_multi-91fc3549828ceab7.request_multi.4df829d0c43dd60f-cgu.10.rcgu.o" "/opt/rustwide/target/debug/deps/request_multi-91fc3549828ceab7.request_multi.4df829d0c43dd60f-cgu.11.rcgu.o" "/opt/rustwide/target/debug/deps/request_multi-91fc3549828ceab7.request_multi.4df829d0c43dd60f-cgu.12.rcgu.o" "/opt/rustwide/target/debug/deps/request_multi-91fc3549828ceab7.request_multi.4df829d0c43dd60f-cgu.13.rcgu.o" "/opt/rustwide/target/debug/deps/request_multi-91fc3549828ceab7.request_multi.4df829d0c43dd60f-cgu.14.rcgu.o" "/opt/rustwide/target/debug/deps/request_multi-91fc3549828ceab7.request_multi.4df829d0c43dd60f-cgu.15.rcgu.o" "/opt/rustwide/target/debug/deps/request_multi-91fc3549828ceab7.27gcqapeg48m20oq.rcgu.o" "-Wl,--as-needed" "-L" "/opt/rustwide/target/debug/deps" "-L" "/opt/rustwide/target/debug/build/ring-c661407c2e015e47/out" "-L" "/opt/rustwide/rustup-home/toolchains/1.75.0-x86_64-unknown-linux-gnu/lib/rustlib/x86_64-unknown-linux-gnu/lib" "-Wl,-Bstatic" "/opt/rustwide/target/debug/deps/libnats_aflowt-7528063c34b03e4d.rlib" "/opt/rustwide/target/debug/deps/libserde_json-0c8bf7d35beda118.rlib" "/opt/rustwide/target/debug/deps/libryu-3f5f1fb5705e4a84.rlib" "/opt/rustwide/target/debug/deps/libserde_nanos-256df71a42c6b0a9.rlib" "/opt/rustwide/target/debug/deps/libnuid-36c631025637d532.rlib" "/opt/rustwide/target/debug/deps/libfastrand-b5f1bc702d3780c1.rlib" "/opt/rustwide/target/debug/deps/librustls_native_certs-fa2348a63e20b2a6.rlib" "/opt/rustwide/target/debug/deps/librustls_pemfile-c81b0aebe8b9aa1c.rlib" "/opt/rustwide/target/debug/deps/libopenssl_probe-a4690a0dee427556.rlib" "/opt/rustwide/target/debug/deps/librustls_pemfile-63279c1849aba3f8.rlib" "/opt/rustwide/target/debug/deps/libbase64_url-2586e2c04197bcd8.rlib" "/opt/rustwide/target/debug/deps/libbase64-4b6a299b1618568c.rlib" "/opt/rustwide/target/debug/deps/libasync_stream-7e7181f3175004c3.rlib" "/opt/rustwide/target/debug/deps/libjson-0b610d922f888269.rlib" "/opt/rustwide/target/debug/deps/libtokio_rustls-59129623ead799bd.rlib" "/opt/rustwide/target/debug/deps/librustls-9c88ddec47a351b1.rlib" "/opt/rustwide/target/debug/deps/libsct-3be3e957d06b49db.rlib" "/opt/rustwide/target/debug/deps/libwebpki-7691b79ed1efc690.rlib" "/opt/rustwide/target/debug/deps/libring-88059e912197370b.rlib" "/opt/rustwide/target/debug/deps/libspin-5040c9d97952ee5d.rlib" "/opt/rustwide/target/debug/deps/libuntrusted-bc769e65799cc5d7.rlib" "/opt/rustwide/target/debug/deps/liblazy_static-42ec64c94dbf69cf.rlib" "/opt/rustwide/target/debug/deps/libpin_project-ed9a201871420b6b.rlib" "/opt/rustwide/target/debug/deps/libfutures-0d8126ada2cb3e3d.rlib" "/opt/rustwide/target/debug/deps/libfutures_executor-2170778afd56c5c1.rlib" "/opt/rustwide/target/debug/deps/libfutures_util-a735ccfdf7d44dca.rlib" "/opt/rustwide/target/debug/deps/libfutures_io-5bfabc38b511c796.rlib" "/opt/rustwide/target/debug/deps/libslab-7fc4ce5252868002.rlib" "/opt/rustwide/target/debug/deps/libfutures_channel-d13c0555d6e222a7.rlib" "/opt/rustwide/target/debug/deps/libfutures_sink-2bebb645ec5c6d11.rlib" "/opt/rustwide/target/debug/deps/libfutures_task-940862ee89a3ec31.rlib" "/opt/rustwide/target/debug/deps/libpin_utils-cf166e5282202930.rlib" "/opt/rustwide/target/debug/deps/libfutures_core-77c9a0eea9f90509.rlib" "/opt/rustwide/target/debug/deps/libtime-85ff1bea54b4e21c.rlib" "/opt/rustwide/target/debug/deps/libitoa-bb6e72adf1f647aa.rlib" "/opt/rustwide/target/debug/deps/libserde-2a564ef6b663f4ac.rlib" "/opt/rustwide/target/debug/deps/liburl-a42cf7e77a8e8f3c.rlib" "/opt/rustwide/target/debug/deps/libidna-e1a812ff64b12e03.rlib" "/opt/rustwide/target/debug/deps/libunicode_normalization-99633a9b284ed408.rlib" "/opt/rustwide/target/debug/deps/libtinyvec-8ede1410faae67cc.rlib" "/opt/rustwide/target/debug/deps/libtinyvec_macros-3d8269d3cd705b63.rlib" "/opt/rustwide/target/debug/deps/libunicode_bidi-7cfb02172296c123.rlib" "/opt/rustwide/target/debug/deps/libform_urlencoded-6e497d0d2264ac23.rlib" "/opt/rustwide/target/debug/deps/libpercent_encoding-4eb47278167fc8c5.rlib" "/opt/rustwide/target/debug/deps/libmatches-6a5a2f00338d2125.rlib" "/opt/rustwide/target/debug/deps/libregex-a4e5166045db244f.rlib" "/opt/rustwide/target/debug/deps/libaho_corasick-9f6b03d28786be9e.rlib" "/opt/rustwide/target/debug/deps/libregex_syntax-94a2ece234eda6e7.rlib" "/opt/rustwide/target/debug/deps/libnkeys-f42d2d1ee831225d.rlib" "/opt/rustwide/target/debug/deps/libdata_encoding-ef9ecd481adcd31c.rlib" "/opt/rustwide/target/debug/deps/libsignatory-cabb895faf360d55.rlib" "/opt/rustwide/target/debug/deps/libpkcs8-5dd7f170d261e51d.rlib" "/opt/rustwide/target/debug/deps/libpem_rfc7468-560d61fdb623008b.rlib" "/opt/rustwide/target/debug/deps/libbase64ct-114f8c7a5abaeaed.rlib" "/opt/rustwide/target/debug/deps/libspki-39a12242a223ad22.rlib" "/opt/rustwide/target/debug/deps/libder-71309c5205ddb803.rlib" "/opt/rustwide/target/debug/deps/libconst_oid-6844d7bb429d4719.rlib" "/opt/rustwide/target/debug/deps/librand-1f11c89f9776a207.rlib" "/opt/rustwide/target/debug/deps/librand_chacha-eff66acc6af69929.rlib" "/opt/rustwide/target/debug/deps/libppv_lite86-09f0ba60caf6a029.rlib" "/opt/rustwide/target/debug/deps/librand_core-3a735f963d97d1b1.rlib" "/opt/rustwide/target/debug/deps/libgetrandom-01a4d1a87c4bb184.rlib" "/opt/rustwide/target/debug/deps/libed25519_dalek-c3bc322542675a07.rlib" "/opt/rustwide/target/debug/deps/libsha2-c543773b9338c8b3.rlib" "/opt/rustwide/target/debug/deps/libcpufeatures-2aa161de0ea91fd9.rlib" "/opt/rustwide/target/debug/deps/libopaque_debug-ee4f441ece4a320d.rlib" "/opt/rustwide/target/debug/deps/libblock_buffer-3299b249822bdc8d.rlib" "/opt/rustwide/target/debug/deps/libcurve25519_dalek-06afa90cf744e1fe.rlib" "/opt/rustwide/target/debug/deps/libsubtle-31dc3a4c0ae06157.rlib" "/opt/rustwide/target/debug/deps/libzeroize-d1bbea873eb16e6f.rlib" "/opt/rustwide/target/debug/deps/librand_core-67cf80cffad00199.rlib" "/opt/rustwide/target/debug/deps/libdigest-a32fab6cd141349d.rlib" "/opt/rustwide/target/debug/deps/libgeneric_array-20fa23028733711e.rlib" "/opt/rustwide/target/debug/deps/libtypenum-d67db1c4cf1a79cb.rlib" "/opt/rustwide/target/debug/deps/libbyteorder-3519268747ea43bf.rlib" "/opt/rustwide/target/debug/deps/libed25519-813530f0499668cc.rlib" "/opt/rustwide/target/debug/deps/libsignature-151a9318adaa3b52.rlib" "/opt/rustwide/rustup-home/toolchains/1.75.0-x86_64-unknown-linux-gnu/lib/rustlib/x86_64-unknown-linux-gnu/lib/libtest-3df1bed8075ce1de.rlib" "/opt/rustwide/rustup-home/toolchains/1.75.0-x86_64-unknown-linux-gnu/lib/rustlib/x86_64-unknown-linux-gnu/lib/libgetopts-2076fd86b325cb5d.rlib" "/opt/rustwide/rustup-home/toolchains/1.75.0-x86_64-unknown-linux-gnu/lib/rustlib/x86_64-unknown-linux-gnu/lib/libunicode_width-caa7152ee70c190f.rlib" "/opt/rustwide/rustup-home/toolchains/1.75.0-x86_64-unknown-linux-gnu/lib/rustlib/x86_64-unknown-linux-gnu/lib/librustc_std_workspace_std-04e6425e07f02a3c.rlib" "/opt/rustwide/target/debug/deps/libtokio-a7b484578185e1c4.rlib" "/opt/rustwide/target/debug/deps/libsignal_hook_registry-c160abb3ec16c462.rlib" "/opt/rustwide/target/debug/deps/libnum_cpus-03c8c745618b2360.rlib" "/opt/rustwide/target/debug/deps/libmemchr-33f0f7da266b2ec7.rlib" "/opt/rustwide/target/debug/deps/libonce_cell-8d87c72471c06107.rlib" "/opt/rustwide/target/debug/deps/libbytes-b9ee4a8f4dd408ef.rlib" "/opt/rustwide/target/debug/deps/libmio-6481569cf3847caf.rlib" "/opt/rustwide/target/debug/deps/liblog-e1b54939c122a12d.rlib" "/opt/rustwide/target/debug/deps/libpin_project_lite-6e8a1f74680f8cf0.rlib" "/opt/rustwide/target/debug/deps/libparking_lot-3797fdb393c5bce2.rlib" "/opt/rustwide/target/debug/deps/libparking_lot_core-e71eefd32d5351ba.rlib" "/opt/rustwide/target/debug/deps/liblibc-300e520a62f7698a.rlib" "/opt/rustwide/target/debug/deps/libsmallvec-b612547de98b2dbc.rlib" "/opt/rustwide/target/debug/deps/liblock_api-a241322aa1972a11.rlib" "/opt/rustwide/target/debug/deps/libscopeguard-60e6274d8fe06fbc.rlib" "/opt/rustwide/target/debug/deps/libinstant-c0875febabed1d31.rlib" "/opt/rustwide/target/debug/deps/libcfg_if-eb90fc9f7df5c2ab.rlib" "/opt/rustwide/rustup-home/toolchains/1.75.0-x86_64-unknown-linux-gnu/lib/rustlib/x86_64-unknown-linux-gnu/lib/libstd-90f6ddbf82de36ec.rlib" "/opt/rustwide/rustup-home/toolchains/1.75.0-x86_64-unknown-linux-gnu/lib/rustlib/x86_64-unknown-linux-gnu/lib/libpanic_unwind-480c41e9d4e1f677.rlib" "/opt/rustwide/rustup-home/toolchains/1.75.0-x86_64-unknown-linux-gnu/lib/rustlib/x86_64-unknown-linux-gnu/lib/libobject-db744c0ca03eed1d.rlib" "/opt/rustwide/rustup-home/toolchains/1.75.0-x86_64-unknown-linux-gnu/lib/rustlib/x86_64-unknown-linux-gnu/lib/libmemchr-8ba652dc7d4b285a.rlib" "/opt/rustwide/rustup-home/toolchains/1.75.0-x86_64-unknown-linux-gnu/lib/rustlib/x86_64-unknown-linux-gnu/lib/libaddr2line-d5f4520a9ebc0d58.rlib" "/opt/rustwide/rustup-home/toolchains/1.75.0-x86_64-unknown-linux-gnu/lib/rustlib/x86_64-unknown-linux-gnu/lib/libgimli-4ad84de58f0cb463.rlib" "/opt/rustwide/rustup-home/toolchains/1.75.0-x86_64-unknown-linux-gnu/lib/rustlib/x86_64-unknown-linux-gnu/lib/librustc_demangle-0d10aae2e0f38735.rlib" "/opt/rustwide/rustup-home/toolchains/1.75.0-x86_64-unknown-linux-gnu/lib/rustlib/x86_64-unknown-linux-gnu/lib/libstd_detect-0c17cff739e6745b.rlib" "/opt/rustwide/rustup-home/toolchains/1.75.0-x86_64-unknown-linux-gnu/lib/rustlib/x86_64-unknown-linux-gnu/lib/libhashbrown-b29e17139dde1aa8.rlib" "/opt/rustwide/rustup-home/toolchains/1.75.0-x86_64-unknown-linux-gnu/lib/rustlib/x86_64-unknown-linux-gnu/lib/librustc_std_workspace_alloc-1f975299829cc7bd.rlib" "/opt/rustwide/rustup-home/toolchains/1.75.0-x86_64-unknown-linux-gnu/lib/rustlib/x86_64-unknown-linux-gnu/lib/libminiz_oxide-86bae3bc3079f89b.rlib" "/opt/rustwide/rustup-home/toolchains/1.75.0-x86_64-unknown-linux-gnu/lib/rustlib/x86_64-unknown-linux-gnu/lib/libadler-321b82c30dffdf5f.rlib" "/opt/rustwide/rustup-home/toolchains/1.75.0-x86_64-unknown-linux-gnu/lib/rustlib/x86_64-unknown-linux-gnu/lib/libunwind-3dd8a6810a0bdfef.rlib" "/opt/rustwide/rustup-home/toolchains/1.75.0-x86_64-unknown-linux-gnu/lib/rustlib/x86_64-unknown-linux-gnu/lib/libcfg_if-eb39a61c0c879984.rlib" "/opt/rustwide/rustup-home/toolchains/1.75.0-x86_64-unknown-linux-gnu/lib/rustlib/x86_64-unknown-linux-gnu/lib/liblibc-aa769569f91c3548.rlib" "/opt/rustwide/rustup-home/toolchains/1.75.0-x86_64-unknown-linux-gnu/lib/rustlib/x86_64-unknown-linux-gnu/lib/liballoc-510a192a50a983ed.rlib" "/opt/rustwide/rustup-home/toolchains/1.75.0-x86_64-unknown-linux-gnu/lib/rustlib/x86_64-unknown-linux-gnu/lib/librustc_std_workspace_core-0577018320f99037.rlib" "/opt/rustwide/rustup-home/toolchains/1.75.0-x86_64-unknown-linux-gnu/lib/rustlib/x86_64-unknown-linux-gnu/lib/libcore-193cf992125ccd4c.rlib" "/opt/rustwide/rustup-home/toolchains/1.75.0-x86_64-unknown-linux-gnu/lib/rustlib/x86_64-unknown-linux-gnu/lib/libcompiler_builtins-8e138eaf26ebb4a8.rlib" "-Wl,-Bdynamic" "-lgcc_s" "-lutil" "-lrt" "-lpthread" "-lm" "-ldl" "-lc" "-Wl,--eh-frame-hdr" "-Wl,-z,noexecstack" "-L" "/opt/rustwide/rustup-home/toolchains/1.75.0-x86_64-unknown-linux-gnu/lib/rustlib/x86_64-unknown-linux-gnu/lib" "-o" "/opt/rustwide/target/debug/deps/request_multi-91fc3549828ceab7" "-Wl,--gc-sections" "-pie" "-Wl,-z,relro,-z,now" "-nodefaultlibs"
[INFO] [stdout]   = note: collect2: fatal error: ld terminated with signal 9 [Killed]
[INFO] [stdout]           compilation terminated.
[INFO] [stdout]           
[INFO] [stdout] 
[INFO] [stdout] 
[INFO] [stdout] error: aborting due to previous error
[INFO] [stdout] 
[INFO] [stdout] 
[INFO] [stderr] error: could not compile `nats-aflowt` (test "request_multi") due to 2 previous errors
[INFO] [stdout] error: linking with `cc` failed: exit status: 1
[INFO] [stdout]   |
[INFO] [stdout]   = note: LC_ALL="C" PATH="/opt/rustwide/rustup-home/toolchains/1.75.0-x86_64-unknown-linux-gnu/lib/rustlib/x86_64-unknown-linux-gnu/bin:/opt/rustwide/cargo-home/bin:/usr/local/sbin:/usr/local/bin:/usr/sbin:/usr/bin:/sbin:/bin" VSLANG="1033" "cc" "-m64" "/tmp/rustcthuyy7/symbols.o" "/opt/rustwide/target/debug/examples/async_nats_bench-3d58a7262329d429.async_nats_bench.da5a8b2e4bafe12a-cgu.00.rcgu.o" "/opt/rustwide/target/debug/examples/async_nats_bench-3d58a7262329d429.async_nats_bench.da5a8b2e4bafe12a-cgu.01.rcgu.o" "/opt/rustwide/target/debug/examples/async_nats_bench-3d58a7262329d429.async_nats_bench.da5a8b2e4bafe12a-cgu.02.rcgu.o" "/opt/rustwide/target/debug/examples/async_nats_bench-3d58a7262329d429.async_nats_bench.da5a8b2e4bafe12a-cgu.03.rcgu.o" "/opt/rustwide/target/debug/examples/async_nats_bench-3d58a7262329d429.async_nats_bench.da5a8b2e4bafe12a-cgu.04.rcgu.o" "/opt/rustwide/target/debug/examples/async_nats_bench-3d58a7262329d429.async_nats_bench.da5a8b2e4bafe12a-cgu.05.rcgu.o" "/opt/rustwide/target/debug/examples/async_nats_bench-3d58a7262329d429.async_nats_bench.da5a8b2e4bafe12a-cgu.06.rcgu.o" "/opt/rustwide/target/debug/examples/async_nats_bench-3d58a7262329d429.async_nats_bench.da5a8b2e4bafe12a-cgu.07.rcgu.o" "/opt/rustwide/target/debug/examples/async_nats_bench-3d58a7262329d429.async_nats_bench.da5a8b2e4bafe12a-cgu.08.rcgu.o" "/opt/rustwide/target/debug/examples/async_nats_bench-3d58a7262329d429.async_nats_bench.da5a8b2e4bafe12a-cgu.09.rcgu.o" "/opt/rustwide/target/debug/examples/async_nats_bench-3d58a7262329d429.async_nats_bench.da5a8b2e4bafe12a-cgu.10.rcgu.o" "/opt/rustwide/target/debug/examples/async_nats_bench-3d58a7262329d429.async_nats_bench.da5a8b2e4bafe12a-cgu.11.rcgu.o" "/opt/rustwide/target/debug/examples/async_nats_bench-3d58a7262329d429.async_nats_bench.da5a8b2e4bafe12a-cgu.12.rcgu.o" "/opt/rustwide/target/debug/examples/async_nats_bench-3d58a7262329d429.async_nats_bench.da5a8b2e4bafe12a-cgu.13.rcgu.o" "/opt/rustwide/target/debug/examples/async_nats_bench-3d58a7262329d429.async_nats_bench.da5a8b2e4bafe12a-cgu.14.rcgu.o" "/opt/rustwide/target/debug/examples/async_nats_bench-3d58a7262329d429.async_nats_bench.da5a8b2e4bafe12a-cgu.15.rcgu.o" "/opt/rustwide/target/debug/examples/async_nats_bench-3d58a7262329d429.bj6d3nbvg3kumej.rcgu.o" "-Wl,--as-needed" "-L" "/opt/rustwide/target/debug/deps" "-L" "/opt/rustwide/target/debug/build/ring-c661407c2e015e47/out" "-L" "/opt/rustwide/rustup-home/toolchains/1.75.0-x86_64-unknown-linux-gnu/lib/rustlib/x86_64-unknown-linux-gnu/lib" "-Wl,-Bstatic" "/opt/rustwide/target/debug/deps/libnats_aflowt-7528063c34b03e4d.rlib" "/opt/rustwide/target/debug/deps/libserde_json-0c8bf7d35beda118.rlib" "/opt/rustwide/target/debug/deps/libryu-3f5f1fb5705e4a84.rlib" "/opt/rustwide/target/debug/deps/libserde_nanos-256df71a42c6b0a9.rlib" "/opt/rustwide/target/debug/deps/libnuid-36c631025637d532.rlib" "/opt/rustwide/target/debug/deps/librustls_native_certs-fa2348a63e20b2a6.rlib" "/opt/rustwide/target/debug/deps/librustls_pemfile-c81b0aebe8b9aa1c.rlib" "/opt/rustwide/target/debug/deps/libopenssl_probe-a4690a0dee427556.rlib" "/opt/rustwide/target/debug/deps/librustls_pemfile-63279c1849aba3f8.rlib" "/opt/rustwide/target/debug/deps/libbase64_url-2586e2c04197bcd8.rlib" "/opt/rustwide/target/debug/deps/libbase64-4b6a299b1618568c.rlib" "/opt/rustwide/target/debug/deps/libasync_stream-7e7181f3175004c3.rlib" "/opt/rustwide/target/debug/deps/libjson-0b610d922f888269.rlib" "/opt/rustwide/target/debug/deps/libtokio_rustls-59129623ead799bd.rlib" "/opt/rustwide/target/debug/deps/librustls-9c88ddec47a351b1.rlib" "/opt/rustwide/target/debug/deps/libsct-3be3e957d06b49db.rlib" "/opt/rustwide/target/debug/deps/libwebpki-7691b79ed1efc690.rlib" "/opt/rustwide/target/debug/deps/libring-88059e912197370b.rlib" "/opt/rustwide/target/debug/deps/libspin-5040c9d97952ee5d.rlib" "/opt/rustwide/target/debug/deps/libuntrusted-bc769e65799cc5d7.rlib" "/opt/rustwide/target/debug/deps/libpin_project-ed9a201871420b6b.rlib" "/opt/rustwide/target/debug/deps/libfutures-0d8126ada2cb3e3d.rlib" "/opt/rustwide/target/debug/deps/libfutures_executor-2170778afd56c5c1.rlib" "/opt/rustwide/target/debug/deps/libfutures_util-a735ccfdf7d44dca.rlib" "/opt/rustwide/target/debug/deps/libfutures_channel-d13c0555d6e222a7.rlib" "/opt/rustwide/target/debug/deps/libfutures_sink-2bebb645ec5c6d11.rlib" "/opt/rustwide/target/debug/deps/libfutures_task-940862ee89a3ec31.rlib" "/opt/rustwide/target/debug/deps/libpin_utils-cf166e5282202930.rlib" "/opt/rustwide/target/debug/deps/libtime-85ff1bea54b4e21c.rlib" "/opt/rustwide/target/debug/deps/libitoa-bb6e72adf1f647aa.rlib" "/opt/rustwide/target/debug/deps/libserde-2a564ef6b663f4ac.rlib" "/opt/rustwide/target/debug/deps/liburl-a42cf7e77a8e8f3c.rlib" "/opt/rustwide/target/debug/deps/libidna-e1a812ff64b12e03.rlib" "/opt/rustwide/target/debug/deps/libunicode_normalization-99633a9b284ed408.rlib" "/opt/rustwide/target/debug/deps/libtinyvec-8ede1410faae67cc.rlib" "/opt/rustwide/target/debug/deps/libtinyvec_macros-3d8269d3cd705b63.rlib" "/opt/rustwide/target/debug/deps/libunicode_bidi-7cfb02172296c123.rlib" "/opt/rustwide/target/debug/deps/libform_urlencoded-6e497d0d2264ac23.rlib" "/opt/rustwide/target/debug/deps/libpercent_encoding-4eb47278167fc8c5.rlib" "/opt/rustwide/target/debug/deps/libmatches-6a5a2f00338d2125.rlib" "/opt/rustwide/target/debug/deps/libtokio-a7b484578185e1c4.rlib" "/opt/rustwide/target/debug/deps/libnum_cpus-03c8c745618b2360.rlib" "/opt/rustwide/target/debug/deps/libbytes-b9ee4a8f4dd408ef.rlib" "/opt/rustwide/target/debug/deps/libmio-6481569cf3847caf.rlib" "/opt/rustwide/target/debug/deps/libparking_lot-3797fdb393c5bce2.rlib" "/opt/rustwide/target/debug/deps/libparking_lot_core-e71eefd32d5351ba.rlib" "/opt/rustwide/target/debug/deps/libsmallvec-b612547de98b2dbc.rlib" "/opt/rustwide/target/debug/deps/liblock_api-a241322aa1972a11.rlib" "/opt/rustwide/target/debug/deps/libscopeguard-60e6274d8fe06fbc.rlib" "/opt/rustwide/target/debug/deps/libinstant-c0875febabed1d31.rlib" "/opt/rustwide/target/debug/deps/libregex-a4e5166045db244f.rlib" "/opt/rustwide/target/debug/deps/libaho_corasick-9f6b03d28786be9e.rlib" "/opt/rustwide/target/debug/deps/libregex_syntax-94a2ece234eda6e7.rlib" "/opt/rustwide/target/debug/deps/libnkeys-f42d2d1ee831225d.rlib" "/opt/rustwide/target/debug/deps/libdata_encoding-ef9ecd481adcd31c.rlib" "/opt/rustwide/target/debug/deps/libsignatory-cabb895faf360d55.rlib" "/opt/rustwide/target/debug/deps/libpkcs8-5dd7f170d261e51d.rlib" "/opt/rustwide/target/debug/deps/libpem_rfc7468-560d61fdb623008b.rlib" "/opt/rustwide/target/debug/deps/libbase64ct-114f8c7a5abaeaed.rlib" "/opt/rustwide/target/debug/deps/libspki-39a12242a223ad22.rlib" "/opt/rustwide/target/debug/deps/libder-71309c5205ddb803.rlib" "/opt/rustwide/target/debug/deps/libconst_oid-6844d7bb429d4719.rlib" "/opt/rustwide/target/debug/deps/librand-1f11c89f9776a207.rlib" "/opt/rustwide/target/debug/deps/librand_chacha-eff66acc6af69929.rlib" "/opt/rustwide/target/debug/deps/libppv_lite86-09f0ba60caf6a029.rlib" "/opt/rustwide/target/debug/deps/librand_core-3a735f963d97d1b1.rlib" "/opt/rustwide/target/debug/deps/libgetrandom-01a4d1a87c4bb184.rlib" "/opt/rustwide/target/debug/deps/libed25519_dalek-c3bc322542675a07.rlib" "/opt/rustwide/target/debug/deps/libsha2-c543773b9338c8b3.rlib" "/opt/rustwide/target/debug/deps/libcpufeatures-2aa161de0ea91fd9.rlib" "/opt/rustwide/target/debug/deps/libopaque_debug-ee4f441ece4a320d.rlib" "/opt/rustwide/target/debug/deps/libblock_buffer-3299b249822bdc8d.rlib" "/opt/rustwide/target/debug/deps/libcurve25519_dalek-06afa90cf744e1fe.rlib" "/opt/rustwide/target/debug/deps/libsubtle-31dc3a4c0ae06157.rlib" "/opt/rustwide/target/debug/deps/libzeroize-d1bbea873eb16e6f.rlib" "/opt/rustwide/target/debug/deps/librand_core-67cf80cffad00199.rlib" "/opt/rustwide/target/debug/deps/libdigest-a32fab6cd141349d.rlib" "/opt/rustwide/target/debug/deps/libgeneric_array-20fa23028733711e.rlib" "/opt/rustwide/target/debug/deps/libtypenum-d67db1c4cf1a79cb.rlib" "/opt/rustwide/target/debug/deps/libbyteorder-3519268747ea43bf.rlib" "/opt/rustwide/target/debug/deps/libed25519-813530f0499668cc.rlib" "/opt/rustwide/target/debug/deps/libsignature-151a9318adaa3b52.rlib" "/opt/rustwide/target/debug/deps/libsmol-7088c836365dc34f.rlib" "/opt/rustwide/target/debug/deps/libasync_process-339ec1b7806168d1.rlib" "/opt/rustwide/target/debug/deps/libsignal_hook-471806d4872978b9.rlib" "/opt/rustwide/target/debug/deps/libsignal_hook_registry-c160abb3ec16c462.rlib" "/opt/rustwide/target/debug/deps/libasync_net-06f6d0239b4af3bf.rlib" "/opt/rustwide/target/debug/deps/libasync_fs-3643331f2bae62fe.rlib" "/opt/rustwide/target/debug/deps/libasync_lock-d0c4664373bdac9a.rlib" "/opt/rustwide/target/debug/deps/libblocking-cc79f0d294b64b31.rlib" "/opt/rustwide/target/debug/deps/libatomic_waker-a6e43de560ab2499.rlib" "/opt/rustwide/target/debug/deps/libasync_channel-7c1ef74c3e953900.rlib" "/opt/rustwide/target/debug/deps/libevent_listener-4abf8f532c9a3941.rlib" "/opt/rustwide/target/debug/deps/libasync_io-f0ad57d070ae8143.rlib" "/opt/rustwide/target/debug/deps/libpolling-61968bee7cc55bdd.rlib" "/opt/rustwide/target/debug/deps/liblog-e1b54939c122a12d.rlib" "/opt/rustwide/target/debug/deps/libcfg_if-eb90fc9f7df5c2ab.rlib" "/opt/rustwide/target/debug/deps/libsocket2-de8cab4c8abfa643.rlib" "/opt/rustwide/target/debug/deps/libasync_executor-8fbd70c0d863c1bc.rlib" "/opt/rustwide/target/debug/deps/libonce_cell-8d87c72471c06107.rlib" "/opt/rustwide/target/debug/deps/libslab-7fc4ce5252868002.rlib" "/opt/rustwide/target/debug/deps/libfutures_lite-9a59f92610b2d1a5.rlib" "/opt/rustwide/target/debug/deps/libmemchr-33f0f7da266b2ec7.rlib" "/opt/rustwide/target/debug/deps/libfastrand-b5f1bc702d3780c1.rlib" "/opt/rustwide/target/debug/deps/libfutures_io-5bfabc38b511c796.rlib" "/opt/rustwide/target/debug/deps/libfutures_core-77c9a0eea9f90509.rlib" "/opt/rustwide/target/debug/deps/libwaker_fn-a631995ee0d0b62d.rlib" "/opt/rustwide/target/debug/deps/libparking-f12d98bbfe1a7277.rlib" "/opt/rustwide/target/debug/deps/libpin_project_lite-6e8a1f74680f8cf0.rlib" "/opt/rustwide/target/debug/deps/libconcurrent_queue-f9b0ff6b560ec7e3.rlib" "/opt/rustwide/target/debug/deps/libcache_padded-e1ae4b800c6a9bcd.rlib" "/opt/rustwide/target/debug/deps/libasync_task-9da167b232ebeabf.rlib" "/opt/rustwide/target/debug/deps/libstructopt-36eb41351e571b59.rlib" "/opt/rustwide/target/debug/deps/liblazy_static-42ec64c94dbf69cf.rlib" "/opt/rustwide/target/debug/deps/libclap-658cb6aa05d64a99.rlib" "/opt/rustwide/target/debug/deps/libvec_map-0858b9a756387e26.rlib" "/opt/rustwide/target/debug/deps/libtextwrap-23f185f5c9c5335d.rlib" "/opt/rustwide/target/debug/deps/libunicode_width-d52b2fd9f13b2982.rlib" "/opt/rustwide/target/debug/deps/libstrsim-240555d9a34a3952.rlib" "/opt/rustwide/target/debug/deps/libbitflags-50f5a58dd87cc01d.rlib" "/opt/rustwide/target/debug/deps/libatty-7a567856fdf5585a.rlib" "/opt/rustwide/target/debug/deps/liblibc-300e520a62f7698a.rlib" "/opt/rustwide/target/debug/deps/libansi_term-d8cf54caae2da323.rlib" "/opt/rustwide/rustup-home/toolchains/1.75.0-x86_64-unknown-linux-gnu/lib/rustlib/x86_64-unknown-linux-gnu/lib/libstd-90f6ddbf82de36ec.rlib" "/opt/rustwide/rustup-home/toolchains/1.75.0-x86_64-unknown-linux-gnu/lib/rustlib/x86_64-unknown-linux-gnu/lib/libpanic_unwind-480c41e9d4e1f677.rlib" "/opt/rustwide/rustup-home/toolchains/1.75.0-x86_64-unknown-linux-gnu/lib/rustlib/x86_64-unknown-linux-gnu/lib/libobject-db744c0ca03eed1d.rlib" "/opt/rustwide/rustup-home/toolchains/1.75.0-x86_64-unknown-linux-gnu/lib/rustlib/x86_64-unknown-linux-gnu/lib/libmemchr-8ba652dc7d4b285a.rlib" "/opt/rustwide/rustup-home/toolchains/1.75.0-x86_64-unknown-linux-gnu/lib/rustlib/x86_64-unknown-linux-gnu/lib/libaddr2line-d5f4520a9ebc0d58.rlib" "/opt/rustwide/rustup-home/toolchains/1.75.0-x86_64-unknown-linux-gnu/lib/rustlib/x86_64-unknown-linux-gnu/lib/libgimli-4ad84de58f0cb463.rlib" "/opt/rustwide/rustup-home/toolchains/1.75.0-x86_64-unknown-linux-gnu/lib/rustlib/x86_64-unknown-linux-gnu/lib/librustc_demangle-0d10aae2e0f38735.rlib" "/opt/rustwide/rustup-home/toolchains/1.75.0-x86_64-unknown-linux-gnu/lib/rustlib/x86_64-unknown-linux-gnu/lib/libstd_detect-0c17cff739e6745b.rlib" "/opt/rustwide/rustup-home/toolchains/1.75.0-x86_64-unknown-linux-gnu/lib/rustlib/x86_64-unknown-linux-gnu/lib/libhashbrown-b29e17139dde1aa8.rlib" "/opt/rustwide/rustup-home/toolchains/1.75.0-x86_64-unknown-linux-gnu/lib/rustlib/x86_64-unknown-linux-gnu/lib/librustc_std_workspace_alloc-1f975299829cc7bd.rlib" "/opt/rustwide/rustup-home/toolchains/1.75.0-x86_64-unknown-linux-gnu/lib/rustlib/x86_64-unknown-linux-gnu/lib/libminiz_oxide-86bae3bc3079f89b.rlib" "/opt/rustwide/rustup-home/toolchains/1.75.0-x86_64-unknown-linux-gnu/lib/rustlib/x86_64-unknown-linux-gnu/lib/libadler-321b82c30dffdf5f.rlib" "/opt/rustwide/rustup-home/toolchains/1.75.0-x86_64-unknown-linux-gnu/lib/rustlib/x86_64-unknown-linux-gnu/lib/libunwind-3dd8a6810a0bdfef.rlib" "/opt/rustwide/rustup-home/toolchains/1.75.0-x86_64-unknown-linux-gnu/lib/rustlib/x86_64-unknown-linux-gnu/lib/libcfg_if-eb39a61c0c879984.rlib" "/opt/rustwide/rustup-home/toolchains/1.75.0-x86_64-unknown-linux-gnu/lib/rustlib/x86_64-unknown-linux-gnu/lib/liblibc-aa769569f91c3548.rlib" "/opt/rustwide/rustup-home/toolchains/1.75.0-x86_64-unknown-linux-gnu/lib/rustlib/x86_64-unknown-linux-gnu/lib/liballoc-510a192a50a983ed.rlib" "/opt/rustwide/rustup-home/toolchains/1.75.0-x86_64-unknown-linux-gnu/lib/rustlib/x86_64-unknown-linux-gnu/lib/librustc_std_workspace_core-0577018320f99037.rlib" "/opt/rustwide/rustup-home/toolchains/1.75.0-x86_64-unknown-linux-gnu/lib/rustlib/x86_64-unknown-linux-gnu/lib/libcore-193cf992125ccd4c.rlib" "/opt/rustwide/rustup-home/toolchains/1.75.0-x86_64-unknown-linux-gnu/lib/rustlib/x86_64-unknown-linux-gnu/lib/libcompiler_builtins-8e138eaf26ebb4a8.rlib" "-Wl,-Bdynamic" "-lgcc_s" "-lutil" "-lrt" "-lpthread" "-lm" "-ldl" "-lc" "-Wl,--eh-frame-hdr" "-Wl,-z,noexecstack" "-L" "/opt/rustwide/rustup-home/toolchains/1.75.0-x86_64-unknown-linux-gnu/lib/rustlib/x86_64-unknown-linux-gnu/lib" "-o" "/opt/rustwide/target/debug/examples/async_nats_bench-3d58a7262329d429" "-Wl,--gc-sections" "-pie" "-Wl,-z,relro,-z,now" "-nodefaultlibs"
[INFO] [stdout]   = note: collect2: fatal error: ld terminated with signal 9 [Killed]
[INFO] [stdout]           compilation terminated.
[INFO] [stdout]           
[INFO] [stdout] 
[INFO] [stdout] 
[INFO] [stdout] error: aborting due to previous error
[INFO] [stdout] 
[INFO] [stdout] 
[INFO] [stderr] error: could not compile `nats-aflowt` (example "async_nats_bench") due to 2 previous errors
[INFO] [stdout] error: linking with `cc` failed: exit status: 1
[INFO] [stdout]   |
[INFO] [stdout]   = note: LC_ALL="C" PATH="/opt/rustwide/rustup-home/toolchains/1.75.0-x86_64-unknown-linux-gnu/lib/rustlib/x86_64-unknown-linux-gnu/bin:/opt/rustwide/cargo-home/bin:/usr/local/sbin:/usr/local/bin:/usr/sbin:/usr/bin:/sbin:/bin" VSLANG="1033" "cc" "-m64" "/tmp/rustcV4IlSy/symbols.o" "/opt/rustwide/target/debug/deps/no_responders-de181f56d7625adb.no_responders.86feebff6ecae140-cgu.00.rcgu.o" "/opt/rustwide/target/debug/deps/no_responders-de181f56d7625adb.no_responders.86feebff6ecae140-cgu.01.rcgu.o" "/opt/rustwide/target/debug/deps/no_responders-de181f56d7625adb.no_responders.86feebff6ecae140-cgu.02.rcgu.o" "/opt/rustwide/target/debug/deps/no_responders-de181f56d7625adb.no_responders.86feebff6ecae140-cgu.03.rcgu.o" "/opt/rustwide/target/debug/deps/no_responders-de181f56d7625adb.no_responders.86feebff6ecae140-cgu.04.rcgu.o" "/opt/rustwide/target/debug/deps/no_responders-de181f56d7625adb.no_responders.86feebff6ecae140-cgu.05.rcgu.o" "/opt/rustwide/target/debug/deps/no_responders-de181f56d7625adb.no_responders.86feebff6ecae140-cgu.06.rcgu.o" "/opt/rustwide/target/debug/deps/no_responders-de181f56d7625adb.no_responders.86feebff6ecae140-cgu.07.rcgu.o" "/opt/rustwide/target/debug/deps/no_responders-de181f56d7625adb.no_responders.86feebff6ecae140-cgu.08.rcgu.o" "/opt/rustwide/target/debug/deps/no_responders-de181f56d7625adb.no_responders.86feebff6ecae140-cgu.09.rcgu.o" "/opt/rustwide/target/debug/deps/no_responders-de181f56d7625adb.no_responders.86feebff6ecae140-cgu.10.rcgu.o" "/opt/rustwide/target/debug/deps/no_responders-de181f56d7625adb.no_responders.86feebff6ecae140-cgu.11.rcgu.o" "/opt/rustwide/target/debug/deps/no_responders-de181f56d7625adb.no_responders.86feebff6ecae140-cgu.12.rcgu.o" "/opt/rustwide/target/debug/deps/no_responders-de181f56d7625adb.no_responders.86feebff6ecae140-cgu.13.rcgu.o" "/opt/rustwide/target/debug/deps/no_responders-de181f56d7625adb.no_responders.86feebff6ecae140-cgu.14.rcgu.o" "/opt/rustwide/target/debug/deps/no_responders-de181f56d7625adb.no_responders.86feebff6ecae140-cgu.15.rcgu.o" "/opt/rustwide/target/debug/deps/no_responders-de181f56d7625adb.1sf4gvsi4u2ijm7w.rcgu.o" "-Wl,--as-needed" "-L" "/opt/rustwide/target/debug/deps" "-L" "/opt/rustwide/target/debug/build/ring-c661407c2e015e47/out" "-L" "/opt/rustwide/rustup-home/toolchains/1.75.0-x86_64-unknown-linux-gnu/lib/rustlib/x86_64-unknown-linux-gnu/lib" "-Wl,-Bstatic" "/opt/rustwide/rustup-home/toolchains/1.75.0-x86_64-unknown-linux-gnu/lib/rustlib/x86_64-unknown-linux-gnu/lib/libtest-3df1bed8075ce1de.rlib" "/opt/rustwide/rustup-home/toolchains/1.75.0-x86_64-unknown-linux-gnu/lib/rustlib/x86_64-unknown-linux-gnu/lib/libgetopts-2076fd86b325cb5d.rlib" "/opt/rustwide/rustup-home/toolchains/1.75.0-x86_64-unknown-linux-gnu/lib/rustlib/x86_64-unknown-linux-gnu/lib/libunicode_width-caa7152ee70c190f.rlib" "/opt/rustwide/rustup-home/toolchains/1.75.0-x86_64-unknown-linux-gnu/lib/rustlib/x86_64-unknown-linux-gnu/lib/librustc_std_workspace_std-04e6425e07f02a3c.rlib" "/opt/rustwide/target/debug/deps/libnats_aflowt-7528063c34b03e4d.rlib" "/opt/rustwide/target/debug/deps/libserde_json-0c8bf7d35beda118.rlib" "/opt/rustwide/target/debug/deps/libryu-3f5f1fb5705e4a84.rlib" "/opt/rustwide/target/debug/deps/libserde_nanos-256df71a42c6b0a9.rlib" "/opt/rustwide/target/debug/deps/libnuid-36c631025637d532.rlib" "/opt/rustwide/target/debug/deps/libfastrand-b5f1bc702d3780c1.rlib" "/opt/rustwide/target/debug/deps/librustls_native_certs-fa2348a63e20b2a6.rlib" "/opt/rustwide/target/debug/deps/librustls_pemfile-c81b0aebe8b9aa1c.rlib" "/opt/rustwide/target/debug/deps/libopenssl_probe-a4690a0dee427556.rlib" "/opt/rustwide/target/debug/deps/librustls_pemfile-63279c1849aba3f8.rlib" "/opt/rustwide/target/debug/deps/libbase64_url-2586e2c04197bcd8.rlib" "/opt/rustwide/target/debug/deps/libbase64-4b6a299b1618568c.rlib" "/opt/rustwide/target/debug/deps/libasync_stream-7e7181f3175004c3.rlib" "/opt/rustwide/target/debug/deps/libjson-0b610d922f888269.rlib" "/opt/rustwide/target/debug/deps/libtokio_rustls-59129623ead799bd.rlib" "/opt/rustwide/target/debug/deps/librustls-9c88ddec47a351b1.rlib" "/opt/rustwide/target/debug/deps/libsct-3be3e957d06b49db.rlib" "/opt/rustwide/target/debug/deps/libwebpki-7691b79ed1efc690.rlib" "/opt/rustwide/target/debug/deps/libring-88059e912197370b.rlib" "/opt/rustwide/target/debug/deps/libspin-5040c9d97952ee5d.rlib" "/opt/rustwide/target/debug/deps/libuntrusted-bc769e65799cc5d7.rlib" "/opt/rustwide/target/debug/deps/libpin_project-ed9a201871420b6b.rlib" "/opt/rustwide/target/debug/deps/libfutures-0d8126ada2cb3e3d.rlib" "/opt/rustwide/target/debug/deps/libfutures_executor-2170778afd56c5c1.rlib" "/opt/rustwide/target/debug/deps/libfutures_util-a735ccfdf7d44dca.rlib" "/opt/rustwide/target/debug/deps/libfutures_io-5bfabc38b511c796.rlib" "/opt/rustwide/target/debug/deps/libslab-7fc4ce5252868002.rlib" "/opt/rustwide/target/debug/deps/libfutures_channel-d13c0555d6e222a7.rlib" "/opt/rustwide/target/debug/deps/libfutures_sink-2bebb645ec5c6d11.rlib" "/opt/rustwide/target/debug/deps/libfutures_task-940862ee89a3ec31.rlib" "/opt/rustwide/target/debug/deps/libpin_utils-cf166e5282202930.rlib" "/opt/rustwide/target/debug/deps/libfutures_core-77c9a0eea9f90509.rlib" "/opt/rustwide/target/debug/deps/libtime-85ff1bea54b4e21c.rlib" "/opt/rustwide/target/debug/deps/libitoa-bb6e72adf1f647aa.rlib" "/opt/rustwide/target/debug/deps/libserde-2a564ef6b663f4ac.rlib" "/opt/rustwide/target/debug/deps/liburl-a42cf7e77a8e8f3c.rlib" "/opt/rustwide/target/debug/deps/libidna-e1a812ff64b12e03.rlib" "/opt/rustwide/target/debug/deps/libunicode_normalization-99633a9b284ed408.rlib" "/opt/rustwide/target/debug/deps/libtinyvec-8ede1410faae67cc.rlib" "/opt/rustwide/target/debug/deps/libtinyvec_macros-3d8269d3cd705b63.rlib" "/opt/rustwide/target/debug/deps/libunicode_bidi-7cfb02172296c123.rlib" "/opt/rustwide/target/debug/deps/libform_urlencoded-6e497d0d2264ac23.rlib" "/opt/rustwide/target/debug/deps/libpercent_encoding-4eb47278167fc8c5.rlib" "/opt/rustwide/target/debug/deps/libmatches-6a5a2f00338d2125.rlib" "/opt/rustwide/target/debug/deps/libtokio-a7b484578185e1c4.rlib" "/opt/rustwide/target/debug/deps/libsignal_hook_registry-c160abb3ec16c462.rlib" "/opt/rustwide/target/debug/deps/libnum_cpus-03c8c745618b2360.rlib" "/opt/rustwide/target/debug/deps/libbytes-b9ee4a8f4dd408ef.rlib" "/opt/rustwide/target/debug/deps/libmio-6481569cf3847caf.rlib" "/opt/rustwide/target/debug/deps/libpin_project_lite-6e8a1f74680f8cf0.rlib" "/opt/rustwide/target/debug/deps/libparking_lot-3797fdb393c5bce2.rlib" "/opt/rustwide/target/debug/deps/libparking_lot_core-e71eefd32d5351ba.rlib" "/opt/rustwide/target/debug/deps/libsmallvec-b612547de98b2dbc.rlib" "/opt/rustwide/target/debug/deps/liblock_api-a241322aa1972a11.rlib" "/opt/rustwide/target/debug/deps/libscopeguard-60e6274d8fe06fbc.rlib" "/opt/rustwide/target/debug/deps/libinstant-c0875febabed1d31.rlib" "/opt/rustwide/target/debug/deps/liblog-e1b54939c122a12d.rlib" "/opt/rustwide/target/debug/deps/libregex-a4e5166045db244f.rlib" "/opt/rustwide/target/debug/deps/libaho_corasick-9f6b03d28786be9e.rlib" "/opt/rustwide/target/debug/deps/libmemchr-33f0f7da266b2ec7.rlib" "/opt/rustwide/target/debug/deps/libregex_syntax-94a2ece234eda6e7.rlib" "/opt/rustwide/target/debug/deps/libonce_cell-8d87c72471c06107.rlib" "/opt/rustwide/target/debug/deps/libnkeys-f42d2d1ee831225d.rlib" "/opt/rustwide/target/debug/deps/libdata_encoding-ef9ecd481adcd31c.rlib" "/opt/rustwide/target/debug/deps/libsignatory-cabb895faf360d55.rlib" "/opt/rustwide/target/debug/deps/libpkcs8-5dd7f170d261e51d.rlib" "/opt/rustwide/target/debug/deps/libpem_rfc7468-560d61fdb623008b.rlib" "/opt/rustwide/target/debug/deps/libbase64ct-114f8c7a5abaeaed.rlib" "/opt/rustwide/target/debug/deps/libspki-39a12242a223ad22.rlib" "/opt/rustwide/target/debug/deps/libder-71309c5205ddb803.rlib" "/opt/rustwide/target/debug/deps/libconst_oid-6844d7bb429d4719.rlib" "/opt/rustwide/target/debug/deps/librand-1f11c89f9776a207.rlib" "/opt/rustwide/target/debug/deps/librand_chacha-eff66acc6af69929.rlib" "/opt/rustwide/target/debug/deps/libppv_lite86-09f0ba60caf6a029.rlib" "/opt/rustwide/target/debug/deps/librand_core-3a735f963d97d1b1.rlib" "/opt/rustwide/target/debug/deps/libgetrandom-01a4d1a87c4bb184.rlib" "/opt/rustwide/target/debug/deps/liblibc-300e520a62f7698a.rlib" "/opt/rustwide/target/debug/deps/libed25519_dalek-c3bc322542675a07.rlib" "/opt/rustwide/target/debug/deps/libsha2-c543773b9338c8b3.rlib" "/opt/rustwide/target/debug/deps/libcpufeatures-2aa161de0ea91fd9.rlib" "/opt/rustwide/target/debug/deps/libcfg_if-eb90fc9f7df5c2ab.rlib" "/opt/rustwide/target/debug/deps/libopaque_debug-ee4f441ece4a320d.rlib" "/opt/rustwide/target/debug/deps/libblock_buffer-3299b249822bdc8d.rlib" "/opt/rustwide/target/debug/deps/libcurve25519_dalek-06afa90cf744e1fe.rlib" "/opt/rustwide/target/debug/deps/libsubtle-31dc3a4c0ae06157.rlib" "/opt/rustwide/target/debug/deps/libzeroize-d1bbea873eb16e6f.rlib" "/opt/rustwide/target/debug/deps/librand_core-67cf80cffad00199.rlib" "/opt/rustwide/target/debug/deps/libdigest-a32fab6cd141349d.rlib" "/opt/rustwide/target/debug/deps/libgeneric_array-20fa23028733711e.rlib" "/opt/rustwide/target/debug/deps/libtypenum-d67db1c4cf1a79cb.rlib" "/opt/rustwide/target/debug/deps/libbyteorder-3519268747ea43bf.rlib" "/opt/rustwide/target/debug/deps/libed25519-813530f0499668cc.rlib" "/opt/rustwide/target/debug/deps/libsignature-151a9318adaa3b52.rlib" "/opt/rustwide/target/debug/deps/liblazy_static-42ec64c94dbf69cf.rlib" "/opt/rustwide/rustup-home/toolchains/1.75.0-x86_64-unknown-linux-gnu/lib/rustlib/x86_64-unknown-linux-gnu/lib/libstd-90f6ddbf82de36ec.rlib" "/opt/rustwide/rustup-home/toolchains/1.75.0-x86_64-unknown-linux-gnu/lib/rustlib/x86_64-unknown-linux-gnu/lib/libpanic_unwind-480c41e9d4e1f677.rlib" "/opt/rustwide/rustup-home/toolchains/1.75.0-x86_64-unknown-linux-gnu/lib/rustlib/x86_64-unknown-linux-gnu/lib/libobject-db744c0ca03eed1d.rlib" "/opt/rustwide/rustup-home/toolchains/1.75.0-x86_64-unknown-linux-gnu/lib/rustlib/x86_64-unknown-linux-gnu/lib/libmemchr-8ba652dc7d4b285a.rlib" "/opt/rustwide/rustup-home/toolchains/1.75.0-x86_64-unknown-linux-gnu/lib/rustlib/x86_64-unknown-linux-gnu/lib/libaddr2line-d5f4520a9ebc0d58.rlib" "/opt/rustwide/rustup-home/toolchains/1.75.0-x86_64-unknown-linux-gnu/lib/rustlib/x86_64-unknown-linux-gnu/lib/libgimli-4ad84de58f0cb463.rlib" "/opt/rustwide/rustup-home/toolchains/1.75.0-x86_64-unknown-linux-gnu/lib/rustlib/x86_64-unknown-linux-gnu/lib/librustc_demangle-0d10aae2e0f38735.rlib" "/opt/rustwide/rustup-home/toolchains/1.75.0-x86_64-unknown-linux-gnu/lib/rustlib/x86_64-unknown-linux-gnu/lib/libstd_detect-0c17cff739e6745b.rlib" "/opt/rustwide/rustup-home/toolchains/1.75.0-x86_64-unknown-linux-gnu/lib/rustlib/x86_64-unknown-linux-gnu/lib/libhashbrown-b29e17139dde1aa8.rlib" "/opt/rustwide/rustup-home/toolchains/1.75.0-x86_64-unknown-linux-gnu/lib/rustlib/x86_64-unknown-linux-gnu/lib/librustc_std_workspace_alloc-1f975299829cc7bd.rlib" "/opt/rustwide/rustup-home/toolchains/1.75.0-x86_64-unknown-linux-gnu/lib/rustlib/x86_64-unknown-linux-gnu/lib/libminiz_oxide-86bae3bc3079f89b.rlib" "/opt/rustwide/rustup-home/toolchains/1.75.0-x86_64-unknown-linux-gnu/lib/rustlib/x86_64-unknown-linux-gnu/lib/libadler-321b82c30dffdf5f.rlib" "/opt/rustwide/rustup-home/toolchains/1.75.0-x86_64-unknown-linux-gnu/lib/rustlib/x86_64-unknown-linux-gnu/lib/libunwind-3dd8a6810a0bdfef.rlib" "/opt/rustwide/rustup-home/toolchains/1.75.0-x86_64-unknown-linux-gnu/lib/rustlib/x86_64-unknown-linux-gnu/lib/libcfg_if-eb39a61c0c879984.rlib" "/opt/rustwide/rustup-home/toolchains/1.75.0-x86_64-unknown-linux-gnu/lib/rustlib/x86_64-unknown-linux-gnu/lib/liblibc-aa769569f91c3548.rlib" "/opt/rustwide/rustup-home/toolchains/1.75.0-x86_64-unknown-linux-gnu/lib/rustlib/x86_64-unknown-linux-gnu/lib/liballoc-510a192a50a983ed.rlib" "/opt/rustwide/rustup-home/toolchains/1.75.0-x86_64-unknown-linux-gnu/lib/rustlib/x86_64-unknown-linux-gnu/lib/librustc_std_workspace_core-0577018320f99037.rlib" "/opt/rustwide/rustup-home/toolchains/1.75.0-x86_64-unknown-linux-gnu/lib/rustlib/x86_64-unknown-linux-gnu/lib/libcore-193cf992125ccd4c.rlib" "/opt/rustwide/rustup-home/toolchains/1.75.0-x86_64-unknown-linux-gnu/lib/rustlib/x86_64-unknown-linux-gnu/lib/libcompiler_builtins-8e138eaf26ebb4a8.rlib" "-Wl,-Bdynamic" "-lgcc_s" "-lutil" "-lrt" "-lpthread" "-lm" "-ldl" "-lc" "-Wl,--eh-frame-hdr" "-Wl,-z,noexecstack" "-L" "/opt/rustwide/rustup-home/toolchains/1.75.0-x86_64-unknown-linux-gnu/lib/rustlib/x86_64-unknown-linux-gnu/lib" "-o" "/opt/rustwide/target/debug/deps/no_responders-de181f56d7625adb" "-Wl,--gc-sections" "-pie" "-Wl,-z,relro,-z,now" "-nodefaultlibs"
[INFO] [stdout]   = note: collect2: fatal error: ld terminated with signal 9 [Killed]
[INFO] [stdout]           compilation terminated.
[INFO] [stdout]           
[INFO] [stdout] 
[INFO] [stdout] 
[INFO] [stdout] error: aborting due to previous error
[INFO] [stdout] 
[INFO] [stdout] 
[INFO] [stderr] error: could not compile `nats-aflowt` (test "no_responders") due to 2 previous errors
[INFO] running `Command { std: "docker" "inspect" "af7ab90e90d59240687cafbdc67853a37572fe0b76e086b5f7d6e59df2f3095f", kill_on_drop: false }`
[INFO] running `Command { std: "docker" "rm" "-f" "af7ab90e90d59240687cafbdc67853a37572fe0b76e086b5f7d6e59df2f3095f", kill_on_drop: false }`
[INFO] [stdout] af7ab90e90d59240687cafbdc67853a37572fe0b76e086b5f7d6e59df2f3095f
