[INFO] fetching crate named-retry 0.2.1...
[INFO] testing named-retry-0.2.1 against 1.75.0 for beta-1.76-1
[INFO] extracting crate named-retry 0.2.1 into /workspace/builds/worker-5-tc1/source
[INFO] validating manifest of crates.io crate named-retry 0.2.1 on toolchain 1.75.0
[INFO] running `Command { std: CARGO_HOME="/workspace/cargo-home" RUSTUP_HOME="/workspace/rustup-home" "/workspace/cargo-home/bin/cargo" "+1.75.0" "metadata" "--manifest-path" "Cargo.toml" "--no-deps", kill_on_drop: false }`
[INFO] started tweaking crates.io crate named-retry 0.2.1
[INFO] finished tweaking crates.io crate named-retry 0.2.1
[INFO] tweaked toml for crates.io crate named-retry 0.2.1 written to /workspace/builds/worker-5-tc1/source/Cargo.toml
[INFO] running `Command { std: CARGO_HOME="/workspace/cargo-home" RUSTUP_HOME="/workspace/rustup-home" "/workspace/cargo-home/bin/cargo" "+1.75.0" "generate-lockfile" "--manifest-path" "Cargo.toml", kill_on_drop: false }`
[INFO] [stderr]     Updating crates.io index
[INFO] running `Command { std: CARGO_HOME="/workspace/cargo-home" RUSTUP_HOME="/workspace/rustup-home" "/workspace/cargo-home/bin/cargo" "+1.75.0" "fetch" "--manifest-path" "Cargo.toml", kill_on_drop: false }`
[INFO] running `Command { std: "docker" "create" "-v" "/var/lib/crater-agent-workspace/builds/worker-5-tc1/target:/opt/rustwide/target:rw,Z" "-v" "/var/lib/crater-agent-workspace/builds/worker-5-tc1/source:/opt/rustwide/workdir:ro,Z" "-v" "/var/lib/crater-agent-workspace/cargo-home:/opt/rustwide/cargo-home:ro,Z" "-v" "/var/lib/crater-agent-workspace/rustup-home:/opt/rustwide/rustup-home:ro,Z" "-e" "SOURCE_DIR=/opt/rustwide/workdir" "-e" "CARGO_TARGET_DIR=/opt/rustwide/target" "-e" "CARGO_HOME=/opt/rustwide/cargo-home" "-e" "RUSTUP_HOME=/opt/rustwide/rustup-home" "-w" "/opt/rustwide/workdir" "-m" "1610612736" "--user" "0:0" "--network" "none" "ghcr.io/rust-lang/crates-build-env/linux@sha256:2788e3201cd34a07e3172128adcd8b3090168a8e3bcc40d7c032b9dda1df7d1c" "/opt/rustwide/cargo-home/bin/cargo" "+1.75.0" "metadata" "--no-deps" "--format-version=1", kill_on_drop: false }`
[INFO] [stdout] b7dd81ac7643111948b9067361d715d0cadf1aeaf33baa7cd133f24fa13c0dc6
[INFO] running `Command { std: "docker" "start" "-a" "b7dd81ac7643111948b9067361d715d0cadf1aeaf33baa7cd133f24fa13c0dc6", kill_on_drop: false }`
[INFO] running `Command { std: "docker" "inspect" "b7dd81ac7643111948b9067361d715d0cadf1aeaf33baa7cd133f24fa13c0dc6", kill_on_drop: false }`
[INFO] running `Command { std: "docker" "rm" "-f" "b7dd81ac7643111948b9067361d715d0cadf1aeaf33baa7cd133f24fa13c0dc6", kill_on_drop: false }`
[INFO] [stdout] b7dd81ac7643111948b9067361d715d0cadf1aeaf33baa7cd133f24fa13c0dc6
[INFO] running `Command { std: "docker" "create" "-v" "/var/lib/crater-agent-workspace/builds/worker-5-tc1/target:/opt/rustwide/target:rw,Z" "-v" "/var/lib/crater-agent-workspace/builds/worker-5-tc1/source:/opt/rustwide/workdir:ro,Z" "-v" "/var/lib/crater-agent-workspace/cargo-home:/opt/rustwide/cargo-home:ro,Z" "-v" "/var/lib/crater-agent-workspace/rustup-home:/opt/rustwide/rustup-home:ro,Z" "-e" "SOURCE_DIR=/opt/rustwide/workdir" "-e" "CARGO_TARGET_DIR=/opt/rustwide/target" "-e" "CARGO_INCREMENTAL=0" "-e" "RUST_BACKTRACE=full" "-e" "RUSTFLAGS=--cap-lints=warn" "-e" "RUSTDOCFLAGS=--cap-lints=warn" "-e" "CARGO_HOME=/opt/rustwide/cargo-home" "-e" "RUSTUP_HOME=/opt/rustwide/rustup-home" "-w" "/opt/rustwide/workdir" "-m" "1610612736" "--user" "0:0" "--network" "none" "ghcr.io/rust-lang/crates-build-env/linux@sha256:2788e3201cd34a07e3172128adcd8b3090168a8e3bcc40d7c032b9dda1df7d1c" "/opt/rustwide/cargo-home/bin/cargo" "+1.75.0" "build" "--frozen" "--message-format=json", kill_on_drop: false }`
[INFO] [stdout] 58d39009a40bb130844723c58c5a7a8a9040cdc071fd56257052e8fa049c7176
[INFO] running `Command { std: "docker" "start" "-a" "58d39009a40bb130844723c58c5a7a8a9040cdc071fd56257052e8fa049c7176", kill_on_drop: false }`
[INFO] [stderr]    Compiling once_cell v1.19.0
[INFO] [stderr]    Compiling tokio v1.35.1
[INFO] [stderr]    Compiling syn v2.0.48
[INFO] [stderr]    Compiling tracing-core v0.1.32
[INFO] [stderr]    Compiling tracing-attributes v0.1.27
[INFO] [stderr]    Compiling tracing v0.1.40
[INFO] [stderr]    Compiling named-retry v0.2.1 (/opt/rustwide/workdir)
[INFO] [stderr]     Finished dev [unoptimized + debuginfo] target(s) in 4.49s
[INFO] running `Command { std: "docker" "inspect" "58d39009a40bb130844723c58c5a7a8a9040cdc071fd56257052e8fa049c7176", kill_on_drop: false }`
[INFO] running `Command { std: "docker" "rm" "-f" "58d39009a40bb130844723c58c5a7a8a9040cdc071fd56257052e8fa049c7176", kill_on_drop: false }`
[INFO] [stdout] 58d39009a40bb130844723c58c5a7a8a9040cdc071fd56257052e8fa049c7176
[INFO] running `Command { std: "docker" "create" "-v" "/var/lib/crater-agent-workspace/builds/worker-5-tc1/target:/opt/rustwide/target:rw,Z" "-v" "/var/lib/crater-agent-workspace/builds/worker-5-tc1/source:/opt/rustwide/workdir:ro,Z" "-v" "/var/lib/crater-agent-workspace/cargo-home:/opt/rustwide/cargo-home:ro,Z" "-v" "/var/lib/crater-agent-workspace/rustup-home:/opt/rustwide/rustup-home:ro,Z" "-e" "SOURCE_DIR=/opt/rustwide/workdir" "-e" "CARGO_TARGET_DIR=/opt/rustwide/target" "-e" "CARGO_INCREMENTAL=0" "-e" "RUST_BACKTRACE=full" "-e" "RUSTFLAGS=--cap-lints=warn" "-e" "RUSTDOCFLAGS=--cap-lints=warn" "-e" "CARGO_HOME=/opt/rustwide/cargo-home" "-e" "RUSTUP_HOME=/opt/rustwide/rustup-home" "-w" "/opt/rustwide/workdir" "-m" "1610612736" "--user" "0:0" "--network" "none" "ghcr.io/rust-lang/crates-build-env/linux@sha256:2788e3201cd34a07e3172128adcd8b3090168a8e3bcc40d7c032b9dda1df7d1c" "/opt/rustwide/cargo-home/bin/cargo" "+1.75.0" "test" "--frozen" "--no-run" "--message-format=json", kill_on_drop: false }`
[INFO] [stdout] 6a81f6112504cf2d535ab2eb2b43f740dd9f0c5bece95a05d34d2cfdcaaaa4e4
[INFO] running `Command { std: "docker" "start" "-a" "6a81f6112504cf2d535ab2eb2b43f740dd9f0c5bece95a05d34d2cfdcaaaa4e4", kill_on_drop: false }`
[INFO] [stderr]    Compiling named-retry v0.2.1 (/opt/rustwide/workdir)
[INFO] [stdout] error[E0433]: failed to resolve: could not find `test` in `tokio`
[INFO] [stdout]   --> src/lib.rs:97:14
[INFO] [stdout]    |
[INFO] [stdout] 97 |     #[tokio::test]
[INFO] [stdout]    |              ^^^^ could not find `test` in `tokio`
[INFO] [stdout] 
[INFO] [stdout] 
[INFO] [stdout] error[E0433]: failed to resolve: could not find `test` in `tokio`
[INFO] [stdout]    --> src/lib.rs:106:14
[INFO] [stdout]     |
[INFO] [stdout] 106 |     #[tokio::test]
[INFO] [stdout]     |              ^^^^ could not find `test` in `tokio`
[INFO] [stdout] 
[INFO] [stdout] 
[INFO] [stdout] error[E0433]: failed to resolve: could not find `test` in `tokio`
[INFO] [stdout]    --> src/lib.rs:118:14
[INFO] [stdout]     |
[INFO] [stdout] 118 |     #[tokio::test]
[INFO] [stdout]     |              ^^^^ could not find `test` in `tokio`
[INFO] [stdout] 
[INFO] [stdout] 
[INFO] [stdout] error[E0433]: failed to resolve: could not find `test` in `tokio`
[INFO] [stdout]    --> src/lib.rs:131:14
[INFO] [stdout]     |
[INFO] [stdout] 131 |     #[tokio::test(start_paused = true)]
[INFO] [stdout]     |              ^^^^ could not find `test` in `tokio`
[INFO] [stdout] 
[INFO] [stdout] 
[INFO] [stdout] error: aborting due to 4 previous errors
[INFO] [stdout] 
[INFO] [stdout] 
[INFO] [stdout] For more information about this error, try `rustc --explain E0433`.
[INFO] [stdout] 
[INFO] [stderr] error: could not compile `named-retry` (lib test) due to 5 previous errors
[INFO] running `Command { std: "docker" "inspect" "6a81f6112504cf2d535ab2eb2b43f740dd9f0c5bece95a05d34d2cfdcaaaa4e4", kill_on_drop: false }`
[INFO] running `Command { std: "docker" "rm" "-f" "6a81f6112504cf2d535ab2eb2b43f740dd9f0c5bece95a05d34d2cfdcaaaa4e4", kill_on_drop: false }`
[INFO] [stdout] 6a81f6112504cf2d535ab2eb2b43f740dd9f0c5bece95a05d34d2cfdcaaaa4e4
