[INFO] fetching crate nalgebra-numpy 0.3.0...
[INFO] testing nalgebra-numpy-0.3.0 against 1.75.0 for beta-1.76-1
[INFO] extracting crate nalgebra-numpy 0.3.0 into /workspace/builds/worker-6-tc1/source
[INFO] validating manifest of crates.io crate nalgebra-numpy 0.3.0 on toolchain 1.75.0
[INFO] running `Command { std: CARGO_HOME="/workspace/cargo-home" RUSTUP_HOME="/workspace/rustup-home" "/workspace/cargo-home/bin/cargo" "+1.75.0" "metadata" "--manifest-path" "Cargo.toml" "--no-deps", kill_on_drop: false }`
[INFO] started tweaking crates.io crate nalgebra-numpy 0.3.0
[INFO] finished tweaking crates.io crate nalgebra-numpy 0.3.0
[INFO] tweaked toml for crates.io crate nalgebra-numpy 0.3.0 written to /workspace/builds/worker-6-tc1/source/Cargo.toml
[INFO] running `Command { std: CARGO_HOME="/workspace/cargo-home" RUSTUP_HOME="/workspace/rustup-home" "/workspace/cargo-home/bin/cargo" "+1.75.0" "generate-lockfile" "--manifest-path" "Cargo.toml", kill_on_drop: false }`
[INFO] [stderr]     Updating crates.io index
[INFO] running `Command { std: CARGO_HOME="/workspace/cargo-home" RUSTUP_HOME="/workspace/rustup-home" "/workspace/cargo-home/bin/cargo" "+1.75.0" "fetch" "--manifest-path" "Cargo.toml", kill_on_drop: false }`
[INFO] [stderr]  Downloading crates ...
[INFO] [stderr]   Downloaded assert2 v0.3.11
[INFO] [stderr]   Downloaded assert2-macros v0.3.11
[INFO] [stderr]   Downloaded pyo3-derive-backend v0.11.1
[INFO] [stderr]   Downloaded pyo3cls v0.11.1
[INFO] [stderr]   Downloaded nalgebra v0.24.1
[INFO] [stderr]   Downloaded pyo3 v0.11.1
[INFO] [stderr]   Downloaded inline-python-macros v0.5.3
[INFO] [stderr]   Downloaded inline-python v0.6.0
[INFO] [stderr]   Downloaded numpy v0.11.0
[INFO] running `Command { std: "docker" "create" "-v" "/var/lib/crater-agent-workspace/builds/worker-6-tc1/target:/opt/rustwide/target:rw,Z" "-v" "/var/lib/crater-agent-workspace/builds/worker-6-tc1/source:/opt/rustwide/workdir:ro,Z" "-v" "/var/lib/crater-agent-workspace/cargo-home:/opt/rustwide/cargo-home:ro,Z" "-v" "/var/lib/crater-agent-workspace/rustup-home:/opt/rustwide/rustup-home:ro,Z" "-e" "SOURCE_DIR=/opt/rustwide/workdir" "-e" "CARGO_TARGET_DIR=/opt/rustwide/target" "-e" "CARGO_HOME=/opt/rustwide/cargo-home" "-e" "RUSTUP_HOME=/opt/rustwide/rustup-home" "-w" "/opt/rustwide/workdir" "-m" "1610612736" "--user" "0:0" "--network" "none" "ghcr.io/rust-lang/crates-build-env/linux@sha256:2788e3201cd34a07e3172128adcd8b3090168a8e3bcc40d7c032b9dda1df7d1c" "/opt/rustwide/cargo-home/bin/cargo" "+1.75.0" "metadata" "--no-deps" "--format-version=1", kill_on_drop: false }`
[INFO] [stdout] f580d38a3cae14a8233c818a92153b0197f0beb22a48f0284226a31b9f05fd44
[INFO] running `Command { std: "docker" "start" "-a" "f580d38a3cae14a8233c818a92153b0197f0beb22a48f0284226a31b9f05fd44", kill_on_drop: false }`
[INFO] running `Command { std: "docker" "inspect" "f580d38a3cae14a8233c818a92153b0197f0beb22a48f0284226a31b9f05fd44", kill_on_drop: false }`
[INFO] running `Command { std: "docker" "rm" "-f" "f580d38a3cae14a8233c818a92153b0197f0beb22a48f0284226a31b9f05fd44", kill_on_drop: false }`
[INFO] [stdout] f580d38a3cae14a8233c818a92153b0197f0beb22a48f0284226a31b9f05fd44
[INFO] running `Command { std: "docker" "create" "-v" "/var/lib/crater-agent-workspace/builds/worker-6-tc1/target:/opt/rustwide/target:rw,Z" "-v" "/var/lib/crater-agent-workspace/builds/worker-6-tc1/source:/opt/rustwide/workdir:ro,Z" "-v" "/var/lib/crater-agent-workspace/cargo-home:/opt/rustwide/cargo-home:ro,Z" "-v" "/var/lib/crater-agent-workspace/rustup-home:/opt/rustwide/rustup-home:ro,Z" "-e" "SOURCE_DIR=/opt/rustwide/workdir" "-e" "CARGO_TARGET_DIR=/opt/rustwide/target" "-e" "CARGO_INCREMENTAL=0" "-e" "RUST_BACKTRACE=full" "-e" "RUSTFLAGS=--cap-lints=warn" "-e" "RUSTDOCFLAGS=--cap-lints=warn" "-e" "CARGO_HOME=/opt/rustwide/cargo-home" "-e" "RUSTUP_HOME=/opt/rustwide/rustup-home" "-w" "/opt/rustwide/workdir" "-m" "1610612736" "--user" "0:0" "--network" "none" "ghcr.io/rust-lang/crates-build-env/linux@sha256:2788e3201cd34a07e3172128adcd8b3090168a8e3bcc40d7c032b9dda1df7d1c" "/opt/rustwide/cargo-home/bin/cargo" "+1.75.0" "build" "--frozen" "--message-format=json", kill_on_drop: false }`
[INFO] [stdout] cb1a8129ae4d4bbc926c3d941f19f0c018b0a3a7d1c075fb2c63a791e49666ba
[INFO] running `Command { std: "docker" "start" "-a" "cb1a8129ae4d4bbc926c3d941f19f0c018b0a3a7d1c075fb2c63a791e49666ba", kill_on_drop: false }`
[INFO] [stderr]    Compiling proc-macro2 v1.0.75
[INFO] [stderr]    Compiling libm v0.2.8
[INFO] [stderr]    Compiling num-traits v0.2.17
[INFO] [stderr]    Compiling libc v0.2.151
[INFO] [stderr]    Compiling syn v1.0.109
[INFO] [stderr]    Compiling getrandom v0.1.16
[INFO] [stderr]    Compiling num-integer v0.1.45
[INFO] [stderr]    Compiling lock_api v0.4.11
[INFO] [stderr]    Compiling parking_lot_core v0.8.6
[INFO] [stderr]    Compiling rawpointer v0.2.1
[INFO] [stderr]    Compiling matrixmultiply v0.3.8
[INFO] [stderr]    Compiling inventory v0.1.11
[INFO] [stderr]    Compiling instant v0.1.12
[INFO] [stderr]    Compiling ppv-lite86 v0.2.17
[INFO] [stderr]    Compiling unindent v0.1.11
[INFO] [stderr]    Compiling smallvec v1.11.2
[INFO] [stderr]    Compiling scopeguard v1.2.0
[INFO] [stderr]    Compiling paste-impl v0.1.18
[INFO] [stderr]    Compiling num-rational v0.3.2
[INFO] [stderr]    Compiling num-complex v0.2.4
[INFO] [stderr]    Compiling pyo3 v0.11.1
[INFO] [stderr]    Compiling matrixmultiply v0.2.4
[INFO] [stderr]    Compiling paste v0.1.18
[INFO] [stderr]    Compiling quote v1.0.35
[INFO] [stderr]    Compiling syn v2.0.48
[INFO] [stderr]    Compiling num-complex v0.3.1
[INFO] [stderr]    Compiling num-complex v0.4.4
[INFO] [stderr]    Compiling approx v0.4.0
[INFO] [stderr]    Compiling rand_core v0.5.1
[INFO] [stderr]    Compiling parking_lot v0.11.2
[INFO] [stderr]    Compiling rand_chacha v0.2.2
[INFO] [stderr]    Compiling ndarray v0.15.6
[INFO] [stderr]    Compiling simba v0.3.1
[INFO] [stderr]    Compiling rand v0.7.3
[INFO] [stderr]    Compiling rand_distr v0.3.0
[INFO] [stderr]    Compiling ghost v0.1.17
[INFO] [stderr]    Compiling pyo3-derive-backend v0.11.1
[INFO] [stderr]    Compiling inventory-impl v0.1.11
[INFO] [stderr]    Compiling indoc-impl v0.3.6
[INFO] [stderr]    Compiling ctor v0.1.26
[INFO] [stderr]    Compiling pyo3cls v0.11.1
[INFO] [stderr]    Compiling indoc v0.3.6
[INFO] [stderr]    Compiling nalgebra v0.24.1
[INFO] [stderr]    Compiling numpy v0.11.0
[INFO] [stderr]    Compiling nalgebra-numpy v0.3.0 (/opt/rustwide/workdir)
[INFO] [stderr]     Finished dev [unoptimized + debuginfo] target(s) in 11.28s
[INFO] [stderr] warning: the following packages contain code that will be rejected by a future version of Rust: pyo3 v0.11.1, pyo3-derive-backend v0.11.1
[INFO] [stderr] note: to see what the problems were, use the option `--future-incompat-report`, or run `cargo report future-incompatibilities --id 1`
[INFO] running `Command { std: "docker" "inspect" "cb1a8129ae4d4bbc926c3d941f19f0c018b0a3a7d1c075fb2c63a791e49666ba", kill_on_drop: false }`
[INFO] running `Command { std: "docker" "rm" "-f" "cb1a8129ae4d4bbc926c3d941f19f0c018b0a3a7d1c075fb2c63a791e49666ba", kill_on_drop: false }`
[INFO] [stdout] cb1a8129ae4d4bbc926c3d941f19f0c018b0a3a7d1c075fb2c63a791e49666ba
[INFO] running `Command { std: "docker" "create" "-v" "/var/lib/crater-agent-workspace/builds/worker-6-tc1/target:/opt/rustwide/target:rw,Z" "-v" "/var/lib/crater-agent-workspace/builds/worker-6-tc1/source:/opt/rustwide/workdir:ro,Z" "-v" "/var/lib/crater-agent-workspace/cargo-home:/opt/rustwide/cargo-home:ro,Z" "-v" "/var/lib/crater-agent-workspace/rustup-home:/opt/rustwide/rustup-home:ro,Z" "-e" "SOURCE_DIR=/opt/rustwide/workdir" "-e" "CARGO_TARGET_DIR=/opt/rustwide/target" "-e" "CARGO_INCREMENTAL=0" "-e" "RUST_BACKTRACE=full" "-e" "RUSTFLAGS=--cap-lints=warn" "-e" "RUSTDOCFLAGS=--cap-lints=warn" "-e" "CARGO_HOME=/opt/rustwide/cargo-home" "-e" "RUSTUP_HOME=/opt/rustwide/rustup-home" "-w" "/opt/rustwide/workdir" "-m" "1610612736" "--user" "0:0" "--network" "none" "ghcr.io/rust-lang/crates-build-env/linux@sha256:2788e3201cd34a07e3172128adcd8b3090168a8e3bcc40d7c032b9dda1df7d1c" "/opt/rustwide/cargo-home/bin/cargo" "+1.75.0" "test" "--frozen" "--no-run" "--message-format=json", kill_on_drop: false }`
[INFO] [stdout] e515300da0656925be36461a4905b8c4ba642c8018f6d1f53ce82bbf0617233f
[INFO] running `Command { std: "docker" "start" "-a" "e515300da0656925be36461a4905b8c4ba642c8018f6d1f53ce82bbf0617233f", kill_on_drop: false }`
[INFO] [stderr]    Compiling rustix v0.38.28
[INFO] [stderr]    Compiling linux-raw-sys v0.4.12
[INFO] [stderr]    Compiling assert2-macros v0.3.11
[INFO] [stderr]    Compiling yansi v0.5.1
[INFO] [stderr]    Compiling inline-python-macros v0.5.3
[INFO] [stdout] error[E0432]: unresolved import `proc_macro::LineColumn`
[INFO] [stdout]  --> /opt/rustwide/cargo-home/registry/src/index.crates.io-6f17d22bba15001f/inline-python-macros-0.5.3/src/embed_python.rs:1:18
[INFO] [stdout]   |
[INFO] [stdout] 1 | use proc_macro::{LineColumn, Span};
[INFO] [stdout]   |                  ^^^^^^^^^^ no `LineColumn` in the root
[INFO] [stdout]   |
[INFO] [stdout]   = help: consider importing this struct instead:
[INFO] [stdout]           proc_macro2::LineColumn
[INFO] [stdout] 
[INFO] [stdout] 
[INFO] [stdout] error[E0554]: `#![feature]` may not be used on the stable release channel
[INFO] [stdout]  --> /opt/rustwide/cargo-home/registry/src/index.crates.io-6f17d22bba15001f/inline-python-macros-0.5.3/src/lib.rs:3:12
[INFO] [stdout]   |
[INFO] [stdout] 3 | #![feature(proc_macro_span)]
[INFO] [stdout]   |            ^^^^^^^^^^^^^^^
[INFO] [stdout] 
[INFO] [stdout] 
[INFO] [stdout] error[E0615]: attempted to take value of method `column` on type `proc_macro::Span`
[INFO] [stdout]   --> /opt/rustwide/cargo-home/registry/src/index.crates.io-6f17d22bba15001f/inline-python-macros-0.5.3/src/embed_python.rs:68:14
[INFO] [stdout]    |
[INFO] [stdout] 68 |                     end_loc.column = end_loc.column.saturating_sub(end.len());
[INFO] [stdout]    |                             ^^^^^^ method, not a field
[INFO] [stdout]    |
[INFO] [stdout]    = help: methods are immutable and cannot be assigned to
[INFO] [stdout] 
[INFO] [stdout] 
[INFO] [stdout] error[E0615]: attempted to take value of method `column` on type `proc_macro::Span`
[INFO] [stdout]   --> /opt/rustwide/cargo-home/registry/src/index.crates.io-6f17d22bba15001f/inline-python-macros-0.5.3/src/embed_python.rs:68:31
[INFO] [stdout]    |
[INFO] [stdout] 68 |                     end_loc.column = end_loc.column.saturating_sub(end.len());
[INFO] [stdout]    |                                              ^^^^^^ method, not a field
[INFO] [stdout]    |
[INFO] [stdout] help: use parentheses to call the method
[INFO] [stdout]    |
[INFO] [stdout] 68 |                     end_loc.column = end_loc.column().saturating_sub(end.len());
[INFO] [stdout]    |                                                    ++
[INFO] [stdout] 
[INFO] [stdout] 
[INFO] [stdout] error[E0615]: attempted to take value of method `line` on type `proc_macro::Span`
[INFO] [stdout]   --> /opt/rustwide/cargo-home/registry/src/index.crates.io-6f17d22bba15001f/inline-python-macros-0.5.3/src/error.rs:57:35
[INFO] [stdout]    |
[INFO] [stdout] 57 |         .skip_while(|span| span.start().line < line)
[INFO] [stdout]    |                                         ^^^^ method, not a field
[INFO] [stdout]    |
[INFO] [stdout] help: use parentheses to call the method
[INFO] [stdout]    |
[INFO] [stdout] 57 |         .skip_while(|span| span.start().line() < line)
[INFO] [stdout]    |                                             ++
[INFO] [stdout] 
[INFO] [stdout] 
[INFO] [stdout] error[E0615]: attempted to take value of method `line` on type `proc_macro::Span`
[INFO] [stdout]   --> /opt/rustwide/cargo-home/registry/src/index.crates.io-6f17d22bba15001f/inline-python-macros-0.5.3/src/error.rs:58:35
[INFO] [stdout]    |
[INFO] [stdout] 58 |         .take_while(|span| span.start().line == line);
[INFO] [stdout]    |                                         ^^^^ method, not a field
[INFO] [stdout]    |
[INFO] [stdout] help: use parentheses to call the method
[INFO] [stdout]    |
[INFO] [stdout] 58 |         .take_while(|span| span.start().line() == line);
[INFO] [stdout]    |                                             ++
[INFO] [stdout] 
[INFO] [stdout] 
[INFO] [stdout] error: aborting due to 6 previous errors
[INFO] [stdout] 
[INFO] [stdout] 
[INFO] [stdout] Some errors have detailed explanations: E0432, E0554, E0615.
[INFO] [stdout] 
[INFO] [stdout] For more information about an error, try `rustc --explain E0432`.
[INFO] [stdout] 
[INFO] [stderr] error: could not compile `inline-python-macros` (lib) due to 7 previous errors
[INFO] [stderr] warning: build failed, waiting for other jobs to finish...
[INFO] running `Command { std: "docker" "inspect" "e515300da0656925be36461a4905b8c4ba642c8018f6d1f53ce82bbf0617233f", kill_on_drop: false }`
[INFO] running `Command { std: "docker" "rm" "-f" "e515300da0656925be36461a4905b8c4ba642c8018f6d1f53ce82bbf0617233f", kill_on_drop: false }`
[INFO] [stdout] e515300da0656925be36461a4905b8c4ba642c8018f6d1f53ce82bbf0617233f
[INFO] testing nalgebra-numpy-0.3.0 against beta-2023-12-22 for beta-1.76-1
[INFO] extracting crate nalgebra-numpy 0.3.0 into /workspace/builds/worker-6-tc2/source
[INFO] validating manifest of crates.io crate nalgebra-numpy 0.3.0 on toolchain beta-2023-12-22
[INFO] running `Command { std: CARGO_HOME="/workspace/cargo-home" RUSTUP_HOME="/workspace/rustup-home" "/workspace/cargo-home/bin/cargo" "+beta-2023-12-22" "metadata" "--manifest-path" "Cargo.toml" "--no-deps", kill_on_drop: false }`
[INFO] started tweaking crates.io crate nalgebra-numpy 0.3.0
[INFO] finished tweaking crates.io crate nalgebra-numpy 0.3.0
[INFO] tweaked toml for crates.io crate nalgebra-numpy 0.3.0 written to /workspace/builds/worker-6-tc2/source/Cargo.toml
[INFO] running `Command { std: CARGO_HOME="/workspace/cargo-home" RUSTUP_HOME="/workspace/rustup-home" "/workspace/cargo-home/bin/cargo" "+beta-2023-12-22" "generate-lockfile" "--manifest-path" "Cargo.toml", kill_on_drop: false }`
[INFO] [stderr]     Updating crates.io index
[INFO] running `Command { std: CARGO_HOME="/workspace/cargo-home" RUSTUP_HOME="/workspace/rustup-home" "/workspace/cargo-home/bin/cargo" "+beta-2023-12-22" "fetch" "--manifest-path" "Cargo.toml", kill_on_drop: false }`
[INFO] running `Command { std: "docker" "create" "-v" "/var/lib/crater-agent-workspace/builds/worker-6-tc2/target:/opt/rustwide/target:rw,Z" "-v" "/var/lib/crater-agent-workspace/builds/worker-6-tc2/source:/opt/rustwide/workdir:ro,Z" "-v" "/var/lib/crater-agent-workspace/cargo-home:/opt/rustwide/cargo-home:ro,Z" "-v" "/var/lib/crater-agent-workspace/rustup-home:/opt/rustwide/rustup-home:ro,Z" "-e" "SOURCE_DIR=/opt/rustwide/workdir" "-e" "CARGO_TARGET_DIR=/opt/rustwide/target" "-e" "CARGO_HOME=/opt/rustwide/cargo-home" "-e" "RUSTUP_HOME=/opt/rustwide/rustup-home" "-w" "/opt/rustwide/workdir" "-m" "1610612736" "--user" "0:0" "--network" "none" "ghcr.io/rust-lang/crates-build-env/linux@sha256:2788e3201cd34a07e3172128adcd8b3090168a8e3bcc40d7c032b9dda1df7d1c" "/opt/rustwide/cargo-home/bin/cargo" "+beta-2023-12-22" "metadata" "--no-deps" "--format-version=1", kill_on_drop: false }`
[INFO] [stdout] 50ed0f643aa54b8ed0f27f06b2686ad86af1306224da5ab51ed56564ced41148
[INFO] running `Command { std: "docker" "start" "-a" "50ed0f643aa54b8ed0f27f06b2686ad86af1306224da5ab51ed56564ced41148", kill_on_drop: false }`
[INFO] running `Command { std: "docker" "inspect" "50ed0f643aa54b8ed0f27f06b2686ad86af1306224da5ab51ed56564ced41148", kill_on_drop: false }`
[INFO] running `Command { std: "docker" "rm" "-f" "50ed0f643aa54b8ed0f27f06b2686ad86af1306224da5ab51ed56564ced41148", kill_on_drop: false }`
[INFO] [stdout] 50ed0f643aa54b8ed0f27f06b2686ad86af1306224da5ab51ed56564ced41148
[INFO] running `Command { std: "docker" "create" "-v" "/var/lib/crater-agent-workspace/builds/worker-6-tc2/target:/opt/rustwide/target:rw,Z" "-v" "/var/lib/crater-agent-workspace/builds/worker-6-tc2/source:/opt/rustwide/workdir:ro,Z" "-v" "/var/lib/crater-agent-workspace/cargo-home:/opt/rustwide/cargo-home:ro,Z" "-v" "/var/lib/crater-agent-workspace/rustup-home:/opt/rustwide/rustup-home:ro,Z" "-e" "SOURCE_DIR=/opt/rustwide/workdir" "-e" "CARGO_TARGET_DIR=/opt/rustwide/target" "-e" "CARGO_INCREMENTAL=0" "-e" "RUST_BACKTRACE=full" "-e" "RUSTFLAGS=--cap-lints=warn" "-e" "RUSTDOCFLAGS=--cap-lints=warn" "-e" "CARGO_HOME=/opt/rustwide/cargo-home" "-e" "RUSTUP_HOME=/opt/rustwide/rustup-home" "-w" "/opt/rustwide/workdir" "-m" "1610612736" "--user" "0:0" "--network" "none" "ghcr.io/rust-lang/crates-build-env/linux@sha256:2788e3201cd34a07e3172128adcd8b3090168a8e3bcc40d7c032b9dda1df7d1c" "/opt/rustwide/cargo-home/bin/cargo" "+beta-2023-12-22" "build" "--frozen" "--message-format=json", kill_on_drop: false }`
[INFO] [stdout] 66d18784712ec642fadbac923eed67bd855849b7fd238d8c16acdef2235958c6
[INFO] running `Command { std: "docker" "start" "-a" "66d18784712ec642fadbac923eed67bd855849b7fd238d8c16acdef2235958c6", kill_on_drop: false }`
[INFO] [stderr]    Compiling proc-macro2 v1.0.75
[INFO] [stderr]    Compiling libm v0.2.8
[INFO] [stderr]    Compiling num-traits v0.2.17
[INFO] [stderr]    Compiling libc v0.2.151
[INFO] [stderr]    Compiling syn v1.0.109
[INFO] [stderr]    Compiling getrandom v0.1.16
[INFO] [stderr]    Compiling num-integer v0.1.45
[INFO] [stderr]    Compiling lock_api v0.4.11
[INFO] [stderr]    Compiling rawpointer v0.2.1
[INFO] [stderr]    Compiling parking_lot_core v0.8.6
[INFO] [stderr]    Compiling matrixmultiply v0.3.8
[INFO] [stderr]    Compiling ppv-lite86 v0.2.17
[INFO] [stderr]    Compiling instant v0.1.12
[INFO] [stderr]    Compiling inventory v0.1.11
[INFO] [stderr]    Compiling unindent v0.1.11
[INFO] [stderr]    Compiling smallvec v1.11.2
[INFO] [stderr]    Compiling scopeguard v1.2.0
[INFO] [stderr]    Compiling paste-impl v0.1.18
[INFO] [stderr]    Compiling num-rational v0.3.2
[INFO] [stderr]    Compiling num-complex v0.2.4
[INFO] [stderr]    Compiling pyo3 v0.11.1
[INFO] [stderr]    Compiling matrixmultiply v0.2.4
[INFO] [stderr]    Compiling paste v0.1.18
[INFO] [stderr]    Compiling quote v1.0.35
[INFO] [stderr]    Compiling syn v2.0.48
[INFO] [stderr]    Compiling num-complex v0.3.1
[INFO] [stderr]    Compiling num-complex v0.4.4
[INFO] [stderr]    Compiling approx v0.4.0
[INFO] [stderr]    Compiling rand_core v0.5.1
[INFO] [stderr]    Compiling simba v0.3.1
[INFO] [stderr]    Compiling parking_lot v0.11.2
[INFO] [stderr]    Compiling ndarray v0.15.6
[INFO] [stderr]    Compiling rand_chacha v0.2.2
[INFO] [stderr]    Compiling rand v0.7.3
[INFO] [stderr]    Compiling rand_distr v0.3.0
[INFO] [stderr]    Compiling ghost v0.1.17
[INFO] [stderr]    Compiling pyo3-derive-backend v0.11.1
[INFO] [stderr]    Compiling inventory-impl v0.1.11
[INFO] [stderr]    Compiling ctor v0.1.26
[INFO] [stderr]    Compiling indoc-impl v0.3.6
[INFO] [stderr]    Compiling pyo3cls v0.11.1
[INFO] [stderr]    Compiling indoc v0.3.6
[INFO] [stderr]    Compiling nalgebra v0.24.1
[INFO] [stderr]    Compiling numpy v0.11.0
[INFO] [stderr]    Compiling nalgebra-numpy v0.3.0 (/opt/rustwide/workdir)
[INFO] [stderr]     Finished dev [unoptimized + debuginfo] target(s) in 12.38s
[INFO] [stderr] warning: the following packages contain code that will be rejected by a future version of Rust: pyo3 v0.11.1, pyo3-derive-backend v0.11.1
[INFO] [stderr] note: to see what the problems were, use the option `--future-incompat-report`, or run `cargo report future-incompatibilities --id 1`
[INFO] running `Command { std: "docker" "inspect" "66d18784712ec642fadbac923eed67bd855849b7fd238d8c16acdef2235958c6", kill_on_drop: false }`
[INFO] running `Command { std: "docker" "rm" "-f" "66d18784712ec642fadbac923eed67bd855849b7fd238d8c16acdef2235958c6", kill_on_drop: false }`
[INFO] [stdout] 66d18784712ec642fadbac923eed67bd855849b7fd238d8c16acdef2235958c6
[INFO] running `Command { std: "docker" "create" "-v" "/var/lib/crater-agent-workspace/builds/worker-6-tc2/target:/opt/rustwide/target:rw,Z" "-v" "/var/lib/crater-agent-workspace/builds/worker-6-tc2/source:/opt/rustwide/workdir:ro,Z" "-v" "/var/lib/crater-agent-workspace/cargo-home:/opt/rustwide/cargo-home:ro,Z" "-v" "/var/lib/crater-agent-workspace/rustup-home:/opt/rustwide/rustup-home:ro,Z" "-e" "SOURCE_DIR=/opt/rustwide/workdir" "-e" "CARGO_TARGET_DIR=/opt/rustwide/target" "-e" "CARGO_INCREMENTAL=0" "-e" "RUST_BACKTRACE=full" "-e" "RUSTFLAGS=--cap-lints=warn" "-e" "RUSTDOCFLAGS=--cap-lints=warn" "-e" "CARGO_HOME=/opt/rustwide/cargo-home" "-e" "RUSTUP_HOME=/opt/rustwide/rustup-home" "-w" "/opt/rustwide/workdir" "-m" "1610612736" "--user" "0:0" "--network" "none" "ghcr.io/rust-lang/crates-build-env/linux@sha256:2788e3201cd34a07e3172128adcd8b3090168a8e3bcc40d7c032b9dda1df7d1c" "/opt/rustwide/cargo-home/bin/cargo" "+beta-2023-12-22" "test" "--frozen" "--no-run" "--message-format=json", kill_on_drop: false }`
[INFO] [stdout] 150597156ff8697d950105398707a30cec2f660eacf7daeb723c8067b209972d
[INFO] running `Command { std: "docker" "start" "-a" "150597156ff8697d950105398707a30cec2f660eacf7daeb723c8067b209972d", kill_on_drop: false }`
[INFO] [stderr]    Compiling rustix v0.38.28
[INFO] [stderr]    Compiling linux-raw-sys v0.4.12
[INFO] [stderr]    Compiling assert2-macros v0.3.11
[INFO] [stderr]    Compiling yansi v0.5.1
[INFO] [stderr]    Compiling inline-python-macros v0.5.3
[INFO] [stdout] error[E0432]: unresolved import `proc_macro::LineColumn`
[INFO] [stdout]  --> /opt/rustwide/cargo-home/registry/src/index.crates.io-6f17d22bba15001f/inline-python-macros-0.5.3/src/embed_python.rs:1:18
[INFO] [stdout]   |
[INFO] [stdout] 1 | use proc_macro::{LineColumn, Span};
[INFO] [stdout]   |                  ^^^^^^^^^^ no `LineColumn` in the root
[INFO] [stdout]   |
[INFO] [stdout]   = help: consider importing this struct instead:
[INFO] [stdout]           proc_macro2::LineColumn
[INFO] [stdout] 
[INFO] [stdout] 
[INFO] [stdout] error[E0554]: `#![feature]` may not be used on the beta release channel
[INFO] [stdout]  --> /opt/rustwide/cargo-home/registry/src/index.crates.io-6f17d22bba15001f/inline-python-macros-0.5.3/src/lib.rs:3:12
[INFO] [stdout]   |
[INFO] [stdout] 3 | #![feature(proc_macro_span)]
[INFO] [stdout]   |            ^^^^^^^^^^^^^^^
[INFO] [stdout] 
[INFO] [stdout] 
[INFO] [stdout] error[E0615]: attempted to take value of method `column` on type `proc_macro::Span`
[INFO] [stdout]   --> /opt/rustwide/cargo-home/registry/src/index.crates.io-6f17d22bba15001f/inline-python-macros-0.5.3/src/embed_python.rs:68:14
[INFO] [stdout]    |
[INFO] [stdout] 68 |                     end_loc.column = end_loc.column.saturating_sub(end.len());
[INFO] [stdout]    |                             ^^^^^^ method, not a field
[INFO] [stdout]    |
[INFO] [stdout]    = help: methods are immutable and cannot be assigned to
[INFO] [stdout] 
[INFO] [stdout] 
[INFO] [stdout] error[E0615]: attempted to take value of method `column` on type `proc_macro::Span`
[INFO] [stdout]   --> /opt/rustwide/cargo-home/registry/src/index.crates.io-6f17d22bba15001f/inline-python-macros-0.5.3/src/embed_python.rs:68:31
[INFO] [stdout]    |
[INFO] [stdout] 68 |                     end_loc.column = end_loc.column.saturating_sub(end.len());
[INFO] [stdout]    |                                              ^^^^^^ method, not a field
[INFO] [stdout]    |
[INFO] [stdout] help: use parentheses to call the method
[INFO] [stdout]    |
[INFO] [stdout] 68 |                     end_loc.column = end_loc.column().saturating_sub(end.len());
[INFO] [stdout]    |                                                    ++
[INFO] [stdout] 
[INFO] [stdout] 
[INFO] [stdout] error[E0615]: attempted to take value of method `line` on type `proc_macro::Span`
[INFO] [stdout]   --> /opt/rustwide/cargo-home/registry/src/index.crates.io-6f17d22bba15001f/inline-python-macros-0.5.3/src/error.rs:57:35
[INFO] [stdout]    |
[INFO] [stdout] 57 |         .skip_while(|span| span.start().line < line)
[INFO] [stdout]    |                                         ^^^^ method, not a field
[INFO] [stdout]    |
[INFO] [stdout] help: use parentheses to call the method
[INFO] [stdout]    |
[INFO] [stdout] 57 |         .skip_while(|span| span.start().line() < line)
[INFO] [stdout]    |                                             ++
[INFO] [stdout] 
[INFO] [stdout] 
[INFO] [stdout] error[E0615]: attempted to take value of method `line` on type `proc_macro::Span`
[INFO] [stdout]   --> /opt/rustwide/cargo-home/registry/src/index.crates.io-6f17d22bba15001f/inline-python-macros-0.5.3/src/error.rs:58:35
[INFO] [stdout]    |
[INFO] [stdout] 58 |         .take_while(|span| span.start().line == line);
[INFO] [stdout]    |                                         ^^^^ method, not a field
[INFO] [stdout]    |
[INFO] [stdout] help: use parentheses to call the method
[INFO] [stdout]    |
[INFO] [stdout] 58 |         .take_while(|span| span.start().line() == line);
[INFO] [stdout]    |                                             ++
[INFO] [stdout] 
[INFO] [stdout] 
[INFO] [stdout] error: aborting due to 6 previous errors
[INFO] [stdout] 
[INFO] [stdout] 
[INFO] [stdout] Some errors have detailed explanations: E0432, E0554, E0615.
[INFO] [stdout] 
[INFO] [stdout] For more information about an error, try `rustc --explain E0432`.
[INFO] [stdout] 
[INFO] [stderr] error: could not compile `inline-python-macros` (lib) due to 7 previous errors
[INFO] [stderr] warning: build failed, waiting for other jobs to finish...
[INFO] running `Command { std: "docker" "inspect" "150597156ff8697d950105398707a30cec2f660eacf7daeb723c8067b209972d", kill_on_drop: false }`
[INFO] running `Command { std: "docker" "rm" "-f" "150597156ff8697d950105398707a30cec2f660eacf7daeb723c8067b209972d", kill_on_drop: false }`
[INFO] [stdout] 150597156ff8697d950105398707a30cec2f660eacf7daeb723c8067b209972d
