[INFO] fetching crate mystic_light_sdk 0.4.2...
[INFO] testing mystic_light_sdk-0.4.2 against 1.75.0 for beta-1.76-1
[INFO] extracting crate mystic_light_sdk 0.4.2 into /workspace/builds/worker-5-tc1/source
[INFO] validating manifest of crates.io crate mystic_light_sdk 0.4.2 on toolchain 1.75.0
[INFO] running `Command { std: CARGO_HOME="/workspace/cargo-home" RUSTUP_HOME="/workspace/rustup-home" "/workspace/cargo-home/bin/cargo" "+1.75.0" "metadata" "--manifest-path" "Cargo.toml" "--no-deps", kill_on_drop: false }`
[INFO] started tweaking crates.io crate mystic_light_sdk 0.4.2
[INFO] removed 0 missing examples
[INFO] finished tweaking crates.io crate mystic_light_sdk 0.4.2
[INFO] tweaked toml for crates.io crate mystic_light_sdk 0.4.2 written to /workspace/builds/worker-5-tc1/source/Cargo.toml
[INFO] crate crates.io crate mystic_light_sdk 0.4.2 already has a lockfile, it will not be regenerated
[INFO] running `Command { std: CARGO_HOME="/workspace/cargo-home" RUSTUP_HOME="/workspace/rustup-home" "/workspace/cargo-home/bin/cargo" "+1.75.0" "fetch" "--manifest-path" "Cargo.toml", kill_on_drop: false }`
[INFO] [stderr]     Updating crates.io index
[INFO] [stderr]  Downloading crates ...
[INFO] [stderr]   Downloaded multer v2.0.2
[INFO] [stderr]   Downloaded copy_dir v0.1.2
[INFO] [stderr]   Downloaded indexmap v1.8.2
[INFO] [stderr]   Downloaded spin v0.9.3
[INFO] [stderr]   Downloaded backtrace v0.3.65
[INFO] [stderr]   Downloaded rust_decimal v0.10.2
[INFO] [stderr]   Downloaded walkdir v0.1.8
[INFO] [stderr]   Downloaded async-graphql-value v4.0.1
[INFO] [stderr]   Downloaded custom_error v1.9.2
[INFO] [stderr]   Downloaded oaidl v0.2.1
[INFO] [stderr]   Downloaded async-graphql-parser v4.0.1
[INFO] [stderr]   Downloaded async-graphql-derive v4.0.1
[INFO] [stderr]   Downloaded async-graphql v4.0.1
[INFO] running `Command { std: "docker" "create" "-v" "/var/lib/crater-agent-workspace/builds/worker-5-tc1/target:/opt/rustwide/target:rw,Z" "-v" "/var/lib/crater-agent-workspace/builds/worker-5-tc1/source:/opt/rustwide/workdir:ro,Z" "-v" "/var/lib/crater-agent-workspace/cargo-home:/opt/rustwide/cargo-home:ro,Z" "-v" "/var/lib/crater-agent-workspace/rustup-home:/opt/rustwide/rustup-home:ro,Z" "-e" "SOURCE_DIR=/opt/rustwide/workdir" "-e" "CARGO_TARGET_DIR=/opt/rustwide/target" "-e" "CARGO_HOME=/opt/rustwide/cargo-home" "-e" "RUSTUP_HOME=/opt/rustwide/rustup-home" "-w" "/opt/rustwide/workdir" "-m" "1610612736" "--user" "0:0" "--network" "none" "ghcr.io/rust-lang/crates-build-env/linux@sha256:2788e3201cd34a07e3172128adcd8b3090168a8e3bcc40d7c032b9dda1df7d1c" "/opt/rustwide/cargo-home/bin/cargo" "+1.75.0" "metadata" "--no-deps" "--format-version=1", kill_on_drop: false }`
[INFO] [stdout] c708b97a8fc669e4036f585acf77535301e6530c8f74a0d4b65390211bdcb40a
[INFO] running `Command { std: "docker" "start" "-a" "c708b97a8fc669e4036f585acf77535301e6530c8f74a0d4b65390211bdcb40a", kill_on_drop: false }`
[INFO] running `Command { std: "docker" "inspect" "c708b97a8fc669e4036f585acf77535301e6530c8f74a0d4b65390211bdcb40a", kill_on_drop: false }`
[INFO] running `Command { std: "docker" "rm" "-f" "c708b97a8fc669e4036f585acf77535301e6530c8f74a0d4b65390211bdcb40a", kill_on_drop: false }`
[INFO] [stdout] c708b97a8fc669e4036f585acf77535301e6530c8f74a0d4b65390211bdcb40a
[INFO] running `Command { std: "docker" "create" "-v" "/var/lib/crater-agent-workspace/builds/worker-5-tc1/target:/opt/rustwide/target:rw,Z" "-v" "/var/lib/crater-agent-workspace/builds/worker-5-tc1/source:/opt/rustwide/workdir:ro,Z" "-v" "/var/lib/crater-agent-workspace/cargo-home:/opt/rustwide/cargo-home:ro,Z" "-v" "/var/lib/crater-agent-workspace/rustup-home:/opt/rustwide/rustup-home:ro,Z" "-e" "SOURCE_DIR=/opt/rustwide/workdir" "-e" "CARGO_TARGET_DIR=/opt/rustwide/target" "-e" "CARGO_INCREMENTAL=0" "-e" "RUST_BACKTRACE=full" "-e" "RUSTFLAGS=--cap-lints=warn" "-e" "RUSTDOCFLAGS=--cap-lints=warn" "-e" "CARGO_HOME=/opt/rustwide/cargo-home" "-e" "RUSTUP_HOME=/opt/rustwide/rustup-home" "-w" "/opt/rustwide/workdir" "-m" "1610612736" "--user" "0:0" "--network" "none" "ghcr.io/rust-lang/crates-build-env/linux@sha256:2788e3201cd34a07e3172128adcd8b3090168a8e3bcc40d7c032b9dda1df7d1c" "/opt/rustwide/cargo-home/bin/cargo" "+1.75.0" "build" "--frozen" "--message-format=json", kill_on_drop: false }`
[INFO] [stdout] 164d884554f11f08dcdc345dd39ebd26d975066ef4b43daa2d2827a6365cea6d
[INFO] running `Command { std: "docker" "start" "-a" "164d884554f11f08dcdc345dd39ebd26d975066ef4b43daa2d2827a6365cea6d", kill_on_drop: false }`
[INFO] [stderr]    Compiling num-traits v0.2.15
[INFO] [stderr]    Compiling proc-macro2 v1.0.39
[INFO] [stderr]    Compiling unicode-ident v1.0.0
[INFO] [stderr]    Compiling num-integer v0.1.45
[INFO] [stderr]    Compiling syn v1.0.95
[INFO] [stderr]    Compiling winapi-build v0.1.1
[INFO] [stderr]    Compiling num-bigint v0.2.6
[INFO] [stderr]    Compiling memchr v2.5.0
[INFO] [stderr]    Compiling num-rational v0.2.4
[INFO] [stderr]    Compiling num-complex v0.2.4
[INFO] [stderr]    Compiling num-iter v0.1.43
[INFO] [stderr]    Compiling winapi v0.2.8
[INFO] [stderr]    Compiling cc v1.0.73
[INFO] [stderr]    Compiling libc v0.2.126
[INFO] [stderr]    Compiling adler v1.0.2
[INFO] [stderr]    Compiling gimli v0.26.1
[INFO] [stderr]    Compiling unicode-xid v0.2.3
[INFO] [stderr]    Compiling failure_derive v0.1.8
[INFO] [stderr]    Compiling kernel32-sys v0.2.2
[INFO] [stderr]    Compiling serde v1.0.137
[INFO] [stderr]    Compiling miniz_oxide v0.5.1
[INFO] [stderr]    Compiling winapi v0.3.9
[INFO] [stderr]    Compiling rustc-demangle v0.1.21
[INFO] [stderr]    Compiling byteorder v1.4.3
[INFO] [stderr]    Compiling once_cell v1.13.0
[INFO] [stderr]    Compiling widestring v0.4.3
[INFO] [stderr]    Compiling pin-project-lite v0.2.9
[INFO] [stderr]    Compiling walkdir v0.1.8
[INFO] [stderr]    Compiling libloading v0.7.3
[INFO] [stderr]    Compiling custom_error v1.9.2
[INFO] [stderr]    Compiling either v1.7.0
[INFO] [stderr]    Compiling copy_dir v0.1.2
[INFO] [stderr]    Compiling tracing-core v0.1.29
[INFO] [stderr]    Compiling mystic_light_sdk v0.4.2 (/opt/rustwide/workdir)
[INFO] [stderr]    Compiling quote v1.0.18
[INFO] [stderr]    Compiling object v0.28.4
[INFO] [stderr]    Compiling backtrace v0.3.65
[INFO] [stderr]    Compiling addr2line v0.17.0
[INFO] [stderr]    Compiling num v0.2.1
[INFO] [stderr]    Compiling rust_decimal v0.10.2
[INFO] [stderr]    Compiling synstructure v0.12.6
[INFO] [stderr]    Compiling tracing-attributes v0.1.22
[INFO] [stderr]    Compiling failure v0.1.8
[INFO] [stderr]    Compiling oaidl v0.2.1
[INFO] [stderr]    Compiling tracing v0.1.36
[INFO] [stdout] error[E0433]: failed to resolve: could not find `shared` in `winapi`
[INFO] [stdout]  --> src/sdk/types.rs:1:13
[INFO] [stdout]   |
[INFO] [stdout] 1 | use winapi::shared::minwindef::DWORD;
[INFO] [stdout]   |             ^^^^^^ could not find `shared` in `winapi`
[INFO] [stdout] 
[INFO] [stdout] 
[INFO] [stdout] error[E0433]: failed to resolve: could not find `shared` in `winapi`
[INFO] [stdout]  --> src/sdk/types.rs:2:13
[INFO] [stdout]   |
[INFO] [stdout] 2 | use winapi::shared::wtypes::BSTR;
[INFO] [stdout]   |             ^^^^^^ could not find `shared` in `winapi`
[INFO] [stdout] 
[INFO] [stdout] 
[INFO] [stdout] error[E0433]: failed to resolve: could not find `um` in `winapi`
[INFO] [stdout]  --> src/sdk/types.rs:3:13
[INFO] [stdout]   |
[INFO] [stdout] 3 | use winapi::um::oaidl::SAFEARRAY;
[INFO] [stdout]   |             ^^ could not find `um` in `winapi`
[INFO] [stdout] 
[INFO] [stdout] 
[INFO] [stdout] error[E0433]: failed to resolve: could not find `shared` in `winapi`
[INFO] [stdout]   --> src/winapi.rs:13:14
[INFO] [stdout]    |
[INFO] [stdout] 13 | use winapi::{shared::wtypes::BSTR, um::oaidl::SAFEARRAY};
[INFO] [stdout]    |              ^^^^^^ could not find `shared` in `winapi`
[INFO] [stdout] 
[INFO] [stdout] 
[INFO] [stdout] error[E0433]: failed to resolve: could not find `um` in `winapi`
[INFO] [stdout]   --> src/winapi.rs:13:36
[INFO] [stdout]    |
[INFO] [stdout] 13 | use winapi::{shared::wtypes::BSTR, um::oaidl::SAFEARRAY};
[INFO] [stdout]    |                                    ^^ could not find `um` in `winapi`
[INFO] [stdout] 
[INFO] [stdout] 
[INFO] [stdout] error[E0432]: unresolved imports `oaidl::BStringExt`, `oaidl::Ptr`, `oaidl::SafeArrayExt`
[INFO] [stdout]   --> src/winapi.rs:11:13
[INFO] [stdout]    |
[INFO] [stdout] 11 | use oaidl::{BStringExt, Ptr, SafeArrayExt};
[INFO] [stdout]    |             ^^^^^^^^^^  ^^^  ^^^^^^^^^^^^ no `SafeArrayExt` in the root
[INFO] [stdout]    |             |           |
[INFO] [stdout]    |             |           no `Ptr` in the root
[INFO] [stdout]    |             no `BStringExt` in the root
[INFO] [stdout] 
[INFO] [stdout] 
[INFO] [stdout] error: aborting due to 6 previous errors
[INFO] [stdout] 
[INFO] [stdout] 
[INFO] [stdout] Some errors have detailed explanations: E0432, E0433.
[INFO] [stdout] 
[INFO] [stdout] For more information about an error, try `rustc --explain E0432`.
[INFO] [stdout] 
[INFO] [stderr] error: could not compile `mystic_light_sdk` (lib) due to 7 previous errors
[INFO] running `Command { std: "docker" "inspect" "164d884554f11f08dcdc345dd39ebd26d975066ef4b43daa2d2827a6365cea6d", kill_on_drop: false }`
[INFO] running `Command { std: "docker" "rm" "-f" "164d884554f11f08dcdc345dd39ebd26d975066ef4b43daa2d2827a6365cea6d", kill_on_drop: false }`
[INFO] [stdout] 164d884554f11f08dcdc345dd39ebd26d975066ef4b43daa2d2827a6365cea6d
[INFO] testing mystic_light_sdk-0.4.2 against beta-2023-12-22 for beta-1.76-1
[INFO] extracting crate mystic_light_sdk 0.4.2 into /workspace/builds/worker-5-tc2/source
[INFO] validating manifest of crates.io crate mystic_light_sdk 0.4.2 on toolchain beta-2023-12-22
[INFO] running `Command { std: CARGO_HOME="/workspace/cargo-home" RUSTUP_HOME="/workspace/rustup-home" "/workspace/cargo-home/bin/cargo" "+beta-2023-12-22" "metadata" "--manifest-path" "Cargo.toml" "--no-deps", kill_on_drop: false }`
[INFO] started tweaking crates.io crate mystic_light_sdk 0.4.2
[INFO] removed 0 missing examples
[INFO] finished tweaking crates.io crate mystic_light_sdk 0.4.2
[INFO] tweaked toml for crates.io crate mystic_light_sdk 0.4.2 written to /workspace/builds/worker-5-tc2/source/Cargo.toml
[INFO] crate crates.io crate mystic_light_sdk 0.4.2 already has a lockfile, it will not be regenerated
[INFO] running `Command { std: CARGO_HOME="/workspace/cargo-home" RUSTUP_HOME="/workspace/rustup-home" "/workspace/cargo-home/bin/cargo" "+beta-2023-12-22" "fetch" "--manifest-path" "Cargo.toml", kill_on_drop: false }`
[INFO] running `Command { std: "docker" "create" "-v" "/var/lib/crater-agent-workspace/builds/worker-5-tc2/target:/opt/rustwide/target:rw,Z" "-v" "/var/lib/crater-agent-workspace/builds/worker-5-tc2/source:/opt/rustwide/workdir:ro,Z" "-v" "/var/lib/crater-agent-workspace/cargo-home:/opt/rustwide/cargo-home:ro,Z" "-v" "/var/lib/crater-agent-workspace/rustup-home:/opt/rustwide/rustup-home:ro,Z" "-e" "SOURCE_DIR=/opt/rustwide/workdir" "-e" "CARGO_TARGET_DIR=/opt/rustwide/target" "-e" "CARGO_HOME=/opt/rustwide/cargo-home" "-e" "RUSTUP_HOME=/opt/rustwide/rustup-home" "-w" "/opt/rustwide/workdir" "-m" "1610612736" "--user" "0:0" "--network" "none" "ghcr.io/rust-lang/crates-build-env/linux@sha256:2788e3201cd34a07e3172128adcd8b3090168a8e3bcc40d7c032b9dda1df7d1c" "/opt/rustwide/cargo-home/bin/cargo" "+beta-2023-12-22" "metadata" "--no-deps" "--format-version=1", kill_on_drop: false }`
[INFO] [stdout] cdac6826a56367fdc23c6db0f3c4cb707fd925b62c5cb7f9d50403c64da2a0ed
[INFO] running `Command { std: "docker" "start" "-a" "cdac6826a56367fdc23c6db0f3c4cb707fd925b62c5cb7f9d50403c64da2a0ed", kill_on_drop: false }`
[INFO] running `Command { std: "docker" "inspect" "cdac6826a56367fdc23c6db0f3c4cb707fd925b62c5cb7f9d50403c64da2a0ed", kill_on_drop: false }`
[INFO] running `Command { std: "docker" "rm" "-f" "cdac6826a56367fdc23c6db0f3c4cb707fd925b62c5cb7f9d50403c64da2a0ed", kill_on_drop: false }`
[INFO] [stdout] cdac6826a56367fdc23c6db0f3c4cb707fd925b62c5cb7f9d50403c64da2a0ed
[INFO] running `Command { std: "docker" "create" "-v" "/var/lib/crater-agent-workspace/builds/worker-5-tc2/target:/opt/rustwide/target:rw,Z" "-v" "/var/lib/crater-agent-workspace/builds/worker-5-tc2/source:/opt/rustwide/workdir:ro,Z" "-v" "/var/lib/crater-agent-workspace/cargo-home:/opt/rustwide/cargo-home:ro,Z" "-v" "/var/lib/crater-agent-workspace/rustup-home:/opt/rustwide/rustup-home:ro,Z" "-e" "SOURCE_DIR=/opt/rustwide/workdir" "-e" "CARGO_TARGET_DIR=/opt/rustwide/target" "-e" "CARGO_INCREMENTAL=0" "-e" "RUST_BACKTRACE=full" "-e" "RUSTFLAGS=--cap-lints=warn" "-e" "RUSTDOCFLAGS=--cap-lints=warn" "-e" "CARGO_HOME=/opt/rustwide/cargo-home" "-e" "RUSTUP_HOME=/opt/rustwide/rustup-home" "-w" "/opt/rustwide/workdir" "-m" "1610612736" "--user" "0:0" "--network" "none" "ghcr.io/rust-lang/crates-build-env/linux@sha256:2788e3201cd34a07e3172128adcd8b3090168a8e3bcc40d7c032b9dda1df7d1c" "/opt/rustwide/cargo-home/bin/cargo" "+beta-2023-12-22" "build" "--frozen" "--message-format=json", kill_on_drop: false }`
[INFO] [stdout] e5b7b5bd3c10334480e764ea936e3bdd0a9d90d3a7cbab93737460a0469b3c53
[INFO] running `Command { std: "docker" "start" "-a" "e5b7b5bd3c10334480e764ea936e3bdd0a9d90d3a7cbab93737460a0469b3c53", kill_on_drop: false }`
[INFO] [stderr]    Compiling num-traits v0.2.15
[INFO] [stderr]    Compiling proc-macro2 v1.0.39
[INFO] [stderr]    Compiling unicode-ident v1.0.0
[INFO] [stderr]    Compiling num-integer v0.1.45
[INFO] [stderr]    Compiling syn v1.0.95
[INFO] [stderr]    Compiling winapi-build v0.1.1
[INFO] [stderr]    Compiling num-bigint v0.2.6
[INFO] [stderr]    Compiling memchr v2.5.0
[INFO] [stderr]    Compiling num-iter v0.1.43
[INFO] [stderr]    Compiling num-rational v0.2.4
[INFO] [stderr]    Compiling num-complex v0.2.4
[INFO] [stderr]    Compiling winapi v0.2.8
[INFO] [stderr]    Compiling libc v0.2.126
[INFO] [stderr]    Compiling cc v1.0.73
[INFO] [stderr]    Compiling serde v1.0.137
[INFO] [stderr]    Compiling unicode-xid v0.2.3
[INFO] [stderr]    Compiling gimli v0.26.1
[INFO] [stderr]    Compiling failure_derive v0.1.8
[INFO] [stderr]    Compiling adler v1.0.2
[INFO] [stderr]    Compiling kernel32-sys v0.2.2
[INFO] [stderr]    Compiling miniz_oxide v0.5.1
[INFO] [stderr]    Compiling rustc-demangle v0.1.21
[INFO] [stderr]    Compiling winapi v0.3.9
[INFO] [stderr]    Compiling byteorder v1.4.3
[INFO] [stderr]    Compiling once_cell v1.13.0
[INFO] [stderr]    Compiling pin-project-lite v0.2.9
[INFO] [stderr]    Compiling widestring v0.4.3
[INFO] [stderr]    Compiling walkdir v0.1.8
[INFO] [stderr]    Compiling libloading v0.7.3
[INFO] [stderr]    Compiling custom_error v1.9.2
[INFO] [stderr]    Compiling either v1.7.0
[INFO] [stderr]    Compiling copy_dir v0.1.2
[INFO] [stderr]    Compiling tracing-core v0.1.29
[INFO] [stderr]    Compiling object v0.28.4
[INFO] [stderr]    Compiling mystic_light_sdk v0.4.2 (/opt/rustwide/workdir)
[INFO] [stderr]    Compiling quote v1.0.18
[INFO] [stderr]    Compiling backtrace v0.3.65
[INFO] [stderr]    Compiling addr2line v0.17.0
[INFO] [stderr]    Compiling num v0.2.1
[INFO] [stderr]    Compiling rust_decimal v0.10.2
[INFO] [stderr]    Compiling synstructure v0.12.6
[INFO] [stderr]    Compiling tracing-attributes v0.1.22
[INFO] [stderr]    Compiling failure v0.1.8
[INFO] [stderr]    Compiling oaidl v0.2.1
[INFO] [stderr]    Compiling tracing v0.1.36
[INFO] [stdout] error[E0433]: failed to resolve: could not find `shared` in `winapi`
[INFO] [stdout]  --> src/sdk/types.rs:1:13
[INFO] [stdout]   |
[INFO] [stdout] 1 | use winapi::shared::minwindef::DWORD;
[INFO] [stdout]   |             ^^^^^^ could not find `shared` in `winapi`
[INFO] [stdout] 
[INFO] [stdout] 
[INFO] [stdout] error[E0433]: failed to resolve: could not find `shared` in `winapi`
[INFO] [stdout]  --> src/sdk/types.rs:2:13
[INFO] [stdout]   |
[INFO] [stdout] 2 | use winapi::shared::wtypes::BSTR;
[INFO] [stdout]   |             ^^^^^^ could not find `shared` in `winapi`
[INFO] [stdout] 
[INFO] [stdout] 
[INFO] [stdout] error[E0433]: failed to resolve: could not find `um` in `winapi`
[INFO] [stdout]  --> src/sdk/types.rs:3:13
[INFO] [stdout]   |
[INFO] [stdout] 3 | use winapi::um::oaidl::SAFEARRAY;
[INFO] [stdout]   |             ^^ could not find `um` in `winapi`
[INFO] [stdout] 
[INFO] [stdout] 
[INFO] [stdout] error[E0433]: failed to resolve: could not find `shared` in `winapi`
[INFO] [stdout]   --> src/winapi.rs:13:14
[INFO] [stdout]    |
[INFO] [stdout] 13 | use winapi::{shared::wtypes::BSTR, um::oaidl::SAFEARRAY};
[INFO] [stdout]    |              ^^^^^^ could not find `shared` in `winapi`
[INFO] [stdout] 
[INFO] [stdout] 
[INFO] [stdout] error[E0433]: failed to resolve: could not find `um` in `winapi`
[INFO] [stdout]   --> src/winapi.rs:13:36
[INFO] [stdout]    |
[INFO] [stdout] 13 | use winapi::{shared::wtypes::BSTR, um::oaidl::SAFEARRAY};
[INFO] [stdout]    |                                    ^^ could not find `um` in `winapi`
[INFO] [stdout] 
[INFO] [stdout] 
[INFO] [stdout] error[E0432]: unresolved imports `oaidl::BStringExt`, `oaidl::Ptr`, `oaidl::SafeArrayExt`
[INFO] [stdout]   --> src/winapi.rs:11:13
[INFO] [stdout]    |
[INFO] [stdout] 11 | use oaidl::{BStringExt, Ptr, SafeArrayExt};
[INFO] [stdout]    |             ^^^^^^^^^^  ^^^  ^^^^^^^^^^^^ no `SafeArrayExt` in the root
[INFO] [stdout]    |             |           |
[INFO] [stdout]    |             |           no `Ptr` in the root
[INFO] [stdout]    |             no `BStringExt` in the root
[INFO] [stdout] 
[INFO] [stdout] 
[INFO] [stdout] error: aborting due to 6 previous errors
[INFO] [stdout] 
[INFO] [stdout] 
[INFO] [stdout] Some errors have detailed explanations: E0432, E0433.
[INFO] [stdout] 
[INFO] [stdout] For more information about an error, try `rustc --explain E0432`.
[INFO] [stdout] 
[INFO] [stderr] error: could not compile `mystic_light_sdk` (lib) due to 7 previous errors
[INFO] running `Command { std: "docker" "inspect" "e5b7b5bd3c10334480e764ea936e3bdd0a9d90d3a7cbab93737460a0469b3c53", kill_on_drop: false }`
[INFO] running `Command { std: "docker" "rm" "-f" "e5b7b5bd3c10334480e764ea936e3bdd0a9d90d3a7cbab93737460a0469b3c53", kill_on_drop: false }`
[INFO] [stdout] e5b7b5bd3c10334480e764ea936e3bdd0a9d90d3a7cbab93737460a0469b3c53
