[INFO] fetching crate musli-common 0.0.92...
[INFO] testing musli-common-0.0.92 against 1.75.0 for beta-1.76-1
[INFO] extracting crate musli-common 0.0.92 into /workspace/builds/worker-2-tc1/source
[INFO] validating manifest of crates.io crate musli-common 0.0.92 on toolchain 1.75.0
[INFO] running `Command { std: CARGO_HOME="/workspace/cargo-home" RUSTUP_HOME="/workspace/rustup-home" "/workspace/cargo-home/bin/cargo" "+1.75.0" "metadata" "--manifest-path" "Cargo.toml" "--no-deps", kill_on_drop: false }`
[INFO] started tweaking crates.io crate musli-common 0.0.92
[INFO] finished tweaking crates.io crate musli-common 0.0.92
[INFO] tweaked toml for crates.io crate musli-common 0.0.92 written to /workspace/builds/worker-2-tc1/source/Cargo.toml
[INFO] running `Command { std: CARGO_HOME="/workspace/cargo-home" RUSTUP_HOME="/workspace/rustup-home" "/workspace/cargo-home/bin/cargo" "+1.75.0" "generate-lockfile" "--manifest-path" "Cargo.toml", kill_on_drop: false }`
[INFO] [stderr]     Updating crates.io index
[INFO] running `Command { std: CARGO_HOME="/workspace/cargo-home" RUSTUP_HOME="/workspace/rustup-home" "/workspace/cargo-home/bin/cargo" "+1.75.0" "fetch" "--manifest-path" "Cargo.toml", kill_on_drop: false }`
[INFO] [stderr]  Downloading crates ...
[INFO] [stderr]   Downloaded musli-macros v0.0.92
[INFO] [stderr]   Downloaded musli v0.0.92
[INFO] running `Command { std: "docker" "create" "-v" "/var/lib/crater-agent-workspace/builds/worker-2-tc1/target:/opt/rustwide/target:rw,Z" "-v" "/var/lib/crater-agent-workspace/builds/worker-2-tc1/source:/opt/rustwide/workdir:ro,Z" "-v" "/var/lib/crater-agent-workspace/cargo-home:/opt/rustwide/cargo-home:ro,Z" "-v" "/var/lib/crater-agent-workspace/rustup-home:/opt/rustwide/rustup-home:ro,Z" "-e" "SOURCE_DIR=/opt/rustwide/workdir" "-e" "CARGO_TARGET_DIR=/opt/rustwide/target" "-e" "CARGO_HOME=/opt/rustwide/cargo-home" "-e" "RUSTUP_HOME=/opt/rustwide/rustup-home" "-w" "/opt/rustwide/workdir" "-m" "1610612736" "--user" "0:0" "--network" "none" "ghcr.io/rust-lang/crates-build-env/linux@sha256:2788e3201cd34a07e3172128adcd8b3090168a8e3bcc40d7c032b9dda1df7d1c" "/opt/rustwide/cargo-home/bin/cargo" "+1.75.0" "metadata" "--no-deps" "--format-version=1", kill_on_drop: false }`
[INFO] [stdout] 8cde956618836a62b5414e0d0ade717101fcd6930709ff031e2c3414f0691758
[INFO] running `Command { std: "docker" "start" "-a" "8cde956618836a62b5414e0d0ade717101fcd6930709ff031e2c3414f0691758", kill_on_drop: false }`
[INFO] running `Command { std: "docker" "inspect" "8cde956618836a62b5414e0d0ade717101fcd6930709ff031e2c3414f0691758", kill_on_drop: false }`
[INFO] running `Command { std: "docker" "rm" "-f" "8cde956618836a62b5414e0d0ade717101fcd6930709ff031e2c3414f0691758", kill_on_drop: false }`
[INFO] [stdout] 8cde956618836a62b5414e0d0ade717101fcd6930709ff031e2c3414f0691758
[INFO] running `Command { std: "docker" "create" "-v" "/var/lib/crater-agent-workspace/builds/worker-2-tc1/target:/opt/rustwide/target:rw,Z" "-v" "/var/lib/crater-agent-workspace/builds/worker-2-tc1/source:/opt/rustwide/workdir:ro,Z" "-v" "/var/lib/crater-agent-workspace/cargo-home:/opt/rustwide/cargo-home:ro,Z" "-v" "/var/lib/crater-agent-workspace/rustup-home:/opt/rustwide/rustup-home:ro,Z" "-e" "SOURCE_DIR=/opt/rustwide/workdir" "-e" "CARGO_TARGET_DIR=/opt/rustwide/target" "-e" "CARGO_INCREMENTAL=0" "-e" "RUST_BACKTRACE=full" "-e" "RUSTFLAGS=--cap-lints=warn" "-e" "RUSTDOCFLAGS=--cap-lints=warn" "-e" "CARGO_HOME=/opt/rustwide/cargo-home" "-e" "RUSTUP_HOME=/opt/rustwide/rustup-home" "-w" "/opt/rustwide/workdir" "-m" "1610612736" "--user" "0:0" "--network" "none" "ghcr.io/rust-lang/crates-build-env/linux@sha256:2788e3201cd34a07e3172128adcd8b3090168a8e3bcc40d7c032b9dda1df7d1c" "/opt/rustwide/cargo-home/bin/cargo" "+1.75.0" "build" "--frozen" "--message-format=json", kill_on_drop: false }`
[INFO] [stdout] 8db2b185d68969c781776a31903180d22826b99241a8f4b0da0c6cd6fc098167
[INFO] running `Command { std: "docker" "start" "-a" "8db2b185d68969c781776a31903180d22826b99241a8f4b0da0c6cd6fc098167", kill_on_drop: false }`
[INFO] [stderr]    Compiling syn v2.0.48
[INFO] [stderr]    Compiling musli-macros v0.0.92
[INFO] [stderr]    Compiling musli v0.0.92
[INFO] [stderr]    Compiling musli-common v0.0.92 (/opt/rustwide/workdir)
[INFO] [stderr]     Finished dev [unoptimized + debuginfo] target(s) in 8.91s
[INFO] running `Command { std: "docker" "inspect" "8db2b185d68969c781776a31903180d22826b99241a8f4b0da0c6cd6fc098167", kill_on_drop: false }`
[INFO] running `Command { std: "docker" "rm" "-f" "8db2b185d68969c781776a31903180d22826b99241a8f4b0da0c6cd6fc098167", kill_on_drop: false }`
[INFO] [stdout] 8db2b185d68969c781776a31903180d22826b99241a8f4b0da0c6cd6fc098167
[INFO] running `Command { std: "docker" "create" "-v" "/var/lib/crater-agent-workspace/builds/worker-2-tc1/target:/opt/rustwide/target:rw,Z" "-v" "/var/lib/crater-agent-workspace/builds/worker-2-tc1/source:/opt/rustwide/workdir:ro,Z" "-v" "/var/lib/crater-agent-workspace/cargo-home:/opt/rustwide/cargo-home:ro,Z" "-v" "/var/lib/crater-agent-workspace/rustup-home:/opt/rustwide/rustup-home:ro,Z" "-e" "SOURCE_DIR=/opt/rustwide/workdir" "-e" "CARGO_TARGET_DIR=/opt/rustwide/target" "-e" "CARGO_INCREMENTAL=0" "-e" "RUST_BACKTRACE=full" "-e" "RUSTFLAGS=--cap-lints=warn" "-e" "RUSTDOCFLAGS=--cap-lints=warn" "-e" "CARGO_HOME=/opt/rustwide/cargo-home" "-e" "RUSTUP_HOME=/opt/rustwide/rustup-home" "-w" "/opt/rustwide/workdir" "-m" "1610612736" "--user" "0:0" "--network" "none" "ghcr.io/rust-lang/crates-build-env/linux@sha256:2788e3201cd34a07e3172128adcd8b3090168a8e3bcc40d7c032b9dda1df7d1c" "/opt/rustwide/cargo-home/bin/cargo" "+1.75.0" "test" "--frozen" "--no-run" "--message-format=json", kill_on_drop: false }`
[INFO] [stdout] abca93bbbff9912460467ae4933e9beaa022e3d1c477f9abf1391bb01b020542
[INFO] running `Command { std: "docker" "start" "-a" "abca93bbbff9912460467ae4933e9beaa022e3d1c477f9abf1391bb01b020542", kill_on_drop: false }`
[INFO] [stderr]    Compiling rand v0.8.5
[INFO] [stderr]    Compiling musli-common v0.0.92 (/opt/rustwide/workdir)
[INFO] [stdout] error[E0432]: unresolved import `crate::allocator::Alloc`
[INFO] [stdout]  --> src/int/tests.rs:4:5
[INFO] [stdout]   |
[INFO] [stdout] 4 | use crate::allocator::Alloc;
[INFO] [stdout]   |     ^^^^^^^^^^^^^^^^^^^^^^^ no `Alloc` in `allocator`
[INFO] [stdout]   |
[INFO] [stdout] note: found an item that was configured out
[INFO] [stdout]  --> src/allocator.rs:7:22
[INFO] [stdout]   |
[INFO] [stdout] 7 | pub use self::alloc::Alloc;
[INFO] [stdout]   |                      ^^^^^
[INFO] [stdout]   = note: the item is gated behind the `alloc` feature
[INFO] [stdout] 
[INFO] [stdout] 
[INFO] [stdout] error[E0277]: the trait bound `Vec<_>: Writer` is not satisfied
[INFO] [stdout]   --> src/int/tests.rs:21:9
[INFO] [stdout]    |
[INFO] [stdout] 21 |         c::encode(&mut cx, &mut out, expected).unwrap();
[INFO] [stdout]    |         ^^^^^^^^^ the trait `Writer` is not implemented for `Vec<_>`
[INFO] [stdout]    |
[INFO] [stdout]    = help: the following other types implement trait `Writer`:
[INFO] [stdout]              BufferedWriter<N, W>
[INFO] [stdout]              FixedBytes<N>
[INFO] [stdout]              Wrap<W>
[INFO] [stdout]              BufferWriter<T, E>
[INFO] [stdout]              &mut W
[INFO] [stdout]              &mut [u8]
[INFO] [stdout] note: required for `&mut Vec<_>` to implement `Writer`
[INFO] [stdout]   --> src/writer.rs:90:9
[INFO] [stdout]    |
[INFO] [stdout] 90 | impl<W> Writer for &mut W
[INFO] [stdout]    |         ^^^^^^     ^^^^^^
[INFO] [stdout] 91 | where
[INFO] [stdout] 92 |     W: ?Sized + Writer,
[INFO] [stdout]    |                 ------ unsatisfied trait bound introduced here
[INFO] [stdout] 
[INFO] [stdout] 
[INFO] [stdout] error[E0277]: the trait bound `Vec<_>: Writer` is not satisfied
[INFO] [stdout]   --> src/int/tests.rs:22:9
[INFO] [stdout]    |
[INFO] [stdout] 22 |         c::encode(&mut cx, &mut out, expected).unwrap();
[INFO] [stdout]    |         ^^^^^^^^^ the trait `Writer` is not implemented for `Vec<_>`
[INFO] [stdout]    |
[INFO] [stdout]    = help: the following other types implement trait `Writer`:
[INFO] [stdout]              BufferedWriter<N, W>
[INFO] [stdout]              FixedBytes<N>
[INFO] [stdout]              Wrap<W>
[INFO] [stdout]              BufferWriter<T, E>
[INFO] [stdout]              &mut W
[INFO] [stdout]              &mut [u8]
[INFO] [stdout] note: required for `&mut Vec<_>` to implement `Writer`
[INFO] [stdout]   --> src/writer.rs:90:9
[INFO] [stdout]    |
[INFO] [stdout] 90 | impl<W> Writer for &mut W
[INFO] [stdout]    |         ^^^^^^     ^^^^^^
[INFO] [stdout] 91 | where
[INFO] [stdout] 92 |     W: ?Sized + Writer,
[INFO] [stdout]    |                 ------ unsatisfied trait bound introduced here
[INFO] [stdout] 
[INFO] [stdout] 
[INFO] [stdout] error: aborting due to 3 previous errors
[INFO] [stdout] 
[INFO] [stdout] 
[INFO] [stdout] Some errors have detailed explanations: E0277, E0432.
[INFO] [stdout] 
[INFO] [stdout] For more information about an error, try `rustc --explain E0277`.
[INFO] [stdout] 
[INFO] [stderr] error: could not compile `musli-common` (lib test) due to 4 previous errors
[INFO] running `Command { std: "docker" "inspect" "abca93bbbff9912460467ae4933e9beaa022e3d1c477f9abf1391bb01b020542", kill_on_drop: false }`
[INFO] running `Command { std: "docker" "rm" "-f" "abca93bbbff9912460467ae4933e9beaa022e3d1c477f9abf1391bb01b020542", kill_on_drop: false }`
[INFO] [stdout] abca93bbbff9912460467ae4933e9beaa022e3d1c477f9abf1391bb01b020542
