[INFO] fetching crate multiprocessing 0.1.1...
[INFO] testing multiprocessing-0.1.1 against 1.75.0 for beta-1.76-1
[INFO] extracting crate multiprocessing 0.1.1 into /workspace/builds/worker-3-tc1/source
[INFO] validating manifest of crates.io crate multiprocessing 0.1.1 on toolchain 1.75.0
[INFO] running `Command { std: CARGO_HOME="/workspace/cargo-home" RUSTUP_HOME="/workspace/rustup-home" "/workspace/cargo-home/bin/cargo" "+1.75.0" "metadata" "--manifest-path" "Cargo.toml" "--no-deps", kill_on_drop: false }`
[INFO] started tweaking crates.io crate multiprocessing 0.1.1
[INFO] finished tweaking crates.io crate multiprocessing 0.1.1
[INFO] tweaked toml for crates.io crate multiprocessing 0.1.1 written to /workspace/builds/worker-3-tc1/source/Cargo.toml
[INFO] running `Command { std: CARGO_HOME="/workspace/cargo-home" RUSTUP_HOME="/workspace/rustup-home" "/workspace/cargo-home/bin/cargo" "+1.75.0" "generate-lockfile" "--manifest-path" "Cargo.toml", kill_on_drop: false }`
[INFO] [stderr]     Updating crates.io index
[INFO] running `Command { std: CARGO_HOME="/workspace/cargo-home" RUSTUP_HOME="/workspace/rustup-home" "/workspace/cargo-home/bin/cargo" "+1.75.0" "fetch" "--manifest-path" "Cargo.toml", kill_on_drop: false }`
[INFO] running `Command { std: "docker" "create" "-v" "/var/lib/crater-agent-workspace/builds/worker-3-tc1/target:/opt/rustwide/target:rw,Z" "-v" "/var/lib/crater-agent-workspace/builds/worker-3-tc1/source:/opt/rustwide/workdir:ro,Z" "-v" "/var/lib/crater-agent-workspace/cargo-home:/opt/rustwide/cargo-home:ro,Z" "-v" "/var/lib/crater-agent-workspace/rustup-home:/opt/rustwide/rustup-home:ro,Z" "-e" "SOURCE_DIR=/opt/rustwide/workdir" "-e" "CARGO_TARGET_DIR=/opt/rustwide/target" "-e" "CARGO_HOME=/opt/rustwide/cargo-home" "-e" "RUSTUP_HOME=/opt/rustwide/rustup-home" "-w" "/opt/rustwide/workdir" "-m" "1610612736" "--user" "0:0" "--network" "none" "ghcr.io/rust-lang/crates-build-env/linux@sha256:2788e3201cd34a07e3172128adcd8b3090168a8e3bcc40d7c032b9dda1df7d1c" "/opt/rustwide/cargo-home/bin/cargo" "+1.75.0" "metadata" "--no-deps" "--format-version=1", kill_on_drop: false }`
[INFO] [stdout] a18a0a45add58b02cb51b3a3ce14c38bc92d6d839c727d44dee90d5cc19d22d3
[INFO] running `Command { std: "docker" "start" "-a" "a18a0a45add58b02cb51b3a3ce14c38bc92d6d839c727d44dee90d5cc19d22d3", kill_on_drop: false }`
[INFO] running `Command { std: "docker" "inspect" "a18a0a45add58b02cb51b3a3ce14c38bc92d6d839c727d44dee90d5cc19d22d3", kill_on_drop: false }`
[INFO] running `Command { std: "docker" "rm" "-f" "a18a0a45add58b02cb51b3a3ce14c38bc92d6d839c727d44dee90d5cc19d22d3", kill_on_drop: false }`
[INFO] [stdout] a18a0a45add58b02cb51b3a3ce14c38bc92d6d839c727d44dee90d5cc19d22d3
[INFO] running `Command { std: "docker" "create" "-v" "/var/lib/crater-agent-workspace/builds/worker-3-tc1/target:/opt/rustwide/target:rw,Z" "-v" "/var/lib/crater-agent-workspace/builds/worker-3-tc1/source:/opt/rustwide/workdir:ro,Z" "-v" "/var/lib/crater-agent-workspace/cargo-home:/opt/rustwide/cargo-home:ro,Z" "-v" "/var/lib/crater-agent-workspace/rustup-home:/opt/rustwide/rustup-home:ro,Z" "-e" "SOURCE_DIR=/opt/rustwide/workdir" "-e" "CARGO_TARGET_DIR=/opt/rustwide/target" "-e" "CARGO_INCREMENTAL=0" "-e" "RUST_BACKTRACE=full" "-e" "RUSTFLAGS=--cap-lints=warn" "-e" "RUSTDOCFLAGS=--cap-lints=warn" "-e" "CARGO_HOME=/opt/rustwide/cargo-home" "-e" "RUSTUP_HOME=/opt/rustwide/rustup-home" "-w" "/opt/rustwide/workdir" "-m" "1610612736" "--user" "0:0" "--network" "none" "ghcr.io/rust-lang/crates-build-env/linux@sha256:2788e3201cd34a07e3172128adcd8b3090168a8e3bcc40d7c032b9dda1df7d1c" "/opt/rustwide/cargo-home/bin/cargo" "+1.75.0" "build" "--frozen" "--message-format=json", kill_on_drop: false }`
[INFO] [stdout] 6742174e475200c3229e9b948c5bbaffe2521953ef2bcec49f98bcadde086287
[INFO] running `Command { std: "docker" "start" "-a" "6742174e475200c3229e9b948c5bbaffe2521953ef2bcec49f98bcadde086287", kill_on_drop: false }`
[INFO] [stderr]    Compiling libc v0.2.151
[INFO] [stderr]    Compiling bitflags v2.4.1
[INFO] [stderr]    Compiling nix v0.27.1
[INFO] [stderr]    Compiling multiprocessing v0.1.1 (/opt/rustwide/workdir)
[INFO] [stdout] error[E0432]: unresolved import `nix::sys::mman`
[INFO] [stdout]  --> src/sharedmem.rs:1:15
[INFO] [stdout]   |
[INFO] [stdout] 1 | use nix::sys::mman::{mmap, munmap, ProtFlags, MapFlags};
[INFO] [stdout]   |               ^^^^ could not find `mman` in `sys`
[INFO] [stdout] 
[INFO] [stdout] 
[INFO] [stdout] error[E0432]: unresolved import `nix::sys::memfd`
[INFO] [stdout]  --> src/sharedmem.rs:2:15
[INFO] [stdout]   |
[INFO] [stdout] 2 | use nix::sys::memfd::{memfd_create, MemFdCreateFlag};
[INFO] [stdout]   |               ^^^^^ could not find `memfd` in `sys`
[INFO] [stdout] 
[INFO] [stdout] 
[INFO] [stdout] error[E0432]: unresolved imports `nix::unistd::fork`, `nix::unistd::ForkResult`, `nix::unistd::Pid`
[INFO] [stdout]    --> src/process.rs:1:19
[INFO] [stdout]     |
[INFO] [stdout] 1   | use nix::unistd::{fork, ForkResult, Pid};
[INFO] [stdout]     |                   ^^^^  ^^^^^^^^^^  ^^^ no `Pid` in `unistd`
[INFO] [stdout]     |                   |     |
[INFO] [stdout]     |                   |     no `ForkResult` in `unistd`
[INFO] [stdout]     |                   no `fork` in `unistd`
[INFO] [stdout]     |
[INFO] [stdout] note: found an item that was configured out
[INFO] [stdout]    --> /opt/rustwide/cargo-home/registry/src/index.crates.io-6f17d22bba15001f/nix-0.27.1/src/unistd.rs:291:15
[INFO] [stdout]     |
[INFO] [stdout] 291 | pub unsafe fn fork() -> Result<ForkResult> {
[INFO] [stdout]     |               ^^^^
[INFO] [stdout]     = note: the item is gated behind the `process` feature
[INFO] [stdout] note: found an item that was configured out
[INFO] [stdout]    --> /opt/rustwide/cargo-home/registry/src/index.crates.io-6f17d22bba15001f/nix-0.27.1/src/unistd.rs:227:10
[INFO] [stdout]     |
[INFO] [stdout] 227 | pub enum ForkResult {
[INFO] [stdout]     |          ^^^^^^^^^^
[INFO] [stdout]     = note: the item is gated behind the `process` feature
[INFO] [stdout] note: found an item that was configured out
[INFO] [stdout]    --> /opt/rustwide/cargo-home/registry/src/index.crates.io-6f17d22bba15001f/nix-0.27.1/src/unistd.rs:183:12
[INFO] [stdout]     |
[INFO] [stdout] 183 | pub struct Pid(pid_t);
[INFO] [stdout]     |            ^^^
[INFO] [stdout]     = note: the item is gated behind the `process` feature
[INFO] [stdout] 
[INFO] [stdout] 
[INFO] [stdout] error[E0432]: unresolved import `nix::sys::wait`
[INFO] [stdout]  --> src/process.rs:2:15
[INFO] [stdout]   |
[INFO] [stdout] 2 | use nix::sys::wait::{waitpid, WaitStatus};
[INFO] [stdout]   |               ^^^^ could not find `wait` in `sys`
[INFO] [stdout] 
[INFO] [stdout] 
[INFO] [stdout] error: aborting due to 4 previous errors
[INFO] [stdout] 
[INFO] [stdout] 
[INFO] [stdout] For more information about this error, try `rustc --explain E0432`.
[INFO] [stdout] 
[INFO] [stderr] error: could not compile `multiprocessing` (lib) due to 5 previous errors
[INFO] running `Command { std: "docker" "inspect" "6742174e475200c3229e9b948c5bbaffe2521953ef2bcec49f98bcadde086287", kill_on_drop: false }`
[INFO] running `Command { std: "docker" "rm" "-f" "6742174e475200c3229e9b948c5bbaffe2521953ef2bcec49f98bcadde086287", kill_on_drop: false }`
[INFO] [stdout] 6742174e475200c3229e9b948c5bbaffe2521953ef2bcec49f98bcadde086287
[INFO] testing multiprocessing-0.1.1 against beta-2023-12-22 for beta-1.76-1
[INFO] extracting crate multiprocessing 0.1.1 into /workspace/builds/worker-3-tc2/source
[INFO] validating manifest of crates.io crate multiprocessing 0.1.1 on toolchain beta-2023-12-22
[INFO] running `Command { std: CARGO_HOME="/workspace/cargo-home" RUSTUP_HOME="/workspace/rustup-home" "/workspace/cargo-home/bin/cargo" "+beta-2023-12-22" "metadata" "--manifest-path" "Cargo.toml" "--no-deps", kill_on_drop: false }`
[INFO] started tweaking crates.io crate multiprocessing 0.1.1
[INFO] finished tweaking crates.io crate multiprocessing 0.1.1
[INFO] tweaked toml for crates.io crate multiprocessing 0.1.1 written to /workspace/builds/worker-3-tc2/source/Cargo.toml
[INFO] running `Command { std: CARGO_HOME="/workspace/cargo-home" RUSTUP_HOME="/workspace/rustup-home" "/workspace/cargo-home/bin/cargo" "+beta-2023-12-22" "generate-lockfile" "--manifest-path" "Cargo.toml", kill_on_drop: false }`
[INFO] [stderr]     Updating crates.io index
[INFO] running `Command { std: CARGO_HOME="/workspace/cargo-home" RUSTUP_HOME="/workspace/rustup-home" "/workspace/cargo-home/bin/cargo" "+beta-2023-12-22" "fetch" "--manifest-path" "Cargo.toml", kill_on_drop: false }`
[INFO] running `Command { std: "docker" "create" "-v" "/var/lib/crater-agent-workspace/builds/worker-3-tc2/target:/opt/rustwide/target:rw,Z" "-v" "/var/lib/crater-agent-workspace/builds/worker-3-tc2/source:/opt/rustwide/workdir:ro,Z" "-v" "/var/lib/crater-agent-workspace/cargo-home:/opt/rustwide/cargo-home:ro,Z" "-v" "/var/lib/crater-agent-workspace/rustup-home:/opt/rustwide/rustup-home:ro,Z" "-e" "SOURCE_DIR=/opt/rustwide/workdir" "-e" "CARGO_TARGET_DIR=/opt/rustwide/target" "-e" "CARGO_HOME=/opt/rustwide/cargo-home" "-e" "RUSTUP_HOME=/opt/rustwide/rustup-home" "-w" "/opt/rustwide/workdir" "-m" "1610612736" "--user" "0:0" "--network" "none" "ghcr.io/rust-lang/crates-build-env/linux@sha256:2788e3201cd34a07e3172128adcd8b3090168a8e3bcc40d7c032b9dda1df7d1c" "/opt/rustwide/cargo-home/bin/cargo" "+beta-2023-12-22" "metadata" "--no-deps" "--format-version=1", kill_on_drop: false }`
[INFO] [stdout] dff28b6084b5f3cff46f5f1019ad78822b5b5782ef40712902cc676ea20bb47a
[INFO] running `Command { std: "docker" "start" "-a" "dff28b6084b5f3cff46f5f1019ad78822b5b5782ef40712902cc676ea20bb47a", kill_on_drop: false }`
[INFO] running `Command { std: "docker" "inspect" "dff28b6084b5f3cff46f5f1019ad78822b5b5782ef40712902cc676ea20bb47a", kill_on_drop: false }`
[INFO] running `Command { std: "docker" "rm" "-f" "dff28b6084b5f3cff46f5f1019ad78822b5b5782ef40712902cc676ea20bb47a", kill_on_drop: false }`
[INFO] [stdout] dff28b6084b5f3cff46f5f1019ad78822b5b5782ef40712902cc676ea20bb47a
[INFO] running `Command { std: "docker" "create" "-v" "/var/lib/crater-agent-workspace/builds/worker-3-tc2/target:/opt/rustwide/target:rw,Z" "-v" "/var/lib/crater-agent-workspace/builds/worker-3-tc2/source:/opt/rustwide/workdir:ro,Z" "-v" "/var/lib/crater-agent-workspace/cargo-home:/opt/rustwide/cargo-home:ro,Z" "-v" "/var/lib/crater-agent-workspace/rustup-home:/opt/rustwide/rustup-home:ro,Z" "-e" "SOURCE_DIR=/opt/rustwide/workdir" "-e" "CARGO_TARGET_DIR=/opt/rustwide/target" "-e" "CARGO_INCREMENTAL=0" "-e" "RUST_BACKTRACE=full" "-e" "RUSTFLAGS=--cap-lints=warn" "-e" "RUSTDOCFLAGS=--cap-lints=warn" "-e" "CARGO_HOME=/opt/rustwide/cargo-home" "-e" "RUSTUP_HOME=/opt/rustwide/rustup-home" "-w" "/opt/rustwide/workdir" "-m" "1610612736" "--user" "0:0" "--network" "none" "ghcr.io/rust-lang/crates-build-env/linux@sha256:2788e3201cd34a07e3172128adcd8b3090168a8e3bcc40d7c032b9dda1df7d1c" "/opt/rustwide/cargo-home/bin/cargo" "+beta-2023-12-22" "build" "--frozen" "--message-format=json", kill_on_drop: false }`
[INFO] [stdout] b34f1ef247c018eef3aff6bf8cccd1f3ab475806c819a75a177b06fae2b7d59e
[INFO] running `Command { std: "docker" "start" "-a" "b34f1ef247c018eef3aff6bf8cccd1f3ab475806c819a75a177b06fae2b7d59e", kill_on_drop: false }`
[INFO] [stderr]    Compiling libc v0.2.151
[INFO] [stderr]    Compiling bitflags v2.4.1
[INFO] [stderr]    Compiling nix v0.27.1
[INFO] [stderr]    Compiling multiprocessing v0.1.1 (/opt/rustwide/workdir)
[INFO] [stdout] error[E0432]: unresolved import `nix::sys::mman`
[INFO] [stdout]  --> src/sharedmem.rs:1:15
[INFO] [stdout]   |
[INFO] [stdout] 1 | use nix::sys::mman::{mmap, munmap, ProtFlags, MapFlags};
[INFO] [stdout]   |               ^^^^ could not find `mman` in `sys`
[INFO] [stdout] 
[INFO] [stdout] 
[INFO] [stdout] error[E0432]: unresolved import `nix::sys::memfd`
[INFO] [stdout]  --> src/sharedmem.rs:2:15
[INFO] [stdout]   |
[INFO] [stdout] 2 | use nix::sys::memfd::{memfd_create, MemFdCreateFlag};
[INFO] [stdout]   |               ^^^^^ could not find `memfd` in `sys`
[INFO] [stdout] 
[INFO] [stdout] 
[INFO] [stdout] error[E0432]: unresolved imports `nix::unistd::fork`, `nix::unistd::ForkResult`, `nix::unistd::Pid`
[INFO] [stdout]    --> src/process.rs:1:19
[INFO] [stdout]     |
[INFO] [stdout] 1   | use nix::unistd::{fork, ForkResult, Pid};
[INFO] [stdout]     |                   ^^^^  ^^^^^^^^^^  ^^^ no `Pid` in `unistd`
[INFO] [stdout]     |                   |     |
[INFO] [stdout]     |                   |     no `ForkResult` in `unistd`
[INFO] [stdout]     |                   no `fork` in `unistd`
[INFO] [stdout]     |
[INFO] [stdout] note: found an item that was configured out
[INFO] [stdout]    --> /opt/rustwide/cargo-home/registry/src/index.crates.io-6f17d22bba15001f/nix-0.27.1/src/unistd.rs:291:15
[INFO] [stdout]     |
[INFO] [stdout] 291 | pub unsafe fn fork() -> Result<ForkResult> {
[INFO] [stdout]     |               ^^^^
[INFO] [stdout]     = note: the item is gated behind the `process` feature
[INFO] [stdout] note: found an item that was configured out
[INFO] [stdout]    --> /opt/rustwide/cargo-home/registry/src/index.crates.io-6f17d22bba15001f/nix-0.27.1/src/unistd.rs:227:10
[INFO] [stdout]     |
[INFO] [stdout] 227 | pub enum ForkResult {
[INFO] [stdout]     |          ^^^^^^^^^^
[INFO] [stdout]     = note: the item is gated behind the `process` feature
[INFO] [stdout] note: found an item that was configured out
[INFO] [stdout]    --> /opt/rustwide/cargo-home/registry/src/index.crates.io-6f17d22bba15001f/nix-0.27.1/src/unistd.rs:183:12
[INFO] [stdout]     |
[INFO] [stdout] 183 | pub struct Pid(pid_t);
[INFO] [stdout]     |            ^^^
[INFO] [stdout]     = note: the item is gated behind the `process` feature
[INFO] [stdout] 
[INFO] [stdout] 
[INFO] [stdout] error[E0432]: unresolved import `nix::sys::wait`
[INFO] [stdout]  --> src/process.rs:2:15
[INFO] [stdout]   |
[INFO] [stdout] 2 | use nix::sys::wait::{waitpid, WaitStatus};
[INFO] [stdout]   |               ^^^^ could not find `wait` in `sys`
[INFO] [stdout] 
[INFO] [stdout] 
[INFO] [stdout] error: aborting due to 4 previous errors
[INFO] [stdout] 
[INFO] [stdout] 
[INFO] [stdout] For more information about this error, try `rustc --explain E0432`.
[INFO] [stdout] 
[INFO] [stderr] error: could not compile `multiprocessing` (lib) due to 5 previous errors
[INFO] [stderr] warning: build failed, waiting for other jobs to finish...
[INFO] running `Command { std: "docker" "inspect" "b34f1ef247c018eef3aff6bf8cccd1f3ab475806c819a75a177b06fae2b7d59e", kill_on_drop: false }`
[INFO] running `Command { std: "docker" "rm" "-f" "b34f1ef247c018eef3aff6bf8cccd1f3ab475806c819a75a177b06fae2b7d59e", kill_on_drop: false }`
[INFO] [stdout] b34f1ef247c018eef3aff6bf8cccd1f3ab475806c819a75a177b06fae2b7d59e
