[INFO] fetching crate multihash-codetable 0.1.1...
[INFO] testing multihash-codetable-0.1.1 against 1.75.0 for beta-1.76-1
[INFO] extracting crate multihash-codetable 0.1.1 into /workspace/builds/worker-2-tc1/source
[INFO] validating manifest of crates.io crate multihash-codetable 0.1.1 on toolchain 1.75.0
[INFO] running `Command { std: CARGO_HOME="/workspace/cargo-home" RUSTUP_HOME="/workspace/rustup-home" "/workspace/cargo-home/bin/cargo" "+1.75.0" "metadata" "--manifest-path" "Cargo.toml" "--no-deps", kill_on_drop: false }`
[INFO] started tweaking crates.io crate multihash-codetable 0.1.1
[INFO] removed 0 missing tests
[INFO] finished tweaking crates.io crate multihash-codetable 0.1.1
[INFO] tweaked toml for crates.io crate multihash-codetable 0.1.1 written to /workspace/builds/worker-2-tc1/source/Cargo.toml
[INFO] crate crates.io crate multihash-codetable 0.1.1 already has a lockfile, it will not be regenerated
[INFO] running `Command { std: CARGO_HOME="/workspace/cargo-home" RUSTUP_HOME="/workspace/rustup-home" "/workspace/cargo-home/bin/cargo" "+1.75.0" "fetch" "--manifest-path" "Cargo.toml", kill_on_drop: false }`
[INFO] [stderr]     Updating crates.io index
[INFO] [stderr]  Downloading crates ...
[INFO] [stderr]   Downloaded multihash-derive-impl v0.1.0
[INFO] [stderr]   Downloaded multihash-derive v0.9.0
[INFO] [stderr]   Downloaded strobe-rs v0.8.1
[INFO] running `Command { std: "docker" "create" "-v" "/var/lib/crater-agent-workspace/builds/worker-2-tc1/target:/opt/rustwide/target:rw,Z" "-v" "/var/lib/crater-agent-workspace/builds/worker-2-tc1/source:/opt/rustwide/workdir:ro,Z" "-v" "/var/lib/crater-agent-workspace/cargo-home:/opt/rustwide/cargo-home:ro,Z" "-v" "/var/lib/crater-agent-workspace/rustup-home:/opt/rustwide/rustup-home:ro,Z" "-e" "SOURCE_DIR=/opt/rustwide/workdir" "-e" "CARGO_TARGET_DIR=/opt/rustwide/target" "-e" "CARGO_HOME=/opt/rustwide/cargo-home" "-e" "RUSTUP_HOME=/opt/rustwide/rustup-home" "-w" "/opt/rustwide/workdir" "-m" "1610612736" "--user" "0:0" "--network" "none" "ghcr.io/rust-lang/crates-build-env/linux@sha256:2788e3201cd34a07e3172128adcd8b3090168a8e3bcc40d7c032b9dda1df7d1c" "/opt/rustwide/cargo-home/bin/cargo" "+1.75.0" "metadata" "--no-deps" "--format-version=1", kill_on_drop: false }`
[INFO] [stdout] b74034e6ad9e4b4301f747594254f77126abe9b7d1ffcbddea9ffbe15c5691f9
[INFO] running `Command { std: "docker" "start" "-a" "b74034e6ad9e4b4301f747594254f77126abe9b7d1ffcbddea9ffbe15c5691f9", kill_on_drop: false }`
[INFO] running `Command { std: "docker" "inspect" "b74034e6ad9e4b4301f747594254f77126abe9b7d1ffcbddea9ffbe15c5691f9", kill_on_drop: false }`
[INFO] running `Command { std: "docker" "rm" "-f" "b74034e6ad9e4b4301f747594254f77126abe9b7d1ffcbddea9ffbe15c5691f9", kill_on_drop: false }`
[INFO] [stdout] b74034e6ad9e4b4301f747594254f77126abe9b7d1ffcbddea9ffbe15c5691f9
[INFO] running `Command { std: "docker" "create" "-v" "/var/lib/crater-agent-workspace/builds/worker-2-tc1/target:/opt/rustwide/target:rw,Z" "-v" "/var/lib/crater-agent-workspace/builds/worker-2-tc1/source:/opt/rustwide/workdir:ro,Z" "-v" "/var/lib/crater-agent-workspace/cargo-home:/opt/rustwide/cargo-home:ro,Z" "-v" "/var/lib/crater-agent-workspace/rustup-home:/opt/rustwide/rustup-home:ro,Z" "-e" "SOURCE_DIR=/opt/rustwide/workdir" "-e" "CARGO_TARGET_DIR=/opt/rustwide/target" "-e" "CARGO_INCREMENTAL=0" "-e" "RUST_BACKTRACE=full" "-e" "RUSTFLAGS=--cap-lints=warn" "-e" "RUSTDOCFLAGS=--cap-lints=warn" "-e" "CARGO_HOME=/opt/rustwide/cargo-home" "-e" "RUSTUP_HOME=/opt/rustwide/rustup-home" "-w" "/opt/rustwide/workdir" "-m" "1610612736" "--user" "0:0" "--network" "none" "ghcr.io/rust-lang/crates-build-env/linux@sha256:2788e3201cd34a07e3172128adcd8b3090168a8e3bcc40d7c032b9dda1df7d1c" "/opt/rustwide/cargo-home/bin/cargo" "+1.75.0" "build" "--frozen" "--message-format=json", kill_on_drop: false }`
[INFO] [stdout] 7556ad87f49a7c6daeac5d5615360360960ec7b5eb74e9b0841b13513e5e3384
[INFO] running `Command { std: "docker" "start" "-a" "7556ad87f49a7c6daeac5d5615360360960ec7b5eb74e9b0841b13513e5e3384", kill_on_drop: false }`
[INFO] [stderr]    Compiling proc-macro2 v1.0.69
[INFO] [stderr]    Compiling version_check v0.9.4
[INFO] [stderr]    Compiling unicode-ident v1.0.12
[INFO] [stderr]    Compiling syn v1.0.109
[INFO] [stderr]    Compiling hashbrown v0.14.2
[INFO] [stderr]    Compiling equivalent v1.0.1
[INFO] [stderr]    Compiling winnow v0.5.17
[INFO] [stderr]    Compiling toml_datetime v0.6.5
[INFO] [stderr]    Compiling memchr v2.6.4
[INFO] [stderr]    Compiling once_cell v1.18.0
[INFO] [stderr]    Compiling unicode-xid v0.2.4
[INFO] [stderr]    Compiling unsigned-varint v0.7.2
[INFO] [stderr]    Compiling proc-macro-error-attr v1.0.4
[INFO] [stderr]    Compiling proc-macro-error v1.0.4
[INFO] [stderr]    Compiling core2 v0.4.0
[INFO] [stderr]    Compiling multihash v0.19.1
[INFO] [stderr]    Compiling indexmap v2.0.2
[INFO] [stderr]    Compiling quote v1.0.33
[INFO] [stderr]    Compiling toml_edit v0.19.15
[INFO] [stderr]    Compiling synstructure v0.12.6
[INFO] [stderr]    Compiling proc-macro-crate v1.3.1
[INFO] [stderr]    Compiling multihash-derive-impl v0.1.0
[INFO] [stderr]    Compiling multihash-derive v0.9.0
[INFO] [stderr]    Compiling multihash-codetable v0.1.1 (/opt/rustwide/workdir)
[INFO] [stderr]     Finished dev [unoptimized + debuginfo] target(s) in 4.43s
[INFO] running `Command { std: "docker" "inspect" "7556ad87f49a7c6daeac5d5615360360960ec7b5eb74e9b0841b13513e5e3384", kill_on_drop: false }`
[INFO] running `Command { std: "docker" "rm" "-f" "7556ad87f49a7c6daeac5d5615360360960ec7b5eb74e9b0841b13513e5e3384", kill_on_drop: false }`
[INFO] [stdout] 7556ad87f49a7c6daeac5d5615360360960ec7b5eb74e9b0841b13513e5e3384
[INFO] running `Command { std: "docker" "create" "-v" "/var/lib/crater-agent-workspace/builds/worker-2-tc1/target:/opt/rustwide/target:rw,Z" "-v" "/var/lib/crater-agent-workspace/builds/worker-2-tc1/source:/opt/rustwide/workdir:ro,Z" "-v" "/var/lib/crater-agent-workspace/cargo-home:/opt/rustwide/cargo-home:ro,Z" "-v" "/var/lib/crater-agent-workspace/rustup-home:/opt/rustwide/rustup-home:ro,Z" "-e" "SOURCE_DIR=/opt/rustwide/workdir" "-e" "CARGO_TARGET_DIR=/opt/rustwide/target" "-e" "CARGO_INCREMENTAL=0" "-e" "RUST_BACKTRACE=full" "-e" "RUSTFLAGS=--cap-lints=warn" "-e" "RUSTDOCFLAGS=--cap-lints=warn" "-e" "CARGO_HOME=/opt/rustwide/cargo-home" "-e" "RUSTUP_HOME=/opt/rustwide/rustup-home" "-w" "/opt/rustwide/workdir" "-m" "1610612736" "--user" "0:0" "--network" "none" "ghcr.io/rust-lang/crates-build-env/linux@sha256:2788e3201cd34a07e3172128adcd8b3090168a8e3bcc40d7c032b9dda1df7d1c" "/opt/rustwide/cargo-home/bin/cargo" "+1.75.0" "test" "--frozen" "--no-run" "--message-format=json", kill_on_drop: false }`
[INFO] [stdout] ad7e3820db261751bf1a112355b1a864e38c5e67fe7f440308f015697758cc77
[INFO] running `Command { std: "docker" "start" "-a" "ad7e3820db261751bf1a112355b1a864e38c5e67fe7f440308f015697758cc77", kill_on_drop: false }`
[INFO] [stderr]    Compiling autocfg v1.1.0
[INFO] [stderr]    Compiling cfg-if v1.0.0
[INFO] [stderr]    Compiling crossbeam-utils v0.8.16
[INFO] [stderr]    Compiling libc v0.2.149
[INFO] [stderr]    Compiling serde v1.0.190
[INFO] [stderr]    Compiling once_cell v1.18.0
[INFO] [stderr]    Compiling scopeguard v1.2.0
[INFO] [stderr]    Compiling serde_json v1.0.107
[INFO] [stderr]    Compiling either v1.9.0
[INFO] [stderr]    Compiling rustix v0.38.21
[INFO] [stderr]    Compiling rayon-core v1.12.0
[INFO] [stderr]    Compiling syn v2.0.38
[INFO] [stderr]    Compiling anstyle v1.0.4
[INFO] [stderr]    Compiling ryu v1.0.15
[INFO] [stderr]    Compiling itoa v1.0.9
[INFO] [stderr]    Compiling clap_lex v0.6.0
[INFO] [stderr]    Compiling regex-syntax v0.8.2
[INFO] [stderr]    Compiling linux-raw-sys v0.4.10
[INFO] [stderr]    Compiling proc-macro-crate v1.3.1
[INFO] [stderr]    Compiling half v1.8.2
[INFO] [stderr]    Compiling plotters-backend v0.3.5
[INFO] [stderr]    Compiling bitflags v2.4.1
[INFO] [stderr]    Compiling ciborium-io v0.2.1
[INFO] [stderr]    Compiling clap_builder v4.4.7
[INFO] [stderr]    Compiling itertools v0.10.5
[INFO] [stderr]    Compiling same-file v1.0.6
[INFO] [stderr]    Compiling cast v0.3.0
[INFO] [stderr]    Compiling memoffset v0.9.0
[INFO] [stderr]    Compiling crossbeam-epoch v0.9.15
[INFO] [stderr]    Compiling num-traits v0.2.17
[INFO] [stderr]    Compiling plotters-svg v0.3.5
[INFO] [stderr]    Compiling ciborium-ll v0.2.1
[INFO] [stderr]    Compiling ppv-lite86 v0.2.17
[INFO] [stderr]    Compiling walkdir v2.4.0
[INFO] [stderr]    Compiling anes v0.1.6
[INFO] [stderr]    Compiling multihash-derive-impl v0.1.0
[INFO] [stderr]    Compiling oorandom v11.1.3
[INFO] [stderr]    Compiling hex v0.4.3
[INFO] [stderr]    Compiling getrandom v0.2.10
[INFO] [stderr]    Compiling crossbeam-deque v0.8.3
[INFO] [stderr]    Compiling rand_core v0.6.4
[INFO] [stderr]    Compiling regex-automata v0.4.3
[INFO] [stderr]    Compiling is-terminal v0.4.9
[INFO] [stderr]    Compiling rand_chacha v0.3.1
[INFO] [stderr]    Compiling rand v0.8.5
[INFO] [stderr]    Compiling criterion-plot v0.5.0
[INFO] [stderr]    Compiling rayon v1.8.0
[INFO] [stderr]    Compiling multihash-derive v0.9.0
[INFO] [stderr]    Compiling multihash-codetable v0.1.1 (/opt/rustwide/workdir)
[INFO] [stderr]    Compiling plotters v0.3.5
[INFO] [stderr]    Compiling clap v4.4.7
[INFO] [stderr]    Compiling serde_derive v1.0.190
[INFO] [stderr]    Compiling regex v1.10.2
[INFO] [stderr]    Compiling ciborium v0.2.1
[INFO] [stderr]    Compiling tinytemplate v1.2.1
[INFO] [stderr]    Compiling criterion v0.5.1
[INFO] [stdout] error[E0432]: unresolved import `crate::hasher_impl::sha3`
[INFO] [stdout]    --> src/lib.rs:121:29
[INFO] [stdout]     |
[INFO] [stdout] 121 |     use crate::hasher_impl::sha3::{Sha3_256, Sha3_512};
[INFO] [stdout]     |                             ^^^^ could not find `sha3` in `hasher_impl`
[INFO] [stdout] 
[INFO] [stdout] 
[INFO] [stdout] warning: unused import: `super::*`
[INFO] [stdout]    --> src/lib.rs:120:9
[INFO] [stdout]     |
[INFO] [stdout] 120 |     use super::*;
[INFO] [stdout]     |         ^^^^^^^^
[INFO] [stdout]     |
[INFO] [stdout]     = note: `#[warn(unused_imports)]` on by default
[INFO] [stdout] 
[INFO] [stdout] 
[INFO] [stdout] warning: unused imports: `Hasher`, `MultihashDigest`, `Multihash`
[INFO] [stdout]    --> src/lib.rs:122:28
[INFO] [stdout]     |
[INFO] [stdout] 122 |     use multihash_derive::{Hasher, Multihash, MultihashDigest};
[INFO] [stdout]     |                            ^^^^^^  ^^^^^^^^^  ^^^^^^^^^^^^^^^
[INFO] [stdout] 
[INFO] [stdout] 
[INFO] [stdout] error[E0599]: no variant or associated item named `Sha2_256` found for enum `Code` in the current scope
[INFO] [stdout]  --> examples/manual_mh.rs:8:23
[INFO] [stdout]   |
[INFO] [stdout] 8 |     let empty = Code::Sha2_256.wrap(&[]).unwrap().to_bytes();
[INFO] [stdout]   |                       ^^^^^^^^ variant or associated item not found in `Code`
[INFO] [stdout] 
[INFO] [stdout] 
[INFO] [stdout] warning: unused import: `multihash_derive::MultihashDigest`
[INFO] [stdout]  --> examples/manual_mh.rs:2:5
[INFO] [stdout]   |
[INFO] [stdout] 2 | use multihash_derive::MultihashDigest;
[INFO] [stdout]   |     ^^^^^^^^^^^^^^^^^^^^^^^^^^^^^^^^^
[INFO] [stdout]   |
[INFO] [stdout]   = note: `#[warn(unused_imports)]` on by default
[INFO] [stdout] 
[INFO] [stdout] 
[INFO] [stdout] error: aborting due to previous error; 1 warning emitted
[INFO] [stdout] 
[INFO] [stdout] 
[INFO] [stdout] For more information about this error, try `rustc --explain E0599`.
[INFO] [stdout] 
[INFO] [stdout] error: aborting due to previous error; 2 warnings emitted
[INFO] [stdout] 
[INFO] [stdout] 
[INFO] [stdout] For more information about this error, try `rustc --explain E0432`.
[INFO] [stdout] 
[INFO] [stdout] error[E0432]: unresolved import `multihash_codetable::Sha2_256`
[INFO] [stdout]   --> examples/custom_table.rs:3:5
[INFO] [stdout]    |
[INFO] [stdout] 3  | use multihash_codetable::Sha2_256;
[INFO] [stdout]    |     ^^^^^^^^^^^^^^^^^^^^^^^^^^^^^ no `Sha2_256` in the root
[INFO] [stdout]    |
[INFO] [stdout] note: found an item that was configured out
[INFO] [stdout]   --> /opt/rustwide/workdir/src/lib.rs:26:36
[INFO] [stdout]    |
[INFO] [stdout] 26 | pub use crate::hasher_impl::sha2::{Sha2_256, Sha2_512};
[INFO] [stdout]    |                                    ^^^^^^^^
[INFO] [stdout]    = note: the item is gated behind the `sha2` feature
[INFO] [stdout] 
[INFO] [stdout] 
[INFO] [stdout] error[E0433]: failed to resolve: could not find `Blake2bHasher` in `multihash_codetable`
[INFO] [stdout]   --> examples/custom_table.rs:29:55
[INFO] [stdout]    |
[INFO] [stdout] 29 |     #[mh(code = 0xb219, hasher = multihash_codetable::Blake2bHasher::<25>)]
[INFO] [stdout]    |                                                       ^^^^^^^^^^^^^ could not find `Blake2bHasher` in `multihash_codetable`
[INFO] [stdout] 
[INFO] [stdout] 
[INFO] [stderr] error: could not compile `multihash-codetable` (example "manual_mh") due to 2 previous errors; 1 warning emitted
[INFO] [stderr] warning: build failed, waiting for other jobs to finish...
[INFO] [stderr] error: could not compile `multihash-codetable` (lib test) due to 2 previous errors; 2 warnings emitted
[INFO] [stdout] error: aborting due to 2 previous errors
[INFO] [stdout] 
[INFO] [stdout] 
[INFO] [stdout] Some errors have detailed explanations: E0432, E0433.
[INFO] [stdout] 
[INFO] [stdout] For more information about an error, try `rustc --explain E0432`.
[INFO] [stdout] 
[INFO] [stderr] error: could not compile `multihash-codetable` (example "custom_table") due to 3 previous errors
[INFO] running `Command { std: "docker" "inspect" "ad7e3820db261751bf1a112355b1a864e38c5e67fe7f440308f015697758cc77", kill_on_drop: false }`
[INFO] running `Command { std: "docker" "rm" "-f" "ad7e3820db261751bf1a112355b1a864e38c5e67fe7f440308f015697758cc77", kill_on_drop: false }`
[INFO] [stdout] ad7e3820db261751bf1a112355b1a864e38c5e67fe7f440308f015697758cc77
