[INFO] fetching crate mtly-auction-house 1.4.8...
[INFO] testing mtly-auction-house-1.4.8 against 1.75.0 for beta-1.76-1
[INFO] extracting crate mtly-auction-house 1.4.8 into /workspace/builds/worker-1-tc1/source
[INFO] validating manifest of crates.io crate mtly-auction-house 1.4.8 on toolchain 1.75.0
[INFO] running `Command { std: CARGO_HOME="/workspace/cargo-home" RUSTUP_HOME="/workspace/rustup-home" "/workspace/cargo-home/bin/cargo" "+1.75.0" "metadata" "--manifest-path" "Cargo.toml" "--no-deps", kill_on_drop: false }`
[INFO] started tweaking crates.io crate mtly-auction-house 1.4.8
[INFO] finished tweaking crates.io crate mtly-auction-house 1.4.8
[INFO] tweaked toml for crates.io crate mtly-auction-house 1.4.8 written to /workspace/builds/worker-1-tc1/source/Cargo.toml
[INFO] running `Command { std: CARGO_HOME="/workspace/cargo-home" RUSTUP_HOME="/workspace/rustup-home" "/workspace/cargo-home/bin/cargo" "+1.75.0" "generate-lockfile" "--manifest-path" "Cargo.toml", kill_on_drop: false }`
[INFO] [stderr]     Updating crates.io index
[INFO] running `Command { std: CARGO_HOME="/workspace/cargo-home" RUSTUP_HOME="/workspace/rustup-home" "/workspace/cargo-home/bin/cargo" "+1.75.0" "fetch" "--manifest-path" "Cargo.toml", kill_on_drop: false }`
[INFO] [stderr]  Downloading crates ...
[INFO] [stderr]   Downloaded solana-vote-program v1.14.17
[INFO] [stderr]   Downloaded solana-clap-utils v1.14.17
[INFO] [stderr]   Downloaded solana-bpf-loader-program v1.14.17
[INFO] [stderr]   Downloaded solana-metrics v1.14.17
[INFO] [stderr]   Downloaded anchor-lang v0.27.0
[INFO] [stderr]   Downloaded solana-logger v1.14.17
[INFO] [stderr]   Downloaded anchor-client v0.27.0
[INFO] [stderr]   Downloaded anchor-derive-accounts v0.27.0
[INFO] [stderr]   Downloaded anchor-attribute-account v0.27.0
[INFO] [stderr]   Downloaded solana-banks-client v1.14.17
[INFO] [stderr]   Downloaded anchor-attribute-access-control v0.27.0
[INFO] [stderr]   Downloaded solana-compute-budget-program v1.14.17
[INFO] [stderr]   Downloaded solana-frozen-abi-macro v1.14.17
[INFO] [stderr]   Downloaded anchor-attribute-error v0.27.0
[INFO] [stderr]   Downloaded anchor-spl v0.27.0
[INFO] [stderr]   Downloaded anchor-attribute-event v0.27.0
[INFO] [stderr]   Downloaded solana-account-decoder v1.14.17
[INFO] [stderr]   Downloaded solana-faucet v1.14.17
[INFO] [stderr]   Downloaded solana-program-runtime v1.14.17
[INFO] [stderr]   Downloaded solana-stake-program v1.14.17
[INFO] [stderr]   Downloaded spl-token-2022 v0.6.0
[INFO] [stderr]   Downloaded tokio v1.14.1
[INFO] [stderr]   Downloaded mpl-token-metadata v1.10.0
[INFO] [stderr]   Downloaded solana-zk-token-sdk v1.14.17
[INFO] [stderr]   Downloaded solana-runtime v1.14.17
[INFO] [stderr]   Downloaded solana-program-test v1.14.17
[INFO] [stderr]   Downloaded mpl-token-auth-rules v1.4.3
[INFO] [stderr]   Downloaded solana-sdk v1.14.17
[INFO] [stderr]   Downloaded tokio-util v0.7.2
[INFO] [stderr]   Downloaded solana-client v1.14.17
[INFO] [stderr]   Downloaded solana_rbpf v0.2.31
[INFO] [stderr]   Downloaded solana-program v1.14.17
[INFO] [stderr]   Downloaded anchor-syn v0.27.0
[INFO] [stderr]   Downloaded solana-transaction-status v1.14.17
[INFO] [stderr]   Downloaded solana-remote-wallet v1.14.17
[INFO] [stderr]   Downloaded solana-send-transaction-service v1.14.17
[INFO] [stderr]   Downloaded solana-perf v1.14.17
[INFO] [stderr]   Downloaded solana-streamer v1.14.17
[INFO] [stderr]   Downloaded solana-address-lookup-table-program v1.14.17
[INFO] [stderr]   Downloaded solana-bucket-map v1.14.17
[INFO] [stderr]   Downloaded solana-net-utils v1.14.17
[INFO] [stderr]   Downloaded mpl-utils v0.1.0
[INFO] [stderr]   Downloaded anchor-attribute-program v0.27.0
[INFO] [stderr]   Downloaded solana-banks-server v1.14.17
[INFO] [stderr]   Downloaded solana-zk-token-proof-program v1.14.17
[INFO] [stderr]   Downloaded solana-config-program v1.14.17
[INFO] [stderr]   Downloaded solana-measure v1.14.17
[INFO] [stderr]   Downloaded solana-rayon-threadlimit v1.14.17
[INFO] [stderr]   Downloaded solana-sdk-macro v1.14.17
[INFO] [stderr]   Downloaded anchor-derive-space v0.27.0
[INFO] [stderr]   Downloaded solana-frozen-abi v1.14.17
[INFO] [stderr]   Downloaded solana-banks-interface v1.14.17
[INFO] [stderr]   Downloaded solana-cli-config v1.14.17
[INFO] [stderr]   Downloaded solana-version v1.14.17
[INFO] [stderr]   Downloaded anchor-attribute-constant v0.27.0
[INFO] running `Command { std: "docker" "create" "-v" "/var/lib/crater-agent-workspace/builds/worker-1-tc1/target:/opt/rustwide/target:rw,Z" "-v" "/var/lib/crater-agent-workspace/builds/worker-1-tc1/source:/opt/rustwide/workdir:ro,Z" "-v" "/var/lib/crater-agent-workspace/cargo-home:/opt/rustwide/cargo-home:ro,Z" "-v" "/var/lib/crater-agent-workspace/rustup-home:/opt/rustwide/rustup-home:ro,Z" "-e" "SOURCE_DIR=/opt/rustwide/workdir" "-e" "CARGO_TARGET_DIR=/opt/rustwide/target" "-e" "CARGO_HOME=/opt/rustwide/cargo-home" "-e" "RUSTUP_HOME=/opt/rustwide/rustup-home" "-w" "/opt/rustwide/workdir" "-m" "1610612736" "--user" "0:0" "--network" "none" "ghcr.io/rust-lang/crates-build-env/linux@sha256:2788e3201cd34a07e3172128adcd8b3090168a8e3bcc40d7c032b9dda1df7d1c" "/opt/rustwide/cargo-home/bin/cargo" "+1.75.0" "metadata" "--no-deps" "--format-version=1", kill_on_drop: false }`
[INFO] [stdout] 141cb1bcb6cb6b9958f722dcd9103136c19fa0fcbe144bd98cde0643d6c09e7d
[INFO] running `Command { std: "docker" "start" "-a" "141cb1bcb6cb6b9958f722dcd9103136c19fa0fcbe144bd98cde0643d6c09e7d", kill_on_drop: false }`
[INFO] running `Command { std: "docker" "inspect" "141cb1bcb6cb6b9958f722dcd9103136c19fa0fcbe144bd98cde0643d6c09e7d", kill_on_drop: false }`
[INFO] running `Command { std: "docker" "rm" "-f" "141cb1bcb6cb6b9958f722dcd9103136c19fa0fcbe144bd98cde0643d6c09e7d", kill_on_drop: false }`
[INFO] [stdout] 141cb1bcb6cb6b9958f722dcd9103136c19fa0fcbe144bd98cde0643d6c09e7d
[INFO] running `Command { std: "docker" "create" "-v" "/var/lib/crater-agent-workspace/builds/worker-1-tc1/target:/opt/rustwide/target:rw,Z" "-v" "/var/lib/crater-agent-workspace/builds/worker-1-tc1/source:/opt/rustwide/workdir:ro,Z" "-v" "/var/lib/crater-agent-workspace/cargo-home:/opt/rustwide/cargo-home:ro,Z" "-v" "/var/lib/crater-agent-workspace/rustup-home:/opt/rustwide/rustup-home:ro,Z" "-e" "SOURCE_DIR=/opt/rustwide/workdir" "-e" "CARGO_TARGET_DIR=/opt/rustwide/target" "-e" "CARGO_INCREMENTAL=0" "-e" "RUST_BACKTRACE=full" "-e" "RUSTFLAGS=--cap-lints=warn" "-e" "RUSTDOCFLAGS=--cap-lints=warn" "-e" "CARGO_HOME=/opt/rustwide/cargo-home" "-e" "RUSTUP_HOME=/opt/rustwide/rustup-home" "-w" "/opt/rustwide/workdir" "-m" "1610612736" "--user" "0:0" "--network" "none" "ghcr.io/rust-lang/crates-build-env/linux@sha256:2788e3201cd34a07e3172128adcd8b3090168a8e3bcc40d7c032b9dda1df7d1c" "/opt/rustwide/cargo-home/bin/cargo" "+1.75.0" "build" "--frozen" "--message-format=json", kill_on_drop: false }`
[INFO] [stdout] 294fbc05563b05ec9296b4e4d02103eb1684afabea8f9f955a7b7197c55eb664
[INFO] running `Command { std: "docker" "start" "-a" "294fbc05563b05ec9296b4e4d02103eb1684afabea8f9f955a7b7197c55eb664", kill_on_drop: false }`
[INFO] [stderr]    Compiling serde v1.0.194
[INFO] [stderr]    Compiling syn v1.0.109
[INFO] [stderr]    Compiling libc v0.2.151
[INFO] [stderr]    Compiling syn v2.0.48
[INFO] [stderr]    Compiling getrandom v0.2.11
[INFO] [stderr]    Compiling getrandom v0.1.16
[INFO] [stderr]    Compiling ahash v0.7.7
[INFO] [stderr]    Compiling libsecp256k1-core v0.2.2
[INFO] [stderr]    Compiling solana-frozen-abi-macro v1.14.17
[INFO] [stderr]    Compiling rayon v1.8.0
[INFO] [stderr]    Compiling solana-frozen-abi v1.14.17
[INFO] [stderr]    Compiling jobserver v0.1.27
[INFO] [stderr]    Compiling base64 v0.13.1
[INFO] [stderr]    Compiling env_logger v0.9.3
[INFO] [stderr]    Compiling proc-macro-crate v1.3.1
[INFO] [stderr]    Compiling solana-sdk v1.14.17
[INFO] [stderr]    Compiling rand_core v0.5.1
[INFO] [stderr]    Compiling rand_core v0.6.4
[INFO] [stderr]    Compiling qstring v0.7.2
[INFO] [stderr]    Compiling cc v1.0.83
[INFO] [stderr]    Compiling solana-logger v1.14.17
[INFO] [stderr]    Compiling rand_chacha v0.2.2
[INFO] [stderr]    Compiling rand_xoshiro v0.6.0
[INFO] [stderr]    Compiling chrono v0.4.31
[INFO] [stderr]    Compiling ahash v0.8.7
[INFO] [stderr]    Compiling hashbrown v0.11.2
[INFO] [stderr]    Compiling rand v0.7.3
[INFO] [stderr]    Compiling hashbrown v0.12.3
[INFO] [stderr]    Compiling rmp v0.8.12
[INFO] [stderr]    Compiling libsecp256k1-gen-genmult v0.2.1
[INFO] [stderr]    Compiling libsecp256k1-gen-ecmult v0.2.1
[INFO] [stderr]    Compiling hashbrown v0.13.2
[INFO] [stderr]    Compiling libsecp256k1 v0.6.0
[INFO] [stderr]    Compiling blake3 v1.5.0
[INFO] [stderr]    Compiling solana-program v1.14.17
[INFO] [stderr]    Compiling wasm-bindgen-backend v0.2.89
[INFO] [stderr]    Compiling serde_derive v1.0.194
[INFO] [stderr]    Compiling thiserror-impl v1.0.56
[INFO] [stderr]    Compiling zeroize_derive v1.4.2
[INFO] [stderr]    Compiling borsh-derive-internal v0.9.3
[INFO] [stderr]    Compiling borsh-schema-derive-internal v0.9.3
[INFO] [stderr]    Compiling bytemuck_derive v1.5.0
[INFO] [stderr]    Compiling borsh-derive-internal v0.10.3
[INFO] [stderr]    Compiling borsh-schema-derive-internal v0.10.3
[INFO] [stderr]    Compiling wasm-bindgen-macro-support v0.2.89
[INFO] [stderr]    Compiling zeroize v1.3.0
[INFO] [stderr]    Compiling merlin v3.0.0
[INFO] [stderr]    Compiling solana-sdk-macro v1.14.17
[INFO] [stderr]    Compiling num-derive v0.3.3
[INFO] [stderr]    Compiling num_enum_derive v0.5.11
[INFO] [stderr]    Compiling mpl-token-metadata-context-derive v0.2.1
[INFO] [stderr]    Compiling anchor-derive-space v0.27.0
[INFO] [stderr]    Compiling bytemuck v1.14.0
[INFO] [stderr]    Compiling thiserror v1.0.56
[INFO] [stderr]    Compiling wasm-bindgen-macro v0.2.89
[INFO] [stderr]    Compiling wasm-bindgen v0.2.89
[INFO] [stderr]    Compiling num_enum v0.5.11
[INFO] [stderr]    Compiling generic-array v0.14.7
[INFO] [stderr]    Compiling bv v0.11.1
[INFO] [stderr]    Compiling im v15.1.0
[INFO] [stderr]    Compiling serde_bytes v0.11.14
[INFO] [stderr]    Compiling serde_json v1.0.111
[INFO] [stderr]    Compiling bincode v1.3.3
[INFO] [stderr]    Compiling rmp-serde v1.1.2
[INFO] [stderr]    Compiling toml v0.5.11
[INFO] [stderr]    Compiling shank_macro_impl v0.0.11
[INFO] [stderr]    Compiling digest v0.9.0
[INFO] [stderr]    Compiling crypto-common v0.1.6
[INFO] [stderr]    Compiling block-buffer v0.10.4
[INFO] [stderr]    Compiling block-buffer v0.9.0
[INFO] [stderr]    Compiling crypto-mac v0.8.0
[INFO] [stderr]    Compiling cipher v0.3.0
[INFO] [stderr]    Compiling universal-hash v0.4.1
[INFO] [stderr]    Compiling aead v0.4.3
[INFO] [stderr]    Compiling inout v0.1.3
[INFO] [stderr]    Compiling shank_macro v0.0.11
[INFO] [stderr]    Compiling curve25519-dalek v3.2.1
[INFO] [stderr]    Compiling sha2 v0.9.9
[INFO] [stderr]    Compiling digest v0.10.7
[INFO] [stderr]    Compiling hmac v0.8.1
[INFO] [stderr]    Compiling pbkdf2 v0.4.0
[INFO] [stderr]    Compiling polyval v0.5.3
[INFO] [stderr]    Compiling aes v0.7.5
[INFO] [stderr]    Compiling ctr v0.8.0
[INFO] [stderr]    Compiling cipher v0.4.4
[INFO] [stderr]    Compiling sha3 v0.9.1
[INFO] [stderr]    Compiling hmac-drbg v0.3.0
[INFO] [stderr]    Compiling anchor-syn v0.27.0
[INFO] [stderr]    Compiling sha2 v0.10.8
[INFO] [stderr]    Compiling sha3 v0.10.8
[INFO] [stderr]    Compiling hmac v0.12.1
[INFO] [stderr]    Compiling proc-macro-crate v0.1.5
[INFO] [stderr]    Compiling tiny-bip39 v0.8.2
[INFO] [stderr]    Compiling pbkdf2 v0.11.0
[INFO] [stderr]    Compiling aes-gcm-siv v0.10.3
[INFO] [stderr]    Compiling shank v0.0.11
[INFO] [stderr]    Compiling ed25519-dalek v1.0.1
[INFO] [stderr]    Compiling borsh-derive v0.9.3
[INFO] [stderr]    Compiling ed25519-dalek-bip32 v0.2.0
[INFO] [stderr]    Compiling borsh-derive v0.10.3
[INFO] [stderr]    Compiling borsh v0.10.3
[INFO] [stderr]    Compiling borsh v0.9.3
[INFO] [stderr]    Compiling anchor-attribute-program v0.27.0
[INFO] [stderr]    Compiling anchor-attribute-account v0.27.0
[INFO] [stderr]    Compiling anchor-attribute-error v0.27.0
[INFO] [stderr]    Compiling anchor-attribute-constant v0.27.0
[INFO] [stderr]    Compiling anchor-derive-accounts v0.27.0
[INFO] [stderr]    Compiling anchor-attribute-access-control v0.27.0
[INFO] [stderr]    Compiling anchor-attribute-event v0.27.0
[INFO] [stderr]    Compiling spl-token v3.5.0
[INFO] [stderr]    Compiling spl-memo v3.0.1
[INFO] [stderr]    Compiling anchor-lang v0.27.0
[INFO] [stderr]    Compiling mpl-utils v0.1.0
[INFO] [stderr]    Compiling solana-zk-token-sdk v1.14.17
[INFO] [stderr]    Compiling spl-token-2022 v0.5.0
[INFO] [stderr]    Compiling mpl-token-auth-rules v1.4.3
[INFO] [stdout] error[E0277]: the trait bound `Pubkey: BorshSerialize` is not satisfied
[INFO] [stdout]   --> /opt/rustwide/cargo-home/registry/src/index.crates.io-6f17d22bba15001f/mpl-token-auth-rules-1.4.3/src/instruction.rs:23:10
[INFO] [stdout]    |
[INFO] [stdout] 23 | #[derive(BorshSerialize, BorshDeserialize, PartialEq, Eq, Debug, Clone)]
[INFO] [stdout]    |          ^^^^^^^^^^^^^^ the trait `BorshSerialize` is not implemented for `Pubkey`
[INFO] [stdout]    |
[INFO] [stdout]    = help: the following other types implement trait `BorshSerialize`:
[INFO] [stdout]              bool
[INFO] [stdout]              isize
[INFO] [stdout]              i8
[INFO] [stdout]              i16
[INFO] [stdout]              i32
[INFO] [stdout]              i64
[INFO] [stdout]              i128
[INFO] [stdout]              usize
[INFO] [stdout]            and 79 others
[INFO] [stdout] note: required for `PayloadType` to implement `BorshSerialize`
[INFO] [stdout]   --> /opt/rustwide/cargo-home/registry/src/index.crates.io-6f17d22bba15001f/mpl-token-auth-rules-1.4.3/src/payload.rs:39:10
[INFO] [stdout]    |
[INFO] [stdout] 39 | #[derive(BorshSerialize, BorshDeserialize, Serialize, Deserialize, PartialEq, Eq, Debug, Clone)]
[INFO] [stdout]    |          ^^^^^^^^^^^^^^ unsatisfied trait bound introduced in this `derive` macro
[INFO] [stdout] 40 | /// Variants representing the different types represented in a payload.
[INFO] [stdout] 41 | pub enum PayloadType {
[INFO] [stdout]    |          ^^^^^^^^^^^
[INFO] [stdout]    = note: 2 redundant requirements hidden
[INFO] [stdout]    = note: required for `Payload` to implement `BorshSerialize`
[INFO] [stdout]    = help: see issue #48214
[INFO] [stdout]    = note: this error originates in the derive macro `BorshSerialize` (in Nightly builds, run with -Z macro-backtrace for more info)
[INFO] [stdout] 
[INFO] [stdout] 
[INFO] [stdout] error[E0277]: the trait bound `Pubkey: BorshDeserialize` is not satisfied
[INFO] [stdout]   --> /opt/rustwide/cargo-home/registry/src/index.crates.io-6f17d22bba15001f/mpl-token-auth-rules-1.4.3/src/instruction.rs:23:26
[INFO] [stdout]    |
[INFO] [stdout] 23 | #[derive(BorshSerialize, BorshDeserialize, PartialEq, Eq, Debug, Clone)]
[INFO] [stdout]    |                          ^^^^^^^^^^^^^^^^ the trait `BorshDeserialize` is not implemented for `Pubkey`
[INFO] [stdout]    |
[INFO] [stdout]    = help: the following other types implement trait `BorshDeserialize`:
[INFO] [stdout]              bool
[INFO] [stdout]              isize
[INFO] [stdout]              i8
[INFO] [stdout]              i16
[INFO] [stdout]              i32
[INFO] [stdout]              i64
[INFO] [stdout]              i128
[INFO] [stdout]              usize
[INFO] [stdout]            and 76 others
[INFO] [stdout] note: required for `PayloadType` to implement `BorshDeserialize`
[INFO] [stdout]   --> /opt/rustwide/cargo-home/registry/src/index.crates.io-6f17d22bba15001f/mpl-token-auth-rules-1.4.3/src/payload.rs:39:26
[INFO] [stdout]    |
[INFO] [stdout] 39 | #[derive(BorshSerialize, BorshDeserialize, Serialize, Deserialize, PartialEq, Eq, Debug, Clone)]
[INFO] [stdout]    |                          ^^^^^^^^^^^^^^^^ unsatisfied trait bound introduced in this `derive` macro
[INFO] [stdout] 40 | /// Variants representing the different types represented in a payload.
[INFO] [stdout] 41 | pub enum PayloadType {
[INFO] [stdout]    |          ^^^^^^^^^^^
[INFO] [stdout]    = note: 2 redundant requirements hidden
[INFO] [stdout]    = note: required for `Payload` to implement `BorshDeserialize`
[INFO] [stdout]    = help: see issue #48214
[INFO] [stdout]    = note: this error originates in the derive macro `BorshDeserialize` (in Nightly builds, run with -Z macro-backtrace for more info)
[INFO] [stdout] 
[INFO] [stdout] 
[INFO] [stdout] error[E0277]: the trait bound `Pubkey: BorshSerialize` is not satisfied
[INFO] [stdout]   --> /opt/rustwide/cargo-home/registry/src/index.crates.io-6f17d22bba15001f/mpl-token-auth-rules-1.4.3/src/instruction.rs:63:58
[INFO] [stdout]    |
[INFO] [stdout] 63 | #[derive(Debug, Clone, ShankInstruction, AccountContext, BorshSerialize, BorshDeserialize)]
[INFO] [stdout]    |                                                          ^^^^^^^^^^^^^^ the trait `BorshSerialize` is not implemented for `Pubkey`
[INFO] [stdout]    |
[INFO] [stdout]    = help: the following other types implement trait `BorshSerialize`:
[INFO] [stdout]              bool
[INFO] [stdout]              isize
[INFO] [stdout]              i8
[INFO] [stdout]              i16
[INFO] [stdout]              i32
[INFO] [stdout]              i64
[INFO] [stdout]              i128
[INFO] [stdout]              usize
[INFO] [stdout]            and 79 others
[INFO] [stdout] note: required for `PayloadType` to implement `BorshSerialize`
[INFO] [stdout]   --> /opt/rustwide/cargo-home/registry/src/index.crates.io-6f17d22bba15001f/mpl-token-auth-rules-1.4.3/src/payload.rs:39:10
[INFO] [stdout]    |
[INFO] [stdout] 39 | #[derive(BorshSerialize, BorshDeserialize, Serialize, Deserialize, PartialEq, Eq, Debug, Clone)]
[INFO] [stdout]    |          ^^^^^^^^^^^^^^ unsatisfied trait bound introduced in this `derive` macro
[INFO] [stdout] 40 | /// Variants representing the different types represented in a payload.
[INFO] [stdout] 41 | pub enum PayloadType {
[INFO] [stdout]    |          ^^^^^^^^^^^
[INFO] [stdout]    = note: 3 redundant requirements hidden
[INFO] [stdout]    = note: required for `instruction::ValidateArgs` to implement `BorshSerialize`
[INFO] [stdout]    = help: see issue #48214
[INFO] [stdout]    = note: this error originates in the derive macro `BorshSerialize` (in Nightly builds, run with -Z macro-backtrace for more info)
[INFO] [stdout] 
[INFO] [stdout] 
[INFO] [stdout] error[E0277]: the trait bound `Pubkey: BorshDeserialize` is not satisfied
[INFO] [stdout]   --> /opt/rustwide/cargo-home/registry/src/index.crates.io-6f17d22bba15001f/mpl-token-auth-rules-1.4.3/src/instruction.rs:63:74
[INFO] [stdout]    |
[INFO] [stdout] 63 | #[derive(Debug, Clone, ShankInstruction, AccountContext, BorshSerialize, BorshDeserialize)]
[INFO] [stdout]    |                                                                          ^^^^^^^^^^^^^^^^ the trait `BorshDeserialize` is not implemented for `Pubkey`
[INFO] [stdout]    |
[INFO] [stdout]    = help: the following other types implement trait `BorshDeserialize`:
[INFO] [stdout]              bool
[INFO] [stdout]              isize
[INFO] [stdout]              i8
[INFO] [stdout]              i16
[INFO] [stdout]              i32
[INFO] [stdout]              i64
[INFO] [stdout]              i128
[INFO] [stdout]              usize
[INFO] [stdout]            and 76 others
[INFO] [stdout] note: required for `PayloadType` to implement `BorshDeserialize`
[INFO] [stdout]   --> /opt/rustwide/cargo-home/registry/src/index.crates.io-6f17d22bba15001f/mpl-token-auth-rules-1.4.3/src/payload.rs:39:26
[INFO] [stdout]    |
[INFO] [stdout] 39 | #[derive(BorshSerialize, BorshDeserialize, Serialize, Deserialize, PartialEq, Eq, Debug, Clone)]
[INFO] [stdout]    |                          ^^^^^^^^^^^^^^^^ unsatisfied trait bound introduced in this `derive` macro
[INFO] [stdout] 40 | /// Variants representing the different types represented in a payload.
[INFO] [stdout] 41 | pub enum PayloadType {
[INFO] [stdout]    |          ^^^^^^^^^^^
[INFO] [stdout]    = note: 3 redundant requirements hidden
[INFO] [stdout]    = note: required for `instruction::ValidateArgs` to implement `BorshDeserialize`
[INFO] [stdout]    = help: see issue #48214
[INFO] [stdout]    = note: this error originates in the derive macro `BorshDeserialize` (in Nightly builds, run with -Z macro-backtrace for more info)
[INFO] [stdout] 
[INFO] [stdout] 
[INFO] [stdout] error[E0277]: the trait bound `Pubkey: BorshSerialize` is not satisfied
[INFO] [stdout]   --> /opt/rustwide/cargo-home/registry/src/index.crates.io-6f17d22bba15001f/mpl-token-auth-rules-1.4.3/src/payload.rs:39:10
[INFO] [stdout]    |
[INFO] [stdout] 39 | #[derive(BorshSerialize, BorshDeserialize, Serialize, Deserialize, PartialEq, Eq, Debug, Clone)]
[INFO] [stdout]    |          ^^^^^^^^^^^^^^ the trait `BorshSerialize` is not implemented for `Pubkey`
[INFO] [stdout]    |
[INFO] [stdout]    = help: the following other types implement trait `BorshSerialize`:
[INFO] [stdout]              bool
[INFO] [stdout]              isize
[INFO] [stdout]              i8
[INFO] [stdout]              i16
[INFO] [stdout]              i32
[INFO] [stdout]              i64
[INFO] [stdout]              i128
[INFO] [stdout]              usize
[INFO] [stdout]            and 79 others
[INFO] [stdout]    = help: see issue #48214
[INFO] [stdout]    = note: this error originates in the derive macro `BorshSerialize` (in Nightly builds, run with -Z macro-backtrace for more info)
[INFO] [stdout] 
[INFO] [stdout] 
[INFO] [stdout] error[E0277]: the trait bound `Pubkey: BorshDeserialize` is not satisfied
[INFO] [stdout]   --> /opt/rustwide/cargo-home/registry/src/index.crates.io-6f17d22bba15001f/mpl-token-auth-rules-1.4.3/src/payload.rs:39:26
[INFO] [stdout]    |
[INFO] [stdout] 39 | #[derive(BorshSerialize, BorshDeserialize, Serialize, Deserialize, PartialEq, Eq, Debug, Clone)]
[INFO] [stdout]    |                          ^^^^^^^^^^^^^^^^ the trait `BorshDeserialize` is not implemented for `Pubkey`
[INFO] [stdout]    |
[INFO] [stdout]    = help: the following other types implement trait `BorshDeserialize`:
[INFO] [stdout]              bool
[INFO] [stdout]              isize
[INFO] [stdout]              i8
[INFO] [stdout]              i16
[INFO] [stdout]              i32
[INFO] [stdout]              i64
[INFO] [stdout]              i128
[INFO] [stdout]              usize
[INFO] [stdout]            and 76 others
[INFO] [stdout]    = help: see issue #48214
[INFO] [stdout]    = note: this error originates in the derive macro `BorshDeserialize` (in Nightly builds, run with -Z macro-backtrace for more info)
[INFO] [stdout] 
[INFO] [stdout] 
[INFO] [stdout] error[E0277]: the trait bound `Pubkey: BorshSerialize` is not satisfied
[INFO] [stdout]   --> /opt/rustwide/cargo-home/registry/src/index.crates.io-6f17d22bba15001f/mpl-token-auth-rules-1.4.3/src/payload.rs:54:5
[INFO] [stdout]    |
[INFO] [stdout] 54 |     BorshSerialize, BorshDeserialize, Serialize, Deserialize, PartialEq, Eq, Debug, Clone, Default,
[INFO] [stdout]    |     ^^^^^^^^^^^^^^ the trait `BorshSerialize` is not implemented for `Pubkey`
[INFO] [stdout]    |
[INFO] [stdout]    = help: the following other types implement trait `BorshSerialize`:
[INFO] [stdout]              bool
[INFO] [stdout]              isize
[INFO] [stdout]              i8
[INFO] [stdout]              i16
[INFO] [stdout]              i32
[INFO] [stdout]              i64
[INFO] [stdout]              i128
[INFO] [stdout]              usize
[INFO] [stdout]            and 79 others
[INFO] [stdout] note: required for `PayloadType` to implement `BorshSerialize`
[INFO] [stdout]   --> /opt/rustwide/cargo-home/registry/src/index.crates.io-6f17d22bba15001f/mpl-token-auth-rules-1.4.3/src/payload.rs:39:10
[INFO] [stdout]    |
[INFO] [stdout] 39 | #[derive(BorshSerialize, BorshDeserialize, Serialize, Deserialize, PartialEq, Eq, Debug, Clone)]
[INFO] [stdout]    |          ^^^^^^^^^^^^^^ unsatisfied trait bound introduced in this `derive` macro
[INFO] [stdout] 40 | /// Variants representing the different types represented in a payload.
[INFO] [stdout] 41 | pub enum PayloadType {
[INFO] [stdout]    |          ^^^^^^^^^^^
[INFO] [stdout]    = note: 1 redundant requirement hidden
[INFO] [stdout]    = note: required for `HashMap<std::string::String, PayloadType>` to implement `BorshSerialize`
[INFO] [stdout]    = help: see issue #48214
[INFO] [stdout]    = note: this error originates in the derive macro `BorshSerialize` (in Nightly builds, run with -Z macro-backtrace for more info)
[INFO] [stdout] 
[INFO] [stdout] 
[INFO] [stdout] error[E0277]: the trait bound `Pubkey: BorshDeserialize` is not satisfied
[INFO] [stdout]   --> /opt/rustwide/cargo-home/registry/src/index.crates.io-6f17d22bba15001f/mpl-token-auth-rules-1.4.3/src/payload.rs:54:21
[INFO] [stdout]    |
[INFO] [stdout] 54 |     BorshSerialize, BorshDeserialize, Serialize, Deserialize, PartialEq, Eq, Debug, Clone, Default,
[INFO] [stdout]    |                     ^^^^^^^^^^^^^^^^ the trait `BorshDeserialize` is not implemented for `Pubkey`
[INFO] [stdout]    |
[INFO] [stdout]    = help: the following other types implement trait `BorshDeserialize`:
[INFO] [stdout]              bool
[INFO] [stdout]              isize
[INFO] [stdout]              i8
[INFO] [stdout]              i16
[INFO] [stdout]              i32
[INFO] [stdout]              i64
[INFO] [stdout]              i128
[INFO] [stdout]              usize
[INFO] [stdout]            and 76 others
[INFO] [stdout] note: required for `PayloadType` to implement `BorshDeserialize`
[INFO] [stdout]   --> /opt/rustwide/cargo-home/registry/src/index.crates.io-6f17d22bba15001f/mpl-token-auth-rules-1.4.3/src/payload.rs:39:26
[INFO] [stdout]    |
[INFO] [stdout] 39 | #[derive(BorshSerialize, BorshDeserialize, Serialize, Deserialize, PartialEq, Eq, Debug, Clone)]
[INFO] [stdout]    |                          ^^^^^^^^^^^^^^^^ unsatisfied trait bound introduced in this `derive` macro
[INFO] [stdout] 40 | /// Variants representing the different types represented in a payload.
[INFO] [stdout] 41 | pub enum PayloadType {
[INFO] [stdout]    |          ^^^^^^^^^^^
[INFO] [stdout]    = note: 1 redundant requirement hidden
[INFO] [stdout]    = note: required for `HashMap<std::string::String, PayloadType>` to implement `BorshDeserialize`
[INFO] [stdout]    = help: see issue #48214
[INFO] [stdout]    = note: this error originates in the derive macro `BorshDeserialize` (in Nightly builds, run with -Z macro-backtrace for more info)
[INFO] [stdout] 
[INFO] [stdout] 
[INFO] [stdout] error: aborting due to 8 previous errors
[INFO] [stdout] 
[INFO] [stdout] 
[INFO] [stdout] For more information about this error, try `rustc --explain E0277`.
[INFO] [stdout] 
[INFO] [stderr] error: could not compile `mpl-token-auth-rules` (lib) due to 9 previous errors
[INFO] [stderr] warning: build failed, waiting for other jobs to finish...
[INFO] running `Command { std: "docker" "inspect" "294fbc05563b05ec9296b4e4d02103eb1684afabea8f9f955a7b7197c55eb664", kill_on_drop: false }`
[INFO] running `Command { std: "docker" "rm" "-f" "294fbc05563b05ec9296b4e4d02103eb1684afabea8f9f955a7b7197c55eb664", kill_on_drop: false }`
[INFO] [stdout] 294fbc05563b05ec9296b4e4d02103eb1684afabea8f9f955a7b7197c55eb664
[INFO] testing mtly-auction-house-1.4.8 against beta-2023-12-22 for beta-1.76-1
[INFO] extracting crate mtly-auction-house 1.4.8 into /workspace/builds/worker-1-tc2/source
[INFO] validating manifest of crates.io crate mtly-auction-house 1.4.8 on toolchain beta-2023-12-22
[INFO] running `Command { std: CARGO_HOME="/workspace/cargo-home" RUSTUP_HOME="/workspace/rustup-home" "/workspace/cargo-home/bin/cargo" "+beta-2023-12-22" "metadata" "--manifest-path" "Cargo.toml" "--no-deps", kill_on_drop: false }`
[INFO] started tweaking crates.io crate mtly-auction-house 1.4.8
[INFO] finished tweaking crates.io crate mtly-auction-house 1.4.8
[INFO] tweaked toml for crates.io crate mtly-auction-house 1.4.8 written to /workspace/builds/worker-1-tc2/source/Cargo.toml
[INFO] running `Command { std: CARGO_HOME="/workspace/cargo-home" RUSTUP_HOME="/workspace/rustup-home" "/workspace/cargo-home/bin/cargo" "+beta-2023-12-22" "generate-lockfile" "--manifest-path" "Cargo.toml", kill_on_drop: false }`
[INFO] [stderr]     Updating crates.io index
[INFO] running `Command { std: CARGO_HOME="/workspace/cargo-home" RUSTUP_HOME="/workspace/rustup-home" "/workspace/cargo-home/bin/cargo" "+beta-2023-12-22" "fetch" "--manifest-path" "Cargo.toml", kill_on_drop: false }`
[INFO] [stderr]     Blocking waiting for file lock on package cache
[INFO] running `Command { std: "docker" "create" "-v" "/var/lib/crater-agent-workspace/builds/worker-1-tc2/target:/opt/rustwide/target:rw,Z" "-v" "/var/lib/crater-agent-workspace/builds/worker-1-tc2/source:/opt/rustwide/workdir:ro,Z" "-v" "/var/lib/crater-agent-workspace/cargo-home:/opt/rustwide/cargo-home:ro,Z" "-v" "/var/lib/crater-agent-workspace/rustup-home:/opt/rustwide/rustup-home:ro,Z" "-e" "SOURCE_DIR=/opt/rustwide/workdir" "-e" "CARGO_TARGET_DIR=/opt/rustwide/target" "-e" "CARGO_HOME=/opt/rustwide/cargo-home" "-e" "RUSTUP_HOME=/opt/rustwide/rustup-home" "-w" "/opt/rustwide/workdir" "-m" "1610612736" "--user" "0:0" "--network" "none" "ghcr.io/rust-lang/crates-build-env/linux@sha256:2788e3201cd34a07e3172128adcd8b3090168a8e3bcc40d7c032b9dda1df7d1c" "/opt/rustwide/cargo-home/bin/cargo" "+beta-2023-12-22" "metadata" "--no-deps" "--format-version=1", kill_on_drop: false }`
[INFO] [stdout] 1204f106bd12993ee021975545f806df25a9f1ec27afed591fa053e70ba813be
[INFO] running `Command { std: "docker" "start" "-a" "1204f106bd12993ee021975545f806df25a9f1ec27afed591fa053e70ba813be", kill_on_drop: false }`
[INFO] running `Command { std: "docker" "inspect" "1204f106bd12993ee021975545f806df25a9f1ec27afed591fa053e70ba813be", kill_on_drop: false }`
[INFO] running `Command { std: "docker" "rm" "-f" "1204f106bd12993ee021975545f806df25a9f1ec27afed591fa053e70ba813be", kill_on_drop: false }`
[INFO] [stdout] 1204f106bd12993ee021975545f806df25a9f1ec27afed591fa053e70ba813be
[INFO] running `Command { std: "docker" "create" "-v" "/var/lib/crater-agent-workspace/builds/worker-1-tc2/target:/opt/rustwide/target:rw,Z" "-v" "/var/lib/crater-agent-workspace/builds/worker-1-tc2/source:/opt/rustwide/workdir:ro,Z" "-v" "/var/lib/crater-agent-workspace/cargo-home:/opt/rustwide/cargo-home:ro,Z" "-v" "/var/lib/crater-agent-workspace/rustup-home:/opt/rustwide/rustup-home:ro,Z" "-e" "SOURCE_DIR=/opt/rustwide/workdir" "-e" "CARGO_TARGET_DIR=/opt/rustwide/target" "-e" "CARGO_INCREMENTAL=0" "-e" "RUST_BACKTRACE=full" "-e" "RUSTFLAGS=--cap-lints=warn" "-e" "RUSTDOCFLAGS=--cap-lints=warn" "-e" "CARGO_HOME=/opt/rustwide/cargo-home" "-e" "RUSTUP_HOME=/opt/rustwide/rustup-home" "-w" "/opt/rustwide/workdir" "-m" "1610612736" "--user" "0:0" "--network" "none" "ghcr.io/rust-lang/crates-build-env/linux@sha256:2788e3201cd34a07e3172128adcd8b3090168a8e3bcc40d7c032b9dda1df7d1c" "/opt/rustwide/cargo-home/bin/cargo" "+beta-2023-12-22" "build" "--frozen" "--message-format=json", kill_on_drop: false }`
[INFO] [stdout] dcb74562de90c25f59226db76f9923902a8d35a85848ac83f74b37fdeb5764e9
[INFO] running `Command { std: "docker" "start" "-a" "dcb74562de90c25f59226db76f9923902a8d35a85848ac83f74b37fdeb5764e9", kill_on_drop: false }`
[INFO] [stderr]    Compiling syn v2.0.48
[INFO] [stderr]    Compiling serde v1.0.194
[INFO] [stderr]    Compiling syn v1.0.109
[INFO] [stderr]    Compiling libc v0.2.151
[INFO] [stderr]    Compiling getrandom v0.1.16
[INFO] [stderr]    Compiling getrandom v0.2.11
[INFO] [stderr]    Compiling ahash v0.7.7
[INFO] [stderr]    Compiling libsecp256k1-core v0.2.2
[INFO] [stderr]    Compiling solana-frozen-abi-macro v1.14.17
[INFO] [stderr]    Compiling rayon v1.8.0
[INFO] [stderr]    Compiling solana-frozen-abi v1.14.17
[INFO] [stderr]    Compiling jobserver v0.1.27
[INFO] [stderr]    Compiling env_logger v0.9.3
[INFO] [stderr]    Compiling proc-macro-crate v1.3.1
[INFO] [stderr]    Compiling solana-sdk v1.14.17
[INFO] [stderr]    Compiling qstring v0.7.2
[INFO] [stderr]    Compiling rand_core v0.5.1
[INFO] [stderr]    Compiling rand_core v0.6.4
[INFO] [stderr]    Compiling cc v1.0.83
[INFO] [stderr]    Compiling chrono v0.4.31
[INFO] [stderr]    Compiling ahash v0.8.7
[INFO] [stderr]    Compiling rand_chacha v0.2.2
[INFO] [stderr]    Compiling rmp v0.8.12
[INFO] [stderr]    Compiling rand_xoshiro v0.6.0
[INFO] [stderr]    Compiling hashbrown v0.11.2
[INFO] [stderr]    Compiling hashbrown v0.12.3
[INFO] [stderr]    Compiling solana-logger v1.14.17
[INFO] [stderr]    Compiling rand v0.7.3
[INFO] [stderr]    Compiling libsecp256k1-gen-genmult v0.2.1
[INFO] [stderr]    Compiling libsecp256k1-gen-ecmult v0.2.1
[INFO] [stderr]    Compiling hashbrown v0.13.2
[INFO] [stderr]    Compiling libsecp256k1 v0.6.0
[INFO] [stderr]    Compiling blake3 v1.5.0
[INFO] [stderr]    Compiling solana-program v1.14.17
[INFO] [stderr]    Compiling wasm-bindgen-backend v0.2.89
[INFO] [stderr]    Compiling serde_derive v1.0.194
[INFO] [stderr]    Compiling thiserror-impl v1.0.56
[INFO] [stderr]    Compiling zeroize_derive v1.4.2
[INFO] [stderr]    Compiling bytemuck_derive v1.5.0
[INFO] [stderr]    Compiling borsh-schema-derive-internal v0.9.3
[INFO] [stderr]    Compiling borsh-derive-internal v0.9.3
[INFO] [stderr]    Compiling borsh-schema-derive-internal v0.10.3
[INFO] [stderr]    Compiling borsh-derive-internal v0.10.3
[INFO] [stderr]    Compiling wasm-bindgen-macro-support v0.2.89
[INFO] [stderr]    Compiling wasm-bindgen-macro v0.2.89
[INFO] [stderr]    Compiling zeroize v1.3.0
[INFO] [stderr]    Compiling merlin v3.0.0
[INFO] [stderr]    Compiling solana-sdk-macro v1.14.17
[INFO] [stderr]    Compiling num-derive v0.3.3
[INFO] [stderr]    Compiling num_enum_derive v0.5.11
[INFO] [stderr]    Compiling anchor-derive-space v0.27.0
[INFO] [stderr]    Compiling mpl-token-metadata-context-derive v0.2.1
[INFO] [stderr]    Compiling bytemuck v1.14.0
[INFO] [stderr]    Compiling thiserror v1.0.56
[INFO] [stderr]    Compiling wasm-bindgen v0.2.89
[INFO] [stderr]    Compiling num_enum v0.5.11
[INFO] [stderr]    Compiling toml v0.5.11
[INFO] [stderr]    Compiling serde_json v1.0.111
[INFO] [stderr]    Compiling shank_macro_impl v0.0.11
[INFO] [stderr]    Compiling generic-array v0.14.7
[INFO] [stderr]    Compiling im v15.1.0
[INFO] [stderr]    Compiling bv v0.11.1
[INFO] [stderr]    Compiling serde_bytes v0.11.14
[INFO] [stderr]    Compiling bincode v1.3.3
[INFO] [stderr]    Compiling rmp-serde v1.1.2
[INFO] [stderr]    Compiling shank_macro v0.0.11
[INFO] [stderr]    Compiling digest v0.9.0
[INFO] [stderr]    Compiling crypto-common v0.1.6
[INFO] [stderr]    Compiling block-buffer v0.10.4
[INFO] [stderr]    Compiling block-buffer v0.9.0
[INFO] [stderr]    Compiling crypto-mac v0.8.0
[INFO] [stderr]    Compiling cipher v0.3.0
[INFO] [stderr]    Compiling universal-hash v0.4.1
[INFO] [stderr]    Compiling aead v0.4.3
[INFO] [stderr]    Compiling inout v0.1.3
[INFO] [stderr]    Compiling curve25519-dalek v3.2.1
[INFO] [stderr]    Compiling hmac v0.8.1
[INFO] [stderr]    Compiling pbkdf2 v0.4.0
[INFO] [stderr]    Compiling digest v0.10.7
[INFO] [stderr]    Compiling sha2 v0.9.9
[INFO] [stderr]    Compiling ctr v0.8.0
[INFO] [stderr]    Compiling anchor-syn v0.27.0
[INFO] [stderr]    Compiling aes v0.7.5
[INFO] [stderr]    Compiling polyval v0.5.3
[INFO] [stderr]    Compiling hmac-drbg v0.3.0
[INFO] [stderr]    Compiling cipher v0.4.4
[INFO] [stderr]    Compiling proc-macro-crate v0.1.5
[INFO] [stderr]    Compiling sha3 v0.9.1
[INFO] [stderr]    Compiling sha2 v0.10.8
[INFO] [stderr]    Compiling sha3 v0.10.8
[INFO] [stderr]    Compiling hmac v0.12.1
[INFO] [stderr]    Compiling tiny-bip39 v0.8.2
[INFO] [stderr]    Compiling pbkdf2 v0.11.0
[INFO] [stderr]    Compiling aes-gcm-siv v0.10.3
[INFO] [stderr]    Compiling shank v0.0.11
[INFO] [stderr]    Compiling ed25519-dalek v1.0.1
[INFO] [stderr]    Compiling borsh-derive v0.9.3
[INFO] [stderr]    Compiling ed25519-dalek-bip32 v0.2.0
[INFO] [stderr]    Compiling borsh-derive v0.10.3
[INFO] [stderr]    Compiling borsh v0.9.3
[INFO] [stderr]    Compiling borsh v0.10.3
[INFO] [stderr]    Compiling anchor-attribute-program v0.27.0
[INFO] [stderr]    Compiling anchor-attribute-event v0.27.0
[INFO] [stderr]    Compiling anchor-derive-accounts v0.27.0
[INFO] [stderr]    Compiling anchor-attribute-access-control v0.27.0
[INFO] [stderr]    Compiling anchor-attribute-constant v0.27.0
[INFO] [stderr]    Compiling anchor-attribute-error v0.27.0
[INFO] [stderr]    Compiling anchor-attribute-account v0.27.0
[INFO] [stderr]    Compiling spl-token v3.5.0
[INFO] [stderr]    Compiling spl-memo v3.0.1
[INFO] [stderr]    Compiling anchor-lang v0.27.0
[INFO] [stderr]    Compiling mpl-utils v0.1.0
[INFO] [stderr]    Compiling solana-zk-token-sdk v1.14.17
[INFO] [stderr]    Compiling spl-token-2022 v0.5.0
[INFO] [stderr]    Compiling mpl-token-auth-rules v1.4.3
[INFO] [stdout] error[E0277]: the trait bound `Pubkey: BorshSerialize` is not satisfied
[INFO] [stdout]   --> /opt/rustwide/cargo-home/registry/src/index.crates.io-6f17d22bba15001f/mpl-token-auth-rules-1.4.3/src/instruction.rs:23:10
[INFO] [stdout]    |
[INFO] [stdout] 23 | #[derive(BorshSerialize, BorshDeserialize, PartialEq, Eq, Debug, Clone)]
[INFO] [stdout]    |          ^^^^^^^^^^^^^^ the trait `BorshSerialize` is not implemented for `Pubkey`
[INFO] [stdout]    |
[INFO] [stdout]    = help: the following other types implement trait `BorshSerialize`:
[INFO] [stdout]              bool
[INFO] [stdout]              isize
[INFO] [stdout]              i8
[INFO] [stdout]              i16
[INFO] [stdout]              i32
[INFO] [stdout]              i64
[INFO] [stdout]              i128
[INFO] [stdout]              usize
[INFO] [stdout]            and 79 others
[INFO] [stdout] note: required for `PayloadType` to implement `BorshSerialize`
[INFO] [stdout]   --> /opt/rustwide/cargo-home/registry/src/index.crates.io-6f17d22bba15001f/mpl-token-auth-rules-1.4.3/src/payload.rs:39:10
[INFO] [stdout]    |
[INFO] [stdout] 39 | #[derive(BorshSerialize, BorshDeserialize, Serialize, Deserialize, PartialEq, Eq, Debug, Clone)]
[INFO] [stdout]    |          ^^^^^^^^^^^^^^ unsatisfied trait bound introduced in this `derive` macro
[INFO] [stdout] 40 | /// Variants representing the different types represented in a payload.
[INFO] [stdout] 41 | pub enum PayloadType {
[INFO] [stdout]    |          ^^^^^^^^^^^
[INFO] [stdout]    = note: 2 redundant requirements hidden
[INFO] [stdout]    = note: required for `Payload` to implement `BorshSerialize`
[INFO] [stdout]    = help: see issue #48214
[INFO] [stdout]    = note: this error originates in the derive macro `BorshSerialize` (in Nightly builds, run with -Z macro-backtrace for more info)
[INFO] [stdout] 
[INFO] [stdout] 
[INFO] [stdout] error[E0277]: the trait bound `Pubkey: BorshDeserialize` is not satisfied
[INFO] [stdout]   --> /opt/rustwide/cargo-home/registry/src/index.crates.io-6f17d22bba15001f/mpl-token-auth-rules-1.4.3/src/instruction.rs:23:26
[INFO] [stdout]    |
[INFO] [stdout] 23 | #[derive(BorshSerialize, BorshDeserialize, PartialEq, Eq, Debug, Clone)]
[INFO] [stdout]    |                          ^^^^^^^^^^^^^^^^ the trait `BorshDeserialize` is not implemented for `Pubkey`
[INFO] [stdout]    |
[INFO] [stdout]    = help: the following other types implement trait `BorshDeserialize`:
[INFO] [stdout]              bool
[INFO] [stdout]              isize
[INFO] [stdout]              i8
[INFO] [stdout]              i16
[INFO] [stdout]              i32
[INFO] [stdout]              i64
[INFO] [stdout]              i128
[INFO] [stdout]              usize
[INFO] [stdout]            and 76 others
[INFO] [stdout] note: required for `PayloadType` to implement `BorshDeserialize`
[INFO] [stdout]   --> /opt/rustwide/cargo-home/registry/src/index.crates.io-6f17d22bba15001f/mpl-token-auth-rules-1.4.3/src/payload.rs:39:26
[INFO] [stdout]    |
[INFO] [stdout] 39 | #[derive(BorshSerialize, BorshDeserialize, Serialize, Deserialize, PartialEq, Eq, Debug, Clone)]
[INFO] [stdout]    |                          ^^^^^^^^^^^^^^^^ unsatisfied trait bound introduced in this `derive` macro
[INFO] [stdout] 40 | /// Variants representing the different types represented in a payload.
[INFO] [stdout] 41 | pub enum PayloadType {
[INFO] [stdout]    |          ^^^^^^^^^^^
[INFO] [stdout]    = note: 2 redundant requirements hidden
[INFO] [stdout]    = note: required for `Payload` to implement `BorshDeserialize`
[INFO] [stdout]    = help: see issue #48214
[INFO] [stdout]    = note: this error originates in the derive macro `BorshDeserialize` (in Nightly builds, run with -Z macro-backtrace for more info)
[INFO] [stdout] 
[INFO] [stdout] 
[INFO] [stdout] error[E0277]: the trait bound `Pubkey: BorshSerialize` is not satisfied
[INFO] [stdout]   --> /opt/rustwide/cargo-home/registry/src/index.crates.io-6f17d22bba15001f/mpl-token-auth-rules-1.4.3/src/instruction.rs:63:58
[INFO] [stdout]    |
[INFO] [stdout] 63 | #[derive(Debug, Clone, ShankInstruction, AccountContext, BorshSerialize, BorshDeserialize)]
[INFO] [stdout]    |                                                          ^^^^^^^^^^^^^^ the trait `BorshSerialize` is not implemented for `Pubkey`
[INFO] [stdout]    |
[INFO] [stdout]    = help: the following other types implement trait `BorshSerialize`:
[INFO] [stdout]              bool
[INFO] [stdout]              isize
[INFO] [stdout]              i8
[INFO] [stdout]              i16
[INFO] [stdout]              i32
[INFO] [stdout]              i64
[INFO] [stdout]              i128
[INFO] [stdout]              usize
[INFO] [stdout]            and 79 others
[INFO] [stdout] note: required for `PayloadType` to implement `BorshSerialize`
[INFO] [stdout]   --> /opt/rustwide/cargo-home/registry/src/index.crates.io-6f17d22bba15001f/mpl-token-auth-rules-1.4.3/src/payload.rs:39:10
[INFO] [stdout]    |
[INFO] [stdout] 39 | #[derive(BorshSerialize, BorshDeserialize, Serialize, Deserialize, PartialEq, Eq, Debug, Clone)]
[INFO] [stdout]    |          ^^^^^^^^^^^^^^ unsatisfied trait bound introduced in this `derive` macro
[INFO] [stdout] 40 | /// Variants representing the different types represented in a payload.
[INFO] [stdout] 41 | pub enum PayloadType {
[INFO] [stdout]    |          ^^^^^^^^^^^
[INFO] [stdout]    = note: 3 redundant requirements hidden
[INFO] [stdout]    = note: required for `instruction::ValidateArgs` to implement `BorshSerialize`
[INFO] [stdout]    = help: see issue #48214
[INFO] [stdout]    = note: this error originates in the derive macro `BorshSerialize` (in Nightly builds, run with -Z macro-backtrace for more info)
[INFO] [stdout] 
[INFO] [stdout] 
[INFO] [stdout] error[E0277]: the trait bound `Pubkey: BorshDeserialize` is not satisfied
[INFO] [stdout]   --> /opt/rustwide/cargo-home/registry/src/index.crates.io-6f17d22bba15001f/mpl-token-auth-rules-1.4.3/src/instruction.rs:63:74
[INFO] [stdout]    |
[INFO] [stdout] 63 | #[derive(Debug, Clone, ShankInstruction, AccountContext, BorshSerialize, BorshDeserialize)]
[INFO] [stdout]    |                                                                          ^^^^^^^^^^^^^^^^ the trait `BorshDeserialize` is not implemented for `Pubkey`
[INFO] [stdout]    |
[INFO] [stdout]    = help: the following other types implement trait `BorshDeserialize`:
[INFO] [stdout]              bool
[INFO] [stdout]              isize
[INFO] [stdout]              i8
[INFO] [stdout]              i16
[INFO] [stdout]              i32
[INFO] [stdout]              i64
[INFO] [stdout]              i128
[INFO] [stdout]              usize
[INFO] [stdout]            and 76 others
[INFO] [stdout] note: required for `PayloadType` to implement `BorshDeserialize`
[INFO] [stdout]   --> /opt/rustwide/cargo-home/registry/src/index.crates.io-6f17d22bba15001f/mpl-token-auth-rules-1.4.3/src/payload.rs:39:26
[INFO] [stdout]    |
[INFO] [stdout] 39 | #[derive(BorshSerialize, BorshDeserialize, Serialize, Deserialize, PartialEq, Eq, Debug, Clone)]
[INFO] [stdout]    |                          ^^^^^^^^^^^^^^^^ unsatisfied trait bound introduced in this `derive` macro
[INFO] [stdout] 40 | /// Variants representing the different types represented in a payload.
[INFO] [stdout] 41 | pub enum PayloadType {
[INFO] [stdout]    |          ^^^^^^^^^^^
[INFO] [stdout]    = note: 3 redundant requirements hidden
[INFO] [stdout]    = note: required for `instruction::ValidateArgs` to implement `BorshDeserialize`
[INFO] [stdout]    = help: see issue #48214
[INFO] [stdout]    = note: this error originates in the derive macro `BorshDeserialize` (in Nightly builds, run with -Z macro-backtrace for more info)
[INFO] [stdout] 
[INFO] [stdout] 
[INFO] [stdout] error[E0277]: the trait bound `Pubkey: BorshSerialize` is not satisfied
[INFO] [stdout]   --> /opt/rustwide/cargo-home/registry/src/index.crates.io-6f17d22bba15001f/mpl-token-auth-rules-1.4.3/src/payload.rs:39:10
[INFO] [stdout]    |
[INFO] [stdout] 39 | #[derive(BorshSerialize, BorshDeserialize, Serialize, Deserialize, PartialEq, Eq, Debug, Clone)]
[INFO] [stdout]    |          ^^^^^^^^^^^^^^ the trait `BorshSerialize` is not implemented for `Pubkey`
[INFO] [stdout]    |
[INFO] [stdout]    = help: the following other types implement trait `BorshSerialize`:
[INFO] [stdout]              bool
[INFO] [stdout]              isize
[INFO] [stdout]              i8
[INFO] [stdout]              i16
[INFO] [stdout]              i32
[INFO] [stdout]              i64
[INFO] [stdout]              i128
[INFO] [stdout]              usize
[INFO] [stdout]            and 79 others
[INFO] [stdout]    = help: see issue #48214
[INFO] [stdout]    = note: this error originates in the derive macro `BorshSerialize` (in Nightly builds, run with -Z macro-backtrace for more info)
[INFO] [stdout] 
[INFO] [stdout] 
[INFO] [stdout] error[E0277]: the trait bound `Pubkey: BorshDeserialize` is not satisfied
[INFO] [stdout]   --> /opt/rustwide/cargo-home/registry/src/index.crates.io-6f17d22bba15001f/mpl-token-auth-rules-1.4.3/src/payload.rs:39:26
[INFO] [stdout]    |
[INFO] [stdout] 39 | #[derive(BorshSerialize, BorshDeserialize, Serialize, Deserialize, PartialEq, Eq, Debug, Clone)]
[INFO] [stdout]    |                          ^^^^^^^^^^^^^^^^ the trait `BorshDeserialize` is not implemented for `Pubkey`
[INFO] [stdout]    |
[INFO] [stdout]    = help: the following other types implement trait `BorshDeserialize`:
[INFO] [stdout]              bool
[INFO] [stdout]              isize
[INFO] [stdout]              i8
[INFO] [stdout]              i16
[INFO] [stdout]              i32
[INFO] [stdout]              i64
[INFO] [stdout]              i128
[INFO] [stdout]              usize
[INFO] [stdout]            and 76 others
[INFO] [stdout]    = help: see issue #48214
[INFO] [stdout]    = note: this error originates in the derive macro `BorshDeserialize` (in Nightly builds, run with -Z macro-backtrace for more info)
[INFO] [stdout] 
[INFO] [stdout] 
[INFO] [stdout] error[E0277]: the trait bound `Pubkey: BorshSerialize` is not satisfied
[INFO] [stdout]   --> /opt/rustwide/cargo-home/registry/src/index.crates.io-6f17d22bba15001f/mpl-token-auth-rules-1.4.3/src/payload.rs:54:5
[INFO] [stdout]    |
[INFO] [stdout] 54 |     BorshSerialize, BorshDeserialize, Serialize, Deserialize, PartialEq, Eq, Debug, Clone, Default,
[INFO] [stdout]    |     ^^^^^^^^^^^^^^ the trait `BorshSerialize` is not implemented for `Pubkey`
[INFO] [stdout]    |
[INFO] [stdout]    = help: the following other types implement trait `BorshSerialize`:
[INFO] [stdout]              bool
[INFO] [stdout]              isize
[INFO] [stdout]              i8
[INFO] [stdout]              i16
[INFO] [stdout]              i32
[INFO] [stdout]              i64
[INFO] [stdout]              i128
[INFO] [stdout]              usize
[INFO] [stdout]            and 79 others
[INFO] [stdout] note: required for `PayloadType` to implement `BorshSerialize`
[INFO] [stdout]   --> /opt/rustwide/cargo-home/registry/src/index.crates.io-6f17d22bba15001f/mpl-token-auth-rules-1.4.3/src/payload.rs:39:10
[INFO] [stdout]    |
[INFO] [stdout] 39 | #[derive(BorshSerialize, BorshDeserialize, Serialize, Deserialize, PartialEq, Eq, Debug, Clone)]
[INFO] [stdout]    |          ^^^^^^^^^^^^^^ unsatisfied trait bound introduced in this `derive` macro
[INFO] [stdout] 40 | /// Variants representing the different types represented in a payload.
[INFO] [stdout] 41 | pub enum PayloadType {
[INFO] [stdout]    |          ^^^^^^^^^^^
[INFO] [stdout]    = note: 1 redundant requirement hidden
[INFO] [stdout]    = note: required for `HashMap<std::string::String, PayloadType>` to implement `BorshSerialize`
[INFO] [stdout]    = help: see issue #48214
[INFO] [stdout]    = note: this error originates in the derive macro `BorshSerialize` (in Nightly builds, run with -Z macro-backtrace for more info)
[INFO] [stdout] 
[INFO] [stdout] 
[INFO] [stdout] error[E0277]: the trait bound `Pubkey: BorshDeserialize` is not satisfied
[INFO] [stdout]   --> /opt/rustwide/cargo-home/registry/src/index.crates.io-6f17d22bba15001f/mpl-token-auth-rules-1.4.3/src/payload.rs:54:21
[INFO] [stdout]    |
[INFO] [stdout] 54 |     BorshSerialize, BorshDeserialize, Serialize, Deserialize, PartialEq, Eq, Debug, Clone, Default,
[INFO] [stdout]    |                     ^^^^^^^^^^^^^^^^ the trait `BorshDeserialize` is not implemented for `Pubkey`
[INFO] [stdout]    |
[INFO] [stdout]    = help: the following other types implement trait `BorshDeserialize`:
[INFO] [stdout]              bool
[INFO] [stdout]              isize
[INFO] [stdout]              i8
[INFO] [stdout]              i16
[INFO] [stdout]              i32
[INFO] [stdout]              i64
[INFO] [stdout]              i128
[INFO] [stdout]              usize
[INFO] [stdout]            and 76 others
[INFO] [stdout] note: required for `PayloadType` to implement `BorshDeserialize`
[INFO] [stdout]   --> /opt/rustwide/cargo-home/registry/src/index.crates.io-6f17d22bba15001f/mpl-token-auth-rules-1.4.3/src/payload.rs:39:26
[INFO] [stdout]    |
[INFO] [stdout] 39 | #[derive(BorshSerialize, BorshDeserialize, Serialize, Deserialize, PartialEq, Eq, Debug, Clone)]
[INFO] [stdout]    |                          ^^^^^^^^^^^^^^^^ unsatisfied trait bound introduced in this `derive` macro
[INFO] [stdout] 40 | /// Variants representing the different types represented in a payload.
[INFO] [stdout] 41 | pub enum PayloadType {
[INFO] [stdout]    |          ^^^^^^^^^^^
[INFO] [stdout]    = note: 1 redundant requirement hidden
[INFO] [stdout]    = note: required for `HashMap<std::string::String, PayloadType>` to implement `BorshDeserialize`
[INFO] [stdout]    = help: see issue #48214
[INFO] [stdout]    = note: this error originates in the derive macro `BorshDeserialize` (in Nightly builds, run with -Z macro-backtrace for more info)
[INFO] [stdout] 
[INFO] [stdout] 
[INFO] [stdout] error: aborting due to 8 previous errors
[INFO] [stdout] 
[INFO] [stdout] 
[INFO] [stdout] For more information about this error, try `rustc --explain E0277`.
[INFO] [stdout] 
[INFO] [stderr] error: could not compile `mpl-token-auth-rules` (lib) due to 9 previous errors
[INFO] [stderr] warning: build failed, waiting for other jobs to finish...
[INFO] running `Command { std: "docker" "inspect" "dcb74562de90c25f59226db76f9923902a8d35a85848ac83f74b37fdeb5764e9", kill_on_drop: false }`
[INFO] running `Command { std: "docker" "rm" "-f" "dcb74562de90c25f59226db76f9923902a8d35a85848ac83f74b37fdeb5764e9", kill_on_drop: false }`
[INFO] [stdout] dcb74562de90c25f59226db76f9923902a8d35a85848ac83f74b37fdeb5764e9
