[INFO] fetching crate mtbl-sys 0.2.0...
[INFO] testing mtbl-sys-0.2.0 against 1.75.0 for beta-1.76-1
[INFO] extracting crate mtbl-sys 0.2.0 into /workspace/builds/worker-5-tc1/source
[INFO] validating manifest of crates.io crate mtbl-sys 0.2.0 on toolchain 1.75.0
[INFO] running `Command { std: CARGO_HOME="/workspace/cargo-home" RUSTUP_HOME="/workspace/rustup-home" "/workspace/cargo-home/bin/cargo" "+1.75.0" "metadata" "--manifest-path" "Cargo.toml" "--no-deps", kill_on_drop: false }`
[INFO] started tweaking crates.io crate mtbl-sys 0.2.0
[INFO] finished tweaking crates.io crate mtbl-sys 0.2.0
[INFO] tweaked toml for crates.io crate mtbl-sys 0.2.0 written to /workspace/builds/worker-5-tc1/source/Cargo.toml
[INFO] running `Command { std: CARGO_HOME="/workspace/cargo-home" RUSTUP_HOME="/workspace/rustup-home" "/workspace/cargo-home/bin/cargo" "+1.75.0" "generate-lockfile" "--manifest-path" "Cargo.toml", kill_on_drop: false }`
[INFO] [stderr]     Updating crates.io index
[INFO] running `Command { std: CARGO_HOME="/workspace/cargo-home" RUSTUP_HOME="/workspace/rustup-home" "/workspace/cargo-home/bin/cargo" "+1.75.0" "fetch" "--manifest-path" "Cargo.toml", kill_on_drop: false }`
[INFO] running `Command { std: "docker" "create" "-v" "/var/lib/crater-agent-workspace/builds/worker-5-tc1/target:/opt/rustwide/target:rw,Z" "-v" "/var/lib/crater-agent-workspace/builds/worker-5-tc1/source:/opt/rustwide/workdir:ro,Z" "-v" "/var/lib/crater-agent-workspace/cargo-home:/opt/rustwide/cargo-home:ro,Z" "-v" "/var/lib/crater-agent-workspace/rustup-home:/opt/rustwide/rustup-home:ro,Z" "-e" "SOURCE_DIR=/opt/rustwide/workdir" "-e" "CARGO_TARGET_DIR=/opt/rustwide/target" "-e" "CARGO_HOME=/opt/rustwide/cargo-home" "-e" "RUSTUP_HOME=/opt/rustwide/rustup-home" "-w" "/opt/rustwide/workdir" "-m" "1610612736" "--user" "0:0" "--network" "none" "ghcr.io/rust-lang/crates-build-env/linux@sha256:2788e3201cd34a07e3172128adcd8b3090168a8e3bcc40d7c032b9dda1df7d1c" "/opt/rustwide/cargo-home/bin/cargo" "+1.75.0" "metadata" "--no-deps" "--format-version=1", kill_on_drop: false }`
[INFO] [stdout] 0b135fd0219a4272edd4e9de57d259e6cfa6e9f2ee04d9a1ee5b58e1dff45ec2
[INFO] running `Command { std: "docker" "start" "-a" "0b135fd0219a4272edd4e9de57d259e6cfa6e9f2ee04d9a1ee5b58e1dff45ec2", kill_on_drop: false }`
[INFO] running `Command { std: "docker" "inspect" "0b135fd0219a4272edd4e9de57d259e6cfa6e9f2ee04d9a1ee5b58e1dff45ec2", kill_on_drop: false }`
[INFO] running `Command { std: "docker" "rm" "-f" "0b135fd0219a4272edd4e9de57d259e6cfa6e9f2ee04d9a1ee5b58e1dff45ec2", kill_on_drop: false }`
[INFO] [stdout] 0b135fd0219a4272edd4e9de57d259e6cfa6e9f2ee04d9a1ee5b58e1dff45ec2
[INFO] running `Command { std: "docker" "create" "-v" "/var/lib/crater-agent-workspace/builds/worker-5-tc1/target:/opt/rustwide/target:rw,Z" "-v" "/var/lib/crater-agent-workspace/builds/worker-5-tc1/source:/opt/rustwide/workdir:ro,Z" "-v" "/var/lib/crater-agent-workspace/cargo-home:/opt/rustwide/cargo-home:ro,Z" "-v" "/var/lib/crater-agent-workspace/rustup-home:/opt/rustwide/rustup-home:ro,Z" "-e" "SOURCE_DIR=/opt/rustwide/workdir" "-e" "CARGO_TARGET_DIR=/opt/rustwide/target" "-e" "CARGO_INCREMENTAL=0" "-e" "RUST_BACKTRACE=full" "-e" "RUSTFLAGS=--cap-lints=warn" "-e" "RUSTDOCFLAGS=--cap-lints=warn" "-e" "CARGO_HOME=/opt/rustwide/cargo-home" "-e" "RUSTUP_HOME=/opt/rustwide/rustup-home" "-w" "/opt/rustwide/workdir" "-m" "1610612736" "--user" "0:0" "--network" "none" "ghcr.io/rust-lang/crates-build-env/linux@sha256:2788e3201cd34a07e3172128adcd8b3090168a8e3bcc40d7c032b9dda1df7d1c" "/opt/rustwide/cargo-home/bin/cargo" "+1.75.0" "build" "--frozen" "--message-format=json", kill_on_drop: false }`
[INFO] [stdout] caf2eb6742673ba6717e6b4a22d5ba5b55386c036ba8f9c41d9b4d970060ed79
[INFO] running `Command { std: "docker" "start" "-a" "caf2eb6742673ba6717e6b4a22d5ba5b55386c036ba8f9c41d9b4d970060ed79", kill_on_drop: false }`
[INFO] [stderr]    Compiling mtbl-sys v0.2.0 (/opt/rustwide/workdir)
[INFO] [stdout] warning: variant `MTBL_COMPRESSION_NONE` should have an upper camel case name
[INFO] [stdout]   --> src/lib.rs:77:5
[INFO] [stdout]    |
[INFO] [stdout] 77 |     MTBL_COMPRESSION_NONE = 0,
[INFO] [stdout]    |     ^^^^^^^^^^^^^^^^^^^^^ help: convert the identifier to upper camel case: `MtblCompressionNone`
[INFO] [stdout]    |
[INFO] [stdout]    = note: `#[warn(non_camel_case_types)]` on by default
[INFO] [stdout] 
[INFO] [stdout] 
[INFO] [stdout] warning: variant `MTBL_COMPRESSION_SNAPPY` should have an upper camel case name
[INFO] [stdout]   --> src/lib.rs:78:5
[INFO] [stdout]    |
[INFO] [stdout] 78 |     MTBL_COMPRESSION_SNAPPY = 1,
[INFO] [stdout]    |     ^^^^^^^^^^^^^^^^^^^^^^^ help: convert the identifier to upper camel case: `MtblCompressionSnappy`
[INFO] [stdout] 
[INFO] [stdout] 
[INFO] [stdout] warning: variant `MTBL_COMPRESSION_ZLIB` should have an upper camel case name
[INFO] [stdout]   --> src/lib.rs:79:5
[INFO] [stdout]    |
[INFO] [stdout] 79 |     MTBL_COMPRESSION_ZLIB = 2,
[INFO] [stdout]    |     ^^^^^^^^^^^^^^^^^^^^^ help: convert the identifier to upper camel case: `MtblCompressionZlib`
[INFO] [stdout] 
[INFO] [stdout] 
[INFO] [stdout] warning: variant `MTBL_COMPRESSION_LZ4` should have an upper camel case name
[INFO] [stdout]   --> src/lib.rs:80:5
[INFO] [stdout]    |
[INFO] [stdout] 80 |     MTBL_COMPRESSION_LZ4 = 3,
[INFO] [stdout]    |     ^^^^^^^^^^^^^^^^^^^^ help: convert the identifier to upper camel case: `MtblCompressionLz4`
[INFO] [stdout] 
[INFO] [stdout] 
[INFO] [stdout] warning: variant `MTBL_COMPRESSION_LZ4HC` should have an upper camel case name
[INFO] [stdout]   --> src/lib.rs:81:5
[INFO] [stdout]    |
[INFO] [stdout] 81 |     MTBL_COMPRESSION_LZ4HC = 4,
[INFO] [stdout]    |     ^^^^^^^^^^^^^^^^^^^^^^ help: convert the identifier to upper camel case: `MtblCompressionLz4hc`
[INFO] [stdout] 
[INFO] [stdout] 
[INFO] [stdout] warning: variant `mtbl_res_failure` should have an upper camel case name
[INFO] [stdout]   --> src/lib.rs:87:5
[INFO] [stdout]    |
[INFO] [stdout] 87 |     mtbl_res_failure = 0,
[INFO] [stdout]    |     ^^^^^^^^^^^^^^^^ help: convert the identifier to upper camel case: `MtblResFailure`
[INFO] [stdout] 
[INFO] [stdout] 
[INFO] [stdout] warning: variant `mtbl_res_success` should have an upper camel case name
[INFO] [stdout]   --> src/lib.rs:88:5
[INFO] [stdout]    |
[INFO] [stdout] 88 |     mtbl_res_success = 1,
[INFO] [stdout]    |     ^^^^^^^^^^^^^^^^ help: convert the identifier to upper camel case: `MtblResSuccess`
[INFO] [stdout] 
[INFO] [stdout] 
[INFO] [stdout] warning: 7 warnings emitted
[INFO] [stdout] 
[INFO] [stdout] 
[INFO] [stderr]     Finished dev [unoptimized + debuginfo] target(s) in 0.06s
[INFO] running `Command { std: "docker" "inspect" "caf2eb6742673ba6717e6b4a22d5ba5b55386c036ba8f9c41d9b4d970060ed79", kill_on_drop: false }`
[INFO] running `Command { std: "docker" "rm" "-f" "caf2eb6742673ba6717e6b4a22d5ba5b55386c036ba8f9c41d9b4d970060ed79", kill_on_drop: false }`
[INFO] [stdout] caf2eb6742673ba6717e6b4a22d5ba5b55386c036ba8f9c41d9b4d970060ed79
[INFO] running `Command { std: "docker" "create" "-v" "/var/lib/crater-agent-workspace/builds/worker-5-tc1/target:/opt/rustwide/target:rw,Z" "-v" "/var/lib/crater-agent-workspace/builds/worker-5-tc1/source:/opt/rustwide/workdir:ro,Z" "-v" "/var/lib/crater-agent-workspace/cargo-home:/opt/rustwide/cargo-home:ro,Z" "-v" "/var/lib/crater-agent-workspace/rustup-home:/opt/rustwide/rustup-home:ro,Z" "-e" "SOURCE_DIR=/opt/rustwide/workdir" "-e" "CARGO_TARGET_DIR=/opt/rustwide/target" "-e" "CARGO_INCREMENTAL=0" "-e" "RUST_BACKTRACE=full" "-e" "RUSTFLAGS=--cap-lints=warn" "-e" "RUSTDOCFLAGS=--cap-lints=warn" "-e" "CARGO_HOME=/opt/rustwide/cargo-home" "-e" "RUSTUP_HOME=/opt/rustwide/rustup-home" "-w" "/opt/rustwide/workdir" "-m" "1610612736" "--user" "0:0" "--network" "none" "ghcr.io/rust-lang/crates-build-env/linux@sha256:2788e3201cd34a07e3172128adcd8b3090168a8e3bcc40d7c032b9dda1df7d1c" "/opt/rustwide/cargo-home/bin/cargo" "+1.75.0" "test" "--frozen" "--no-run" "--message-format=json", kill_on_drop: false }`
[INFO] [stdout] 63ecd61fd09448526ffcdef0859b029447a57044468bf9782a957c9b1cf154fb
[INFO] running `Command { std: "docker" "start" "-a" "63ecd61fd09448526ffcdef0859b029447a57044468bf9782a957c9b1cf154fb", kill_on_drop: false }`
[INFO] [stderr]    Compiling rand v0.4.6
[INFO] [stdout] warning: variant `MTBL_COMPRESSION_NONE` should have an upper camel case name
[INFO] [stdout]   --> src/lib.rs:77:5
[INFO] [stdout]    |
[INFO] [stdout] 77 |     MTBL_COMPRESSION_NONE = 0,
[INFO] [stdout]    |     ^^^^^^^^^^^^^^^^^^^^^ help: convert the identifier to upper camel case: `MtblCompressionNone`
[INFO] [stdout]    |
[INFO] [stdout]    = note: `#[warn(non_camel_case_types)]` on by default
[INFO] [stdout] 
[INFO] [stdout] 
[INFO] [stdout] warning: variant `MTBL_COMPRESSION_SNAPPY` should have an upper camel case name
[INFO] [stdout]   --> src/lib.rs:78:5
[INFO] [stdout]    |
[INFO] [stdout] 78 |     MTBL_COMPRESSION_SNAPPY = 1,
[INFO] [stdout]    |     ^^^^^^^^^^^^^^^^^^^^^^^ help: convert the identifier to upper camel case: `MtblCompressionSnappy`
[INFO] [stdout] 
[INFO] [stdout] 
[INFO] [stdout] warning: variant `MTBL_COMPRESSION_ZLIB` should have an upper camel case name
[INFO] [stdout]   --> src/lib.rs:79:5
[INFO] [stdout]    |
[INFO] [stdout] 79 |     MTBL_COMPRESSION_ZLIB = 2,
[INFO] [stdout]    |     ^^^^^^^^^^^^^^^^^^^^^ help: convert the identifier to upper camel case: `MtblCompressionZlib`
[INFO] [stdout] 
[INFO] [stdout] 
[INFO] [stdout] warning: variant `MTBL_COMPRESSION_LZ4` should have an upper camel case name
[INFO] [stdout]   --> src/lib.rs:80:5
[INFO] [stdout]    |
[INFO] [stdout] 80 |     MTBL_COMPRESSION_LZ4 = 3,
[INFO] [stdout]    |     ^^^^^^^^^^^^^^^^^^^^ help: convert the identifier to upper camel case: `MtblCompressionLz4`
[INFO] [stdout] 
[INFO] [stdout] 
[INFO] [stdout] warning: variant `MTBL_COMPRESSION_LZ4HC` should have an upper camel case name
[INFO] [stdout]   --> src/lib.rs:81:5
[INFO] [stdout]    |
[INFO] [stdout] 81 |     MTBL_COMPRESSION_LZ4HC = 4,
[INFO] [stdout]    |     ^^^^^^^^^^^^^^^^^^^^^^ help: convert the identifier to upper camel case: `MtblCompressionLz4hc`
[INFO] [stdout] 
[INFO] [stdout] 
[INFO] [stdout] warning: variant `mtbl_res_failure` should have an upper camel case name
[INFO] [stdout]   --> src/lib.rs:87:5
[INFO] [stdout]    |
[INFO] [stdout] 87 |     mtbl_res_failure = 0,
[INFO] [stdout]    |     ^^^^^^^^^^^^^^^^ help: convert the identifier to upper camel case: `MtblResFailure`
[INFO] [stdout] 
[INFO] [stdout] 
[INFO] [stdout] warning: variant `mtbl_res_success` should have an upper camel case name
[INFO] [stdout]   --> src/lib.rs:88:5
[INFO] [stdout]    |
[INFO] [stdout] 88 |     mtbl_res_success = 1,
[INFO] [stdout]    |     ^^^^^^^^^^^^^^^^ help: convert the identifier to upper camel case: `MtblResSuccess`
[INFO] [stdout] 
[INFO] [stdout] 
[INFO] [stdout] warning: 7 warnings emitted
[INFO] [stdout] 
[INFO] [stdout] 
[INFO] [stderr]    Compiling rand v0.3.23
[INFO] [stderr]    Compiling tempfile v2.2.0
[INFO] [stderr]    Compiling mtbl-sys v0.2.0 (/opt/rustwide/workdir)
[INFO] [stdout] warning: variant `MTBL_COMPRESSION_NONE` should have an upper camel case name
[INFO] [stdout]   --> src/lib.rs:77:5
[INFO] [stdout]    |
[INFO] [stdout] 77 |     MTBL_COMPRESSION_NONE = 0,
[INFO] [stdout]    |     ^^^^^^^^^^^^^^^^^^^^^ help: convert the identifier to upper camel case: `MtblCompressionNone`
[INFO] [stdout]    |
[INFO] [stdout]    = note: `#[warn(non_camel_case_types)]` on by default
[INFO] [stdout] 
[INFO] [stdout] 
[INFO] [stdout] warning: variant `MTBL_COMPRESSION_SNAPPY` should have an upper camel case name
[INFO] [stdout]   --> src/lib.rs:78:5
[INFO] [stdout]    |
[INFO] [stdout] 78 |     MTBL_COMPRESSION_SNAPPY = 1,
[INFO] [stdout]    |     ^^^^^^^^^^^^^^^^^^^^^^^ help: convert the identifier to upper camel case: `MtblCompressionSnappy`
[INFO] [stdout] 
[INFO] [stdout] 
[INFO] [stdout] warning: variant `MTBL_COMPRESSION_ZLIB` should have an upper camel case name
[INFO] [stdout]   --> src/lib.rs:79:5
[INFO] [stdout]    |
[INFO] [stdout] 79 |     MTBL_COMPRESSION_ZLIB = 2,
[INFO] [stdout]    |     ^^^^^^^^^^^^^^^^^^^^^ help: convert the identifier to upper camel case: `MtblCompressionZlib`
[INFO] [stdout] 
[INFO] [stdout] 
[INFO] [stdout] warning: variant `MTBL_COMPRESSION_LZ4` should have an upper camel case name
[INFO] [stdout]   --> src/lib.rs:80:5
[INFO] [stdout]    |
[INFO] [stdout] 80 |     MTBL_COMPRESSION_LZ4 = 3,
[INFO] [stdout]    |     ^^^^^^^^^^^^^^^^^^^^ help: convert the identifier to upper camel case: `MtblCompressionLz4`
[INFO] [stdout] 
[INFO] [stdout] 
[INFO] [stdout] warning: variant `MTBL_COMPRESSION_LZ4HC` should have an upper camel case name
[INFO] [stdout]   --> src/lib.rs:81:5
[INFO] [stdout]    |
[INFO] [stdout] 81 |     MTBL_COMPRESSION_LZ4HC = 4,
[INFO] [stdout]    |     ^^^^^^^^^^^^^^^^^^^^^^ help: convert the identifier to upper camel case: `MtblCompressionLz4hc`
[INFO] [stdout] 
[INFO] [stdout] 
[INFO] [stdout] warning: variant `mtbl_res_failure` should have an upper camel case name
[INFO] [stdout]   --> src/lib.rs:87:5
[INFO] [stdout]    |
[INFO] [stdout] 87 |     mtbl_res_failure = 0,
[INFO] [stdout]    |     ^^^^^^^^^^^^^^^^ help: convert the identifier to upper camel case: `MtblResFailure`
[INFO] [stdout] 
[INFO] [stdout] 
[INFO] [stdout] warning: variant `mtbl_res_success` should have an upper camel case name
[INFO] [stdout]   --> src/lib.rs:88:5
[INFO] [stdout]    |
[INFO] [stdout] 88 |     mtbl_res_success = 1,
[INFO] [stdout]    |     ^^^^^^^^^^^^^^^^ help: convert the identifier to upper camel case: `MtblResSuccess`
[INFO] [stdout] 
[INFO] [stdout] 
[INFO] [stdout] error: linking with `cc` failed: exit status: 1
[INFO] [stdout]   |
[INFO] [stdout]   = note: LC_ALL="C" PATH="/opt/rustwide/rustup-home/toolchains/1.75.0-x86_64-unknown-linux-gnu/lib/rustlib/x86_64-unknown-linux-gnu/bin:/opt/rustwide/cargo-home/bin:/usr/local/sbin:/usr/local/bin:/usr/sbin:/usr/bin:/sbin:/bin" VSLANG="1033" "cc" "-m64" "/tmp/rustcqUiHxf/symbols.o" "/opt/rustwide/target/debug/deps/mtbl_sys-3e55dcdadd006c1c.mtbl_sys.e6eeb85b22881a41-cgu.0.rcgu.o" "/opt/rustwide/target/debug/deps/mtbl_sys-3e55dcdadd006c1c.2zmkki7wpfmy595v.rcgu.o" "-Wl,--as-needed" "-L" "/opt/rustwide/target/debug/deps" "-L" "/opt/rustwide/rustup-home/toolchains/1.75.0-x86_64-unknown-linux-gnu/lib/rustlib/x86_64-unknown-linux-gnu/lib" "-Wl,-Bdynamic" "-lmtbl" "-Wl,-Bstatic" "/opt/rustwide/rustup-home/toolchains/1.75.0-x86_64-unknown-linux-gnu/lib/rustlib/x86_64-unknown-linux-gnu/lib/libtest-3df1bed8075ce1de.rlib" "/opt/rustwide/rustup-home/toolchains/1.75.0-x86_64-unknown-linux-gnu/lib/rustlib/x86_64-unknown-linux-gnu/lib/libgetopts-2076fd86b325cb5d.rlib" "/opt/rustwide/rustup-home/toolchains/1.75.0-x86_64-unknown-linux-gnu/lib/rustlib/x86_64-unknown-linux-gnu/lib/libunicode_width-caa7152ee70c190f.rlib" "/opt/rustwide/rustup-home/toolchains/1.75.0-x86_64-unknown-linux-gnu/lib/rustlib/x86_64-unknown-linux-gnu/lib/librustc_std_workspace_std-04e6425e07f02a3c.rlib" "/opt/rustwide/target/debug/deps/liblibc-f01c1240f7c859d0.rlib" "/opt/rustwide/rustup-home/toolchains/1.75.0-x86_64-unknown-linux-gnu/lib/rustlib/x86_64-unknown-linux-gnu/lib/libstd-90f6ddbf82de36ec.rlib" "/opt/rustwide/rustup-home/toolchains/1.75.0-x86_64-unknown-linux-gnu/lib/rustlib/x86_64-unknown-linux-gnu/lib/libpanic_unwind-480c41e9d4e1f677.rlib" "/opt/rustwide/rustup-home/toolchains/1.75.0-x86_64-unknown-linux-gnu/lib/rustlib/x86_64-unknown-linux-gnu/lib/libobject-db744c0ca03eed1d.rlib" "/opt/rustwide/rustup-home/toolchains/1.75.0-x86_64-unknown-linux-gnu/lib/rustlib/x86_64-unknown-linux-gnu/lib/libmemchr-8ba652dc7d4b285a.rlib" "/opt/rustwide/rustup-home/toolchains/1.75.0-x86_64-unknown-linux-gnu/lib/rustlib/x86_64-unknown-linux-gnu/lib/libaddr2line-d5f4520a9ebc0d58.rlib" "/opt/rustwide/rustup-home/toolchains/1.75.0-x86_64-unknown-linux-gnu/lib/rustlib/x86_64-unknown-linux-gnu/lib/libgimli-4ad84de58f0cb463.rlib" "/opt/rustwide/rustup-home/toolchains/1.75.0-x86_64-unknown-linux-gnu/lib/rustlib/x86_64-unknown-linux-gnu/lib/librustc_demangle-0d10aae2e0f38735.rlib" "/opt/rustwide/rustup-home/toolchains/1.75.0-x86_64-unknown-linux-gnu/lib/rustlib/x86_64-unknown-linux-gnu/lib/libstd_detect-0c17cff739e6745b.rlib" "/opt/rustwide/rustup-home/toolchains/1.75.0-x86_64-unknown-linux-gnu/lib/rustlib/x86_64-unknown-linux-gnu/lib/libhashbrown-b29e17139dde1aa8.rlib" "/opt/rustwide/rustup-home/toolchains/1.75.0-x86_64-unknown-linux-gnu/lib/rustlib/x86_64-unknown-linux-gnu/lib/librustc_std_workspace_alloc-1f975299829cc7bd.rlib" "/opt/rustwide/rustup-home/toolchains/1.75.0-x86_64-unknown-linux-gnu/lib/rustlib/x86_64-unknown-linux-gnu/lib/libminiz_oxide-86bae3bc3079f89b.rlib" "/opt/rustwide/rustup-home/toolchains/1.75.0-x86_64-unknown-linux-gnu/lib/rustlib/x86_64-unknown-linux-gnu/lib/libadler-321b82c30dffdf5f.rlib" "/opt/rustwide/rustup-home/toolchains/1.75.0-x86_64-unknown-linux-gnu/lib/rustlib/x86_64-unknown-linux-gnu/lib/libunwind-3dd8a6810a0bdfef.rlib" "/opt/rustwide/rustup-home/toolchains/1.75.0-x86_64-unknown-linux-gnu/lib/rustlib/x86_64-unknown-linux-gnu/lib/libcfg_if-eb39a61c0c879984.rlib" "/opt/rustwide/rustup-home/toolchains/1.75.0-x86_64-unknown-linux-gnu/lib/rustlib/x86_64-unknown-linux-gnu/lib/liblibc-aa769569f91c3548.rlib" "/opt/rustwide/rustup-home/toolchains/1.75.0-x86_64-unknown-linux-gnu/lib/rustlib/x86_64-unknown-linux-gnu/lib/liballoc-510a192a50a983ed.rlib" "/opt/rustwide/rustup-home/toolchains/1.75.0-x86_64-unknown-linux-gnu/lib/rustlib/x86_64-unknown-linux-gnu/lib/librustc_std_workspace_core-0577018320f99037.rlib" "/opt/rustwide/rustup-home/toolchains/1.75.0-x86_64-unknown-linux-gnu/lib/rustlib/x86_64-unknown-linux-gnu/lib/libcore-193cf992125ccd4c.rlib" "/opt/rustwide/rustup-home/toolchains/1.75.0-x86_64-unknown-linux-gnu/lib/rustlib/x86_64-unknown-linux-gnu/lib/libcompiler_builtins-8e138eaf26ebb4a8.rlib" "-Wl,-Bdynamic" "-lgcc_s" "-lutil" "-lrt" "-lpthread" "-lm" "-ldl" "-lc" "-Wl,--eh-frame-hdr" "-Wl,-z,noexecstack" "-L" "/opt/rustwide/rustup-home/toolchains/1.75.0-x86_64-unknown-linux-gnu/lib/rustlib/x86_64-unknown-linux-gnu/lib" "-o" "/opt/rustwide/target/debug/deps/mtbl_sys-3e55dcdadd006c1c" "-Wl,--gc-sections" "-pie" "-Wl,-z,relro,-z,now" "-nodefaultlibs"
[INFO] [stdout]   = note: /usr/bin/ld: cannot find -lmtbl: No such file or directory
[INFO] [stdout]           collect2: error: ld returned 1 exit status
[INFO] [stdout]           
[INFO] [stdout] 
[INFO] [stdout] 
[INFO] [stdout] error: aborting due to previous error; 7 warnings emitted
[INFO] [stdout] 
[INFO] [stdout] 
[INFO] [stderr] error: could not compile `mtbl-sys` (lib test) due to 2 previous errors; 7 warnings emitted
[INFO] [stderr] warning: build failed, waiting for other jobs to finish...
[INFO] [stdout] error: linking with `cc` failed: exit status: 1
[INFO] [stdout]   |
[INFO] [stdout]   = note: LC_ALL="C" PATH="/opt/rustwide/rustup-home/toolchains/1.75.0-x86_64-unknown-linux-gnu/lib/rustlib/x86_64-unknown-linux-gnu/bin:/opt/rustwide/cargo-home/bin:/usr/local/sbin:/usr/local/bin:/usr/sbin:/usr/bin:/sbin:/bin" VSLANG="1033" "cc" "-m64" "/tmp/rustcQ5EnSe/symbols.o" "/opt/rustwide/target/debug/deps/lib-c3ee582a7e39851e.lib.2c243fa00c0497d1-cgu.0.rcgu.o" "/opt/rustwide/target/debug/deps/lib-c3ee582a7e39851e.2d2j2bmtjnta5cit.rcgu.o" "-Wl,--as-needed" "-L" "/opt/rustwide/target/debug/deps" "-L" "/opt/rustwide/rustup-home/toolchains/1.75.0-x86_64-unknown-linux-gnu/lib/rustlib/x86_64-unknown-linux-gnu/lib" "-Wl,-Bstatic" "/opt/rustwide/rustup-home/toolchains/1.75.0-x86_64-unknown-linux-gnu/lib/rustlib/x86_64-unknown-linux-gnu/lib/libtest-3df1bed8075ce1de.rlib" "/opt/rustwide/rustup-home/toolchains/1.75.0-x86_64-unknown-linux-gnu/lib/rustlib/x86_64-unknown-linux-gnu/lib/libgetopts-2076fd86b325cb5d.rlib" "/opt/rustwide/rustup-home/toolchains/1.75.0-x86_64-unknown-linux-gnu/lib/rustlib/x86_64-unknown-linux-gnu/lib/libunicode_width-caa7152ee70c190f.rlib" "/opt/rustwide/rustup-home/toolchains/1.75.0-x86_64-unknown-linux-gnu/lib/rustlib/x86_64-unknown-linux-gnu/lib/librustc_std_workspace_std-04e6425e07f02a3c.rlib" "/opt/rustwide/target/debug/deps/libtempfile-fa376484ca2e76f8.rlib" "/opt/rustwide/target/debug/deps/librand-f27daf5fde2f120a.rlib" "/opt/rustwide/target/debug/deps/librand-c7ee59c3383a3f6b.rlib" "/opt/rustwide/target/debug/deps/libmtbl_sys-a91e2dbf51a9497b.rlib" "/opt/rustwide/target/debug/deps/liblibc-f01c1240f7c859d0.rlib" "/opt/rustwide/rustup-home/toolchains/1.75.0-x86_64-unknown-linux-gnu/lib/rustlib/x86_64-unknown-linux-gnu/lib/libstd-90f6ddbf82de36ec.rlib" "/opt/rustwide/rustup-home/toolchains/1.75.0-x86_64-unknown-linux-gnu/lib/rustlib/x86_64-unknown-linux-gnu/lib/libpanic_unwind-480c41e9d4e1f677.rlib" "/opt/rustwide/rustup-home/toolchains/1.75.0-x86_64-unknown-linux-gnu/lib/rustlib/x86_64-unknown-linux-gnu/lib/libobject-db744c0ca03eed1d.rlib" "/opt/rustwide/rustup-home/toolchains/1.75.0-x86_64-unknown-linux-gnu/lib/rustlib/x86_64-unknown-linux-gnu/lib/libmemchr-8ba652dc7d4b285a.rlib" "/opt/rustwide/rustup-home/toolchains/1.75.0-x86_64-unknown-linux-gnu/lib/rustlib/x86_64-unknown-linux-gnu/lib/libaddr2line-d5f4520a9ebc0d58.rlib" "/opt/rustwide/rustup-home/toolchains/1.75.0-x86_64-unknown-linux-gnu/lib/rustlib/x86_64-unknown-linux-gnu/lib/libgimli-4ad84de58f0cb463.rlib" "/opt/rustwide/rustup-home/toolchains/1.75.0-x86_64-unknown-linux-gnu/lib/rustlib/x86_64-unknown-linux-gnu/lib/librustc_demangle-0d10aae2e0f38735.rlib" "/opt/rustwide/rustup-home/toolchains/1.75.0-x86_64-unknown-linux-gnu/lib/rustlib/x86_64-unknown-linux-gnu/lib/libstd_detect-0c17cff739e6745b.rlib" "/opt/rustwide/rustup-home/toolchains/1.75.0-x86_64-unknown-linux-gnu/lib/rustlib/x86_64-unknown-linux-gnu/lib/libhashbrown-b29e17139dde1aa8.rlib" "/opt/rustwide/rustup-home/toolchains/1.75.0-x86_64-unknown-linux-gnu/lib/rustlib/x86_64-unknown-linux-gnu/lib/librustc_std_workspace_alloc-1f975299829cc7bd.rlib" "/opt/rustwide/rustup-home/toolchains/1.75.0-x86_64-unknown-linux-gnu/lib/rustlib/x86_64-unknown-linux-gnu/lib/libminiz_oxide-86bae3bc3079f89b.rlib" "/opt/rustwide/rustup-home/toolchains/1.75.0-x86_64-unknown-linux-gnu/lib/rustlib/x86_64-unknown-linux-gnu/lib/libadler-321b82c30dffdf5f.rlib" "/opt/rustwide/rustup-home/toolchains/1.75.0-x86_64-unknown-linux-gnu/lib/rustlib/x86_64-unknown-linux-gnu/lib/libunwind-3dd8a6810a0bdfef.rlib" "/opt/rustwide/rustup-home/toolchains/1.75.0-x86_64-unknown-linux-gnu/lib/rustlib/x86_64-unknown-linux-gnu/lib/libcfg_if-eb39a61c0c879984.rlib" "/opt/rustwide/rustup-home/toolchains/1.75.0-x86_64-unknown-linux-gnu/lib/rustlib/x86_64-unknown-linux-gnu/lib/liblibc-aa769569f91c3548.rlib" "/opt/rustwide/rustup-home/toolchains/1.75.0-x86_64-unknown-linux-gnu/lib/rustlib/x86_64-unknown-linux-gnu/lib/liballoc-510a192a50a983ed.rlib" "/opt/rustwide/rustup-home/toolchains/1.75.0-x86_64-unknown-linux-gnu/lib/rustlib/x86_64-unknown-linux-gnu/lib/librustc_std_workspace_core-0577018320f99037.rlib" "/opt/rustwide/rustup-home/toolchains/1.75.0-x86_64-unknown-linux-gnu/lib/rustlib/x86_64-unknown-linux-gnu/lib/libcore-193cf992125ccd4c.rlib" "/opt/rustwide/rustup-home/toolchains/1.75.0-x86_64-unknown-linux-gnu/lib/rustlib/x86_64-unknown-linux-gnu/lib/libcompiler_builtins-8e138eaf26ebb4a8.rlib" "-Wl,-Bdynamic" "-lmtbl" "-lgcc_s" "-lutil" "-lrt" "-lpthread" "-lm" "-ldl" "-lc" "-Wl,--eh-frame-hdr" "-Wl,-z,noexecstack" "-L" "/opt/rustwide/rustup-home/toolchains/1.75.0-x86_64-unknown-linux-gnu/lib/rustlib/x86_64-unknown-linux-gnu/lib" "-o" "/opt/rustwide/target/debug/deps/lib-c3ee582a7e39851e" "-Wl,--gc-sections" "-pie" "-Wl,-z,relro,-z,now" "-nodefaultlibs"
[INFO] [stdout]   = note: /usr/bin/ld: cannot find -lmtbl: No such file or directory
[INFO] [stdout]           collect2: error: ld returned 1 exit status
[INFO] [stdout]           
[INFO] [stdout] 
[INFO] [stdout] 
[INFO] [stdout] error: aborting due to previous error
[INFO] [stdout] 
[INFO] [stdout] 
[INFO] [stderr] error: could not compile `mtbl-sys` (test "lib") due to 2 previous errors
[INFO] running `Command { std: "docker" "inspect" "63ecd61fd09448526ffcdef0859b029447a57044468bf9782a957c9b1cf154fb", kill_on_drop: false }`
[INFO] running `Command { std: "docker" "rm" "-f" "63ecd61fd09448526ffcdef0859b029447a57044468bf9782a957c9b1cf154fb", kill_on_drop: false }`
[INFO] [stdout] 63ecd61fd09448526ffcdef0859b029447a57044468bf9782a957c9b1cf154fb
[INFO] testing mtbl-sys-0.2.0 against beta-2023-12-22 for beta-1.76-1
[INFO] extracting crate mtbl-sys 0.2.0 into /workspace/builds/worker-5-tc2/source
[INFO] validating manifest of crates.io crate mtbl-sys 0.2.0 on toolchain beta-2023-12-22
[INFO] running `Command { std: CARGO_HOME="/workspace/cargo-home" RUSTUP_HOME="/workspace/rustup-home" "/workspace/cargo-home/bin/cargo" "+beta-2023-12-22" "metadata" "--manifest-path" "Cargo.toml" "--no-deps", kill_on_drop: false }`
[INFO] started tweaking crates.io crate mtbl-sys 0.2.0
[INFO] finished tweaking crates.io crate mtbl-sys 0.2.0
[INFO] tweaked toml for crates.io crate mtbl-sys 0.2.0 written to /workspace/builds/worker-5-tc2/source/Cargo.toml
[INFO] running `Command { std: CARGO_HOME="/workspace/cargo-home" RUSTUP_HOME="/workspace/rustup-home" "/workspace/cargo-home/bin/cargo" "+beta-2023-12-22" "generate-lockfile" "--manifest-path" "Cargo.toml", kill_on_drop: false }`
[INFO] [stderr]     Updating crates.io index
[INFO] running `Command { std: CARGO_HOME="/workspace/cargo-home" RUSTUP_HOME="/workspace/rustup-home" "/workspace/cargo-home/bin/cargo" "+beta-2023-12-22" "fetch" "--manifest-path" "Cargo.toml", kill_on_drop: false }`
[INFO] running `Command { std: "docker" "create" "-v" "/var/lib/crater-agent-workspace/builds/worker-5-tc2/target:/opt/rustwide/target:rw,Z" "-v" "/var/lib/crater-agent-workspace/builds/worker-5-tc2/source:/opt/rustwide/workdir:ro,Z" "-v" "/var/lib/crater-agent-workspace/cargo-home:/opt/rustwide/cargo-home:ro,Z" "-v" "/var/lib/crater-agent-workspace/rustup-home:/opt/rustwide/rustup-home:ro,Z" "-e" "SOURCE_DIR=/opt/rustwide/workdir" "-e" "CARGO_TARGET_DIR=/opt/rustwide/target" "-e" "CARGO_HOME=/opt/rustwide/cargo-home" "-e" "RUSTUP_HOME=/opt/rustwide/rustup-home" "-w" "/opt/rustwide/workdir" "-m" "1610612736" "--user" "0:0" "--network" "none" "ghcr.io/rust-lang/crates-build-env/linux@sha256:2788e3201cd34a07e3172128adcd8b3090168a8e3bcc40d7c032b9dda1df7d1c" "/opt/rustwide/cargo-home/bin/cargo" "+beta-2023-12-22" "metadata" "--no-deps" "--format-version=1", kill_on_drop: false }`
[INFO] [stdout] 8a2f6e907d9266742cc65a164837eb9c60e9149ce14fd45979dc14a591dd95cb
[INFO] running `Command { std: "docker" "start" "-a" "8a2f6e907d9266742cc65a164837eb9c60e9149ce14fd45979dc14a591dd95cb", kill_on_drop: false }`
[INFO] running `Command { std: "docker" "inspect" "8a2f6e907d9266742cc65a164837eb9c60e9149ce14fd45979dc14a591dd95cb", kill_on_drop: false }`
[INFO] running `Command { std: "docker" "rm" "-f" "8a2f6e907d9266742cc65a164837eb9c60e9149ce14fd45979dc14a591dd95cb", kill_on_drop: false }`
[INFO] [stdout] 8a2f6e907d9266742cc65a164837eb9c60e9149ce14fd45979dc14a591dd95cb
[INFO] running `Command { std: "docker" "create" "-v" "/var/lib/crater-agent-workspace/builds/worker-5-tc2/target:/opt/rustwide/target:rw,Z" "-v" "/var/lib/crater-agent-workspace/builds/worker-5-tc2/source:/opt/rustwide/workdir:ro,Z" "-v" "/var/lib/crater-agent-workspace/cargo-home:/opt/rustwide/cargo-home:ro,Z" "-v" "/var/lib/crater-agent-workspace/rustup-home:/opt/rustwide/rustup-home:ro,Z" "-e" "SOURCE_DIR=/opt/rustwide/workdir" "-e" "CARGO_TARGET_DIR=/opt/rustwide/target" "-e" "CARGO_INCREMENTAL=0" "-e" "RUST_BACKTRACE=full" "-e" "RUSTFLAGS=--cap-lints=warn" "-e" "RUSTDOCFLAGS=--cap-lints=warn" "-e" "CARGO_HOME=/opt/rustwide/cargo-home" "-e" "RUSTUP_HOME=/opt/rustwide/rustup-home" "-w" "/opt/rustwide/workdir" "-m" "1610612736" "--user" "0:0" "--network" "none" "ghcr.io/rust-lang/crates-build-env/linux@sha256:2788e3201cd34a07e3172128adcd8b3090168a8e3bcc40d7c032b9dda1df7d1c" "/opt/rustwide/cargo-home/bin/cargo" "+beta-2023-12-22" "build" "--frozen" "--message-format=json", kill_on_drop: false }`
[INFO] [stdout] 8c86ea4f1cbb373394fe03117039d035cce0e29ed69a9e4a440b146833eefd17
[INFO] running `Command { std: "docker" "start" "-a" "8c86ea4f1cbb373394fe03117039d035cce0e29ed69a9e4a440b146833eefd17", kill_on_drop: false }`
[INFO] [stderr]    Compiling mtbl-sys v0.2.0 (/opt/rustwide/workdir)
[INFO] [stdout] warning: variant `MTBL_COMPRESSION_NONE` should have an upper camel case name
[INFO] [stdout]   --> src/lib.rs:77:5
[INFO] [stdout]    |
[INFO] [stdout] 77 |     MTBL_COMPRESSION_NONE = 0,
[INFO] [stdout]    |     ^^^^^^^^^^^^^^^^^^^^^ help: convert the identifier to upper camel case: `MtblCompressionNone`
[INFO] [stdout]    |
[INFO] [stdout]    = note: `#[warn(non_camel_case_types)]` on by default
[INFO] [stdout] 
[INFO] [stdout] 
[INFO] [stdout] warning: variant `MTBL_COMPRESSION_SNAPPY` should have an upper camel case name
[INFO] [stdout]   --> src/lib.rs:78:5
[INFO] [stdout]    |
[INFO] [stdout] 78 |     MTBL_COMPRESSION_SNAPPY = 1,
[INFO] [stdout]    |     ^^^^^^^^^^^^^^^^^^^^^^^ help: convert the identifier to upper camel case: `MtblCompressionSnappy`
[INFO] [stdout] 
[INFO] [stdout] 
[INFO] [stdout] warning: variant `MTBL_COMPRESSION_ZLIB` should have an upper camel case name
[INFO] [stdout]   --> src/lib.rs:79:5
[INFO] [stdout]    |
[INFO] [stdout] 79 |     MTBL_COMPRESSION_ZLIB = 2,
[INFO] [stdout]    |     ^^^^^^^^^^^^^^^^^^^^^ help: convert the identifier to upper camel case: `MtblCompressionZlib`
[INFO] [stdout] 
[INFO] [stdout] 
[INFO] [stdout] warning: variant `MTBL_COMPRESSION_LZ4` should have an upper camel case name
[INFO] [stdout]   --> src/lib.rs:80:5
[INFO] [stdout]    |
[INFO] [stdout] 80 |     MTBL_COMPRESSION_LZ4 = 3,
[INFO] [stdout]    |     ^^^^^^^^^^^^^^^^^^^^ help: convert the identifier to upper camel case: `MtblCompressionLz4`
[INFO] [stdout] 
[INFO] [stdout] 
[INFO] [stdout] warning: variant `MTBL_COMPRESSION_LZ4HC` should have an upper camel case name
[INFO] [stdout]   --> src/lib.rs:81:5
[INFO] [stdout]    |
[INFO] [stdout] 81 |     MTBL_COMPRESSION_LZ4HC = 4,
[INFO] [stdout]    |     ^^^^^^^^^^^^^^^^^^^^^^ help: convert the identifier to upper camel case: `MtblCompressionLz4hc`
[INFO] [stdout] 
[INFO] [stdout] 
[INFO] [stdout] warning: variant `mtbl_res_failure` should have an upper camel case name
[INFO] [stdout]   --> src/lib.rs:87:5
[INFO] [stdout]    |
[INFO] [stdout] 87 |     mtbl_res_failure = 0,
[INFO] [stdout]    |     ^^^^^^^^^^^^^^^^ help: convert the identifier to upper camel case: `MtblResFailure`
[INFO] [stdout] 
[INFO] [stdout] 
[INFO] [stdout] warning: variant `mtbl_res_success` should have an upper camel case name
[INFO] [stdout]   --> src/lib.rs:88:5
[INFO] [stdout]    |
[INFO] [stdout] 88 |     mtbl_res_success = 1,
[INFO] [stdout]    |     ^^^^^^^^^^^^^^^^ help: convert the identifier to upper camel case: `MtblResSuccess`
[INFO] [stdout] 
[INFO] [stdout] 
[INFO] [stdout] warning: 7 warnings emitted
[INFO] [stdout] 
[INFO] [stdout] 
[INFO] [stderr]     Finished dev [unoptimized + debuginfo] target(s) in 0.06s
[INFO] running `Command { std: "docker" "inspect" "8c86ea4f1cbb373394fe03117039d035cce0e29ed69a9e4a440b146833eefd17", kill_on_drop: false }`
[INFO] running `Command { std: "docker" "rm" "-f" "8c86ea4f1cbb373394fe03117039d035cce0e29ed69a9e4a440b146833eefd17", kill_on_drop: false }`
[INFO] [stdout] 8c86ea4f1cbb373394fe03117039d035cce0e29ed69a9e4a440b146833eefd17
[INFO] running `Command { std: "docker" "create" "-v" "/var/lib/crater-agent-workspace/builds/worker-5-tc2/target:/opt/rustwide/target:rw,Z" "-v" "/var/lib/crater-agent-workspace/builds/worker-5-tc2/source:/opt/rustwide/workdir:ro,Z" "-v" "/var/lib/crater-agent-workspace/cargo-home:/opt/rustwide/cargo-home:ro,Z" "-v" "/var/lib/crater-agent-workspace/rustup-home:/opt/rustwide/rustup-home:ro,Z" "-e" "SOURCE_DIR=/opt/rustwide/workdir" "-e" "CARGO_TARGET_DIR=/opt/rustwide/target" "-e" "CARGO_INCREMENTAL=0" "-e" "RUST_BACKTRACE=full" "-e" "RUSTFLAGS=--cap-lints=warn" "-e" "RUSTDOCFLAGS=--cap-lints=warn" "-e" "CARGO_HOME=/opt/rustwide/cargo-home" "-e" "RUSTUP_HOME=/opt/rustwide/rustup-home" "-w" "/opt/rustwide/workdir" "-m" "1610612736" "--user" "0:0" "--network" "none" "ghcr.io/rust-lang/crates-build-env/linux@sha256:2788e3201cd34a07e3172128adcd8b3090168a8e3bcc40d7c032b9dda1df7d1c" "/opt/rustwide/cargo-home/bin/cargo" "+beta-2023-12-22" "test" "--frozen" "--no-run" "--message-format=json", kill_on_drop: false }`
[INFO] [stdout] c2ce52e742ad27c71d7ac4cff4dd90ff608125f3a604a7373aa263d2f74cb7c5
[INFO] running `Command { std: "docker" "start" "-a" "c2ce52e742ad27c71d7ac4cff4dd90ff608125f3a604a7373aa263d2f74cb7c5", kill_on_drop: false }`
[INFO] [stderr]    Compiling rand v0.4.6
[INFO] [stdout] warning: variant `MTBL_COMPRESSION_NONE` should have an upper camel case name
[INFO] [stdout]   --> src/lib.rs:77:5
[INFO] [stdout]    |
[INFO] [stdout] 77 |     MTBL_COMPRESSION_NONE = 0,
[INFO] [stdout]    |     ^^^^^^^^^^^^^^^^^^^^^ help: convert the identifier to upper camel case: `MtblCompressionNone`
[INFO] [stdout]    |
[INFO] [stdout]    = note: `#[warn(non_camel_case_types)]` on by default
[INFO] [stdout] 
[INFO] [stdout] 
[INFO] [stdout] warning: variant `MTBL_COMPRESSION_SNAPPY` should have an upper camel case name
[INFO] [stdout]   --> src/lib.rs:78:5
[INFO] [stdout]    |
[INFO] [stdout] 78 |     MTBL_COMPRESSION_SNAPPY = 1,
[INFO] [stdout]    |     ^^^^^^^^^^^^^^^^^^^^^^^ help: convert the identifier to upper camel case: `MtblCompressionSnappy`
[INFO] [stdout] 
[INFO] [stdout] 
[INFO] [stdout] warning: variant `MTBL_COMPRESSION_ZLIB` should have an upper camel case name
[INFO] [stdout]   --> src/lib.rs:79:5
[INFO] [stdout]    |
[INFO] [stdout] 79 |     MTBL_COMPRESSION_ZLIB = 2,
[INFO] [stdout]    |     ^^^^^^^^^^^^^^^^^^^^^ help: convert the identifier to upper camel case: `MtblCompressionZlib`
[INFO] [stdout] 
[INFO] [stdout] 
[INFO] [stdout] warning: variant `MTBL_COMPRESSION_LZ4` should have an upper camel case name
[INFO] [stdout]   --> src/lib.rs:80:5
[INFO] [stdout]    |
[INFO] [stdout] 80 |     MTBL_COMPRESSION_LZ4 = 3,
[INFO] [stdout]    |     ^^^^^^^^^^^^^^^^^^^^ help: convert the identifier to upper camel case: `MtblCompressionLz4`
[INFO] [stdout] 
[INFO] [stdout] 
[INFO] [stdout] warning: variant `MTBL_COMPRESSION_LZ4HC` should have an upper camel case name
[INFO] [stdout]   --> src/lib.rs:81:5
[INFO] [stdout]    |
[INFO] [stdout] 81 |     MTBL_COMPRESSION_LZ4HC = 4,
[INFO] [stdout]    |     ^^^^^^^^^^^^^^^^^^^^^^ help: convert the identifier to upper camel case: `MtblCompressionLz4hc`
[INFO] [stdout] 
[INFO] [stdout] 
[INFO] [stdout] warning: variant `mtbl_res_failure` should have an upper camel case name
[INFO] [stdout]   --> src/lib.rs:87:5
[INFO] [stdout]    |
[INFO] [stdout] 87 |     mtbl_res_failure = 0,
[INFO] [stdout]    |     ^^^^^^^^^^^^^^^^ help: convert the identifier to upper camel case: `MtblResFailure`
[INFO] [stdout] 
[INFO] [stdout] 
[INFO] [stdout] warning: variant `mtbl_res_success` should have an upper camel case name
[INFO] [stdout]   --> src/lib.rs:88:5
[INFO] [stdout]    |
[INFO] [stdout] 88 |     mtbl_res_success = 1,
[INFO] [stdout]    |     ^^^^^^^^^^^^^^^^ help: convert the identifier to upper camel case: `MtblResSuccess`
[INFO] [stdout] 
[INFO] [stdout] 
[INFO] [stdout] warning: 7 warnings emitted
[INFO] [stdout] 
[INFO] [stdout] 
[INFO] [stderr]    Compiling rand v0.3.23
[INFO] [stderr]    Compiling tempfile v2.2.0
[INFO] [stderr]    Compiling mtbl-sys v0.2.0 (/opt/rustwide/workdir)
[INFO] [stdout] warning: variant `MTBL_COMPRESSION_NONE` should have an upper camel case name
[INFO] [stdout]   --> src/lib.rs:77:5
[INFO] [stdout]    |
[INFO] [stdout] 77 |     MTBL_COMPRESSION_NONE = 0,
[INFO] [stdout]    |     ^^^^^^^^^^^^^^^^^^^^^ help: convert the identifier to upper camel case: `MtblCompressionNone`
[INFO] [stdout]    |
[INFO] [stdout]    = note: `#[warn(non_camel_case_types)]` on by default
[INFO] [stdout] 
[INFO] [stdout] 
[INFO] [stdout] warning: variant `MTBL_COMPRESSION_SNAPPY` should have an upper camel case name
[INFO] [stdout]   --> src/lib.rs:78:5
[INFO] [stdout]    |
[INFO] [stdout] 78 |     MTBL_COMPRESSION_SNAPPY = 1,
[INFO] [stdout]    |     ^^^^^^^^^^^^^^^^^^^^^^^ help: convert the identifier to upper camel case: `MtblCompressionSnappy`
[INFO] [stdout] 
[INFO] [stdout] 
[INFO] [stdout] warning: variant `MTBL_COMPRESSION_ZLIB` should have an upper camel case name
[INFO] [stdout]   --> src/lib.rs:79:5
[INFO] [stdout]    |
[INFO] [stdout] 79 |     MTBL_COMPRESSION_ZLIB = 2,
[INFO] [stdout]    |     ^^^^^^^^^^^^^^^^^^^^^ help: convert the identifier to upper camel case: `MtblCompressionZlib`
[INFO] [stdout] 
[INFO] [stdout] 
[INFO] [stdout] warning: variant `MTBL_COMPRESSION_LZ4` should have an upper camel case name
[INFO] [stdout]   --> src/lib.rs:80:5
[INFO] [stdout]    |
[INFO] [stdout] 80 |     MTBL_COMPRESSION_LZ4 = 3,
[INFO] [stdout]    |     ^^^^^^^^^^^^^^^^^^^^ help: convert the identifier to upper camel case: `MtblCompressionLz4`
[INFO] [stdout] 
[INFO] [stdout] 
[INFO] [stdout] warning: variant `MTBL_COMPRESSION_LZ4HC` should have an upper camel case name
[INFO] [stdout]   --> src/lib.rs:81:5
[INFO] [stdout]    |
[INFO] [stdout] 81 |     MTBL_COMPRESSION_LZ4HC = 4,
[INFO] [stdout]    |     ^^^^^^^^^^^^^^^^^^^^^^ help: convert the identifier to upper camel case: `MtblCompressionLz4hc`
[INFO] [stdout] 
[INFO] [stdout] 
[INFO] [stdout] warning: variant `mtbl_res_failure` should have an upper camel case name
[INFO] [stdout]   --> src/lib.rs:87:5
[INFO] [stdout]    |
[INFO] [stdout] 87 |     mtbl_res_failure = 0,
[INFO] [stdout]    |     ^^^^^^^^^^^^^^^^ help: convert the identifier to upper camel case: `MtblResFailure`
[INFO] [stdout] 
[INFO] [stdout] 
[INFO] [stdout] warning: variant `mtbl_res_success` should have an upper camel case name
[INFO] [stdout]   --> src/lib.rs:88:5
[INFO] [stdout]    |
[INFO] [stdout] 88 |     mtbl_res_success = 1,
[INFO] [stdout]    |     ^^^^^^^^^^^^^^^^ help: convert the identifier to upper camel case: `MtblResSuccess`
[INFO] [stdout] 
[INFO] [stdout] 
[INFO] [stdout] error: linking with `cc` failed: exit status: 1
[INFO] [stdout]   |
[INFO] [stdout]   = note: LC_ALL="C" PATH="/opt/rustwide/rustup-home/toolchains/beta-2023-12-22-x86_64-unknown-linux-gnu/lib/rustlib/x86_64-unknown-linux-gnu/bin:/opt/rustwide/cargo-home/bin:/usr/local/sbin:/usr/local/bin:/usr/sbin:/usr/bin:/sbin:/bin" VSLANG="1033" "cc" "-m64" "/tmp/rustcwgLxyB/symbols.o" "/opt/rustwide/target/debug/deps/mtbl_sys-82a3c7190a12869f.mtbl_sys.f6b8ec3a66f37292-cgu.0.rcgu.o" "/opt/rustwide/target/debug/deps/mtbl_sys-82a3c7190a12869f.3rgdwe8v2duhoe1h.rcgu.o" "-Wl,--as-needed" "-L" "/opt/rustwide/target/debug/deps" "-L" "/opt/rustwide/rustup-home/toolchains/beta-2023-12-22-x86_64-unknown-linux-gnu/lib/rustlib/x86_64-unknown-linux-gnu/lib" "-Wl,-Bdynamic" "-lmtbl" "-Wl,-Bstatic" "/opt/rustwide/rustup-home/toolchains/beta-2023-12-22-x86_64-unknown-linux-gnu/lib/rustlib/x86_64-unknown-linux-gnu/lib/libtest-cbab71697df97b00.rlib" "/opt/rustwide/rustup-home/toolchains/beta-2023-12-22-x86_64-unknown-linux-gnu/lib/rustlib/x86_64-unknown-linux-gnu/lib/libgetopts-2a2cf8f16c536007.rlib" "/opt/rustwide/rustup-home/toolchains/beta-2023-12-22-x86_64-unknown-linux-gnu/lib/rustlib/x86_64-unknown-linux-gnu/lib/libunicode_width-c5f3cc3cceaf9070.rlib" "/opt/rustwide/rustup-home/toolchains/beta-2023-12-22-x86_64-unknown-linux-gnu/lib/rustlib/x86_64-unknown-linux-gnu/lib/librustc_std_workspace_std-a31324ec815b09db.rlib" "/opt/rustwide/target/debug/deps/liblibc-9bdc13f38078ecbe.rlib" "/opt/rustwide/rustup-home/toolchains/beta-2023-12-22-x86_64-unknown-linux-gnu/lib/rustlib/x86_64-unknown-linux-gnu/lib/libstd-0672489a78b613de.rlib" "/opt/rustwide/rustup-home/toolchains/beta-2023-12-22-x86_64-unknown-linux-gnu/lib/rustlib/x86_64-unknown-linux-gnu/lib/libpanic_unwind-7eb3ffc34a49f675.rlib" "/opt/rustwide/rustup-home/toolchains/beta-2023-12-22-x86_64-unknown-linux-gnu/lib/rustlib/x86_64-unknown-linux-gnu/lib/libobject-6478a9daa4bee8e2.rlib" "/opt/rustwide/rustup-home/toolchains/beta-2023-12-22-x86_64-unknown-linux-gnu/lib/rustlib/x86_64-unknown-linux-gnu/lib/libmemchr-0c75d871a5c3923d.rlib" "/opt/rustwide/rustup-home/toolchains/beta-2023-12-22-x86_64-unknown-linux-gnu/lib/rustlib/x86_64-unknown-linux-gnu/lib/libaddr2line-d163ef63ad37bb71.rlib" "/opt/rustwide/rustup-home/toolchains/beta-2023-12-22-x86_64-unknown-linux-gnu/lib/rustlib/x86_64-unknown-linux-gnu/lib/libgimli-8a3fd810a85b9f4c.rlib" "/opt/rustwide/rustup-home/toolchains/beta-2023-12-22-x86_64-unknown-linux-gnu/lib/rustlib/x86_64-unknown-linux-gnu/lib/librustc_demangle-462a2cde8c5dfc10.rlib" "/opt/rustwide/rustup-home/toolchains/beta-2023-12-22-x86_64-unknown-linux-gnu/lib/rustlib/x86_64-unknown-linux-gnu/lib/libstd_detect-cb06ac9f54713f71.rlib" "/opt/rustwide/rustup-home/toolchains/beta-2023-12-22-x86_64-unknown-linux-gnu/lib/rustlib/x86_64-unknown-linux-gnu/lib/libhashbrown-f20bfd1f8e59b393.rlib" "/opt/rustwide/rustup-home/toolchains/beta-2023-12-22-x86_64-unknown-linux-gnu/lib/rustlib/x86_64-unknown-linux-gnu/lib/librustc_std_workspace_alloc-1ef460949b49da4b.rlib" "/opt/rustwide/rustup-home/toolchains/beta-2023-12-22-x86_64-unknown-linux-gnu/lib/rustlib/x86_64-unknown-linux-gnu/lib/libminiz_oxide-2cb0c0ffe4f87514.rlib" "/opt/rustwide/rustup-home/toolchains/beta-2023-12-22-x86_64-unknown-linux-gnu/lib/rustlib/x86_64-unknown-linux-gnu/lib/libadler-58d841eb322a11a2.rlib" "/opt/rustwide/rustup-home/toolchains/beta-2023-12-22-x86_64-unknown-linux-gnu/lib/rustlib/x86_64-unknown-linux-gnu/lib/libunwind-aa2ae0b0a9d11533.rlib" "/opt/rustwide/rustup-home/toolchains/beta-2023-12-22-x86_64-unknown-linux-gnu/lib/rustlib/x86_64-unknown-linux-gnu/lib/libcfg_if-23874e15830ed336.rlib" "/opt/rustwide/rustup-home/toolchains/beta-2023-12-22-x86_64-unknown-linux-gnu/lib/rustlib/x86_64-unknown-linux-gnu/lib/liblibc-e47cddc003bce885.rlib" "/opt/rustwide/rustup-home/toolchains/beta-2023-12-22-x86_64-unknown-linux-gnu/lib/rustlib/x86_64-unknown-linux-gnu/lib/liballoc-c22b13b48a8f128e.rlib" "/opt/rustwide/rustup-home/toolchains/beta-2023-12-22-x86_64-unknown-linux-gnu/lib/rustlib/x86_64-unknown-linux-gnu/lib/librustc_std_workspace_core-e46bc3da6d7c462f.rlib" "/opt/rustwide/rustup-home/toolchains/beta-2023-12-22-x86_64-unknown-linux-gnu/lib/rustlib/x86_64-unknown-linux-gnu/lib/libcore-8d1ac131d3cb2645.rlib" "/opt/rustwide/rustup-home/toolchains/beta-2023-12-22-x86_64-unknown-linux-gnu/lib/rustlib/x86_64-unknown-linux-gnu/lib/libcompiler_builtins-a1b43df8c6899c1f.rlib" "-Wl,-Bdynamic" "-lgcc_s" "-lutil" "-lrt" "-lpthread" "-lm" "-ldl" "-lc" "-Wl,--eh-frame-hdr" "-Wl,-z,noexecstack" "-L" "/opt/rustwide/rustup-home/toolchains/beta-2023-12-22-x86_64-unknown-linux-gnu/lib/rustlib/x86_64-unknown-linux-gnu/lib" "-o" "/opt/rustwide/target/debug/deps/mtbl_sys-82a3c7190a12869f" "-Wl,--gc-sections" "-pie" "-Wl,-z,relro,-z,now" "-nodefaultlibs"
[INFO] [stdout]   = note: /usr/bin/ld: cannot find -lmtbl: No such file or directory
[INFO] [stdout]           collect2: error: ld returned 1 exit status
[INFO] [stdout]           
[INFO] [stdout] 
[INFO] [stdout] 
[INFO] [stdout] error: aborting due to 1 previous error; 7 warnings emitted
[INFO] [stdout] 
[INFO] [stdout] 
[INFO] [stderr] error: could not compile `mtbl-sys` (lib test) due to 2 previous errors; 7 warnings emitted
[INFO] [stderr] warning: build failed, waiting for other jobs to finish...
[INFO] [stdout] error: linking with `cc` failed: exit status: 1
[INFO] [stdout]   |
[INFO] [stdout]   = note: LC_ALL="C" PATH="/opt/rustwide/rustup-home/toolchains/beta-2023-12-22-x86_64-unknown-linux-gnu/lib/rustlib/x86_64-unknown-linux-gnu/bin:/opt/rustwide/cargo-home/bin:/usr/local/sbin:/usr/local/bin:/usr/sbin:/usr/bin:/sbin:/bin" VSLANG="1033" "cc" "-m64" "/tmp/rustckENTfu/symbols.o" "/opt/rustwide/target/debug/deps/lib-1e9dc9d39060b2d9.lib.2ba3eb58d748b3b4-cgu.0.rcgu.o" "/opt/rustwide/target/debug/deps/lib-1e9dc9d39060b2d9.58bbw13ss7calf0b.rcgu.o" "-Wl,--as-needed" "-L" "/opt/rustwide/target/debug/deps" "-L" "/opt/rustwide/rustup-home/toolchains/beta-2023-12-22-x86_64-unknown-linux-gnu/lib/rustlib/x86_64-unknown-linux-gnu/lib" "-Wl,-Bstatic" "/opt/rustwide/rustup-home/toolchains/beta-2023-12-22-x86_64-unknown-linux-gnu/lib/rustlib/x86_64-unknown-linux-gnu/lib/libtest-cbab71697df97b00.rlib" "/opt/rustwide/rustup-home/toolchains/beta-2023-12-22-x86_64-unknown-linux-gnu/lib/rustlib/x86_64-unknown-linux-gnu/lib/libgetopts-2a2cf8f16c536007.rlib" "/opt/rustwide/rustup-home/toolchains/beta-2023-12-22-x86_64-unknown-linux-gnu/lib/rustlib/x86_64-unknown-linux-gnu/lib/libunicode_width-c5f3cc3cceaf9070.rlib" "/opt/rustwide/rustup-home/toolchains/beta-2023-12-22-x86_64-unknown-linux-gnu/lib/rustlib/x86_64-unknown-linux-gnu/lib/librustc_std_workspace_std-a31324ec815b09db.rlib" "/opt/rustwide/target/debug/deps/libtempfile-653e26527aaba794.rlib" "/opt/rustwide/target/debug/deps/librand-7587994f3f1eb75f.rlib" "/opt/rustwide/target/debug/deps/librand-35b2180cd8725bd4.rlib" "/opt/rustwide/target/debug/deps/libmtbl_sys-ffef0cd416b2892f.rlib" "/opt/rustwide/target/debug/deps/liblibc-9bdc13f38078ecbe.rlib" "/opt/rustwide/rustup-home/toolchains/beta-2023-12-22-x86_64-unknown-linux-gnu/lib/rustlib/x86_64-unknown-linux-gnu/lib/libstd-0672489a78b613de.rlib" "/opt/rustwide/rustup-home/toolchains/beta-2023-12-22-x86_64-unknown-linux-gnu/lib/rustlib/x86_64-unknown-linux-gnu/lib/libpanic_unwind-7eb3ffc34a49f675.rlib" "/opt/rustwide/rustup-home/toolchains/beta-2023-12-22-x86_64-unknown-linux-gnu/lib/rustlib/x86_64-unknown-linux-gnu/lib/libobject-6478a9daa4bee8e2.rlib" "/opt/rustwide/rustup-home/toolchains/beta-2023-12-22-x86_64-unknown-linux-gnu/lib/rustlib/x86_64-unknown-linux-gnu/lib/libmemchr-0c75d871a5c3923d.rlib" "/opt/rustwide/rustup-home/toolchains/beta-2023-12-22-x86_64-unknown-linux-gnu/lib/rustlib/x86_64-unknown-linux-gnu/lib/libaddr2line-d163ef63ad37bb71.rlib" "/opt/rustwide/rustup-home/toolchains/beta-2023-12-22-x86_64-unknown-linux-gnu/lib/rustlib/x86_64-unknown-linux-gnu/lib/libgimli-8a3fd810a85b9f4c.rlib" "/opt/rustwide/rustup-home/toolchains/beta-2023-12-22-x86_64-unknown-linux-gnu/lib/rustlib/x86_64-unknown-linux-gnu/lib/librustc_demangle-462a2cde8c5dfc10.rlib" "/opt/rustwide/rustup-home/toolchains/beta-2023-12-22-x86_64-unknown-linux-gnu/lib/rustlib/x86_64-unknown-linux-gnu/lib/libstd_detect-cb06ac9f54713f71.rlib" "/opt/rustwide/rustup-home/toolchains/beta-2023-12-22-x86_64-unknown-linux-gnu/lib/rustlib/x86_64-unknown-linux-gnu/lib/libhashbrown-f20bfd1f8e59b393.rlib" "/opt/rustwide/rustup-home/toolchains/beta-2023-12-22-x86_64-unknown-linux-gnu/lib/rustlib/x86_64-unknown-linux-gnu/lib/librustc_std_workspace_alloc-1ef460949b49da4b.rlib" "/opt/rustwide/rustup-home/toolchains/beta-2023-12-22-x86_64-unknown-linux-gnu/lib/rustlib/x86_64-unknown-linux-gnu/lib/libminiz_oxide-2cb0c0ffe4f87514.rlib" "/opt/rustwide/rustup-home/toolchains/beta-2023-12-22-x86_64-unknown-linux-gnu/lib/rustlib/x86_64-unknown-linux-gnu/lib/libadler-58d841eb322a11a2.rlib" "/opt/rustwide/rustup-home/toolchains/beta-2023-12-22-x86_64-unknown-linux-gnu/lib/rustlib/x86_64-unknown-linux-gnu/lib/libunwind-aa2ae0b0a9d11533.rlib" "/opt/rustwide/rustup-home/toolchains/beta-2023-12-22-x86_64-unknown-linux-gnu/lib/rustlib/x86_64-unknown-linux-gnu/lib/libcfg_if-23874e15830ed336.rlib" "/opt/rustwide/rustup-home/toolchains/beta-2023-12-22-x86_64-unknown-linux-gnu/lib/rustlib/x86_64-unknown-linux-gnu/lib/liblibc-e47cddc003bce885.rlib" "/opt/rustwide/rustup-home/toolchains/beta-2023-12-22-x86_64-unknown-linux-gnu/lib/rustlib/x86_64-unknown-linux-gnu/lib/liballoc-c22b13b48a8f128e.rlib" "/opt/rustwide/rustup-home/toolchains/beta-2023-12-22-x86_64-unknown-linux-gnu/lib/rustlib/x86_64-unknown-linux-gnu/lib/librustc_std_workspace_core-e46bc3da6d7c462f.rlib" "/opt/rustwide/rustup-home/toolchains/beta-2023-12-22-x86_64-unknown-linux-gnu/lib/rustlib/x86_64-unknown-linux-gnu/lib/libcore-8d1ac131d3cb2645.rlib" "/opt/rustwide/rustup-home/toolchains/beta-2023-12-22-x86_64-unknown-linux-gnu/lib/rustlib/x86_64-unknown-linux-gnu/lib/libcompiler_builtins-a1b43df8c6899c1f.rlib" "-Wl,-Bdynamic" "-lmtbl" "-lgcc_s" "-lutil" "-lrt" "-lpthread" "-lm" "-ldl" "-lc" "-Wl,--eh-frame-hdr" "-Wl,-z,noexecstack" "-L" "/opt/rustwide/rustup-home/toolchains/beta-2023-12-22-x86_64-unknown-linux-gnu/lib/rustlib/x86_64-unknown-linux-gnu/lib" "-o" "/opt/rustwide/target/debug/deps/lib-1e9dc9d39060b2d9" "-Wl,--gc-sections" "-pie" "-Wl,-z,relro,-z,now" "-nodefaultlibs"
[INFO] [stdout]   = note: /usr/bin/ld: cannot find -lmtbl: No such file or directory
[INFO] [stdout]           collect2: error: ld returned 1 exit status
[INFO] [stdout]           
[INFO] [stdout] 
[INFO] [stdout] 
[INFO] [stdout] error: aborting due to 1 previous error
[INFO] [stdout] 
[INFO] [stdout] 
[INFO] [stderr] error: could not compile `mtbl-sys` (test "lib") due to 2 previous errors
[INFO] running `Command { std: "docker" "inspect" "c2ce52e742ad27c71d7ac4cff4dd90ff608125f3a604a7373aa263d2f74cb7c5", kill_on_drop: false }`
[INFO] running `Command { std: "docker" "rm" "-f" "c2ce52e742ad27c71d7ac4cff4dd90ff608125f3a604a7373aa263d2f74cb7c5", kill_on_drop: false }`
[INFO] [stdout] c2ce52e742ad27c71d7ac4cff4dd90ff608125f3a604a7373aa263d2f74cb7c5
