[INFO] fetching crate mpl-candy-machine-nano 0.1.0...
[INFO] testing mpl-candy-machine-nano-0.1.0 against 1.75.0 for beta-1.76-1
[INFO] extracting crate mpl-candy-machine-nano 0.1.0 into /workspace/builds/worker-0-tc1/source
[INFO] validating manifest of crates.io crate mpl-candy-machine-nano 0.1.0 on toolchain 1.75.0
[INFO] running `Command { std: CARGO_HOME="/workspace/cargo-home" RUSTUP_HOME="/workspace/rustup-home" "/workspace/cargo-home/bin/cargo" "+1.75.0" "metadata" "--manifest-path" "Cargo.toml" "--no-deps", kill_on_drop: false }`
[INFO] started tweaking crates.io crate mpl-candy-machine-nano 0.1.0
[INFO] finished tweaking crates.io crate mpl-candy-machine-nano 0.1.0
[INFO] tweaked toml for crates.io crate mpl-candy-machine-nano 0.1.0 written to /workspace/builds/worker-0-tc1/source/Cargo.toml
[INFO] running `Command { std: CARGO_HOME="/workspace/cargo-home" RUSTUP_HOME="/workspace/rustup-home" "/workspace/cargo-home/bin/cargo" "+1.75.0" "generate-lockfile" "--manifest-path" "Cargo.toml", kill_on_drop: false }`
[INFO] [stderr]     Updating crates.io index
[INFO] running `Command { std: CARGO_HOME="/workspace/cargo-home" RUSTUP_HOME="/workspace/rustup-home" "/workspace/cargo-home/bin/cargo" "+1.75.0" "fetch" "--manifest-path" "Cargo.toml", kill_on_drop: false }`
[INFO] [stderr] warning: the cargo feature `alternative-registries` has been stabilized in the 1.34 release and is no longer necessary to be listed in the manifest
[INFO] [stderr]   See https://doc.rust-lang.org/cargo/reference/registries.html for more information about using this feature.
[INFO] [stderr]     Blocking waiting for file lock on package cache
[INFO] [stderr]  Downloading crates ...
[INFO] [stderr]   Downloaded anchor-derive-accounts v0.24.2
[INFO] [stderr]   Downloaded solana-gateway v0.1.2
[INFO] [stderr]   Downloaded anchor-lang v0.24.2
[INFO] [stderr]   Downloaded anchor-attribute-event v0.24.2
[INFO] [stderr]   Downloaded anchor-attribute-program v0.24.2
[INFO] [stderr]   Downloaded anchor-attribute-state v0.24.2
[INFO] [stderr]   Downloaded spl-associated-token-account v1.0.5
[INFO] [stderr]   Downloaded anchor-attribute-interface v0.24.2
[INFO] [stderr]   Downloaded bs58 v0.3.1
[INFO] [stderr]   Downloaded solana-sdk-macro v1.9.29
[INFO] [stderr]   Downloaded anchor-spl v0.24.2
[INFO] [stderr]   Downloaded anchor-attribute-account v0.24.2
[INFO] [stderr]   Downloaded anchor-attribute-access-control v0.24.2
[INFO] [stderr]   Downloaded solana-frozen-abi v1.9.29
[INFO] [stderr]   Downloaded shank v0.0.12
[INFO] [stderr]   Downloaded anchor-attribute-error v0.24.2
[INFO] [stderr]   Downloaded solana-frozen-abi-macro v1.9.29
[INFO] [stderr]   Downloaded shank_render v0.0.1
[INFO] [stderr]   Downloaded shank_macro_impl v0.0.12
[INFO] [stderr]   Downloaded mpl-token-vault v0.1.0
[INFO] [stderr]   Downloaded mpl-token-metadata v1.4.3
[INFO] [stderr]   Downloaded solana-program v1.9.29
[INFO] [stderr]   Downloaded sol-did v0.2.0
[INFO] [stderr]   Downloaded spl-token v3.3.0
[INFO] [stderr]   Downloaded anchor-syn v0.24.2
[INFO] [stderr]   Downloaded anchor-attribute-constant v0.24.2
[INFO] [stderr]   Downloaded shank_macro v0.0.12
[INFO] [stderr]   Downloaded solana-logger v1.9.29
[INFO] running `Command { std: "docker" "create" "-v" "/var/lib/crater-agent-workspace/builds/worker-0-tc1/target:/opt/rustwide/target:rw,Z" "-v" "/var/lib/crater-agent-workspace/builds/worker-0-tc1/source:/opt/rustwide/workdir:ro,Z" "-v" "/var/lib/crater-agent-workspace/cargo-home:/opt/rustwide/cargo-home:ro,Z" "-v" "/var/lib/crater-agent-workspace/rustup-home:/opt/rustwide/rustup-home:ro,Z" "-e" "SOURCE_DIR=/opt/rustwide/workdir" "-e" "CARGO_TARGET_DIR=/opt/rustwide/target" "-e" "CARGO_HOME=/opt/rustwide/cargo-home" "-e" "RUSTUP_HOME=/opt/rustwide/rustup-home" "-w" "/opt/rustwide/workdir" "-m" "1610612736" "--user" "0:0" "--network" "none" "ghcr.io/rust-lang/crates-build-env/linux@sha256:2788e3201cd34a07e3172128adcd8b3090168a8e3bcc40d7c032b9dda1df7d1c" "/opt/rustwide/cargo-home/bin/cargo" "+1.75.0" "metadata" "--no-deps" "--format-version=1", kill_on_drop: false }`
[INFO] [stdout] bde139fe01096c2d9e69d50e44d25d36a8dd722f4c0599be2337036e85f559f4
[INFO] running `Command { std: "docker" "start" "-a" "bde139fe01096c2d9e69d50e44d25d36a8dd722f4c0599be2337036e85f559f4", kill_on_drop: false }`
[INFO] running `Command { std: "docker" "inspect" "bde139fe01096c2d9e69d50e44d25d36a8dd722f4c0599be2337036e85f559f4", kill_on_drop: false }`
[INFO] running `Command { std: "docker" "rm" "-f" "bde139fe01096c2d9e69d50e44d25d36a8dd722f4c0599be2337036e85f559f4", kill_on_drop: false }`
[INFO] [stdout] bde139fe01096c2d9e69d50e44d25d36a8dd722f4c0599be2337036e85f559f4
[INFO] running `Command { std: "docker" "create" "-v" "/var/lib/crater-agent-workspace/builds/worker-0-tc1/target:/opt/rustwide/target:rw,Z" "-v" "/var/lib/crater-agent-workspace/builds/worker-0-tc1/source:/opt/rustwide/workdir:ro,Z" "-v" "/var/lib/crater-agent-workspace/cargo-home:/opt/rustwide/cargo-home:ro,Z" "-v" "/var/lib/crater-agent-workspace/rustup-home:/opt/rustwide/rustup-home:ro,Z" "-e" "SOURCE_DIR=/opt/rustwide/workdir" "-e" "CARGO_TARGET_DIR=/opt/rustwide/target" "-e" "CARGO_INCREMENTAL=0" "-e" "RUST_BACKTRACE=full" "-e" "RUSTFLAGS=--cap-lints=warn" "-e" "RUSTDOCFLAGS=--cap-lints=warn" "-e" "CARGO_HOME=/opt/rustwide/cargo-home" "-e" "RUSTUP_HOME=/opt/rustwide/rustup-home" "-w" "/opt/rustwide/workdir" "-m" "1610612736" "--user" "0:0" "--network" "none" "ghcr.io/rust-lang/crates-build-env/linux@sha256:2788e3201cd34a07e3172128adcd8b3090168a8e3bcc40d7c032b9dda1df7d1c" "/opt/rustwide/cargo-home/bin/cargo" "+1.75.0" "build" "--frozen" "--message-format=json", kill_on_drop: false }`
[INFO] [stdout] 5979d45ecba196d0365f00f233b76189ff23ce08428ae378ddc86311bf2e7716
[INFO] running `Command { std: "docker" "start" "-a" "5979d45ecba196d0365f00f233b76189ff23ce08428ae378ddc86311bf2e7716", kill_on_drop: false }`
[INFO] [stderr] warning: the cargo feature `alternative-registries` has been stabilized in the 1.34 release and is no longer necessary to be listed in the manifest
[INFO] [stderr]   See https://doc.rust-lang.org/cargo/reference/registries.html for more information about using this feature.
[INFO] [stderr]    Compiling proc-macro2 v1.0.75
[INFO] [stderr]    Compiling serde v1.0.194
[INFO] [stderr]    Compiling syn v1.0.109
[INFO] [stderr]    Compiling generic-array v0.14.7
[INFO] [stderr]    Compiling subtle v2.5.0
[INFO] [stderr]    Compiling semver v1.0.21
[INFO] [stderr]    Compiling anyhow v1.0.79
[INFO] [stderr]    Compiling crunchy v0.2.2
[INFO] [stderr]    Compiling getrandom v0.1.16
[INFO] [stderr]    Compiling once_cell v1.19.0
[INFO] [stderr]    Compiling libc v0.2.151
[INFO] [stderr]    Compiling rustc_version v0.4.0
[INFO] [stderr]    Compiling wasm-bindgen-shared v0.2.89
[INFO] [stderr]    Compiling proc-macro2-diagnostics v0.9.1
[INFO] [stderr]    Compiling digest v0.9.0
[INFO] [stderr]    Compiling serde_json v1.0.111
[INFO] [stderr]    Compiling quote v1.0.35
[INFO] [stderr]    Compiling syn v2.0.48
[INFO] [stderr]    Compiling libsecp256k1-core v0.2.2
[INFO] [stderr]    Compiling regex-syntax v0.8.2
[INFO] [stderr]    Compiling block-padding v0.2.1
[INFO] [stderr]    Compiling rand_core v0.5.1
[INFO] [stderr]    Compiling block-buffer v0.9.0
[INFO] [stderr]    Compiling ahash v0.7.7
[INFO] [stderr]    Compiling yansi v0.5.1
[INFO] [stderr]    Compiling bumpalo v3.14.0
[INFO] [stderr]    Compiling itoa v1.0.10
[INFO] [stderr]    Compiling ryu v1.0.16
[INFO] [stderr]    Compiling rustversion v1.0.14
[INFO] [stderr]    Compiling log v0.4.20
[INFO] [stderr]    Compiling feature-probe v0.1.1
[INFO] [stderr]    Compiling unicode-segmentation v1.10.1
[INFO] [stderr]    Compiling bv v0.11.1
[INFO] [stderr]    Compiling cc v1.0.83
[INFO] [stderr]    Compiling regex-automata v0.4.3
[INFO] [stderr]    Compiling heck v0.3.3
[INFO] [stderr]    Compiling libsecp256k1-gen-ecmult v0.2.1
[INFO] [stderr]    Compiling libsecp256k1-gen-genmult v0.2.1
[INFO] [stderr]    Compiling sha2 v0.9.9
[INFO] [stderr]    Compiling solana-frozen-abi-macro v1.9.29
[INFO] [stderr]    Compiling atty v0.2.14
[INFO] [stderr]    Compiling getrandom v0.2.11
[INFO] [stderr]    Compiling bs58 v0.3.1
[INFO] [stderr]    Compiling bs58 v0.4.0
[INFO] [stderr]    Compiling termcolor v1.4.0
[INFO] [stderr]    Compiling humantime v2.1.0
[INFO] [stderr]    Compiling rand_chacha v0.2.2
[INFO] [stderr]    Compiling blake3 v1.5.0
[INFO] [stderr]    Compiling num-traits v0.2.17
[INFO] [stderr]    Compiling libsecp256k1 v0.6.0
[INFO] [stderr]    Compiling wasm-bindgen-backend v0.2.89
[INFO] [stderr]    Compiling solana-frozen-abi v1.9.29
[INFO] [stderr]    Compiling wasm-bindgen v0.2.89
[INFO] [stderr]    Compiling arrayref v0.3.7
[INFO] [stderr]    Compiling hashbrown v0.11.2
[INFO] [stderr]    Compiling regex v1.10.2
[INFO] [stderr]    Compiling borsh-schema-derive-internal v0.9.3
[INFO] [stderr]    Compiling env_logger v0.9.3
[INFO] [stderr]    Compiling wasm-bindgen-macro-support v0.2.89
[INFO] [stderr]    Compiling borsh-derive-internal v0.9.3
[INFO] [stderr]    Compiling solana-logger v1.9.29
[INFO] [stderr]    Compiling rand v0.7.3
[INFO] [stderr]    Compiling solana-program v1.9.29
[INFO] [stderr]    Compiling memmap2 v0.5.10
[INFO] [stderr]    Compiling zeroize v1.3.0
[INFO] [stderr]    Compiling serde_derive v1.0.194
[INFO] [stderr]    Compiling thiserror-impl v1.0.56
[INFO] [stderr]    Compiling wasm-bindgen-macro v0.2.89
[INFO] [stderr]    Compiling bytemuck_derive v1.5.0
[INFO] [stderr]    Compiling keccak v0.1.4
[INFO] [stderr]    Compiling hashbrown v0.14.3
[INFO] [stderr]    Compiling constant_time_eq v0.3.0
[INFO] [stderr]    Compiling arrayvec v0.7.4
[INFO] [stderr]    Compiling equivalent v1.0.1
[INFO] [stderr]    Compiling byteorder v1.5.0
[INFO] [stderr]    Compiling base64 v0.12.3
[INFO] [stderr]    Compiling either v1.9.0
[INFO] [stderr]    Compiling indexmap v2.1.0
[INFO] [stderr]    Compiling itertools v0.10.5
[INFO] [stderr]    Compiling bytemuck v1.14.0
[INFO] [stderr]    Compiling base64 v0.13.1
[INFO] [stderr]    Compiling solana-sdk-macro v1.9.29
[INFO] [stderr]    Compiling thiserror v1.0.56
[INFO] [stderr]    Compiling num-derive v0.3.3
[INFO] [stderr]    Compiling winnow v0.5.32
[INFO] [stderr]    Compiling toml_datetime v0.6.5
[INFO] [stderr]    Compiling toml_edit v0.19.15
[INFO] [stderr]    Compiling proc-macro-crate v1.3.1
[INFO] [stderr]    Compiling num_enum_derive v0.5.11
[INFO] [stderr]    Compiling toml v0.5.11
[INFO] [stderr]    Compiling bincode v1.3.3
[INFO] [stderr]    Compiling serde_bytes v0.11.14
[INFO] [stderr]    Compiling shank_macro_impl v0.0.12
[INFO] [stderr]    Compiling crypto-mac v0.8.0
[INFO] [stderr]    Compiling hmac v0.8.1
[INFO] [stderr]    Compiling crypto-common v0.1.6
[INFO] [stderr]    Compiling block-buffer v0.10.4
[INFO] [stderr]    Compiling hmac-drbg v0.3.0
[INFO] [stderr]    Compiling anchor-syn v0.24.2
[INFO] [stderr]    Compiling digest v0.10.7
[INFO] [stderr]    Compiling proc-macro-crate v0.1.5
[INFO] [stderr]    Compiling curve25519-dalek v3.2.1
[INFO] [stderr]    Compiling sha3 v0.9.1
[INFO] [stderr]    Compiling num_enum v0.5.11
[INFO] [stderr]    Compiling shank_render v0.0.1
[INFO] [stderr]    Compiling borsh-derive v0.9.3
[INFO] [stderr]    Compiling shank_macro v0.0.12
[INFO] [stderr]    Compiling borsh v0.9.3
[INFO] [stderr]    Compiling shank v0.0.12
[INFO] [stderr]    Compiling anchor-attribute-event v0.24.2
[INFO] [stderr]    Compiling anchor-attribute-access-control v0.24.2
[INFO] [stderr]    Compiling anchor-attribute-error v0.24.2
[INFO] [stderr]    Compiling anchor-attribute-state v0.24.2
[INFO] [stderr]    Compiling anchor-attribute-program v0.24.2
[INFO] [stderr]    Compiling anchor-attribute-constant v0.24.2
[INFO] [stderr]    Compiling anchor-derive-accounts v0.24.2
[INFO] [stderr]    Compiling anchor-attribute-account v0.24.2
[INFO] [stderr]    Compiling anchor-attribute-interface v0.24.2
[INFO] [stderr]    Compiling spl-token v3.3.0
[INFO] [stderr]    Compiling anchor-lang v0.24.2
[INFO] [stderr]    Compiling sol-did v0.2.0
[INFO] [stderr]    Compiling solana-gateway v0.1.2
[INFO] [stderr]    Compiling spl-associated-token-account v1.0.5
[INFO] [stderr]    Compiling mpl-token-vault v0.1.0
[INFO] [stderr]    Compiling anchor-spl v0.24.2
[INFO] [stderr]    Compiling mpl-token-metadata v1.4.3
[INFO] [stderr]    Compiling mpl-candy-machine-nano v0.1.0 (/opt/rustwide/workdir)
[INFO] [stdout] warning: unused import: `str::FromStr`
[INFO] [stdout]   --> src/lib.rs:33:37
[INFO] [stdout]    |
[INFO] [stdout] 33 | use std::{cell::RefMut, ops::Deref, str::FromStr};
[INFO] [stdout]    |                                     ^^^^^^^^^^^^
[INFO] [stdout]    |
[INFO] [stdout]    = note: `#[warn(unused_imports)]` on by default
[INFO] [stdout] 
[INFO] [stdout] 
[INFO] [stdout] warning: unused doc comment
[INFO] [stdout]    --> src/lib.rs:574:9
[INFO] [stdout]     |
[INFO] [stdout] 574 |           /// Check if the metadata acount has data if not bot fee
[INFO] [stdout]     |           ^^^^^^^^^^^^^^^^^^^^^^^^^^^^^^^^^^^^^^^^^^^^^^^^^^^^^^^^
[INFO] [stdout] 575 | /         if ctx.accounts.metadata.owner != &mpl_token_metadata::id()
[INFO] [stdout] 576 | |             || ctx.accounts.token_metadata_program.data_len() == 0
[INFO] [stdout] 577 | |         {
[INFO] [stdout] 578 | |             return Ok(());
[INFO] [stdout] 579 | |         }
[INFO] [stdout]     | |_________- rustdoc does not generate documentation for expressions
[INFO] [stdout]     |
[INFO] [stdout]     = help: use `//` for a plain comment
[INFO] [stdout]     = note: `#[warn(unused_doc_comments)]` on by default
[INFO] [stdout] 
[INFO] [stdout] 
[INFO] [stdout] error[E0599]: no function or associated item named `from_account_info` found for struct `mpl_token_metadata::state::Metadata` in the current scope
[INFO] [stdout]    --> src/lib.rs:851:23
[INFO] [stdout]     |
[INFO] [stdout] 851 |             Metadata::from_account_info(&ctx.accounts.metadata.to_account_info())?;
[INFO] [stdout]     |                       ^^^^^^^^^^^^^^^^^ function or associated item not found in `Metadata`
[INFO] [stdout]     |
[INFO] [stdout]     = help: items from traits can only be used if the trait is in scope
[INFO] [stdout] help: the following trait is implemented but not in scope; perhaps add a `use` for it:
[INFO] [stdout]     |
[INFO] [stdout] 46  +     use mpl_token_metadata::state::TokenMetadataAccount;
[INFO] [stdout]     |
[INFO] [stdout] 
[INFO] [stdout] 
[INFO] [stdout] error[E0061]: this function takes 6 arguments but 7 arguments were supplied
[INFO] [stdout]    --> src/lib.rs:896:13
[INFO] [stdout]     |
[INFO] [stdout] 896 |               create_or_allocate_account_raw(
[INFO] [stdout]     |               ^^^^^^^^^^^^^^^^^^^^^^^^^^^^^^
[INFO] [stdout] ...
[INFO] [stdout] 900 |                   &ctx.accounts.system_program.to_account_info(),
[INFO] [stdout]     |  _______________________________________________________________-
[INFO] [stdout] 901 | |                 &ctx.accounts.authority.to_account_info(),
[INFO] [stdout]     | |                 -----------------------------------------
[INFO] [stdout]     | |_________________|_______________________________________|
[INFO] [stdout]     |                   |                                       help: remove the extra argument
[INFO] [stdout]     |                   unexpected argument of type `&anchor_lang::prelude::AccountInfo<'_>`
[INFO] [stdout]     |
[INFO] [stdout] note: function defined here
[INFO] [stdout]    --> /opt/rustwide/cargo-home/registry/src/index.crates.io-6f17d22bba15001f/mpl-token-metadata-1.4.3/src/utils.rs:171:8
[INFO] [stdout]     |
[INFO] [stdout] 171 | pub fn create_or_allocate_account_raw<'a>(
[INFO] [stdout]     |        ^^^^^^^^^^^^^^^^^^^^^^^^^^^^^^
[INFO] [stdout] 
[INFO] [stdout] 
[INFO] [stdout] error[E0599]: no function or associated item named `from_account_info` found for struct `mpl_token_metadata::state::Metadata` in the current scope
[INFO] [stdout]    --> src/lib.rs:922:23
[INFO] [stdout]     |
[INFO] [stdout] 922 |             Metadata::from_account_info(&ctx.accounts.metadata.to_account_info())?;
[INFO] [stdout]     |                       ^^^^^^^^^^^^^^^^^ function or associated item not found in `Metadata`
[INFO] [stdout]     |
[INFO] [stdout]     = help: items from traits can only be used if the trait is in scope
[INFO] [stdout] help: the following trait is implemented but not in scope; perhaps add a `use` for it:
[INFO] [stdout]     |
[INFO] [stdout] 46  +     use mpl_token_metadata::state::TokenMetadataAccount;
[INFO] [stdout]     |
[INFO] [stdout] 
[INFO] [stdout] 
[INFO] [stdout] error: aborting due to 3 previous errors; 2 warnings emitted
[INFO] [stdout] 
[INFO] [stdout] 
[INFO] [stdout] Some errors have detailed explanations: E0061, E0599.
[INFO] [stdout] 
[INFO] [stdout] For more information about an error, try `rustc --explain E0061`.
[INFO] [stdout] 
[INFO] [stderr] error: could not compile `mpl-candy-machine-nano` (lib) due to 4 previous errors; 2 warnings emitted
[INFO] running `Command { std: "docker" "inspect" "5979d45ecba196d0365f00f233b76189ff23ce08428ae378ddc86311bf2e7716", kill_on_drop: false }`
[INFO] running `Command { std: "docker" "rm" "-f" "5979d45ecba196d0365f00f233b76189ff23ce08428ae378ddc86311bf2e7716", kill_on_drop: false }`
[INFO] [stdout] 5979d45ecba196d0365f00f233b76189ff23ce08428ae378ddc86311bf2e7716
[INFO] testing mpl-candy-machine-nano-0.1.0 against beta-2023-12-22 for beta-1.76-1
[INFO] extracting crate mpl-candy-machine-nano 0.1.0 into /workspace/builds/worker-0-tc2/source
[INFO] validating manifest of crates.io crate mpl-candy-machine-nano 0.1.0 on toolchain beta-2023-12-22
[INFO] running `Command { std: CARGO_HOME="/workspace/cargo-home" RUSTUP_HOME="/workspace/rustup-home" "/workspace/cargo-home/bin/cargo" "+beta-2023-12-22" "metadata" "--manifest-path" "Cargo.toml" "--no-deps", kill_on_drop: false }`
[INFO] started tweaking crates.io crate mpl-candy-machine-nano 0.1.0
[INFO] finished tweaking crates.io crate mpl-candy-machine-nano 0.1.0
[INFO] tweaked toml for crates.io crate mpl-candy-machine-nano 0.1.0 written to /workspace/builds/worker-0-tc2/source/Cargo.toml
[INFO] running `Command { std: CARGO_HOME="/workspace/cargo-home" RUSTUP_HOME="/workspace/rustup-home" "/workspace/cargo-home/bin/cargo" "+beta-2023-12-22" "generate-lockfile" "--manifest-path" "Cargo.toml", kill_on_drop: false }`
[INFO] [stderr]     Updating crates.io index
[INFO] running `Command { std: CARGO_HOME="/workspace/cargo-home" RUSTUP_HOME="/workspace/rustup-home" "/workspace/cargo-home/bin/cargo" "+beta-2023-12-22" "fetch" "--manifest-path" "Cargo.toml", kill_on_drop: false }`
[INFO] [stderr] warning: the cargo feature `alternative-registries` has been stabilized in the 1.34 release and is no longer necessary to be listed in the manifest
[INFO] [stderr]   See https://doc.rust-lang.org/beta/cargo/reference/registries.html for more information about using this feature.
[INFO] running `Command { std: "docker" "create" "-v" "/var/lib/crater-agent-workspace/builds/worker-0-tc2/target:/opt/rustwide/target:rw,Z" "-v" "/var/lib/crater-agent-workspace/builds/worker-0-tc2/source:/opt/rustwide/workdir:ro,Z" "-v" "/var/lib/crater-agent-workspace/cargo-home:/opt/rustwide/cargo-home:ro,Z" "-v" "/var/lib/crater-agent-workspace/rustup-home:/opt/rustwide/rustup-home:ro,Z" "-e" "SOURCE_DIR=/opt/rustwide/workdir" "-e" "CARGO_TARGET_DIR=/opt/rustwide/target" "-e" "CARGO_HOME=/opt/rustwide/cargo-home" "-e" "RUSTUP_HOME=/opt/rustwide/rustup-home" "-w" "/opt/rustwide/workdir" "-m" "1610612736" "--user" "0:0" "--network" "none" "ghcr.io/rust-lang/crates-build-env/linux@sha256:2788e3201cd34a07e3172128adcd8b3090168a8e3bcc40d7c032b9dda1df7d1c" "/opt/rustwide/cargo-home/bin/cargo" "+beta-2023-12-22" "metadata" "--no-deps" "--format-version=1", kill_on_drop: false }`
[INFO] [stdout] 3169aab21fdd0414693d7e13374c9e1db3b685cef185cac56c0f5fa3e93c6f64
[INFO] running `Command { std: "docker" "start" "-a" "3169aab21fdd0414693d7e13374c9e1db3b685cef185cac56c0f5fa3e93c6f64", kill_on_drop: false }`
[INFO] running `Command { std: "docker" "inspect" "3169aab21fdd0414693d7e13374c9e1db3b685cef185cac56c0f5fa3e93c6f64", kill_on_drop: false }`
[INFO] running `Command { std: "docker" "rm" "-f" "3169aab21fdd0414693d7e13374c9e1db3b685cef185cac56c0f5fa3e93c6f64", kill_on_drop: false }`
[INFO] [stdout] 3169aab21fdd0414693d7e13374c9e1db3b685cef185cac56c0f5fa3e93c6f64
[INFO] running `Command { std: "docker" "create" "-v" "/var/lib/crater-agent-workspace/builds/worker-0-tc2/target:/opt/rustwide/target:rw,Z" "-v" "/var/lib/crater-agent-workspace/builds/worker-0-tc2/source:/opt/rustwide/workdir:ro,Z" "-v" "/var/lib/crater-agent-workspace/cargo-home:/opt/rustwide/cargo-home:ro,Z" "-v" "/var/lib/crater-agent-workspace/rustup-home:/opt/rustwide/rustup-home:ro,Z" "-e" "SOURCE_DIR=/opt/rustwide/workdir" "-e" "CARGO_TARGET_DIR=/opt/rustwide/target" "-e" "CARGO_INCREMENTAL=0" "-e" "RUST_BACKTRACE=full" "-e" "RUSTFLAGS=--cap-lints=warn" "-e" "RUSTDOCFLAGS=--cap-lints=warn" "-e" "CARGO_HOME=/opt/rustwide/cargo-home" "-e" "RUSTUP_HOME=/opt/rustwide/rustup-home" "-w" "/opt/rustwide/workdir" "-m" "1610612736" "--user" "0:0" "--network" "none" "ghcr.io/rust-lang/crates-build-env/linux@sha256:2788e3201cd34a07e3172128adcd8b3090168a8e3bcc40d7c032b9dda1df7d1c" "/opt/rustwide/cargo-home/bin/cargo" "+beta-2023-12-22" "build" "--frozen" "--message-format=json", kill_on_drop: false }`
[INFO] [stdout] b3fab7eef33b5c63e351e74e52b27a2376f7d29942a9eb8e940ec128af14c00b
[INFO] running `Command { std: "docker" "start" "-a" "b3fab7eef33b5c63e351e74e52b27a2376f7d29942a9eb8e940ec128af14c00b", kill_on_drop: false }`
[INFO] [stderr] warning: the cargo feature `alternative-registries` has been stabilized in the 1.34 release and is no longer necessary to be listed in the manifest
[INFO] [stderr]   See https://doc.rust-lang.org/beta/cargo/reference/registries.html for more information about using this feature.
[INFO] [stderr]    Compiling proc-macro2 v1.0.75
[INFO] [stderr]    Compiling serde v1.0.194
[INFO] [stderr]    Compiling syn v1.0.109
[INFO] [stderr]    Compiling generic-array v0.14.7
[INFO] [stderr]    Compiling subtle v2.5.0
[INFO] [stderr]    Compiling semver v1.0.21
[INFO] [stderr]    Compiling anyhow v1.0.79
[INFO] [stderr]    Compiling crunchy v0.2.2
[INFO] [stderr]    Compiling getrandom v0.1.16
[INFO] [stderr]    Compiling once_cell v1.19.0
[INFO] [stderr]    Compiling wasm-bindgen-shared v0.2.89
[INFO] [stderr]    Compiling libc v0.2.151
[INFO] [stderr]    Compiling digest v0.9.0
[INFO] [stderr]    Compiling proc-macro2-diagnostics v0.9.1
[INFO] [stderr]    Compiling regex-syntax v0.8.2
[INFO] [stderr]    Compiling serde_json v1.0.111
[INFO] [stderr]    Compiling rustc_version v0.4.0
[INFO] [stderr]    Compiling libsecp256k1-core v0.2.2
[INFO] [stderr]    Compiling block-padding v0.2.1
[INFO] [stderr]    Compiling rand_core v0.5.1
[INFO] [stderr]    Compiling block-buffer v0.9.0
[INFO] [stderr]    Compiling ahash v0.7.7
[INFO] [stderr]    Compiling rustversion v1.0.14
[INFO] [stderr]    Compiling feature-probe v0.1.1
[INFO] [stderr]    Compiling itoa v1.0.10
[INFO] [stderr]    Compiling quote v1.0.35
[INFO] [stderr]    Compiling yansi v0.5.1
[INFO] [stderr]    Compiling log v0.4.20
[INFO] [stderr]    Compiling bumpalo v3.14.0
[INFO] [stderr]    Compiling ryu v1.0.16
[INFO] [stderr]    Compiling unicode-segmentation v1.10.1
[INFO] [stderr]    Compiling syn v2.0.48
[INFO] [stderr]    Compiling libsecp256k1-gen-ecmult v0.2.1
[INFO] [stderr]    Compiling cc v1.0.83
[INFO] [stderr]    Compiling libsecp256k1-gen-genmult v0.2.1
[INFO] [stderr]    Compiling bv v0.11.1
[INFO] [stderr]    Compiling solana-frozen-abi-macro v1.9.29
[INFO] [stderr]    Compiling sha2 v0.9.9
[INFO] [stderr]    Compiling heck v0.3.3
[INFO] [stderr]    Compiling atty v0.2.14
[INFO] [stderr]    Compiling getrandom v0.2.11
[INFO] [stderr]    Compiling bs58 v0.4.0
[INFO] [stderr]    Compiling humantime v2.1.0
[INFO] [stderr]    Compiling regex-automata v0.4.3
[INFO] [stderr]    Compiling bs58 v0.3.1
[INFO] [stderr]    Compiling termcolor v1.4.0
[INFO] [stderr]    Compiling rand_chacha v0.2.2
[INFO] [stderr]    Compiling num-traits v0.2.17
[INFO] [stderr]    Compiling blake3 v1.5.0
[INFO] [stderr]    Compiling libsecp256k1 v0.6.0
[INFO] [stderr]    Compiling solana-frozen-abi v1.9.29
[INFO] [stderr]    Compiling arrayref v0.3.7
[INFO] [stderr]    Compiling wasm-bindgen v0.2.89
[INFO] [stderr]    Compiling hashbrown v0.11.2
[INFO] [stderr]    Compiling rand v0.7.3
[INFO] [stderr]    Compiling solana-program v1.9.29
[INFO] [stderr]    Compiling memmap2 v0.5.10
[INFO] [stderr]    Compiling regex v1.10.2
[INFO] [stderr]    Compiling either v1.9.0
[INFO] [stderr]    Compiling hashbrown v0.14.3
[INFO] [stderr]    Compiling wasm-bindgen-backend v0.2.89
[INFO] [stderr]    Compiling env_logger v0.9.3
[INFO] [stderr]    Compiling equivalent v1.0.1
[INFO] [stderr]    Compiling constant_time_eq v0.3.0
[INFO] [stderr]    Compiling keccak v0.1.4
[INFO] [stderr]    Compiling zeroize v1.3.0
[INFO] [stderr]    Compiling wasm-bindgen-macro-support v0.2.89
[INFO] [stderr]    Compiling borsh-schema-derive-internal v0.9.3
[INFO] [stderr]    Compiling borsh-derive-internal v0.9.3
[INFO] [stderr]    Compiling solana-logger v1.9.29
[INFO] [stderr]    Compiling base64 v0.12.3
[INFO] [stderr]    Compiling byteorder v1.5.0
[INFO] [stderr]    Compiling arrayvec v0.7.4
[INFO] [stderr]    Compiling indexmap v2.1.0
[INFO] [stderr]    Compiling itertools v0.10.5
[INFO] [stderr]    Compiling winnow v0.5.32
[INFO] [stderr]    Compiling toml_datetime v0.6.5
[INFO] [stderr]    Compiling base64 v0.13.1
[INFO] [stderr]    Compiling serde_derive v1.0.194
[INFO] [stderr]    Compiling thiserror-impl v1.0.56
[INFO] [stderr]    Compiling bytemuck_derive v1.5.0
[INFO] [stderr]    Compiling wasm-bindgen-macro v0.2.89
[INFO] [stderr]    Compiling toml_edit v0.19.15
[INFO] [stderr]    Compiling num-derive v0.3.3
[INFO] [stderr]    Compiling solana-sdk-macro v1.9.29
[INFO] [stderr]    Compiling thiserror v1.0.56
[INFO] [stderr]    Compiling bytemuck v1.14.0
[INFO] [stderr]    Compiling proc-macro-crate v1.3.1
[INFO] [stderr]    Compiling num_enum_derive v0.5.11
[INFO] [stderr]    Compiling num_enum v0.5.11
[INFO] [stderr]    Compiling toml v0.5.11
[INFO] [stderr]    Compiling bincode v1.3.3
[INFO] [stderr]    Compiling serde_bytes v0.11.14
[INFO] [stderr]    Compiling shank_macro_impl v0.0.12
[INFO] [stderr]    Compiling crypto-mac v0.8.0
[INFO] [stderr]    Compiling block-buffer v0.10.4
[INFO] [stderr]    Compiling crypto-common v0.1.6
[INFO] [stderr]    Compiling shank_render v0.0.1
[INFO] [stderr]    Compiling hmac v0.8.1
[INFO] [stderr]    Compiling digest v0.10.7
[INFO] [stderr]    Compiling hmac-drbg v0.3.0
[INFO] [stderr]    Compiling sha3 v0.9.1
[INFO] [stderr]    Compiling anchor-syn v0.24.2
[INFO] [stderr]    Compiling proc-macro-crate v0.1.5
[INFO] [stderr]    Compiling curve25519-dalek v3.2.1
[INFO] [stderr]    Compiling shank_macro v0.0.12
[INFO] [stderr]    Compiling borsh-derive v0.9.3
[INFO] [stderr]    Compiling shank v0.0.12
[INFO] [stderr]    Compiling borsh v0.9.3
[INFO] [stderr]    Compiling anchor-attribute-constant v0.24.2
[INFO] [stderr]    Compiling anchor-derive-accounts v0.24.2
[INFO] [stderr]    Compiling anchor-attribute-program v0.24.2
[INFO] [stderr]    Compiling anchor-attribute-state v0.24.2
[INFO] [stderr]    Compiling anchor-attribute-error v0.24.2
[INFO] [stderr]    Compiling anchor-attribute-account v0.24.2
[INFO] [stderr]    Compiling anchor-attribute-event v0.24.2
[INFO] [stderr]    Compiling anchor-attribute-interface v0.24.2
[INFO] [stderr]    Compiling anchor-attribute-access-control v0.24.2
[INFO] [stderr]    Compiling spl-token v3.3.0
[INFO] [stderr]    Compiling sol-did v0.2.0
[INFO] [stderr]    Compiling anchor-lang v0.24.2
[INFO] [stderr]    Compiling solana-gateway v0.1.2
[INFO] [stderr]    Compiling spl-associated-token-account v1.0.5
[INFO] [stderr]    Compiling mpl-token-vault v0.1.0
[INFO] [stderr]    Compiling anchor-spl v0.24.2
[INFO] [stderr]    Compiling mpl-token-metadata v1.4.3
[INFO] [stderr]    Compiling mpl-candy-machine-nano v0.1.0 (/opt/rustwide/workdir)
[INFO] [stdout] warning: unused import: `str::FromStr`
[INFO] [stdout]   --> src/lib.rs:33:37
[INFO] [stdout]    |
[INFO] [stdout] 33 | use std::{cell::RefMut, ops::Deref, str::FromStr};
[INFO] [stdout]    |                                     ^^^^^^^^^^^^
[INFO] [stdout]    |
[INFO] [stdout]    = note: `#[warn(unused_imports)]` on by default
[INFO] [stdout] 
[INFO] [stdout] 
[INFO] [stdout] warning: unused doc comment
[INFO] [stdout]    --> src/lib.rs:574:9
[INFO] [stdout]     |
[INFO] [stdout] 574 |           /// Check if the metadata acount has data if not bot fee
[INFO] [stdout]     |           ^^^^^^^^^^^^^^^^^^^^^^^^^^^^^^^^^^^^^^^^^^^^^^^^^^^^^^^^
[INFO] [stdout] 575 | /         if ctx.accounts.metadata.owner != &mpl_token_metadata::id()
[INFO] [stdout] 576 | |             || ctx.accounts.token_metadata_program.data_len() == 0
[INFO] [stdout] 577 | |         {
[INFO] [stdout] 578 | |             return Ok(());
[INFO] [stdout] 579 | |         }
[INFO] [stdout]     | |_________- rustdoc does not generate documentation for expressions
[INFO] [stdout]     |
[INFO] [stdout]     = help: use `//` for a plain comment
[INFO] [stdout]     = note: `#[warn(unused_doc_comments)]` on by default
[INFO] [stdout] 
[INFO] [stdout] 
[INFO] [stdout] error[E0599]: no function or associated item named `from_account_info` found for struct `mpl_token_metadata::state::Metadata` in the current scope
[INFO] [stdout]    --> src/lib.rs:851:23
[INFO] [stdout]     |
[INFO] [stdout] 851 |             Metadata::from_account_info(&ctx.accounts.metadata.to_account_info())?;
[INFO] [stdout]     |                       ^^^^^^^^^^^^^^^^^ function or associated item not found in `Metadata`
[INFO] [stdout]     |
[INFO] [stdout]     = help: items from traits can only be used if the trait is in scope
[INFO] [stdout] help: the following trait is implemented but not in scope; perhaps add a `use` for it:
[INFO] [stdout]     |
[INFO] [stdout] 46  +     use mpl_token_metadata::state::TokenMetadataAccount;
[INFO] [stdout]     |
[INFO] [stdout] 
[INFO] [stdout] 
[INFO] [stdout] error[E0061]: this function takes 6 arguments but 7 arguments were supplied
[INFO] [stdout]    --> src/lib.rs:896:13
[INFO] [stdout]     |
[INFO] [stdout] 896 |               create_or_allocate_account_raw(
[INFO] [stdout]     |               ^^^^^^^^^^^^^^^^^^^^^^^^^^^^^^
[INFO] [stdout] ...
[INFO] [stdout] 900 |                   &ctx.accounts.system_program.to_account_info(),
[INFO] [stdout]     |  _______________________________________________________________-
[INFO] [stdout] 901 | |                 &ctx.accounts.authority.to_account_info(),
[INFO] [stdout]     | |                 -----------------------------------------
[INFO] [stdout]     | |_________________|_______________________________________|
[INFO] [stdout]     |                   |                                       help: remove the extra argument
[INFO] [stdout]     |                   unexpected argument of type `&anchor_lang::prelude::AccountInfo<'_>`
[INFO] [stdout]     |
[INFO] [stdout] note: function defined here
[INFO] [stdout]    --> /opt/rustwide/cargo-home/registry/src/index.crates.io-6f17d22bba15001f/mpl-token-metadata-1.4.3/src/utils.rs:171:8
[INFO] [stdout]     |
[INFO] [stdout] 171 | pub fn create_or_allocate_account_raw<'a>(
[INFO] [stdout]     |        ^^^^^^^^^^^^^^^^^^^^^^^^^^^^^^
[INFO] [stdout] 
[INFO] [stdout] 
[INFO] [stdout] error[E0599]: no function or associated item named `from_account_info` found for struct `mpl_token_metadata::state::Metadata` in the current scope
[INFO] [stdout]    --> src/lib.rs:922:23
[INFO] [stdout]     |
[INFO] [stdout] 922 |             Metadata::from_account_info(&ctx.accounts.metadata.to_account_info())?;
[INFO] [stdout]     |                       ^^^^^^^^^^^^^^^^^ function or associated item not found in `Metadata`
[INFO] [stdout]     |
[INFO] [stdout]     = help: items from traits can only be used if the trait is in scope
[INFO] [stdout] help: the following trait is implemented but not in scope; perhaps add a `use` for it:
[INFO] [stdout]     |
[INFO] [stdout] 46  +     use mpl_token_metadata::state::TokenMetadataAccount;
[INFO] [stdout]     |
[INFO] [stdout] 
[INFO] [stdout] 
[INFO] [stdout] error: aborting due to 3 previous errors; 2 warnings emitted
[INFO] [stdout] 
[INFO] [stdout] 
[INFO] [stdout] Some errors have detailed explanations: E0061, E0599.
[INFO] [stdout] 
[INFO] [stdout] For more information about an error, try `rustc --explain E0061`.
[INFO] [stdout] 
[INFO] [stderr] error: could not compile `mpl-candy-machine-nano` (lib) due to 4 previous errors; 2 warnings emitted
[INFO] running `Command { std: "docker" "inspect" "b3fab7eef33b5c63e351e74e52b27a2376f7d29942a9eb8e940ec128af14c00b", kill_on_drop: false }`
[INFO] running `Command { std: "docker" "rm" "-f" "b3fab7eef33b5c63e351e74e52b27a2376f7d29942a9eb8e940ec128af14c00b", kill_on_drop: false }`
[INFO] [stdout] b3fab7eef33b5c63e351e74e52b27a2376f7d29942a9eb8e940ec128af14c00b
