[INFO] fetching crate mpl-auction-house 1.4.1...
[INFO] testing mpl-auction-house-1.4.1 against 1.75.0 for beta-1.76-1
[INFO] extracting crate mpl-auction-house 1.4.1 into /workspace/builds/worker-3-tc1/source
[INFO] validating manifest of crates.io crate mpl-auction-house 1.4.1 on toolchain 1.75.0
[INFO] running `Command { std: CARGO_HOME="/workspace/cargo-home" RUSTUP_HOME="/workspace/rustup-home" "/workspace/cargo-home/bin/cargo" "+1.75.0" "metadata" "--manifest-path" "Cargo.toml" "--no-deps", kill_on_drop: false }`
[INFO] started tweaking crates.io crate mpl-auction-house 1.4.1
[INFO] finished tweaking crates.io crate mpl-auction-house 1.4.1
[INFO] tweaked toml for crates.io crate mpl-auction-house 1.4.1 written to /workspace/builds/worker-3-tc1/source/Cargo.toml
[INFO] running `Command { std: CARGO_HOME="/workspace/cargo-home" RUSTUP_HOME="/workspace/rustup-home" "/workspace/cargo-home/bin/cargo" "+1.75.0" "generate-lockfile" "--manifest-path" "Cargo.toml", kill_on_drop: false }`
[INFO] [stderr]     Updating crates.io index
[INFO] running `Command { std: CARGO_HOME="/workspace/cargo-home" RUSTUP_HOME="/workspace/rustup-home" "/workspace/cargo-home/bin/cargo" "+1.75.0" "fetch" "--manifest-path" "Cargo.toml", kill_on_drop: false }`
[INFO] [stderr]  Downloading crates ...
[INFO] [stderr]   Downloaded anchor-attribute-account v0.26.0
[INFO] [stderr]   Downloaded anchor-attribute-error v0.26.0
[INFO] [stderr]   Downloaded mpl-utils v0.2.0
[INFO] [stderr]   Downloaded solana-send-transaction-service v1.16.24
[INFO] [stderr]   Downloaded solana-bucket-map v1.16.24
[INFO] [stderr]   Downloaded spl-token v4.0.0
[INFO] [stderr]   Downloaded anchor-attribute-program v0.26.0
[INFO] [stderr]   Downloaded solana-config-program v1.16.24
[INFO] [stderr]   Downloaded solana-rpc-client v1.16.24
[INFO] [stderr]   Downloaded rpassword v7.3.1
[INFO] [stderr]   Downloaded mpl-token-auth-rules v1.4.3
[INFO] [stderr]   Downloaded solana-clap-utils v1.16.24
[INFO] [stderr]   Downloaded quinn v0.9.4
[INFO] [stderr]   Downloaded quinn-proto v0.9.6
[INFO] [stderr]   Downloaded anchor-attribute-constant v0.26.0
[INFO] [stderr]   Downloaded anchor-attribute-event v0.26.0
[INFO] [stderr]   Downloaded solana-banks-client v1.16.24
[INFO] [stderr]   Downloaded solana-streamer v1.16.24
[INFO] [stderr]   Downloaded spl-transfer-hook-interface v0.3.0
[INFO] [stderr]   Downloaded spl-token-2022 v0.9.0
[INFO] [stderr]   Downloaded opentelemetry v0.17.0
[INFO] [stderr]   Downloaded solana-loader-v4-program v1.16.24
[INFO] [stderr]   Downloaded solana-zk-token-proof-program v1.16.24
[INFO] [stderr]   Downloaded solana-runtime v1.16.24
[INFO] [stderr]   Downloaded solana-measure v1.16.24
[INFO] [stderr]   Downloaded solana_rbpf v0.6.1
[INFO] [stderr]   Downloaded solana-program-runtime v1.16.24
[INFO] [stderr]   Downloaded anchor-client v0.26.0
[INFO] [stderr]   Downloaded anchor-attribute-access-control v0.26.0
[INFO] [stderr]   Downloaded solana-rpc-client-nonce-utils v1.16.24
[INFO] [stderr]   Downloaded solana-account-decoder v1.16.24
[INFO] [stderr]   Downloaded spl-associated-token-account v2.2.0
[INFO] [stderr]   Downloaded spl-program-error-derive v0.3.1
[INFO] [stderr]   Downloaded solana-bpf-loader-program v1.16.24
[INFO] [stderr]   Downloaded solana-stake-program v1.16.24
[INFO] [stderr]   Downloaded solana-system-program v1.16.24
[INFO] [stderr]   Downloaded mpl-token-metadata-context-derive v0.3.0
[INFO] [stderr]   Downloaded chrono-humanize v0.2.3
[INFO] [stderr]   Downloaded solana-connection-cache v1.16.24
[INFO] [stderr]   Downloaded anchor-syn v0.26.0
[INFO] [stderr]   Downloaded solana-pubsub-client v1.16.24
[INFO] [stderr]   Downloaded spl-token-metadata-interface v0.2.0
[INFO] [stderr]   Downloaded spl-tlv-account-resolution v0.4.0
[INFO] [stderr]   Downloaded tokio-util v0.6.10
[INFO] [stderr]   Downloaded solana-address-lookup-table-program v1.16.24
[INFO] [stderr]   Downloaded spl-discriminator-syn v0.1.1
[INFO] [stderr]   Downloaded spl-pod v0.1.0
[INFO] [stderr]   Downloaded anchor-attribute-interface v0.26.0
[INFO] [stderr]   Downloaded solana-quic-client v1.16.24
[INFO] [stderr]   Downloaded dialoguer v0.10.4
[INFO] [stderr]   Downloaded asn1-rs v0.5.2
[INFO] [stderr]   Downloaded solana-udp-client v1.16.24
[INFO] [stderr]   Downloaded tarpc v0.29.0
[INFO] [stderr]   Downloaded rtoolbox v0.0.2
[INFO] [stderr]   Downloaded solana-remote-wallet v1.16.24
[INFO] [stderr]   Downloaded spl-discriminator v0.1.0
[INFO] [stderr]   Downloaded solana-tpu-client v1.16.24
[INFO] [stderr]   Downloaded anchor-spl v0.26.0
[INFO] [stderr]   Downloaded solana-client v1.16.24
[INFO] [stderr]   Downloaded solana-thin-client v1.16.24
[INFO] [stderr]   Downloaded solana-compute-budget-program v1.16.24
[INFO] [stderr]   Downloaded solana-net-utils v1.16.24
[INFO] [stderr]   Downloaded quinn-udp v0.3.2
[INFO] [stderr]   Downloaded anchor-attribute-state v0.26.0
[INFO] [stderr]   Downloaded solana-metrics v1.16.24
[INFO] [stderr]   Downloaded solana-rpc-client-api v1.16.24
[INFO] [stderr]   Downloaded solana-transaction-status v1.16.24
[INFO] [stderr]   Downloaded spl-discriminator-derive v0.1.1
[INFO] [stderr]   Downloaded solana-rayon-threadlimit v1.16.24
[INFO] [stderr]   Downloaded anchor-lang v0.26.0
[INFO] [stderr]   Downloaded mpl-token-metadata v1.13.1
[INFO] [stderr]   Downloaded solana-vote-program v1.16.24
[INFO] [stderr]   Downloaded der-parser v8.2.0
[INFO] [stderr]   Downloaded spl-memo v4.0.0
[INFO] [stderr]   Downloaded solana-version v1.16.24
[INFO] [stderr]   Downloaded tarpc-plugins v0.12.0
[INFO] [stderr]   Downloaded spl-program-error v0.3.0
[INFO] [stderr]   Downloaded solana-banks-server v1.16.24
[INFO] [stderr]   Downloaded mpl-token-metadata-context-derive v0.2.1
[INFO] [stderr]   Downloaded dir-diff v0.3.3
[INFO] [stderr]   Downloaded spl-type-length-value v0.3.0
[INFO] [stderr]   Downloaded tracing-opentelemetry v0.17.4
[INFO] [stderr]   Downloaded tokio-serde v0.8.0
[INFO] [stderr]   Downloaded solana-perf v1.16.24
[INFO] [stderr]   Downloaded solana-program-test v1.16.24
[INFO] [stderr]   Downloaded anchor-derive-accounts v0.26.0
[INFO] [stderr]   Downloaded solana-banks-interface v1.16.24
[INFO] running `Command { std: "docker" "create" "-v" "/var/lib/crater-agent-workspace/builds/worker-3-tc1/target:/opt/rustwide/target:rw,Z" "-v" "/var/lib/crater-agent-workspace/builds/worker-3-tc1/source:/opt/rustwide/workdir:ro,Z" "-v" "/var/lib/crater-agent-workspace/cargo-home:/opt/rustwide/cargo-home:ro,Z" "-v" "/var/lib/crater-agent-workspace/rustup-home:/opt/rustwide/rustup-home:ro,Z" "-e" "SOURCE_DIR=/opt/rustwide/workdir" "-e" "CARGO_TARGET_DIR=/opt/rustwide/target" "-e" "CARGO_HOME=/opt/rustwide/cargo-home" "-e" "RUSTUP_HOME=/opt/rustwide/rustup-home" "-w" "/opt/rustwide/workdir" "-m" "1610612736" "--user" "0:0" "--network" "none" "ghcr.io/rust-lang/crates-build-env/linux@sha256:2788e3201cd34a07e3172128adcd8b3090168a8e3bcc40d7c032b9dda1df7d1c" "/opt/rustwide/cargo-home/bin/cargo" "+1.75.0" "metadata" "--no-deps" "--format-version=1", kill_on_drop: false }`
[INFO] [stdout] 37c20e1c169c953194542ec0b39cc1fd1cd07e225d656f8dd6e10d00c9eb7247
[INFO] running `Command { std: "docker" "start" "-a" "37c20e1c169c953194542ec0b39cc1fd1cd07e225d656f8dd6e10d00c9eb7247", kill_on_drop: false }`
[INFO] running `Command { std: "docker" "inspect" "37c20e1c169c953194542ec0b39cc1fd1cd07e225d656f8dd6e10d00c9eb7247", kill_on_drop: false }`
[INFO] running `Command { std: "docker" "rm" "-f" "37c20e1c169c953194542ec0b39cc1fd1cd07e225d656f8dd6e10d00c9eb7247", kill_on_drop: false }`
[INFO] [stdout] 37c20e1c169c953194542ec0b39cc1fd1cd07e225d656f8dd6e10d00c9eb7247
[INFO] running `Command { std: "docker" "create" "-v" "/var/lib/crater-agent-workspace/builds/worker-3-tc1/target:/opt/rustwide/target:rw,Z" "-v" "/var/lib/crater-agent-workspace/builds/worker-3-tc1/source:/opt/rustwide/workdir:ro,Z" "-v" "/var/lib/crater-agent-workspace/cargo-home:/opt/rustwide/cargo-home:ro,Z" "-v" "/var/lib/crater-agent-workspace/rustup-home:/opt/rustwide/rustup-home:ro,Z" "-e" "SOURCE_DIR=/opt/rustwide/workdir" "-e" "CARGO_TARGET_DIR=/opt/rustwide/target" "-e" "CARGO_INCREMENTAL=0" "-e" "RUST_BACKTRACE=full" "-e" "RUSTFLAGS=--cap-lints=warn" "-e" "RUSTDOCFLAGS=--cap-lints=warn" "-e" "CARGO_HOME=/opt/rustwide/cargo-home" "-e" "RUSTUP_HOME=/opt/rustwide/rustup-home" "-w" "/opt/rustwide/workdir" "-m" "1610612736" "--user" "0:0" "--network" "none" "ghcr.io/rust-lang/crates-build-env/linux@sha256:2788e3201cd34a07e3172128adcd8b3090168a8e3bcc40d7c032b9dda1df7d1c" "/opt/rustwide/cargo-home/bin/cargo" "+1.75.0" "build" "--frozen" "--message-format=json", kill_on_drop: false }`
[INFO] [stdout] 5edfa987eb04285e9697264d29f789e7b33b9f3ae4239abf584dde52139fd3cc
[INFO] running `Command { std: "docker" "start" "-a" "5edfa987eb04285e9697264d29f789e7b33b9f3ae4239abf584dde52139fd3cc", kill_on_drop: false }`
[INFO] [stderr]    Compiling proc-macro2 v1.0.75
[INFO] [stderr]    Compiling subtle v2.4.1
[INFO] [stderr]    Compiling serde v1.0.194
[INFO] [stderr]    Compiling digest v0.9.0
[INFO] [stderr]    Compiling getrandom v0.1.16
[INFO] [stderr]    Compiling ahash v0.8.7
[INFO] [stderr]    Compiling jobserver v0.1.27
[INFO] [stderr]    Compiling rand_chacha v0.3.1
[INFO] [stderr]    Compiling block-padding v0.2.1
[INFO] [stderr]    Compiling equivalent v1.0.1
[INFO] [stderr]    Compiling rand v0.8.5
[INFO] [stderr]    Compiling cc v1.0.83
[INFO] [stderr]    Compiling libsecp256k1-core v0.2.2
[INFO] [stderr]    Compiling rand_core v0.5.1
[INFO] [stderr]    Compiling hashbrown v0.13.2
[INFO] [stderr]    Compiling hashbrown v0.14.3
[INFO] [stderr]    Compiling rand_chacha v0.2.2
[INFO] [stderr]    Compiling memchr v2.7.1
[INFO] [stderr]    Compiling quote v1.0.35
[INFO] [stderr]    Compiling syn v2.0.48
[INFO] [stderr]    Compiling syn v1.0.109
[INFO] [stderr]    Compiling ark-std v0.4.0
[INFO] [stderr]    Compiling rand v0.7.3
[INFO] [stderr]    Compiling aho-corasick v1.1.2
[INFO] [stderr]    Compiling indexmap v2.1.0
[INFO] [stderr]    Compiling libsecp256k1-gen-genmult v0.2.1
[INFO] [stderr]    Compiling libsecp256k1-gen-ecmult v0.2.1
[INFO] [stderr]    Compiling solana-frozen-abi-macro v1.16.24
[INFO] [stderr]    Compiling toml_datetime v0.6.5
[INFO] [stderr]    Compiling toml_edit v0.19.15
[INFO] [stderr]    Compiling libsecp256k1 v0.6.0
[INFO] [stderr]    Compiling solana-frozen-abi v1.16.24
[INFO] [stderr]    Compiling proc-macro2-diagnostics v0.9.1
[INFO] [stderr]    Compiling blake3 v1.5.0
[INFO] [stderr]    Compiling solana-program v1.16.24
[INFO] [stderr]    Compiling block-buffer v0.9.0
[INFO] [stderr]    Compiling yansi v0.5.1
[INFO] [stderr]    Compiling unicode-segmentation v1.10.1
[INFO] [stderr]    Compiling proc-macro-crate v1.3.1
[INFO] [stderr]    Compiling heck v0.3.3
[INFO] [stderr]    Compiling sha2 v0.9.9
[INFO] [stderr]    Compiling array-bytes v1.4.1
[INFO] [stderr]    Compiling bitflags v1.3.2
[INFO] [stderr]    Compiling bs58 v0.3.1
[INFO] [stderr]    Compiling borsh-schema-derive-internal v0.10.3
[INFO] [stderr]    Compiling borsh-derive-internal v0.10.3
[INFO] [stderr]    Compiling borsh-schema-derive-internal v0.9.3
[INFO] [stderr]    Compiling borsh-derive-internal v0.9.3
[INFO] [stderr]    Compiling regex-syntax v0.8.2
[INFO] [stderr]    Compiling solana-sdk v1.16.24
[INFO] [stderr]    Compiling chrono v0.4.31
[INFO] [stderr]    Compiling wasm-bindgen-backend v0.2.89
[INFO] [stderr]    Compiling darling_core v0.20.3
[INFO] [stderr]    Compiling rmp v0.8.12
[INFO] [stderr]    Compiling regex-automata v0.4.3
[INFO] [stderr]    Compiling wasm-bindgen-macro-support v0.2.89
[INFO] [stderr]    Compiling ark-serialize-derive v0.4.2
[INFO] [stderr]    Compiling ark-ff-asm v0.4.2
[INFO] [stderr]    Compiling ark-ff-macros v0.4.2
[INFO] [stderr]    Compiling derivative v2.2.0
[INFO] [stderr]    Compiling serde_derive v1.0.194
[INFO] [stderr]    Compiling thiserror-impl v1.0.56
[INFO] [stderr]    Compiling zeroize_derive v1.4.2
[INFO] [stderr]    Compiling wasm-bindgen-macro v0.2.89
[INFO] [stderr]    Compiling bytemuck_derive v1.5.0
[INFO] [stderr]    Compiling solana-sdk-macro v1.16.24
[INFO] [stderr]    Compiling zeroize v1.3.0
[INFO] [stderr]    Compiling num-derive v0.3.3
[INFO] [stderr]    Compiling wasm-bindgen v0.2.89
[INFO] [stderr]    Compiling thiserror v1.0.56
[INFO] [stderr]    Compiling darling_macro v0.20.3
[INFO] [stderr]    Compiling regex v1.10.2
[INFO] [stderr]    Compiling bytemuck v1.14.0
[INFO] [stderr]    Compiling num_enum_derive v0.6.1
[INFO] [stderr]    Compiling env_logger v0.9.3
[INFO] [stderr]    Compiling num_enum_derive v0.5.11
[INFO] [stderr]    Compiling merlin v3.0.0
[INFO] [stderr]    Compiling darling v0.20.3
[INFO] [stderr]    Compiling solana-logger v1.16.24
[INFO] [stderr]    Compiling serde_with_macros v2.3.3
[INFO] [stderr]    Compiling mpl-token-metadata-context-derive v0.2.1
[INFO] [stderr]    Compiling base64 v0.13.1
[INFO] [stderr]    Compiling mpl-token-metadata-context-derive v0.3.0
[INFO] [stderr]    Compiling num_enum v0.5.11
[INFO] [stderr]    Compiling num_enum v0.6.1
[INFO] [stderr]    Compiling toml v0.5.11
[INFO] [stderr]    Compiling serde_json v1.0.111
[INFO] [stderr]    Compiling shank_macro_impl v0.0.11
[INFO] [stderr]    Compiling generic-array v0.14.7
[INFO] [stderr]    Compiling serde_bytes v0.11.14
[INFO] [stderr]    Compiling im v15.1.0
[INFO] [stderr]    Compiling bv v0.11.1
[INFO] [stderr]    Compiling bincode v1.3.3
[INFO] [stderr]    Compiling serde_with v2.3.3
[INFO] [stderr]    Compiling crypto-common v0.1.6
[INFO] [stderr]    Compiling block-buffer v0.10.4
[INFO] [stderr]    Compiling digest v0.10.7
[INFO] [stderr]    Compiling crypto-mac v0.8.0
[INFO] [stderr]    Compiling proc-macro-crate v0.1.5
[INFO] [stderr]    Compiling ark-serialize v0.4.2
[INFO] [stderr]    Compiling hmac v0.8.1
[INFO] [stderr]    Compiling curve25519-dalek v3.2.1
[INFO] [stderr]    Compiling ark-ff v0.4.2
[INFO] [stderr]    Compiling sha2 v0.10.8
[INFO] [stderr]    Compiling hmac-drbg v0.3.0
[INFO] [stderr]    Compiling pbkdf2 v0.4.0
[INFO] [stderr]    Compiling borsh-derive v0.10.3
[INFO] [stderr]    Compiling borsh-derive v0.9.3
[INFO] [stderr]    Compiling tiny-bip39 v0.8.2
[INFO] [stderr]    Compiling sha3 v0.10.8
[INFO] [stderr]    Compiling anchor-syn v0.26.0
[INFO] [stderr]    Compiling cipher v0.3.0
[INFO] [stderr]    Compiling ed25519-dalek v1.0.1
[INFO] [stderr]    Compiling borsh v0.9.3
[INFO] [stderr]    Compiling borsh v0.10.3
[INFO] [stderr]    Compiling hmac v0.12.1
[INFO] [stderr]    Compiling universal-hash v0.4.1
[INFO] [stderr]    Compiling polyval v0.5.3
[INFO] [stderr]    Compiling ed25519-dalek-bip32 v0.2.0
[INFO] [stderr]    Compiling ctr v0.8.0
[INFO] [stderr]    Compiling aes v0.7.5
[INFO] [stderr]    Compiling pbkdf2 v0.11.0
[INFO] [stderr]    Compiling aead v0.4.3
[INFO] [stderr]    Compiling sha3 v0.9.1
[INFO] [stderr]    Compiling shank_macro v0.0.11
[INFO] [stderr]    Compiling rmp-serde v1.1.2
[INFO] [stderr]    Compiling aes-gcm-siv v0.10.3
[INFO] [stderr]    Compiling shank v0.0.11
[INFO] [stderr]    Compiling anchor-attribute-access-control v0.26.0
[INFO] [stderr]    Compiling anchor-attribute-account v0.26.0
[INFO] [stderr]    Compiling anchor-attribute-interface v0.26.0
[INFO] [stderr]    Compiling anchor-attribute-program v0.26.0
[INFO] [stderr]    Compiling anchor-derive-accounts v0.26.0
[INFO] [stderr]    Compiling anchor-attribute-constant v0.26.0
[INFO] [stderr]    Compiling anchor-attribute-state v0.26.0
[INFO] [stderr]    Compiling anchor-attribute-event v0.26.0
[INFO] [stderr]    Compiling anchor-attribute-error v0.26.0
[INFO] [stderr]    Compiling ark-poly v0.4.2
[INFO] [stderr]    Compiling ark-ec v0.4.2
[INFO] [stderr]    Compiling ark-bn254 v0.4.0
[INFO] [stderr]    Compiling spl-token v3.5.0
[INFO] [stderr]    Compiling spl-memo v3.0.1
[INFO] [stderr]    Compiling anchor-lang v0.26.0
[INFO] [stderr]    Compiling mpl-utils v0.2.0
[INFO] [stderr]    Compiling solana-zk-token-sdk v1.16.24
[INFO] [stderr]    Compiling spl-token-2022 v0.6.1
[INFO] [stderr]    Compiling mpl-token-auth-rules v1.4.3
[INFO] [stderr]    Compiling spl-associated-token-account v1.1.3
[INFO] [stderr]    Compiling mpl-token-metadata v1.13.1
[INFO] [stderr]    Compiling anchor-spl v0.26.0
[INFO] [stdout] error[E0277]: the trait bound `mpl_token_auth_rules::payload::Payload: borsh::BorshSerialize` is not satisfied
[INFO] [stdout]   --> /opt/rustwide/cargo-home/registry/src/index.crates.io-6f17d22bba15001f/mpl-token-metadata-1.13.1/src/instruction/mod.rs:48:10
[INFO] [stdout]    |
[INFO] [stdout] 48 | #[derive(BorshSerialize, BorshDeserialize, Clone, ShankInstruction, AccountContext)]
[INFO] [stdout]    |          ^^^^^^^^^^^^^^ the trait `borsh::BorshSerialize` is not implemented for `mpl_token_auth_rules::payload::Payload`
[INFO] [stdout]    |
[INFO] [stdout]    = help: the following other types implement trait `borsh::BorshSerialize`:
[INFO] [stdout]              bool
[INFO] [stdout]              i8
[INFO] [stdout]              i16
[INFO] [stdout]              i32
[INFO] [stdout]              i64
[INFO] [stdout]              i128
[INFO] [stdout]              usize
[INFO] [stdout]              u8
[INFO] [stdout]            and 164 others
[INFO] [stdout] note: required for `AuthorizationData` to implement `borsh::BorshSerialize`
[INFO] [stdout]   --> /opt/rustwide/cargo-home/registry/src/index.crates.io-6f17d22bba15001f/mpl-token-metadata-1.13.1/src/processor/mod.rs:58:10
[INFO] [stdout]    |
[INFO] [stdout] 58 | #[derive(BorshSerialize, BorshDeserialize, PartialEq, Eq, Debug, Clone)]
[INFO] [stdout]    |          ^^^^^^^^^^^^^^ unsatisfied trait bound introduced in this `derive` macro
[INFO] [stdout] 59 | pub struct AuthorizationData {
[INFO] [stdout]    |            ^^^^^^^^^^^^^^^^^
[INFO] [stdout]    = note: 2 redundant requirements hidden
[INFO] [stdout]    = note: required for `instruction::uses::UseArgs` to implement `borsh::BorshSerialize`
[INFO] [stdout]    = help: see issue #48214
[INFO] [stdout]    = note: this error originates in the derive macro `BorshSerialize` (in Nightly builds, run with -Z macro-backtrace for more info)
[INFO] [stdout] 
[INFO] [stdout] 
[INFO] [stdout] error[E0277]: the trait bound `mpl_token_auth_rules::payload::Payload: borsh::BorshDeserialize` is not satisfied
[INFO] [stdout]   --> /opt/rustwide/cargo-home/registry/src/index.crates.io-6f17d22bba15001f/mpl-token-metadata-1.13.1/src/instruction/mod.rs:48:26
[INFO] [stdout]    |
[INFO] [stdout] 48 | #[derive(BorshSerialize, BorshDeserialize, Clone, ShankInstruction, AccountContext)]
[INFO] [stdout]    |                          ^^^^^^^^^^^^^^^^ the trait `borsh::BorshDeserialize` is not implemented for `mpl_token_auth_rules::payload::Payload`
[INFO] [stdout]    |
[INFO] [stdout]    = help: the following other types implement trait `borsh::BorshDeserialize`:
[INFO] [stdout]              bool
[INFO] [stdout]              i8
[INFO] [stdout]              i16
[INFO] [stdout]              i32
[INFO] [stdout]              i64
[INFO] [stdout]              i128
[INFO] [stdout]              usize
[INFO] [stdout]              u8
[INFO] [stdout]            and 161 others
[INFO] [stdout] note: required for `AuthorizationData` to implement `borsh::BorshDeserialize`
[INFO] [stdout]   --> /opt/rustwide/cargo-home/registry/src/index.crates.io-6f17d22bba15001f/mpl-token-metadata-1.13.1/src/processor/mod.rs:58:26
[INFO] [stdout]    |
[INFO] [stdout] 58 | #[derive(BorshSerialize, BorshDeserialize, PartialEq, Eq, Debug, Clone)]
[INFO] [stdout]    |                          ^^^^^^^^^^^^^^^^ unsatisfied trait bound introduced in this `derive` macro
[INFO] [stdout] 59 | pub struct AuthorizationData {
[INFO] [stdout]    |            ^^^^^^^^^^^^^^^^^
[INFO] [stdout]    = note: 2 redundant requirements hidden
[INFO] [stdout]    = note: required for `instruction::uses::UseArgs` to implement `borsh::BorshDeserialize`
[INFO] [stdout]    = help: see issue #48214
[INFO] [stdout]    = note: this error originates in the derive macro `BorshDeserialize` (in Nightly builds, run with -Z macro-backtrace for more info)
[INFO] [stdout] 
[INFO] [stdout] 
[INFO] [stdout] error[E0277]: the trait bound `mpl_token_auth_rules::payload::Payload: borsh::BorshSerialize` is not satisfied
[INFO] [stdout]   --> /opt/rustwide/cargo-home/registry/src/index.crates.io-6f17d22bba15001f/mpl-token-metadata-1.13.1/src/instruction/delegate.rs:17:10
[INFO] [stdout]    |
[INFO] [stdout] 17 | #[derive(BorshSerialize, BorshDeserialize, PartialEq, Eq, Debug, Clone)]
[INFO] [stdout]    |          ^^^^^^^^^^^^^^ the trait `borsh::BorshSerialize` is not implemented for `mpl_token_auth_rules::payload::Payload`
[INFO] [stdout]    |
[INFO] [stdout]    = help: the following other types implement trait `borsh::BorshSerialize`:
[INFO] [stdout]              bool
[INFO] [stdout]              i8
[INFO] [stdout]              i16
[INFO] [stdout]              i32
[INFO] [stdout]              i64
[INFO] [stdout]              i128
[INFO] [stdout]              usize
[INFO] [stdout]              u8
[INFO] [stdout]            and 164 others
[INFO] [stdout] note: required for `AuthorizationData` to implement `borsh::BorshSerialize`
[INFO] [stdout]   --> /opt/rustwide/cargo-home/registry/src/index.crates.io-6f17d22bba15001f/mpl-token-metadata-1.13.1/src/processor/mod.rs:58:10
[INFO] [stdout]    |
[INFO] [stdout] 58 | #[derive(BorshSerialize, BorshDeserialize, PartialEq, Eq, Debug, Clone)]
[INFO] [stdout]    |          ^^^^^^^^^^^^^^ unsatisfied trait bound introduced in this `derive` macro
[INFO] [stdout] 59 | pub struct AuthorizationData {
[INFO] [stdout]    |            ^^^^^^^^^^^^^^^^^
[INFO] [stdout]    = note: 1 redundant requirement hidden
[INFO] [stdout]    = note: required for `Option<AuthorizationData>` to implement `borsh::BorshSerialize`
[INFO] [stdout]    = help: see issue #48214
[INFO] [stdout]    = note: this error originates in the derive macro `BorshSerialize` (in Nightly builds, run with -Z macro-backtrace for more info)
[INFO] [stdout] 
[INFO] [stdout] 
[INFO] [stdout] error[E0277]: the trait bound `mpl_token_auth_rules::payload::Payload: borsh::BorshDeserialize` is not satisfied
[INFO] [stdout]   --> /opt/rustwide/cargo-home/registry/src/index.crates.io-6f17d22bba15001f/mpl-token-metadata-1.13.1/src/instruction/delegate.rs:17:26
[INFO] [stdout]    |
[INFO] [stdout] 17 | #[derive(BorshSerialize, BorshDeserialize, PartialEq, Eq, Debug, Clone)]
[INFO] [stdout]    |                          ^^^^^^^^^^^^^^^^ the trait `borsh::BorshDeserialize` is not implemented for `mpl_token_auth_rules::payload::Payload`
[INFO] [stdout]    |
[INFO] [stdout]    = help: the following other types implement trait `borsh::BorshDeserialize`:
[INFO] [stdout]              bool
[INFO] [stdout]              i8
[INFO] [stdout]              i16
[INFO] [stdout]              i32
[INFO] [stdout]              i64
[INFO] [stdout]              i128
[INFO] [stdout]              usize
[INFO] [stdout]              u8
[INFO] [stdout]            and 161 others
[INFO] [stdout] note: required for `AuthorizationData` to implement `borsh::BorshDeserialize`
[INFO] [stdout]   --> /opt/rustwide/cargo-home/registry/src/index.crates.io-6f17d22bba15001f/mpl-token-metadata-1.13.1/src/processor/mod.rs:58:26
[INFO] [stdout]    |
[INFO] [stdout] 58 | #[derive(BorshSerialize, BorshDeserialize, PartialEq, Eq, Debug, Clone)]
[INFO] [stdout]    |                          ^^^^^^^^^^^^^^^^ unsatisfied trait bound introduced in this `derive` macro
[INFO] [stdout] 59 | pub struct AuthorizationData {
[INFO] [stdout]    |            ^^^^^^^^^^^^^^^^^
[INFO] [stdout]    = note: 1 redundant requirement hidden
[INFO] [stdout]    = note: required for `Option<AuthorizationData>` to implement `borsh::BorshDeserialize`
[INFO] [stdout]    = help: see issue #48214
[INFO] [stdout]    = note: this error originates in the derive macro `BorshDeserialize` (in Nightly builds, run with -Z macro-backtrace for more info)
[INFO] [stdout] 
[INFO] [stdout] 
[INFO] [stdout] error[E0277]: the trait bound `mpl_token_auth_rules::payload::Payload: borsh::BorshSerialize` is not satisfied
[INFO] [stdout]   --> /opt/rustwide/cargo-home/registry/src/index.crates.io-6f17d22bba15001f/mpl-token-metadata-1.13.1/src/instruction/metadata.rs:53:10
[INFO] [stdout]    |
[INFO] [stdout] 53 | #[derive(BorshSerialize, BorshDeserialize, PartialEq, Eq, Debug, Clone)]
[INFO] [stdout]    |          ^^^^^^^^^^^^^^ the trait `borsh::BorshSerialize` is not implemented for `mpl_token_auth_rules::payload::Payload`
[INFO] [stdout]    |
[INFO] [stdout]    = help: the following other types implement trait `borsh::BorshSerialize`:
[INFO] [stdout]              bool
[INFO] [stdout]              i8
[INFO] [stdout]              i16
[INFO] [stdout]              i32
[INFO] [stdout]              i64
[INFO] [stdout]              i128
[INFO] [stdout]              usize
[INFO] [stdout]              u8
[INFO] [stdout]            and 164 others
[INFO] [stdout] note: required for `AuthorizationData` to implement `borsh::BorshSerialize`
[INFO] [stdout]   --> /opt/rustwide/cargo-home/registry/src/index.crates.io-6f17d22bba15001f/mpl-token-metadata-1.13.1/src/processor/mod.rs:58:10
[INFO] [stdout]    |
[INFO] [stdout] 58 | #[derive(BorshSerialize, BorshDeserialize, PartialEq, Eq, Debug, Clone)]
[INFO] [stdout]    |          ^^^^^^^^^^^^^^ unsatisfied trait bound introduced in this `derive` macro
[INFO] [stdout] 59 | pub struct AuthorizationData {
[INFO] [stdout]    |            ^^^^^^^^^^^^^^^^^
[INFO] [stdout]    = note: 1 redundant requirement hidden
[INFO] [stdout]    = note: required for `Option<AuthorizationData>` to implement `borsh::BorshSerialize`
[INFO] [stdout]    = help: see issue #48214
[INFO] [stdout]    = note: this error originates in the derive macro `BorshSerialize` (in Nightly builds, run with -Z macro-backtrace for more info)
[INFO] [stdout] 
[INFO] [stdout] 
[INFO] [stdout] error[E0277]: the trait bound `mpl_token_auth_rules::payload::Payload: borsh::BorshDeserialize` is not satisfied
[INFO] [stdout]   --> /opt/rustwide/cargo-home/registry/src/index.crates.io-6f17d22bba15001f/mpl-token-metadata-1.13.1/src/instruction/metadata.rs:53:26
[INFO] [stdout]    |
[INFO] [stdout] 53 | #[derive(BorshSerialize, BorshDeserialize, PartialEq, Eq, Debug, Clone)]
[INFO] [stdout]    |                          ^^^^^^^^^^^^^^^^ the trait `borsh::BorshDeserialize` is not implemented for `mpl_token_auth_rules::payload::Payload`
[INFO] [stdout]    |
[INFO] [stdout]    = help: the following other types implement trait `borsh::BorshDeserialize`:
[INFO] [stdout]              bool
[INFO] [stdout]              i8
[INFO] [stdout]              i16
[INFO] [stdout]              i32
[INFO] [stdout]              i64
[INFO] [stdout]              i128
[INFO] [stdout]              usize
[INFO] [stdout]              u8
[INFO] [stdout]            and 161 others
[INFO] [stdout] note: required for `AuthorizationData` to implement `borsh::BorshDeserialize`
[INFO] [stdout]   --> /opt/rustwide/cargo-home/registry/src/index.crates.io-6f17d22bba15001f/mpl-token-metadata-1.13.1/src/processor/mod.rs:58:26
[INFO] [stdout]    |
[INFO] [stdout] 58 | #[derive(BorshSerialize, BorshDeserialize, PartialEq, Eq, Debug, Clone)]
[INFO] [stdout]    |                          ^^^^^^^^^^^^^^^^ unsatisfied trait bound introduced in this `derive` macro
[INFO] [stdout] 59 | pub struct AuthorizationData {
[INFO] [stdout]    |            ^^^^^^^^^^^^^^^^^
[INFO] [stdout]    = note: 1 redundant requirement hidden
[INFO] [stdout]    = note: required for `Option<AuthorizationData>` to implement `borsh::BorshDeserialize`
[INFO] [stdout]    = help: see issue #48214
[INFO] [stdout]    = note: this error originates in the derive macro `BorshDeserialize` (in Nightly builds, run with -Z macro-backtrace for more info)
[INFO] [stdout] 
[INFO] [stdout] 
[INFO] [stdout] error[E0277]: the trait bound `mpl_token_auth_rules::payload::Payload: borsh::BorshSerialize` is not satisfied
[INFO] [stdout]   --> /opt/rustwide/cargo-home/registry/src/index.crates.io-6f17d22bba15001f/mpl-token-metadata-1.13.1/src/instruction/metadata.rs:64:10
[INFO] [stdout]    |
[INFO] [stdout] 64 | #[derive(BorshSerialize, BorshDeserialize, PartialEq, Eq, Debug, Clone)]
[INFO] [stdout]    |          ^^^^^^^^^^^^^^ the trait `borsh::BorshSerialize` is not implemented for `mpl_token_auth_rules::payload::Payload`
[INFO] [stdout]    |
[INFO] [stdout]    = help: the following other types implement trait `borsh::BorshSerialize`:
[INFO] [stdout]              bool
[INFO] [stdout]              i8
[INFO] [stdout]              i16
[INFO] [stdout]              i32
[INFO] [stdout]              i64
[INFO] [stdout]              i128
[INFO] [stdout]              usize
[INFO] [stdout]              u8
[INFO] [stdout]            and 164 others
[INFO] [stdout] note: required for `AuthorizationData` to implement `borsh::BorshSerialize`
[INFO] [stdout]   --> /opt/rustwide/cargo-home/registry/src/index.crates.io-6f17d22bba15001f/mpl-token-metadata-1.13.1/src/processor/mod.rs:58:10
[INFO] [stdout]    |
[INFO] [stdout] 58 | #[derive(BorshSerialize, BorshDeserialize, PartialEq, Eq, Debug, Clone)]
[INFO] [stdout]    |          ^^^^^^^^^^^^^^ unsatisfied trait bound introduced in this `derive` macro
[INFO] [stdout] 59 | pub struct AuthorizationData {
[INFO] [stdout]    |            ^^^^^^^^^^^^^^^^^
[INFO] [stdout]    = note: 1 redundant requirement hidden
[INFO] [stdout]    = note: required for `Option<AuthorizationData>` to implement `borsh::BorshSerialize`
[INFO] [stdout]    = help: see issue #48214
[INFO] [stdout]    = note: this error originates in the derive macro `BorshSerialize` (in Nightly builds, run with -Z macro-backtrace for more info)
[INFO] [stdout] 
[INFO] [stdout] 
[INFO] [stdout] error[E0277]: the trait bound `mpl_token_auth_rules::payload::Payload: borsh::BorshDeserialize` is not satisfied
[INFO] [stdout]   --> /opt/rustwide/cargo-home/registry/src/index.crates.io-6f17d22bba15001f/mpl-token-metadata-1.13.1/src/instruction/metadata.rs:64:26
[INFO] [stdout]    |
[INFO] [stdout] 64 | #[derive(BorshSerialize, BorshDeserialize, PartialEq, Eq, Debug, Clone)]
[INFO] [stdout]    |                          ^^^^^^^^^^^^^^^^ the trait `borsh::BorshDeserialize` is not implemented for `mpl_token_auth_rules::payload::Payload`
[INFO] [stdout]    |
[INFO] [stdout]    = help: the following other types implement trait `borsh::BorshDeserialize`:
[INFO] [stdout]              bool
[INFO] [stdout]              i8
[INFO] [stdout]              i16
[INFO] [stdout]              i32
[INFO] [stdout]              i64
[INFO] [stdout]              i128
[INFO] [stdout]              usize
[INFO] [stdout]              u8
[INFO] [stdout]            and 161 others
[INFO] [stdout] note: required for `AuthorizationData` to implement `borsh::BorshDeserialize`
[INFO] [stdout]   --> /opt/rustwide/cargo-home/registry/src/index.crates.io-6f17d22bba15001f/mpl-token-metadata-1.13.1/src/processor/mod.rs:58:26
[INFO] [stdout]    |
[INFO] [stdout] 58 | #[derive(BorshSerialize, BorshDeserialize, PartialEq, Eq, Debug, Clone)]
[INFO] [stdout]    |                          ^^^^^^^^^^^^^^^^ unsatisfied trait bound introduced in this `derive` macro
[INFO] [stdout] 59 | pub struct AuthorizationData {
[INFO] [stdout]    |            ^^^^^^^^^^^^^^^^^
[INFO] [stdout]    = note: 1 redundant requirement hidden
[INFO] [stdout]    = note: required for `Option<AuthorizationData>` to implement `borsh::BorshDeserialize`
[INFO] [stdout]    = help: see issue #48214
[INFO] [stdout]    = note: this error originates in the derive macro `BorshDeserialize` (in Nightly builds, run with -Z macro-backtrace for more info)
[INFO] [stdout] 
[INFO] [stdout] 
[INFO] [stdout] error[E0277]: the trait bound `mpl_token_auth_rules::payload::Payload: borsh::BorshSerialize` is not satisfied
[INFO] [stdout]   --> /opt/rustwide/cargo-home/registry/src/index.crates.io-6f17d22bba15001f/mpl-token-metadata-1.13.1/src/instruction/metadata.rs:80:10
[INFO] [stdout]    |
[INFO] [stdout] 80 | #[derive(BorshSerialize, BorshDeserialize, PartialEq, Eq, Debug, Clone)]
[INFO] [stdout]    |          ^^^^^^^^^^^^^^ the trait `borsh::BorshSerialize` is not implemented for `mpl_token_auth_rules::payload::Payload`
[INFO] [stdout]    |
[INFO] [stdout]    = help: the following other types implement trait `borsh::BorshSerialize`:
[INFO] [stdout]              bool
[INFO] [stdout]              i8
[INFO] [stdout]              i16
[INFO] [stdout]              i32
[INFO] [stdout]              i64
[INFO] [stdout]              i128
[INFO] [stdout]              usize
[INFO] [stdout]              u8
[INFO] [stdout]            and 164 others
[INFO] [stdout] note: required for `AuthorizationData` to implement `borsh::BorshSerialize`
[INFO] [stdout]   --> /opt/rustwide/cargo-home/registry/src/index.crates.io-6f17d22bba15001f/mpl-token-metadata-1.13.1/src/processor/mod.rs:58:10
[INFO] [stdout]    |
[INFO] [stdout] 58 | #[derive(BorshSerialize, BorshDeserialize, PartialEq, Eq, Debug, Clone)]
[INFO] [stdout]    |          ^^^^^^^^^^^^^^ unsatisfied trait bound introduced in this `derive` macro
[INFO] [stdout] 59 | pub struct AuthorizationData {
[INFO] [stdout]    |            ^^^^^^^^^^^^^^^^^
[INFO] [stdout]    = note: 1 redundant requirement hidden
[INFO] [stdout]    = note: required for `Option<AuthorizationData>` to implement `borsh::BorshSerialize`
[INFO] [stdout]    = help: see issue #48214
[INFO] [stdout]    = note: this error originates in the derive macro `BorshSerialize` (in Nightly builds, run with -Z macro-backtrace for more info)
[INFO] [stdout] 
[INFO] [stdout] 
[INFO] [stdout] error[E0277]: the trait bound `mpl_token_auth_rules::payload::Payload: borsh::BorshDeserialize` is not satisfied
[INFO] [stdout]   --> /opt/rustwide/cargo-home/registry/src/index.crates.io-6f17d22bba15001f/mpl-token-metadata-1.13.1/src/instruction/metadata.rs:80:26
[INFO] [stdout]    |
[INFO] [stdout] 80 | #[derive(BorshSerialize, BorshDeserialize, PartialEq, Eq, Debug, Clone)]
[INFO] [stdout]    |                          ^^^^^^^^^^^^^^^^ the trait `borsh::BorshDeserialize` is not implemented for `mpl_token_auth_rules::payload::Payload`
[INFO] [stdout]    |
[INFO] [stdout]    = help: the following other types implement trait `borsh::BorshDeserialize`:
[INFO] [stdout]              bool
[INFO] [stdout]              i8
[INFO] [stdout]              i16
[INFO] [stdout]              i32
[INFO] [stdout]              i64
[INFO] [stdout]              i128
[INFO] [stdout]              usize
[INFO] [stdout]              u8
[INFO] [stdout]            and 161 others
[INFO] [stdout] note: required for `AuthorizationData` to implement `borsh::BorshDeserialize`
[INFO] [stdout]   --> /opt/rustwide/cargo-home/registry/src/index.crates.io-6f17d22bba15001f/mpl-token-metadata-1.13.1/src/processor/mod.rs:58:26
[INFO] [stdout]    |
[INFO] [stdout] 58 | #[derive(BorshSerialize, BorshDeserialize, PartialEq, Eq, Debug, Clone)]
[INFO] [stdout]    |                          ^^^^^^^^^^^^^^^^ unsatisfied trait bound introduced in this `derive` macro
[INFO] [stdout] 59 | pub struct AuthorizationData {
[INFO] [stdout]    |            ^^^^^^^^^^^^^^^^^
[INFO] [stdout]    = note: 1 redundant requirement hidden
[INFO] [stdout]    = note: required for `Option<AuthorizationData>` to implement `borsh::BorshDeserialize`
[INFO] [stdout]    = help: see issue #48214
[INFO] [stdout]    = note: this error originates in the derive macro `BorshDeserialize` (in Nightly builds, run with -Z macro-backtrace for more info)
[INFO] [stdout] 
[INFO] [stdout] 
[INFO] [stdout] error[E0277]: the trait bound `mpl_token_auth_rules::payload::Payload: borsh::BorshSerialize` is not satisfied
[INFO] [stdout]   --> /opt/rustwide/cargo-home/registry/src/index.crates.io-6f17d22bba15001f/mpl-token-metadata-1.13.1/src/instruction/state.rs:11:10
[INFO] [stdout]    |
[INFO] [stdout] 11 | #[derive(BorshSerialize, BorshDeserialize, PartialEq, Eq, Debug, Clone)]
[INFO] [stdout]    |          ^^^^^^^^^^^^^^ the trait `borsh::BorshSerialize` is not implemented for `mpl_token_auth_rules::payload::Payload`
[INFO] [stdout]    |
[INFO] [stdout]    = help: the following other types implement trait `borsh::BorshSerialize`:
[INFO] [stdout]              bool
[INFO] [stdout]              i8
[INFO] [stdout]              i16
[INFO] [stdout]              i32
[INFO] [stdout]              i64
[INFO] [stdout]              i128
[INFO] [stdout]              usize
[INFO] [stdout]              u8
[INFO] [stdout]            and 164 others
[INFO] [stdout] note: required for `AuthorizationData` to implement `borsh::BorshSerialize`
[INFO] [stdout]   --> /opt/rustwide/cargo-home/registry/src/index.crates.io-6f17d22bba15001f/mpl-token-metadata-1.13.1/src/processor/mod.rs:58:10
[INFO] [stdout]    |
[INFO] [stdout] 58 | #[derive(BorshSerialize, BorshDeserialize, PartialEq, Eq, Debug, Clone)]
[INFO] [stdout]    |          ^^^^^^^^^^^^^^ unsatisfied trait bound introduced in this `derive` macro
[INFO] [stdout] 59 | pub struct AuthorizationData {
[INFO] [stdout]    |            ^^^^^^^^^^^^^^^^^
[INFO] [stdout]    = note: 1 redundant requirement hidden
[INFO] [stdout]    = note: required for `Option<AuthorizationData>` to implement `borsh::BorshSerialize`
[INFO] [stdout]    = help: see issue #48214
[INFO] [stdout]    = note: this error originates in the derive macro `BorshSerialize` (in Nightly builds, run with -Z macro-backtrace for more info)
[INFO] [stdout] 
[INFO] [stdout] 
[INFO] [stdout] error[E0277]: the trait bound `mpl_token_auth_rules::payload::Payload: borsh::BorshDeserialize` is not satisfied
[INFO] [stdout]   --> /opt/rustwide/cargo-home/registry/src/index.crates.io-6f17d22bba15001f/mpl-token-metadata-1.13.1/src/instruction/state.rs:11:26
[INFO] [stdout]    |
[INFO] [stdout] 11 | #[derive(BorshSerialize, BorshDeserialize, PartialEq, Eq, Debug, Clone)]
[INFO] [stdout]    |                          ^^^^^^^^^^^^^^^^ the trait `borsh::BorshDeserialize` is not implemented for `mpl_token_auth_rules::payload::Payload`
[INFO] [stdout]    |
[INFO] [stdout]    = help: the following other types implement trait `borsh::BorshDeserialize`:
[INFO] [stdout]              bool
[INFO] [stdout]              i8
[INFO] [stdout]              i16
[INFO] [stdout]              i32
[INFO] [stdout]              i64
[INFO] [stdout]              i128
[INFO] [stdout]              usize
[INFO] [stdout]              u8
[INFO] [stdout]            and 161 others
[INFO] [stdout] note: required for `AuthorizationData` to implement `borsh::BorshDeserialize`
[INFO] [stdout]   --> /opt/rustwide/cargo-home/registry/src/index.crates.io-6f17d22bba15001f/mpl-token-metadata-1.13.1/src/processor/mod.rs:58:26
[INFO] [stdout]    |
[INFO] [stdout] 58 | #[derive(BorshSerialize, BorshDeserialize, PartialEq, Eq, Debug, Clone)]
[INFO] [stdout]    |                          ^^^^^^^^^^^^^^^^ unsatisfied trait bound introduced in this `derive` macro
[INFO] [stdout] 59 | pub struct AuthorizationData {
[INFO] [stdout]    |            ^^^^^^^^^^^^^^^^^
[INFO] [stdout]    = note: 1 redundant requirement hidden
[INFO] [stdout]    = note: required for `Option<AuthorizationData>` to implement `borsh::BorshDeserialize`
[INFO] [stdout]    = help: see issue #48214
[INFO] [stdout]    = note: this error originates in the derive macro `BorshDeserialize` (in Nightly builds, run with -Z macro-backtrace for more info)
[INFO] [stdout] 
[INFO] [stdout] 
[INFO] [stdout] error[E0277]: the trait bound `mpl_token_auth_rules::payload::Payload: borsh::BorshSerialize` is not satisfied
[INFO] [stdout]   --> /opt/rustwide/cargo-home/registry/src/index.crates.io-6f17d22bba15001f/mpl-token-metadata-1.13.1/src/instruction/state.rs:21:10
[INFO] [stdout]    |
[INFO] [stdout] 21 | #[derive(BorshSerialize, BorshDeserialize, PartialEq, Eq, Debug, Clone)]
[INFO] [stdout]    |          ^^^^^^^^^^^^^^ the trait `borsh::BorshSerialize` is not implemented for `mpl_token_auth_rules::payload::Payload`
[INFO] [stdout]    |
[INFO] [stdout]    = help: the following other types implement trait `borsh::BorshSerialize`:
[INFO] [stdout]              bool
[INFO] [stdout]              i8
[INFO] [stdout]              i16
[INFO] [stdout]              i32
[INFO] [stdout]              i64
[INFO] [stdout]              i128
[INFO] [stdout]              usize
[INFO] [stdout]              u8
[INFO] [stdout]            and 164 others
[INFO] [stdout] note: required for `AuthorizationData` to implement `borsh::BorshSerialize`
[INFO] [stdout]   --> /opt/rustwide/cargo-home/registry/src/index.crates.io-6f17d22bba15001f/mpl-token-metadata-1.13.1/src/processor/mod.rs:58:10
[INFO] [stdout]    |
[INFO] [stdout] 58 | #[derive(BorshSerialize, BorshDeserialize, PartialEq, Eq, Debug, Clone)]
[INFO] [stdout]    |          ^^^^^^^^^^^^^^ unsatisfied trait bound introduced in this `derive` macro
[INFO] [stdout] 59 | pub struct AuthorizationData {
[INFO] [stdout]    |            ^^^^^^^^^^^^^^^^^
[INFO] [stdout]    = note: 1 redundant requirement hidden
[INFO] [stdout]    = note: required for `Option<AuthorizationData>` to implement `borsh::BorshSerialize`
[INFO] [stdout]    = help: see issue #48214
[INFO] [stdout]    = note: this error originates in the derive macro `BorshSerialize` (in Nightly builds, run with -Z macro-backtrace for more info)
[INFO] [stdout] 
[INFO] [stdout] 
[INFO] [stdout] error[E0277]: the trait bound `mpl_token_auth_rules::payload::Payload: borsh::BorshDeserialize` is not satisfied
[INFO] [stdout]   --> /opt/rustwide/cargo-home/registry/src/index.crates.io-6f17d22bba15001f/mpl-token-metadata-1.13.1/src/instruction/state.rs:21:26
[INFO] [stdout]    |
[INFO] [stdout] 21 | #[derive(BorshSerialize, BorshDeserialize, PartialEq, Eq, Debug, Clone)]
[INFO] [stdout]    |                          ^^^^^^^^^^^^^^^^ the trait `borsh::BorshDeserialize` is not implemented for `mpl_token_auth_rules::payload::Payload`
[INFO] [stdout]    |
[INFO] [stdout]    = help: the following other types implement trait `borsh::BorshDeserialize`:
[INFO] [stdout]              bool
[INFO] [stdout]              i8
[INFO] [stdout]              i16
[INFO] [stdout]              i32
[INFO] [stdout]              i64
[INFO] [stdout]              i128
[INFO] [stdout]              usize
[INFO] [stdout]              u8
[INFO] [stdout]            and 161 others
[INFO] [stdout] note: required for `AuthorizationData` to implement `borsh::BorshDeserialize`
[INFO] [stdout]   --> /opt/rustwide/cargo-home/registry/src/index.crates.io-6f17d22bba15001f/mpl-token-metadata-1.13.1/src/processor/mod.rs:58:26
[INFO] [stdout]    |
[INFO] [stdout] 58 | #[derive(BorshSerialize, BorshDeserialize, PartialEq, Eq, Debug, Clone)]
[INFO] [stdout]    |                          ^^^^^^^^^^^^^^^^ unsatisfied trait bound introduced in this `derive` macro
[INFO] [stdout] 59 | pub struct AuthorizationData {
[INFO] [stdout]    |            ^^^^^^^^^^^^^^^^^
[INFO] [stdout]    = note: 1 redundant requirement hidden
[INFO] [stdout]    = note: required for `Option<AuthorizationData>` to implement `borsh::BorshDeserialize`
[INFO] [stdout]    = help: see issue #48214
[INFO] [stdout]    = note: this error originates in the derive macro `BorshDeserialize` (in Nightly builds, run with -Z macro-backtrace for more info)
[INFO] [stdout] 
[INFO] [stdout] 
[INFO] [stdout] error[E0277]: the trait bound `mpl_token_auth_rules::payload::Payload: borsh::BorshSerialize` is not satisfied
[INFO] [stdout]   --> /opt/rustwide/cargo-home/registry/src/index.crates.io-6f17d22bba15001f/mpl-token-metadata-1.13.1/src/instruction/uses.rs:28:10
[INFO] [stdout]    |
[INFO] [stdout] 28 | #[derive(BorshSerialize, BorshDeserialize, PartialEq, Eq, Debug, Clone)]
[INFO] [stdout]    |          ^^^^^^^^^^^^^^ the trait `borsh::BorshSerialize` is not implemented for `mpl_token_auth_rules::payload::Payload`
[INFO] [stdout]    |
[INFO] [stdout]    = help: the following other types implement trait `borsh::BorshSerialize`:
[INFO] [stdout]              bool
[INFO] [stdout]              i8
[INFO] [stdout]              i16
[INFO] [stdout]              i32
[INFO] [stdout]              i64
[INFO] [stdout]              i128
[INFO] [stdout]              usize
[INFO] [stdout]              u8
[INFO] [stdout]            and 164 others
[INFO] [stdout] note: required for `AuthorizationData` to implement `borsh::BorshSerialize`
[INFO] [stdout]   --> /opt/rustwide/cargo-home/registry/src/index.crates.io-6f17d22bba15001f/mpl-token-metadata-1.13.1/src/processor/mod.rs:58:10
[INFO] [stdout]    |
[INFO] [stdout] 58 | #[derive(BorshSerialize, BorshDeserialize, PartialEq, Eq, Debug, Clone)]
[INFO] [stdout]    |          ^^^^^^^^^^^^^^ unsatisfied trait bound introduced in this `derive` macro
[INFO] [stdout] 59 | pub struct AuthorizationData {
[INFO] [stdout]    |            ^^^^^^^^^^^^^^^^^
[INFO] [stdout]    = note: 1 redundant requirement hidden
[INFO] [stdout]    = note: required for `Option<AuthorizationData>` to implement `borsh::BorshSerialize`
[INFO] [stdout]    = help: see issue #48214
[INFO] [stdout]    = note: this error originates in the derive macro `BorshSerialize` (in Nightly builds, run with -Z macro-backtrace for more info)
[INFO] [stdout] 
[INFO] [stdout] 
[INFO] [stdout] error[E0277]: the trait bound `mpl_token_auth_rules::payload::Payload: borsh::BorshDeserialize` is not satisfied
[INFO] [stdout]   --> /opt/rustwide/cargo-home/registry/src/index.crates.io-6f17d22bba15001f/mpl-token-metadata-1.13.1/src/instruction/uses.rs:28:26
[INFO] [stdout]    |
[INFO] [stdout] 28 | #[derive(BorshSerialize, BorshDeserialize, PartialEq, Eq, Debug, Clone)]
[INFO] [stdout]    |                          ^^^^^^^^^^^^^^^^ the trait `borsh::BorshDeserialize` is not implemented for `mpl_token_auth_rules::payload::Payload`
[INFO] [stdout]    |
[INFO] [stdout]    = help: the following other types implement trait `borsh::BorshDeserialize`:
[INFO] [stdout]              bool
[INFO] [stdout]              i8
[INFO] [stdout]              i16
[INFO] [stdout]              i32
[INFO] [stdout]              i64
[INFO] [stdout]              i128
[INFO] [stdout]              usize
[INFO] [stdout]              u8
[INFO] [stdout]            and 161 others
[INFO] [stdout] note: required for `AuthorizationData` to implement `borsh::BorshDeserialize`
[INFO] [stdout]   --> /opt/rustwide/cargo-home/registry/src/index.crates.io-6f17d22bba15001f/mpl-token-metadata-1.13.1/src/processor/mod.rs:58:26
[INFO] [stdout]    |
[INFO] [stdout] 58 | #[derive(BorshSerialize, BorshDeserialize, PartialEq, Eq, Debug, Clone)]
[INFO] [stdout]    |                          ^^^^^^^^^^^^^^^^ unsatisfied trait bound introduced in this `derive` macro
[INFO] [stdout] 59 | pub struct AuthorizationData {
[INFO] [stdout]    |            ^^^^^^^^^^^^^^^^^
[INFO] [stdout]    = note: 1 redundant requirement hidden
[INFO] [stdout]    = note: required for `Option<AuthorizationData>` to implement `borsh::BorshDeserialize`
[INFO] [stdout]    = help: see issue #48214
[INFO] [stdout]    = note: this error originates in the derive macro `BorshDeserialize` (in Nightly builds, run with -Z macro-backtrace for more info)
[INFO] [stdout] 
[INFO] [stdout] 
[INFO] [stdout] error[E0277]: the trait bound `mpl_token_auth_rules::payload::Payload: borsh::BorshSerialize` is not satisfied
[INFO] [stdout]   --> /opt/rustwide/cargo-home/registry/src/index.crates.io-6f17d22bba15001f/mpl-token-metadata-1.13.1/src/processor/mod.rs:58:10
[INFO] [stdout]    |
[INFO] [stdout] 58 | #[derive(BorshSerialize, BorshDeserialize, PartialEq, Eq, Debug, Clone)]
[INFO] [stdout]    |          ^^^^^^^^^^^^^^ the trait `borsh::BorshSerialize` is not implemented for `mpl_token_auth_rules::payload::Payload`
[INFO] [stdout]    |
[INFO] [stdout]    = help: the following other types implement trait `borsh::BorshSerialize`:
[INFO] [stdout]              bool
[INFO] [stdout]              i8
[INFO] [stdout]              i16
[INFO] [stdout]              i32
[INFO] [stdout]              i64
[INFO] [stdout]              i128
[INFO] [stdout]              usize
[INFO] [stdout]              u8
[INFO] [stdout]            and 164 others
[INFO] [stdout]    = help: see issue #48214
[INFO] [stdout]    = note: this error originates in the derive macro `BorshSerialize` (in Nightly builds, run with -Z macro-backtrace for more info)
[INFO] [stdout] 
[INFO] [stdout] 
[INFO] [stdout] error[E0277]: the trait bound `mpl_token_auth_rules::payload::Payload: borsh::BorshDeserialize` is not satisfied
[INFO] [stdout]   --> /opt/rustwide/cargo-home/registry/src/index.crates.io-6f17d22bba15001f/mpl-token-metadata-1.13.1/src/processor/mod.rs:58:26
[INFO] [stdout]    |
[INFO] [stdout] 58 | #[derive(BorshSerialize, BorshDeserialize, PartialEq, Eq, Debug, Clone)]
[INFO] [stdout]    |                          ^^^^^^^^^^^^^^^^ the trait `borsh::BorshDeserialize` is not implemented for `mpl_token_auth_rules::payload::Payload`
[INFO] [stdout]    |
[INFO] [stdout]    = help: the following other types implement trait `borsh::BorshDeserialize`:
[INFO] [stdout]              bool
[INFO] [stdout]              i8
[INFO] [stdout]              i16
[INFO] [stdout]              i32
[INFO] [stdout]              i64
[INFO] [stdout]              i128
[INFO] [stdout]              usize
[INFO] [stdout]              u8
[INFO] [stdout]            and 161 others
[INFO] [stdout]    = help: see issue #48214
[INFO] [stdout]    = note: this error originates in the derive macro `BorshDeserialize` (in Nightly builds, run with -Z macro-backtrace for more info)
[INFO] [stdout] 
[INFO] [stdout] 
[INFO] [stdout] error: aborting due to 18 previous errors
[INFO] [stdout] 
[INFO] [stdout] 
[INFO] [stdout] For more information about this error, try `rustc --explain E0277`.
[INFO] [stdout] 
[INFO] [stderr] error: could not compile `mpl-token-metadata` (lib) due to 19 previous errors
[INFO] running `Command { std: "docker" "inspect" "5edfa987eb04285e9697264d29f789e7b33b9f3ae4239abf584dde52139fd3cc", kill_on_drop: false }`
[INFO] running `Command { std: "docker" "rm" "-f" "5edfa987eb04285e9697264d29f789e7b33b9f3ae4239abf584dde52139fd3cc", kill_on_drop: false }`
[INFO] [stdout] 5edfa987eb04285e9697264d29f789e7b33b9f3ae4239abf584dde52139fd3cc
