[INFO] fetching crate mpc-relay 0.4.0...
[INFO] testing mpc-relay-0.4.0 against 1.75.0 for beta-1.76-1
[INFO] extracting crate mpc-relay 0.4.0 into /workspace/builds/worker-3-tc1/source
[INFO] validating manifest of crates.io crate mpc-relay 0.4.0 on toolchain 1.75.0
[INFO] running `Command { std: CARGO_HOME="/workspace/cargo-home" RUSTUP_HOME="/workspace/rustup-home" "/workspace/cargo-home/bin/cargo" "+1.75.0" "metadata" "--manifest-path" "Cargo.toml" "--no-deps", kill_on_drop: false }`
[INFO] removed /workspace/builds/worker-3-tc1/source/.cargo/config.toml
[INFO] removed /workspace/builds/worker-3-tc1/source/rust-toolchain
[INFO] started tweaking crates.io crate mpc-relay 0.4.0
[INFO] finished tweaking crates.io crate mpc-relay 0.4.0
[INFO] tweaked toml for crates.io crate mpc-relay 0.4.0 written to /workspace/builds/worker-3-tc1/source/Cargo.toml
[INFO] crate crates.io crate mpc-relay 0.4.0 already has a lockfile, it will not be regenerated
[INFO] running `Command { std: CARGO_HOME="/workspace/cargo-home" RUSTUP_HOME="/workspace/rustup-home" "/workspace/cargo-home/bin/cargo" "+1.75.0" "fetch" "--manifest-path" "Cargo.toml", kill_on_drop: false }`
[INFO] [stderr]     Updating crates.io index
[INFO] [stderr]  Downloading crates ...
[INFO] [stderr]   Downloaded toml_edit v0.19.10
[INFO] [stderr]   Downloaded axum-macros v0.3.7
[INFO] [stderr]   Downloaded tower-http v0.4.0
[INFO] [stderr]   Downloaded fiat-crypto v0.1.20
[INFO] [stderr]   Downloaded snow v0.9.2
[INFO] [stderr]   Downloaded mpc-protocol v0.4.0
[INFO] [stderr]   Downloaded curve25519-dalek v4.0.0-rc.1
[INFO] [stderr]   Downloaded libc v0.2.145
[INFO] [stderr]   Downloaded aes-gcm v0.9.2
[INFO] [stderr]   Downloaded ctr v0.7.0
[INFO] [stderr]   Downloaded toml_datetime v0.6.2
[INFO] [stderr]   Downloaded wasm-bindgen-test-macro v0.3.36
[INFO] [stderr]   Downloaded clap v4.3.2
[INFO] [stderr]   Downloaded binary-stream v8.1.0
[INFO] [stderr]   Downloaded serde_spanned v0.6.2
[INFO] [stderr]   Downloaded wasm-bindgen-test v0.3.36
[INFO] [stderr]   Downloaded toml v0.7.4
[INFO] [stderr]   Downloaded wasm-log v0.3.1
[INFO] [stderr]   Downloaded mpc-relay-server v0.4.0
[INFO] running `Command { std: "docker" "create" "-v" "/var/lib/crater-agent-workspace/builds/worker-3-tc1/target:/opt/rustwide/target:rw,Z" "-v" "/var/lib/crater-agent-workspace/builds/worker-3-tc1/source:/opt/rustwide/workdir:ro,Z" "-v" "/var/lib/crater-agent-workspace/cargo-home:/opt/rustwide/cargo-home:ro,Z" "-v" "/var/lib/crater-agent-workspace/rustup-home:/opt/rustwide/rustup-home:ro,Z" "-e" "SOURCE_DIR=/opt/rustwide/workdir" "-e" "CARGO_TARGET_DIR=/opt/rustwide/target" "-e" "CARGO_HOME=/opt/rustwide/cargo-home" "-e" "RUSTUP_HOME=/opt/rustwide/rustup-home" "-w" "/opt/rustwide/workdir" "-m" "1610612736" "--user" "0:0" "--network" "none" "ghcr.io/rust-lang/crates-build-env/linux@sha256:2788e3201cd34a07e3172128adcd8b3090168a8e3bcc40d7c032b9dda1df7d1c" "/opt/rustwide/cargo-home/bin/cargo" "+1.75.0" "metadata" "--no-deps" "--format-version=1", kill_on_drop: false }`
[INFO] [stdout] 7986fb47b32511c1c96d5818f85073de6853a67adb9919a58a3258de8b3e1214
[INFO] running `Command { std: "docker" "start" "-a" "7986fb47b32511c1c96d5818f85073de6853a67adb9919a58a3258de8b3e1214", kill_on_drop: false }`
[INFO] running `Command { std: "docker" "inspect" "7986fb47b32511c1c96d5818f85073de6853a67adb9919a58a3258de8b3e1214", kill_on_drop: false }`
[INFO] running `Command { std: "docker" "rm" "-f" "7986fb47b32511c1c96d5818f85073de6853a67adb9919a58a3258de8b3e1214", kill_on_drop: false }`
[INFO] [stdout] 7986fb47b32511c1c96d5818f85073de6853a67adb9919a58a3258de8b3e1214
[INFO] running `Command { std: "docker" "create" "-v" "/var/lib/crater-agent-workspace/builds/worker-3-tc1/target:/opt/rustwide/target:rw,Z" "-v" "/var/lib/crater-agent-workspace/builds/worker-3-tc1/source:/opt/rustwide/workdir:ro,Z" "-v" "/var/lib/crater-agent-workspace/cargo-home:/opt/rustwide/cargo-home:ro,Z" "-v" "/var/lib/crater-agent-workspace/rustup-home:/opt/rustwide/rustup-home:ro,Z" "-e" "SOURCE_DIR=/opt/rustwide/workdir" "-e" "CARGO_TARGET_DIR=/opt/rustwide/target" "-e" "CARGO_INCREMENTAL=0" "-e" "RUST_BACKTRACE=full" "-e" "RUSTFLAGS=--cap-lints=warn" "-e" "RUSTDOCFLAGS=--cap-lints=warn" "-e" "CARGO_HOME=/opt/rustwide/cargo-home" "-e" "RUSTUP_HOME=/opt/rustwide/rustup-home" "-w" "/opt/rustwide/workdir" "-m" "1610612736" "--user" "0:0" "--network" "none" "ghcr.io/rust-lang/crates-build-env/linux@sha256:2788e3201cd34a07e3172128adcd8b3090168a8e3bcc40d7c032b9dda1df7d1c" "/opt/rustwide/cargo-home/bin/cargo" "+1.75.0" "build" "--frozen" "--message-format=json", kill_on_drop: false }`
[INFO] [stdout] 7bcef9b44fbb89c28fd12d1e45219622f8369733c1ed163de9395209cd3375bd
[INFO] running `Command { std: "docker" "start" "-a" "7bcef9b44fbb89c28fd12d1e45219622f8369733c1ed163de9395209cd3375bd", kill_on_drop: false }`
[INFO] [stderr]    Compiling proc-macro2 v1.0.59
[INFO] [stderr]    Compiling quote v1.0.28
[INFO] [stderr]    Compiling unicode-ident v1.0.9
[INFO] [stderr]    Compiling libc v0.2.145
[INFO] [stderr]    Compiling typenum v1.16.0
[INFO] [stderr]    Compiling pin-project-lite v0.2.9
[INFO] [stderr]    Compiling once_cell v1.18.0
[INFO] [stderr]    Compiling futures-core v0.3.28
[INFO] [stderr]    Compiling bytes v1.4.0
[INFO] [stderr]    Compiling subtle v2.4.1
[INFO] [stderr]    Compiling log v0.4.18
[INFO] [stderr]    Compiling itoa v1.0.6
[INFO] [stderr]    Compiling futures-task v0.3.28
[INFO] [stderr]    Compiling slab v0.4.8
[INFO] [stderr]    Compiling futures-channel v0.3.28
[INFO] [stderr]    Compiling cpufeatures v0.2.7
[INFO] [stderr]    Compiling futures-sink v0.3.28
[INFO] [stderr]    Compiling memchr v2.5.0
[INFO] [stderr]    Compiling futures-util v0.3.28
[INFO] [stderr]    Compiling serde v1.0.163
[INFO] [stderr]    Compiling futures-io v0.3.28
[INFO] [stderr]    Compiling tokio v1.28.2
[INFO] [stderr]    Compiling tracing-core v0.1.31
[INFO] [stderr]    Compiling semver v1.0.17
[INFO] [stderr]    Compiling ring v0.16.20
[INFO] [stderr]    Compiling indexmap v1.9.3
[INFO] [stderr]    Compiling rustversion v1.0.12
[INFO] [stderr]    Compiling http v0.2.9
[INFO] [stderr]    Compiling platforms v3.0.2
[INFO] [stderr]    Compiling io-lifetimes v1.0.11
[INFO] [stderr]    Compiling async-trait v0.1.68
[INFO] [stderr]    Compiling rustix v0.37.19
[INFO] [stderr]    Compiling untrusted v0.7.1
[INFO] [stderr]    Compiling thiserror v1.0.40
[INFO] [stderr]    Compiling percent-encoding v2.3.0
[INFO] [stderr]    Compiling spin v0.5.2
[INFO] [stderr]    Compiling form_urlencoded v1.2.0
[INFO] [stderr]    Compiling rustc_version v0.4.0
[INFO] [stderr]    Compiling base64 v0.21.2
[INFO] [stderr]    Compiling zeroize v1.6.0
[INFO] [stderr]    Compiling unicode-bidi v0.3.13
[INFO] [stderr]    Compiling tower-layer v0.3.2
[INFO] [stderr]    Compiling rustls v0.21.1
[INFO] [stderr]    Compiling syn v2.0.18
[INFO] [stderr]    Compiling httpdate v1.0.2
[INFO] [stderr]    Compiling try-lock v0.2.4
[INFO] [stderr]    Compiling serde_json v1.0.96
[INFO] [stderr]    Compiling snow v0.9.2
[INFO] [stderr]    Compiling binary-stream v8.1.0
[INFO] [stderr]    Compiling curve25519-dalek v4.0.0-rc.1
[INFO] [stderr]    Compiling want v0.3.0
[INFO] [stderr]    Compiling http-body v0.4.5
[INFO] [stderr]    Compiling utf8parse v0.2.1
[INFO] [stderr]    Compiling idna v0.4.0
[INFO] [stderr]    Compiling utf-8 v0.7.6
[INFO] [stderr]    Compiling ryu v1.0.13
[INFO] [stderr]    Compiling regex-syntax v0.6.29
[INFO] [stderr]    Compiling byteorder v1.4.3
[INFO] [stderr]    Compiling anstyle-parse v0.2.0
[INFO] [stderr]    Compiling headers-core v0.2.0
[INFO] [stderr]    Compiling colorchoice v1.0.0
[INFO] [stderr]    Compiling generic-array v0.14.7
[INFO] [stderr]    Compiling winnow v0.4.6
[INFO] [stderr]    Compiling anstyle v1.0.0
[INFO] [stderr]    Compiling overload v0.1.1
[INFO] [stderr]    Compiling regex-syntax v0.7.2
[INFO] [stderr]    Compiling anstyle-query v1.0.0
[INFO] [stderr]    Compiling axum-core v0.3.4
[INFO] [stderr]    Compiling axum v0.6.18
[INFO] [stderr]    Compiling nu-ansi-term v0.46.0
[INFO] [stderr]    Compiling tracing-log v0.1.3
[INFO] [stderr]    Compiling mio v0.8.8
[INFO] [stderr]    Compiling socket2 v0.4.9
[INFO] [stderr]    Compiling num_cpus v1.15.0
[INFO] [stderr]    Compiling getrandom v0.2.9
[INFO] [stderr]    Compiling url v2.4.0
[INFO] [stderr]    Compiling sharded-slab v0.1.4
[INFO] [stderr]    Compiling rustls-pemfile v1.0.2
[INFO] [stderr]    Compiling block-buffer v0.10.4
[INFO] [stderr]    Compiling crypto-common v0.1.6
[INFO] [stderr]    Compiling universal-hash v0.4.0
[INFO] [stderr]    Compiling digest v0.10.7
[INFO] [stderr]    Compiling cipher v0.3.0
[INFO] [stderr]    Compiling rand_core v0.6.4
[INFO] [stderr]    Compiling polyval v0.5.3
[INFO] [stderr]    Compiling aead v0.4.3
[INFO] [stderr]    Compiling ctr v0.7.0
[INFO] [stderr]    Compiling aes v0.7.5
[INFO] [stderr]    Compiling sha1 v0.10.5
[INFO] [stderr]    Compiling rand_chacha v0.3.1
[INFO] [stderr]    Compiling ghash v0.4.4
[INFO] [stderr]    Compiling chacha20 v0.8.2
[INFO] [stderr]    Compiling poly1305 v0.7.2
[INFO] [stderr]    Compiling blake2 v0.10.6
[INFO] [stderr]    Compiling sha2 v0.10.6
[INFO] [stderr]    Compiling rand v0.8.5
[INFO] [stderr]    Compiling headers v0.3.8
[INFO] [stderr]    Compiling chacha20poly1305 v0.9.1
[INFO] [stderr]    Compiling aes-gcm v0.9.2
[INFO] [stderr]    Compiling pem v2.0.1
[INFO] [stderr]    Compiling thread_local v1.1.7
[INFO] [stderr]    Compiling clap_lex v0.5.0
[INFO] [stderr]    Compiling anyhow v1.0.71
[INFO] [stderr]    Compiling http-range-header v0.3.0
[INFO] [stderr]    Compiling regex v1.8.4
[INFO] [stderr]    Compiling matchit v0.7.0
[INFO] [stderr]    Compiling smallvec v1.10.0
[INFO] [stderr]    Compiling is-terminal v0.4.7
[INFO] [stderr]    Compiling regex-automata v0.1.10
[INFO] [stderr]    Compiling anstream v0.3.2
[INFO] [stderr]    Compiling terminal_size v0.2.6
[INFO] [stderr]    Compiling arc-swap v1.6.0
[INFO] [stderr]    Compiling sync_wrapper v0.1.2
[INFO] [stderr]    Compiling clap_builder v4.3.1
[INFO] [stderr]    Compiling matchers v0.1.0
[INFO] [stderr]    Compiling sct v0.7.0
[INFO] [stderr]    Compiling rustls-webpki v0.100.1
[INFO] [stderr]    Compiling futures-macro v0.3.28
[INFO] [stderr]    Compiling serde_derive v1.0.163
[INFO] [stderr]    Compiling tokio-macros v2.1.0
[INFO] [stderr]    Compiling tracing-attributes v0.1.24
[INFO] [stderr]    Compiling thiserror-impl v1.0.40
[INFO] [stderr]    Compiling pin-project-internal v1.1.0
[INFO] [stderr]    Compiling clap_derive v4.3.2
[INFO] [stderr]    Compiling axum-macros v0.3.7
[INFO] [stderr]    Compiling tungstenite v0.18.0
[INFO] [stderr]    Compiling tracing v0.1.37
[INFO] [stderr]    Compiling pin-project v1.1.0
[INFO] [stderr]    Compiling tracing-subscriber v0.3.17
[INFO] [stderr]    Compiling clap v4.3.2
[INFO] [stderr]    Compiling futures-executor v0.3.28
[INFO] [stderr]    Compiling tower-http v0.4.0
[INFO] [stderr]    Compiling futures v0.3.28
[INFO] [stderr]    Compiling tokio-util v0.7.8
[INFO] [stderr]    Compiling tokio-tungstenite v0.18.0
[INFO] [stderr]    Compiling tower v0.4.13
[INFO] [stderr]    Compiling tokio-rustls v0.24.0
[INFO] [stderr]    Compiling tokio-stream v0.1.14
[INFO] [stderr]    Compiling h2 v0.3.19
[INFO] [stderr]    Compiling toml_datetime v0.6.2
[INFO] [stderr]    Compiling serde_spanned v0.6.2
[INFO] [stderr]    Compiling serde_path_to_error v0.1.11
[INFO] [stderr]    Compiling serde_urlencoded v0.7.1
[INFO] [stderr]    Compiling hex v0.4.3
[INFO] [stderr]    Compiling uuid v1.3.3
[INFO] [stderr]    Compiling toml_edit v0.19.10
[INFO] [stderr]    Compiling mpc-protocol v0.4.0
[INFO] [stderr]    Compiling toml v0.7.4
[INFO] [stderr]    Compiling hyper v0.14.26
[INFO] [stderr]    Compiling axum-server v0.5.1
[INFO] [stderr]    Compiling mpc-relay-server v0.4.0
[INFO] [stderr]    Compiling mpc-relay v0.4.0 (/opt/rustwide/workdir)
[INFO] [stderr]     Finished dev [unoptimized + debuginfo] target(s) in 29.04s
[INFO] running `Command { std: "docker" "inspect" "7bcef9b44fbb89c28fd12d1e45219622f8369733c1ed163de9395209cd3375bd", kill_on_drop: false }`
[INFO] running `Command { std: "docker" "rm" "-f" "7bcef9b44fbb89c28fd12d1e45219622f8369733c1ed163de9395209cd3375bd", kill_on_drop: false }`
[INFO] [stdout] 7bcef9b44fbb89c28fd12d1e45219622f8369733c1ed163de9395209cd3375bd
[INFO] running `Command { std: "docker" "create" "-v" "/var/lib/crater-agent-workspace/builds/worker-3-tc1/target:/opt/rustwide/target:rw,Z" "-v" "/var/lib/crater-agent-workspace/builds/worker-3-tc1/source:/opt/rustwide/workdir:ro,Z" "-v" "/var/lib/crater-agent-workspace/cargo-home:/opt/rustwide/cargo-home:ro,Z" "-v" "/var/lib/crater-agent-workspace/rustup-home:/opt/rustwide/rustup-home:ro,Z" "-e" "SOURCE_DIR=/opt/rustwide/workdir" "-e" "CARGO_TARGET_DIR=/opt/rustwide/target" "-e" "CARGO_INCREMENTAL=0" "-e" "RUST_BACKTRACE=full" "-e" "RUSTFLAGS=--cap-lints=warn" "-e" "RUSTDOCFLAGS=--cap-lints=warn" "-e" "CARGO_HOME=/opt/rustwide/cargo-home" "-e" "RUSTUP_HOME=/opt/rustwide/rustup-home" "-w" "/opt/rustwide/workdir" "-m" "1610612736" "--user" "0:0" "--network" "none" "ghcr.io/rust-lang/crates-build-env/linux@sha256:2788e3201cd34a07e3172128adcd8b3090168a8e3bcc40d7c032b9dda1df7d1c" "/opt/rustwide/cargo-home/bin/cargo" "+1.75.0" "test" "--frozen" "--no-run" "--message-format=json", kill_on_drop: false }`
[INFO] [stdout] 2e5a296d1d21b9842d7540a27c43a1c84cd08de1ac23e04fff66cce20561a06e
[INFO] running `Command { std: "docker" "start" "-a" "2e5a296d1d21b9842d7540a27c43a1c84cd08de1ac23e04fff66cce20561a06e", kill_on_drop: false }`
[INFO] [stderr]    Compiling lock_api v0.4.10
[INFO] [stderr]    Compiling parking_lot_core v0.9.8
[INFO] [stderr]    Compiling serial_test_derive v2.0.0
[INFO] [stderr]    Compiling keccak v0.1.4
[INFO] [stderr]    Compiling sha3 v0.10.8
[INFO] [stderr]    Compiling parking_lot v0.12.1
[INFO] [stderr]    Compiling dashmap v5.4.0
[INFO] [stderr]    Compiling serial_test v2.0.0
[INFO] [stderr]    Compiling mpc-relay v0.4.0 (/opt/rustwide/workdir)
[INFO] [stdout] error[E0433]: failed to resolve: use of undeclared crate or module `mpc_driver`
[INFO] [stdout]  --> tests/integration/test_utils/gg20.rs:5:5
[INFO] [stdout]   |
[INFO] [stdout] 5 | use mpc_driver::{
[INFO] [stdout]   |     ^^^^^^^^^^ use of undeclared crate or module `mpc_driver`
[INFO] [stdout] 
[INFO] [stdout] 
[INFO] [stdout] error[E0432]: unresolved import `mpc_driver`
[INFO] [stdout]  --> tests/integration/test_utils/gg20.rs:5:5
[INFO] [stdout]   |
[INFO] [stdout] 5 | use mpc_driver::{
[INFO] [stdout]   |     ^^^^^^^^^^ use of undeclared crate or module `mpc_driver`
[INFO] [stdout] 
[INFO] [stdout] 
[INFO] [stdout] error[E0432]: unresolved import `mpc_client`
[INFO] [stdout]   --> tests/integration/test_utils/gg20.rs:19:5
[INFO] [stdout]    |
[INFO] [stdout] 19 | use mpc_client::{NetworkTransport, Transport};
[INFO] [stdout]    |     ^^^^^^^^^^ use of undeclared crate or module `mpc_client`
[INFO] [stdout] 
[INFO] [stdout] 
[INFO] [stdout] error[E0432]: unresolved import `mpc_client`
[INFO] [stdout]  --> tests/integration/test_utils/peer_channel.rs:3:5
[INFO] [stdout]   |
[INFO] [stdout] 3 | use mpc_client::{Client, Event, EventLoop, NetworkTransport};
[INFO] [stdout]   |     ^^^^^^^^^^ use of undeclared crate or module `mpc_client`
[INFO] [stdout] 
[INFO] [stdout] 
[INFO] [stdout] error[E0432]: unresolved import `mpc_driver`
[INFO] [stdout]  --> tests/integration/test_utils/session_handshake.rs:4:5
[INFO] [stdout]   |
[INFO] [stdout] 4 | use mpc_driver::{
[INFO] [stdout]   |     ^^^^^^^^^^ use of undeclared crate or module `mpc_driver`
[INFO] [stdout] 
[INFO] [stdout] 
[INFO] [stdout] error[E0432]: unresolved import `mpc_client`
[INFO] [stdout]  --> tests/integration/test_utils/session_handshake.rs:8:5
[INFO] [stdout]   |
[INFO] [stdout] 8 | use mpc_client::{NetworkTransport, Transport};
[INFO] [stdout]   |     ^^^^^^^^^^ use of undeclared crate or module `mpc_client`
[INFO] [stdout] 
[INFO] [stdout] 
[INFO] [stdout] error[E0432]: unresolved import `mpc_client`
[INFO] [stdout]  --> tests/integration/test_utils/session_timeout.rs:3:5
[INFO] [stdout]   |
[INFO] [stdout] 3 | use mpc_client::{Event, NetworkTransport};
[INFO] [stdout]   |     ^^^^^^^^^^ use of undeclared crate or module `mpc_client`
[INFO] [stdout] 
[INFO] [stdout] 
[INFO] [stdout] error[E0432]: unresolved import `mpc_client`
[INFO] [stdout]  --> tests/integration/test_utils/socket_close.rs:3:5
[INFO] [stdout]   |
[INFO] [stdout] 3 | use mpc_client::{Event, NetworkTransport};
[INFO] [stdout]   |     ^^^^^^^^^^ use of undeclared crate or module `mpc_client`
[INFO] [stdout] 
[INFO] [stdout] 
[INFO] [stdout] error[E0432]: unresolved import `mpc_client`
[INFO] [stdout]   --> tests/integration/test_utils/mod.rs:23:5
[INFO] [stdout]    |
[INFO] [stdout] 23 | use mpc_client::{Client, ClientOptions, EventLoop};
[INFO] [stdout]    |     ^^^^^^^^^^ use of undeclared crate or module `mpc_client`
[INFO] [stdout] 
[INFO] [stdout] 
[INFO] [stdout] error[E0432]: unresolved import `mpc_client`
[INFO] [stdout]  --> tests/integration/test_utils/session_broadcast.rs:7:5
[INFO] [stdout]   |
[INFO] [stdout] 7 | use mpc_client::{Client, Event, NetworkTransport};
[INFO] [stdout]   |     ^^^^^^^^^^ use of undeclared crate or module `mpc_client`
[INFO] [stdout] 
[INFO] [stdout] 
[INFO] [stdout] error[E0433]: failed to resolve: use of undeclared crate or module `mpc_client`
[INFO] [stdout]   --> tests/integration/test_utils/mod.rs:31:19
[INFO] [stdout]    |
[INFO] [stdout] 31 |         let err = mpc_client::Error::from(e);
[INFO] [stdout]    |                   ^^^^^^^^^^ use of undeclared crate or module `mpc_client`
[INFO] [stdout]    |
[INFO] [stdout] help: consider importing one of these items
[INFO] [stdout]    |
[INFO] [stdout] 15 + use anyhow::Error;
[INFO] [stdout]    |
[INFO] [stdout] 15 + use clap::Error;
[INFO] [stdout]    |
[INFO] [stdout] 15 + use clap::error::Error;
[INFO] [stdout]    |
[INFO] [stdout] 15 + use core::error::Error;
[INFO] [stdout]    |
[INFO] [stdout]      and 10 other candidates
[INFO] [stdout] help: if you import `Error`, refer to it directly
[INFO] [stdout]    |
[INFO] [stdout] 31 -         let err = mpc_client::Error::from(e);
[INFO] [stdout] 31 +         let err = Error::from(e);
[INFO] [stdout]    |
[INFO] [stdout] 
[INFO] [stdout] 
[INFO] [stdout] error[E0433]: failed to resolve: use of undeclared crate or module `mpc_client`
[INFO] [stdout]   --> tests/integration/test_utils/peer_channel.rs:49:39
[INFO] [stdout]    |
[INFO] [stdout] 49 | pub async fn initiator_client<E: From<mpc_client::Error>>(
[INFO] [stdout]    |                                       ^^^^^^^^^^ use of undeclared crate or module `mpc_client`
[INFO] [stdout] 
[INFO] [stdout] 
[INFO] [stdout] error[E0433]: failed to resolve: use of undeclared crate or module `mpc_client`
[INFO] [stdout]   --> tests/integration/test_utils/peer_channel.rs:85:41
[INFO] [stdout]    |
[INFO] [stdout] 85 | pub async fn participant_client<E: From<mpc_client::Error>>(
[INFO] [stdout]    |                                         ^^^^^^^^^^ use of undeclared crate or module `mpc_client`
[INFO] [stdout] 
[INFO] [stdout] 
[INFO] [stdout] error[E0433]: failed to resolve: use of undeclared crate or module `mpc_client`
[INFO] [stdout]   --> tests/integration/test_utils/mod.rs:26:33
[INFO] [stdout]    |
[INFO] [stdout] 26 | pub async fn new_client<E: From<mpc_client::Error>>(
[INFO] [stdout]    |                                 ^^^^^^^^^^ use of undeclared crate or module `mpc_client`
[INFO] [stdout] 
[INFO] [stdout] 
[INFO] [stdout] error[E0433]: failed to resolve: use of undeclared crate or module `mpc_client`
[INFO] [stdout]   --> tests/integration/test_utils/mod.rs:42:13
[INFO] [stdout]    |
[INFO] [stdout] 42 |     E: From<mpc_client::Error>,
[INFO] [stdout]    |             ^^^^^^^^^^ use of undeclared crate or module `mpc_client`
[INFO] [stdout] 
[INFO] [stdout] 
[INFO] [stdout] error: aborting due to 15 previous errors
[INFO] [stdout] 
[INFO] [stdout] 
[INFO] [stdout] Some errors have detailed explanations: E0432, E0433.
[INFO] [stdout] 
[INFO] [stdout] For more information about an error, try `rustc --explain E0432`.
[INFO] [stdout] 
[INFO] [stderr] error: could not compile `mpc-relay` (test "integration") due to 16 previous errors
[INFO] [stderr] warning: build failed, waiting for other jobs to finish...
[INFO] running `Command { std: "docker" "inspect" "2e5a296d1d21b9842d7540a27c43a1c84cd08de1ac23e04fff66cce20561a06e", kill_on_drop: false }`
[INFO] running `Command { std: "docker" "rm" "-f" "2e5a296d1d21b9842d7540a27c43a1c84cd08de1ac23e04fff66cce20561a06e", kill_on_drop: false }`
[INFO] [stdout] 2e5a296d1d21b9842d7540a27c43a1c84cd08de1ac23e04fff66cce20561a06e
