[INFO] fetching crate mp4san 0.5.1...
[INFO] testing mp4san-0.5.1 against 1.75.0 for beta-1.76-1
[INFO] extracting crate mp4san 0.5.1 into /workspace/builds/worker-3-tc1/source
[INFO] validating manifest of crates.io crate mp4san 0.5.1 on toolchain 1.75.0
[INFO] running `Command { std: CARGO_HOME="/workspace/cargo-home" RUSTUP_HOME="/workspace/rustup-home" "/workspace/cargo-home/bin/cargo" "+1.75.0" "metadata" "--manifest-path" "Cargo.toml" "--no-deps", kill_on_drop: false }`
[INFO] started tweaking crates.io crate mp4san 0.5.1
[INFO] finished tweaking crates.io crate mp4san 0.5.1
[INFO] tweaked toml for crates.io crate mp4san 0.5.1 written to /workspace/builds/worker-3-tc1/source/Cargo.toml
[INFO] crate crates.io crate mp4san 0.5.1 already has a lockfile, it will not be regenerated
[INFO] running `Command { std: CARGO_HOME="/workspace/cargo-home" RUSTUP_HOME="/workspace/rustup-home" "/workspace/cargo-home/bin/cargo" "+1.75.0" "fetch" "--manifest-path" "Cargo.toml", kill_on_drop: false }`
[INFO] [stderr]     Blocking waiting for file lock on package cache
[INFO] [stderr]     Updating crates.io index
[INFO] [stderr]  Downloading crates ...
[INFO] [stderr]   Downloaded mediasan-common v0.5.1
[INFO] [stderr]   Downloaded derive-where v1.2.5
[INFO] [stderr]   Downloaded mp4san-derive v0.5.1
[INFO] running `Command { std: "docker" "create" "-v" "/var/lib/crater-agent-workspace/builds/worker-3-tc1/target:/opt/rustwide/target:rw,Z" "-v" "/var/lib/crater-agent-workspace/builds/worker-3-tc1/source:/opt/rustwide/workdir:ro,Z" "-v" "/var/lib/crater-agent-workspace/cargo-home:/opt/rustwide/cargo-home:ro,Z" "-v" "/var/lib/crater-agent-workspace/rustup-home:/opt/rustwide/rustup-home:ro,Z" "-e" "SOURCE_DIR=/opt/rustwide/workdir" "-e" "CARGO_TARGET_DIR=/opt/rustwide/target" "-e" "CARGO_HOME=/opt/rustwide/cargo-home" "-e" "RUSTUP_HOME=/opt/rustwide/rustup-home" "-w" "/opt/rustwide/workdir" "-m" "1610612736" "--user" "0:0" "--network" "none" "ghcr.io/rust-lang/crates-build-env/linux@sha256:2788e3201cd34a07e3172128adcd8b3090168a8e3bcc40d7c032b9dda1df7d1c" "/opt/rustwide/cargo-home/bin/cargo" "+1.75.0" "metadata" "--no-deps" "--format-version=1", kill_on_drop: false }`
[INFO] [stdout] d284418a3578c0a78839220ae87338886c368bab09368f1b9ac7a3070b57182f
[INFO] running `Command { std: "docker" "start" "-a" "d284418a3578c0a78839220ae87338886c368bab09368f1b9ac7a3070b57182f", kill_on_drop: false }`
[INFO] running `Command { std: "docker" "inspect" "d284418a3578c0a78839220ae87338886c368bab09368f1b9ac7a3070b57182f", kill_on_drop: false }`
[INFO] running `Command { std: "docker" "rm" "-f" "d284418a3578c0a78839220ae87338886c368bab09368f1b9ac7a3070b57182f", kill_on_drop: false }`
[INFO] [stdout] d284418a3578c0a78839220ae87338886c368bab09368f1b9ac7a3070b57182f
[INFO] running `Command { std: "docker" "create" "-v" "/var/lib/crater-agent-workspace/builds/worker-3-tc1/target:/opt/rustwide/target:rw,Z" "-v" "/var/lib/crater-agent-workspace/builds/worker-3-tc1/source:/opt/rustwide/workdir:ro,Z" "-v" "/var/lib/crater-agent-workspace/cargo-home:/opt/rustwide/cargo-home:ro,Z" "-v" "/var/lib/crater-agent-workspace/rustup-home:/opt/rustwide/rustup-home:ro,Z" "-e" "SOURCE_DIR=/opt/rustwide/workdir" "-e" "CARGO_TARGET_DIR=/opt/rustwide/target" "-e" "CARGO_INCREMENTAL=0" "-e" "RUST_BACKTRACE=full" "-e" "RUSTFLAGS=--cap-lints=warn" "-e" "RUSTDOCFLAGS=--cap-lints=warn" "-e" "CARGO_HOME=/opt/rustwide/cargo-home" "-e" "RUSTUP_HOME=/opt/rustwide/rustup-home" "-w" "/opt/rustwide/workdir" "-m" "1610612736" "--user" "0:0" "--network" "none" "ghcr.io/rust-lang/crates-build-env/linux@sha256:2788e3201cd34a07e3172128adcd8b3090168a8e3bcc40d7c032b9dda1df7d1c" "/opt/rustwide/cargo-home/bin/cargo" "+1.75.0" "build" "--frozen" "--message-format=json", kill_on_drop: false }`
[INFO] [stdout] 12dbaa8a87abd63037edf89c2fd04bf1229bce7e57ffb4d8923623101830682e
[INFO] running `Command { std: "docker" "start" "-a" "12dbaa8a87abd63037edf89c2fd04bf1229bce7e57ffb4d8923623101830682e", kill_on_drop: false }`
[INFO] [stderr]    Compiling proc-macro2 v1.0.69
[INFO] [stderr]    Compiling syn v1.0.109
[INFO] [stderr]    Compiling strsim v0.10.0
[INFO] [stderr]    Compiling fnv v1.0.7
[INFO] [stderr]    Compiling futures-core v0.3.28
[INFO] [stderr]    Compiling futures-util v0.3.28
[INFO] [stderr]    Compiling thiserror v1.0.49
[INFO] [stderr]    Compiling memchr v2.6.4
[INFO] [stderr]    Compiling dyn-clone v1.0.14
[INFO] [stderr]    Compiling uuid v1.4.1
[INFO] [stderr]    Compiling bytes v1.5.0
[INFO] [stderr]    Compiling quote v1.0.33
[INFO] [stderr]    Compiling syn v2.0.38
[INFO] [stderr]    Compiling darling_core v0.14.4
[INFO] [stderr]    Compiling derive_more v0.99.17
[INFO] [stderr]    Compiling dyn-clonable-impl v0.9.0
[INFO] [stderr]    Compiling mp4san-derive v0.5.1
[INFO] [stderr]    Compiling thiserror-impl v1.0.49
[INFO] [stderr]    Compiling derive-where v1.2.5
[INFO] [stderr]    Compiling dyn-clonable v0.9.0
[INFO] [stderr]    Compiling darling_macro v0.14.4
[INFO] [stderr]    Compiling darling v0.14.4
[INFO] [stderr]    Compiling derive_builder_core v0.12.0
[INFO] [stderr]    Compiling derive_builder_macro v0.12.0
[INFO] [stderr]    Compiling mediasan-common v0.5.1
[INFO] [stderr]    Compiling derive_builder v0.12.0
[INFO] [stderr]    Compiling mp4san v0.5.1 (/opt/rustwide/workdir)
[INFO] [stdout] warning: unused imports: `CheckedAddSigned`, `checked_add_signed`
[INFO] [stdout]  --> src/util.rs:4:33
[INFO] [stdout]   |
[INFO] [stdout] 4 | pub use mediasan_common::util::{checked_add_signed, CheckedAddSigned, IoResultExt};
[INFO] [stdout]   |                                 ^^^^^^^^^^^^^^^^^^  ^^^^^^^^^^^^^^^^
[INFO] [stdout]   |
[INFO] [stdout]   = note: `#[warn(unused_imports)]` on by default
[INFO] [stdout] 
[INFO] [stdout] 
[INFO] [stdout] warning: 1 warning emitted
[INFO] [stdout] 
[INFO] [stdout] 
[INFO] [stderr]     Finished dev [unoptimized + debuginfo] target(s) in 9.19s
[INFO] running `Command { std: "docker" "inspect" "12dbaa8a87abd63037edf89c2fd04bf1229bce7e57ffb4d8923623101830682e", kill_on_drop: false }`
[INFO] running `Command { std: "docker" "rm" "-f" "12dbaa8a87abd63037edf89c2fd04bf1229bce7e57ffb4d8923623101830682e", kill_on_drop: false }`
[INFO] [stdout] 12dbaa8a87abd63037edf89c2fd04bf1229bce7e57ffb4d8923623101830682e
[INFO] running `Command { std: "docker" "create" "-v" "/var/lib/crater-agent-workspace/builds/worker-3-tc1/target:/opt/rustwide/target:rw,Z" "-v" "/var/lib/crater-agent-workspace/builds/worker-3-tc1/source:/opt/rustwide/workdir:ro,Z" "-v" "/var/lib/crater-agent-workspace/cargo-home:/opt/rustwide/cargo-home:ro,Z" "-v" "/var/lib/crater-agent-workspace/rustup-home:/opt/rustwide/rustup-home:ro,Z" "-e" "SOURCE_DIR=/opt/rustwide/workdir" "-e" "CARGO_TARGET_DIR=/opt/rustwide/target" "-e" "CARGO_INCREMENTAL=0" "-e" "RUST_BACKTRACE=full" "-e" "RUSTFLAGS=--cap-lints=warn" "-e" "RUSTDOCFLAGS=--cap-lints=warn" "-e" "CARGO_HOME=/opt/rustwide/cargo-home" "-e" "RUSTUP_HOME=/opt/rustwide/rustup-home" "-w" "/opt/rustwide/workdir" "-m" "1610612736" "--user" "0:0" "--network" "none" "ghcr.io/rust-lang/crates-build-env/linux@sha256:2788e3201cd34a07e3172128adcd8b3090168a8e3bcc40d7c032b9dda1df7d1c" "/opt/rustwide/cargo-home/bin/cargo" "+1.75.0" "test" "--frozen" "--no-run" "--message-format=json", kill_on_drop: false }`
[INFO] [stdout] f2190b6c65b0e5ae5518ae76f4d002fe489558132bd89946f80d7fd347974e09
[INFO] running `Command { std: "docker" "start" "-a" "f2190b6c65b0e5ae5518ae76f4d002fe489558132bd89946f80d7fd347974e09", kill_on_drop: false }`
[INFO] [stderr]    Compiling assert_matches v1.5.0
[INFO] [stdout] warning: unused imports: `CheckedAddSigned`, `checked_add_signed`
[INFO] [stdout]  --> src/util.rs:4:33
[INFO] [stdout]   |
[INFO] [stdout] 4 | pub use mediasan_common::util::{checked_add_signed, CheckedAddSigned, IoResultExt};
[INFO] [stdout]   |                                 ^^^^^^^^^^^^^^^^^^  ^^^^^^^^^^^^^^^^
[INFO] [stdout]   |
[INFO] [stdout]   = note: `#[warn(unused_imports)]` on by default
[INFO] [stdout] 
[INFO] [stdout] 
[INFO] [stdout] warning: 1 warning emitted
[INFO] [stdout] 
[INFO] [stdout] 
[INFO] [stderr]    Compiling mp4san v0.5.1 (/opt/rustwide/workdir)
[INFO] [stdout] error[E0432]: unresolved import `mediasan_common_test`
[INFO] [stdout]  --> tests/test-data.rs:3:5
[INFO] [stdout]   |
[INFO] [stdout] 3 | use mediasan_common_test::{init_logger, TestType};
[INFO] [stdout]   |     ^^^^^^^^^^^^^^^^^^^^ use of undeclared crate or module `mediasan_common_test`
[INFO] [stdout]   |
[INFO] [stdout] help: there is a crate or module with a similar name
[INFO] [stdout]   |
[INFO] [stdout] 3 | use mediasan_common::{init_logger, TestType};
[INFO] [stdout]   |     ~~~~~~~~~~~~~~~
[INFO] [stdout] 
[INFO] [stdout] 
[INFO] [stdout] error[E0432]: unresolved import `mp4san_test`
[INFO] [stdout]  --> tests/test-data.rs:5:5
[INFO] [stdout]   |
[INFO] [stdout] 5 | use mp4san_test::{ffmpeg_assert_invalid, ffmpeg_assert_valid, gpac_assert_invalid, gpac_assert_valid};
[INFO] [stdout]   |     ^^^^^^^^^^^ use of undeclared crate or module `mp4san_test`
[INFO] [stdout] 
[INFO] [stdout] 
[INFO] [stdout] error[E0433]: failed to resolve: use of undeclared crate or module `mediasan_common_test`
[INFO] [stdout]   --> tests/test-data.rs:10:5
[INFO] [stdout]    |
[INFO] [stdout] 10 |     mediasan_common_test::test_data(".mp4", |test_type, data| match test_type {
[INFO] [stdout]    |     ^^^^^^^^^^^^^^^^^^^^ use of undeclared crate or module `mediasan_common_test`
[INFO] [stdout]    |
[INFO] [stdout] help: there is a crate or module with a similar name
[INFO] [stdout]    |
[INFO] [stdout] 10 |     mediasan_common::test_data(".mp4", |test_type, data| match test_type {
[INFO] [stdout]    |     ~~~~~~~~~~~~~~~
[INFO] [stdout] 
[INFO] [stdout] 
[INFO] [stdout] error: aborting due to 3 previous errors
[INFO] [stdout] 
[INFO] [stdout] 
[INFO] [stdout] Some errors have detailed explanations: E0432, E0433.
[INFO] [stdout] 
[INFO] [stdout] For more information about an error, try `rustc --explain E0432`.
[INFO] [stdout] 
[INFO] [stderr] error: could not compile `mp4san` (test "test-data") due to 4 previous errors
[INFO] [stderr] warning: build failed, waiting for other jobs to finish...
[INFO] [stdout] error[E0432]: unresolved import `mp4san_test`
[INFO] [stdout]  --> src/util/test/mp4.rs:7:5
[INFO] [stdout]   |
[INFO] [stdout] 7 | use mp4san_test::{ffmpeg_assert_eq, gpac_assert_eq};
[INFO] [stdout]   |     ^^^^^^^^^^^ use of undeclared crate or module `mp4san_test`
[INFO] [stdout] 
[INFO] [stdout] 
[INFO] [stdout] error[E0432]: unresolved import `mediasan_common_test`
[INFO] [stdout]   --> src/util/test.rs:22:9
[INFO] [stdout]    |
[INFO] [stdout] 22 | pub use mediasan_common_test::init_logger;
[INFO] [stdout]    |         ^^^^^^^^^^^^^^^^^^^^ use of undeclared crate or module `mediasan_common_test`
[INFO] [stdout]    |
[INFO] [stdout] help: there is a crate or module with a similar name
[INFO] [stdout]    |
[INFO] [stdout] 22 | pub use mediasan_common::init_logger;
[INFO] [stdout]    |         ~~~~~~~~~~~~~~~
[INFO] [stdout] 
[INFO] [stdout] 
[INFO] [stdout] warning: unused imports: `CheckedAddSigned`, `checked_add_signed`
[INFO] [stdout]  --> src/util.rs:4:33
[INFO] [stdout]   |
[INFO] [stdout] 4 | pub use mediasan_common::util::{checked_add_signed, CheckedAddSigned, IoResultExt};
[INFO] [stdout]   |                                 ^^^^^^^^^^^^^^^^^^  ^^^^^^^^^^^^^^^^
[INFO] [stdout]   |
[INFO] [stdout]   = note: `#[warn(unused_imports)]` on by default
[INFO] [stdout] 
[INFO] [stdout] 
[INFO] [stdout] error: aborting due to 2 previous errors; 1 warning emitted
[INFO] [stdout] 
[INFO] [stdout] 
[INFO] [stdout] For more information about this error, try `rustc --explain E0432`.
[INFO] [stdout] 
[INFO] [stderr] error: could not compile `mp4san` (lib test) due to 3 previous errors; 1 warning emitted
[INFO] running `Command { std: "docker" "inspect" "f2190b6c65b0e5ae5518ae76f4d002fe489558132bd89946f80d7fd347974e09", kill_on_drop: false }`
[INFO] running `Command { std: "docker" "rm" "-f" "f2190b6c65b0e5ae5518ae76f4d002fe489558132bd89946f80d7fd347974e09", kill_on_drop: false }`
[INFO] [stdout] f2190b6c65b0e5ae5518ae76f4d002fe489558132bd89946f80d7fd347974e09
