[INFO] fetching crate motp 0.1.0...
[INFO] testing motp-0.1.0 against 1.75.0 for beta-1.76-1
[INFO] extracting crate motp 0.1.0 into /workspace/builds/worker-6-tc1/source
[INFO] validating manifest of crates.io crate motp 0.1.0 on toolchain 1.75.0
[INFO] running `Command { std: CARGO_HOME="/workspace/cargo-home" RUSTUP_HOME="/workspace/rustup-home" "/workspace/cargo-home/bin/cargo" "+1.75.0" "metadata" "--manifest-path" "Cargo.toml" "--no-deps", kill_on_drop: false }`
[INFO] started tweaking crates.io crate motp 0.1.0
[INFO] finished tweaking crates.io crate motp 0.1.0
[INFO] tweaked toml for crates.io crate motp 0.1.0 written to /workspace/builds/worker-6-tc1/source/Cargo.toml
[INFO] crate crates.io crate motp 0.1.0 already has a lockfile, it will not be regenerated
[INFO] running `Command { std: CARGO_HOME="/workspace/cargo-home" RUSTUP_HOME="/workspace/rustup-home" "/workspace/cargo-home/bin/cargo" "+1.75.0" "fetch" "--manifest-path" "Cargo.toml", kill_on_drop: false }`
[INFO] [stderr]  Downloading crates ...
[INFO] [stderr]   Downloaded chrono v0.4.15
[INFO] [stderr]   Downloaded libc v0.2.76
[INFO] running `Command { std: "docker" "create" "-v" "/var/lib/crater-agent-workspace/builds/worker-6-tc1/target:/opt/rustwide/target:rw,Z" "-v" "/var/lib/crater-agent-workspace/builds/worker-6-tc1/source:/opt/rustwide/workdir:ro,Z" "-v" "/var/lib/crater-agent-workspace/cargo-home:/opt/rustwide/cargo-home:ro,Z" "-v" "/var/lib/crater-agent-workspace/rustup-home:/opt/rustwide/rustup-home:ro,Z" "-e" "SOURCE_DIR=/opt/rustwide/workdir" "-e" "CARGO_TARGET_DIR=/opt/rustwide/target" "-e" "CARGO_HOME=/opt/rustwide/cargo-home" "-e" "RUSTUP_HOME=/opt/rustwide/rustup-home" "-w" "/opt/rustwide/workdir" "-m" "1610612736" "--user" "0:0" "--network" "none" "ghcr.io/rust-lang/crates-build-env/linux@sha256:2788e3201cd34a07e3172128adcd8b3090168a8e3bcc40d7c032b9dda1df7d1c" "/opt/rustwide/cargo-home/bin/cargo" "+1.75.0" "metadata" "--no-deps" "--format-version=1", kill_on_drop: false }`
[INFO] [stdout] 50c252755323a1882fa9500f68fe1abd546c2dfa16cbe25eed41b0e68798bced
[INFO] running `Command { std: "docker" "start" "-a" "50c252755323a1882fa9500f68fe1abd546c2dfa16cbe25eed41b0e68798bced", kill_on_drop: false }`
[INFO] running `Command { std: "docker" "inspect" "50c252755323a1882fa9500f68fe1abd546c2dfa16cbe25eed41b0e68798bced", kill_on_drop: false }`
[INFO] running `Command { std: "docker" "rm" "-f" "50c252755323a1882fa9500f68fe1abd546c2dfa16cbe25eed41b0e68798bced", kill_on_drop: false }`
[INFO] [stdout] 50c252755323a1882fa9500f68fe1abd546c2dfa16cbe25eed41b0e68798bced
[INFO] running `Command { std: "docker" "create" "-v" "/var/lib/crater-agent-workspace/builds/worker-6-tc1/target:/opt/rustwide/target:rw,Z" "-v" "/var/lib/crater-agent-workspace/builds/worker-6-tc1/source:/opt/rustwide/workdir:ro,Z" "-v" "/var/lib/crater-agent-workspace/cargo-home:/opt/rustwide/cargo-home:ro,Z" "-v" "/var/lib/crater-agent-workspace/rustup-home:/opt/rustwide/rustup-home:ro,Z" "-e" "SOURCE_DIR=/opt/rustwide/workdir" "-e" "CARGO_TARGET_DIR=/opt/rustwide/target" "-e" "CARGO_INCREMENTAL=0" "-e" "RUST_BACKTRACE=full" "-e" "RUSTFLAGS=--cap-lints=warn" "-e" "RUSTDOCFLAGS=--cap-lints=warn" "-e" "CARGO_HOME=/opt/rustwide/cargo-home" "-e" "RUSTUP_HOME=/opt/rustwide/rustup-home" "-w" "/opt/rustwide/workdir" "-m" "1610612736" "--user" "0:0" "--network" "none" "ghcr.io/rust-lang/crates-build-env/linux@sha256:2788e3201cd34a07e3172128adcd8b3090168a8e3bcc40d7c032b9dda1df7d1c" "/opt/rustwide/cargo-home/bin/cargo" "+1.75.0" "build" "--frozen" "--message-format=json", kill_on_drop: false }`
[INFO] [stdout] 36f5ab36d07e9c311a204da8844aba8e77202ea8f5b6fffb7a51458e55f43abc
[INFO] running `Command { std: "docker" "start" "-a" "36f5ab36d07e9c311a204da8844aba8e77202ea8f5b6fffb7a51458e55f43abc", kill_on_drop: false }`
[INFO] [stderr]    Compiling libc v0.2.76
[INFO] [stderr]    Compiling num-traits v0.2.12
[INFO] [stderr]    Compiling num-integer v0.1.43
[INFO] [stderr]    Compiling unicode-width v0.1.8
[INFO] [stderr]    Compiling md5 v0.7.0
[INFO] [stderr]    Compiling textwrap v0.11.0
[INFO] [stderr]    Compiling time v0.1.43
[INFO] [stderr]    Compiling atty v0.2.14
[INFO] [stderr]    Compiling clap v2.33.3
[INFO] [stderr]    Compiling chrono v0.4.15
[INFO] [stderr]    Compiling motp v0.1.0 (/opt/rustwide/workdir)
[INFO] [stdout] warning: found module declaration for lib.rs
[INFO] [stdout]  --> src/main.rs:7:1
[INFO] [stdout]   |
[INFO] [stdout] 7 | mod lib;
[INFO] [stdout]   | ^^^^^^^^
[INFO] [stdout]   |
[INFO] [stdout]   = note: lib.rs is the root of this crate's library target
[INFO] [stdout]   = help: to refer to it from other targets, use the library's name as the path
[INFO] [stdout]   = note: `#[warn(special_module_name)]` on by default
[INFO] [stdout] 
[INFO] [stdout] 
[INFO] [stdout] warning: unused import: `Read`
[INFO] [stdout]  --> src/main.rs:3:21
[INFO] [stdout]   |
[INFO] [stdout] 3 | use std::io::{self, Read};
[INFO] [stdout]   |                     ^^^^
[INFO] [stdout]   |
[INFO] [stdout]   = note: `#[warn(unused_imports)]` on by default
[INFO] [stdout] 
[INFO] [stdout] 
[INFO] [stdout] warning: constant `DEFAULT_OTP_VALID_PERIOD` is never used
[INFO] [stdout]  --> src/lib.rs:8:11
[INFO] [stdout]   |
[INFO] [stdout] 8 | pub const DEFAULT_OTP_VALID_PERIOD: u8 = 30; //in seconds
[INFO] [stdout]   |           ^^^^^^^^^^^^^^^^^^^^^^^^
[INFO] [stdout]   |
[INFO] [stdout]   = note: `#[warn(dead_code)]` on by default
[INFO] [stdout] 
[INFO] [stdout] 
[INFO] [stdout] warning: function `check_otp` is never used
[INFO] [stdout]   --> src/lib.rs:39:8
[INFO] [stdout]    |
[INFO] [stdout] 39 | pub fn check_otp(code: &str, secret: &str, pin: &str, valid_period: u8) -> bool {
[INFO] [stdout]    |        ^^^^^^^^^
[INFO] [stdout] 
[INFO] [stdout] 
[INFO] [stdout] warning: 4 warnings emitted
[INFO] [stdout] 
[INFO] [stdout] 
[INFO] [stderr]     Finished dev [unoptimized + debuginfo] target(s) in 4.19s
[INFO] running `Command { std: "docker" "inspect" "36f5ab36d07e9c311a204da8844aba8e77202ea8f5b6fffb7a51458e55f43abc", kill_on_drop: false }`
[INFO] running `Command { std: "docker" "rm" "-f" "36f5ab36d07e9c311a204da8844aba8e77202ea8f5b6fffb7a51458e55f43abc", kill_on_drop: false }`
[INFO] [stdout] 36f5ab36d07e9c311a204da8844aba8e77202ea8f5b6fffb7a51458e55f43abc
[INFO] running `Command { std: "docker" "create" "-v" "/var/lib/crater-agent-workspace/builds/worker-6-tc1/target:/opt/rustwide/target:rw,Z" "-v" "/var/lib/crater-agent-workspace/builds/worker-6-tc1/source:/opt/rustwide/workdir:ro,Z" "-v" "/var/lib/crater-agent-workspace/cargo-home:/opt/rustwide/cargo-home:ro,Z" "-v" "/var/lib/crater-agent-workspace/rustup-home:/opt/rustwide/rustup-home:ro,Z" "-e" "SOURCE_DIR=/opt/rustwide/workdir" "-e" "CARGO_TARGET_DIR=/opt/rustwide/target" "-e" "CARGO_INCREMENTAL=0" "-e" "RUST_BACKTRACE=full" "-e" "RUSTFLAGS=--cap-lints=warn" "-e" "RUSTDOCFLAGS=--cap-lints=warn" "-e" "CARGO_HOME=/opt/rustwide/cargo-home" "-e" "RUSTUP_HOME=/opt/rustwide/rustup-home" "-w" "/opt/rustwide/workdir" "-m" "1610612736" "--user" "0:0" "--network" "none" "ghcr.io/rust-lang/crates-build-env/linux@sha256:2788e3201cd34a07e3172128adcd8b3090168a8e3bcc40d7c032b9dda1df7d1c" "/opt/rustwide/cargo-home/bin/cargo" "+1.75.0" "test" "--frozen" "--no-run" "--message-format=json", kill_on_drop: false }`
[INFO] [stdout] 5fece67ea897f3cc8b00adde3cfd8e8331aec3a4a19f107bd13ba3325c16e76b
[INFO] running `Command { std: "docker" "start" "-a" "5fece67ea897f3cc8b00adde3cfd8e8331aec3a4a19f107bd13ba3325c16e76b", kill_on_drop: false }`
[INFO] [stderr]    Compiling motp v0.1.0 (/opt/rustwide/workdir)
[INFO] [stdout] warning: found module declaration for lib.rs
[INFO] [stdout]  --> src/main.rs:7:1
[INFO] [stdout]   |
[INFO] [stdout] 7 | mod lib;
[INFO] [stdout]   | ^^^^^^^^
[INFO] [stdout]   |
[INFO] [stdout]   = note: lib.rs is the root of this crate's library target
[INFO] [stdout]   = help: to refer to it from other targets, use the library's name as the path
[INFO] [stdout]   = note: `#[warn(special_module_name)]` on by default
[INFO] [stdout] 
[INFO] [stdout] 
[INFO] [stdout] warning: unused import: `Read`
[INFO] [stdout]  --> src/main.rs:3:21
[INFO] [stdout]   |
[INFO] [stdout] 3 | use std::io::{self, Read};
[INFO] [stdout]   |                     ^^^^
[INFO] [stdout]   |
[INFO] [stdout]   = note: `#[warn(unused_imports)]` on by default
[INFO] [stdout] 
[INFO] [stdout] 
[INFO] [stdout] error[E0061]: this function takes 4 arguments but 3 arguments were supplied
[INFO] [stdout]   --> src/lib.rs:16:17
[INFO] [stdout]    |
[INFO] [stdout] 16 |         assert!(check_otp(&otp, "0123456789abcdef", "0000"));
[INFO] [stdout]    |                 ^^^^^^^^^---------------------------------- an argument of type `u8` is missing
[INFO] [stdout]    |
[INFO] [stdout] note: function defined here
[INFO] [stdout]   --> src/lib.rs:39:8
[INFO] [stdout]    |
[INFO] [stdout] 39 | pub fn check_otp(code: &str, secret: &str, pin: &str, valid_period: u8) -> bool {
[INFO] [stdout]    |        ^^^^^^^^^ ----------  ------------  ---------  ----------------
[INFO] [stdout] help: provide the argument
[INFO] [stdout]    |
[INFO] [stdout] 16 |         assert!(check_otp(&otp, "0123456789abcdef", "0000", /* u8 */));
[INFO] [stdout]    |                          ~~~~~~~~~~~~~~~~~~~~~~~~~~~~~~~~~~~~~~~~~~~~
[INFO] [stdout] 
[INFO] [stdout] 
[INFO] [stdout] error[E0061]: this function takes 4 arguments but 3 arguments were supplied
[INFO] [stdout]   --> src/lib.rs:16:17
[INFO] [stdout]    |
[INFO] [stdout] 16 |         assert!(check_otp(&otp, "0123456789abcdef", "0000"));
[INFO] [stdout]    |                 ^^^^^^^^^---------------------------------- an argument of type `u8` is missing
[INFO] [stdout]    |
[INFO] [stdout] note: function defined here
[INFO] [stdout]   --> src/lib.rs:39:8
[INFO] [stdout]    |
[INFO] [stdout] 39 | pub fn check_otp(code: &str, secret: &str, pin: &str, valid_period: u8) -> bool {
[INFO] [stdout]    |        ^^^^^^^^^ ----------  ------------  ---------  ----------------
[INFO] [stdout] help: provide the argument
[INFO] [stdout]    |
[INFO] [stdout] 16 |         assert!(check_otp(&otp, "0123456789abcdef", "0000", /* u8 */));
[INFO] [stdout]    |                          ~~~~~~~~~~~~~~~~~~~~~~~~~~~~~~~~~~~~~~~~~~~~
[INFO] [stdout] 
[INFO] [stdout] 
[INFO] [stdout] error: aborting due to previous error
[INFO] [stdout] 
[INFO] [stdout] 
[INFO] [stdout] For more information about this error, try `rustc --explain E0061`.
[INFO] [stdout] 
[INFO] [stderr] error: could not compile `motp` (lib test) due to 2 previous errors
[INFO] [stderr] warning: build failed, waiting for other jobs to finish...
[INFO] [stdout] error: aborting due to previous error; 2 warnings emitted
[INFO] [stdout] 
[INFO] [stdout] 
[INFO] [stdout] For more information about this error, try `rustc --explain E0061`.
[INFO] [stdout] 
[INFO] [stderr] error: could not compile `motp` (bin "motp" test) due to 2 previous errors; 2 warnings emitted
[INFO] running `Command { std: "docker" "inspect" "5fece67ea897f3cc8b00adde3cfd8e8331aec3a4a19f107bd13ba3325c16e76b", kill_on_drop: false }`
[INFO] running `Command { std: "docker" "rm" "-f" "5fece67ea897f3cc8b00adde3cfd8e8331aec3a4a19f107bd13ba3325c16e76b", kill_on_drop: false }`
[INFO] [stdout] 5fece67ea897f3cc8b00adde3cfd8e8331aec3a4a19f107bd13ba3325c16e76b
[INFO] testing motp-0.1.0 against beta-2023-12-22 for beta-1.76-1
[INFO] extracting crate motp 0.1.0 into /workspace/builds/worker-6-tc2/source
[INFO] validating manifest of crates.io crate motp 0.1.0 on toolchain beta-2023-12-22
[INFO] running `Command { std: CARGO_HOME="/workspace/cargo-home" RUSTUP_HOME="/workspace/rustup-home" "/workspace/cargo-home/bin/cargo" "+beta-2023-12-22" "metadata" "--manifest-path" "Cargo.toml" "--no-deps", kill_on_drop: false }`
[INFO] started tweaking crates.io crate motp 0.1.0
[INFO] finished tweaking crates.io crate motp 0.1.0
[INFO] tweaked toml for crates.io crate motp 0.1.0 written to /workspace/builds/worker-6-tc2/source/Cargo.toml
[INFO] crate crates.io crate motp 0.1.0 already has a lockfile, it will not be regenerated
[INFO] running `Command { std: CARGO_HOME="/workspace/cargo-home" RUSTUP_HOME="/workspace/rustup-home" "/workspace/cargo-home/bin/cargo" "+beta-2023-12-22" "fetch" "--manifest-path" "Cargo.toml", kill_on_drop: false }`
[INFO] running `Command { std: "docker" "create" "-v" "/var/lib/crater-agent-workspace/builds/worker-6-tc2/target:/opt/rustwide/target:rw,Z" "-v" "/var/lib/crater-agent-workspace/builds/worker-6-tc2/source:/opt/rustwide/workdir:ro,Z" "-v" "/var/lib/crater-agent-workspace/cargo-home:/opt/rustwide/cargo-home:ro,Z" "-v" "/var/lib/crater-agent-workspace/rustup-home:/opt/rustwide/rustup-home:ro,Z" "-e" "SOURCE_DIR=/opt/rustwide/workdir" "-e" "CARGO_TARGET_DIR=/opt/rustwide/target" "-e" "CARGO_HOME=/opt/rustwide/cargo-home" "-e" "RUSTUP_HOME=/opt/rustwide/rustup-home" "-w" "/opt/rustwide/workdir" "-m" "1610612736" "--user" "0:0" "--network" "none" "ghcr.io/rust-lang/crates-build-env/linux@sha256:2788e3201cd34a07e3172128adcd8b3090168a8e3bcc40d7c032b9dda1df7d1c" "/opt/rustwide/cargo-home/bin/cargo" "+beta-2023-12-22" "metadata" "--no-deps" "--format-version=1", kill_on_drop: false }`
[INFO] [stdout] 8bdd369341e6cb6cdb134284a076e65d710f72e51ea43a5d099367c42f0cb90e
[INFO] running `Command { std: "docker" "start" "-a" "8bdd369341e6cb6cdb134284a076e65d710f72e51ea43a5d099367c42f0cb90e", kill_on_drop: false }`
[INFO] running `Command { std: "docker" "inspect" "8bdd369341e6cb6cdb134284a076e65d710f72e51ea43a5d099367c42f0cb90e", kill_on_drop: false }`
[INFO] running `Command { std: "docker" "rm" "-f" "8bdd369341e6cb6cdb134284a076e65d710f72e51ea43a5d099367c42f0cb90e", kill_on_drop: false }`
[INFO] [stdout] 8bdd369341e6cb6cdb134284a076e65d710f72e51ea43a5d099367c42f0cb90e
[INFO] running `Command { std: "docker" "create" "-v" "/var/lib/crater-agent-workspace/builds/worker-6-tc2/target:/opt/rustwide/target:rw,Z" "-v" "/var/lib/crater-agent-workspace/builds/worker-6-tc2/source:/opt/rustwide/workdir:ro,Z" "-v" "/var/lib/crater-agent-workspace/cargo-home:/opt/rustwide/cargo-home:ro,Z" "-v" "/var/lib/crater-agent-workspace/rustup-home:/opt/rustwide/rustup-home:ro,Z" "-e" "SOURCE_DIR=/opt/rustwide/workdir" "-e" "CARGO_TARGET_DIR=/opt/rustwide/target" "-e" "CARGO_INCREMENTAL=0" "-e" "RUST_BACKTRACE=full" "-e" "RUSTFLAGS=--cap-lints=warn" "-e" "RUSTDOCFLAGS=--cap-lints=warn" "-e" "CARGO_HOME=/opt/rustwide/cargo-home" "-e" "RUSTUP_HOME=/opt/rustwide/rustup-home" "-w" "/opt/rustwide/workdir" "-m" "1610612736" "--user" "0:0" "--network" "none" "ghcr.io/rust-lang/crates-build-env/linux@sha256:2788e3201cd34a07e3172128adcd8b3090168a8e3bcc40d7c032b9dda1df7d1c" "/opt/rustwide/cargo-home/bin/cargo" "+beta-2023-12-22" "build" "--frozen" "--message-format=json", kill_on_drop: false }`
[INFO] [stdout] e43373fa92ac5cd3729fae5fb7fd20f169d8123b753a73e3dc9d122a11d884d9
[INFO] running `Command { std: "docker" "start" "-a" "e43373fa92ac5cd3729fae5fb7fd20f169d8123b753a73e3dc9d122a11d884d9", kill_on_drop: false }`
[INFO] [stderr]    Compiling libc v0.2.76
[INFO] [stderr]    Compiling num-traits v0.2.12
[INFO] [stderr]    Compiling num-integer v0.1.43
[INFO] [stderr]    Compiling unicode-width v0.1.8
[INFO] [stderr]    Compiling md5 v0.7.0
[INFO] [stderr]    Compiling textwrap v0.11.0
[INFO] [stderr]    Compiling time v0.1.43
[INFO] [stderr]    Compiling atty v0.2.14
[INFO] [stderr]    Compiling clap v2.33.3
[INFO] [stderr]    Compiling chrono v0.4.15
[INFO] [stderr]    Compiling motp v0.1.0 (/opt/rustwide/workdir)
[INFO] [stdout] warning: found module declaration for lib.rs
[INFO] [stdout]  --> src/main.rs:7:1
[INFO] [stdout]   |
[INFO] [stdout] 7 | mod lib;
[INFO] [stdout]   | ^^^^^^^^
[INFO] [stdout]   |
[INFO] [stdout]   = note: lib.rs is the root of this crate's library target
[INFO] [stdout]   = help: to refer to it from other targets, use the library's name as the path
[INFO] [stdout]   = note: `#[warn(special_module_name)]` on by default
[INFO] [stdout] 
[INFO] [stdout] 
[INFO] [stdout] warning: unused import: `Read`
[INFO] [stdout]  --> src/main.rs:3:21
[INFO] [stdout]   |
[INFO] [stdout] 3 | use std::io::{self, Read};
[INFO] [stdout]   |                     ^^^^
[INFO] [stdout]   |
[INFO] [stdout]   = note: `#[warn(unused_imports)]` on by default
[INFO] [stdout] 
[INFO] [stdout] 
[INFO] [stdout] warning: constant `DEFAULT_OTP_VALID_PERIOD` is never used
[INFO] [stdout]  --> src/lib.rs:8:11
[INFO] [stdout]   |
[INFO] [stdout] 8 | pub const DEFAULT_OTP_VALID_PERIOD: u8 = 30; //in seconds
[INFO] [stdout]   |           ^^^^^^^^^^^^^^^^^^^^^^^^
[INFO] [stdout]   |
[INFO] [stdout]   = note: `#[warn(dead_code)]` on by default
[INFO] [stdout] 
[INFO] [stdout] 
[INFO] [stdout] warning: function `check_otp` is never used
[INFO] [stdout]   --> src/lib.rs:39:8
[INFO] [stdout]    |
[INFO] [stdout] 39 | pub fn check_otp(code: &str, secret: &str, pin: &str, valid_period: u8) -> bool {
[INFO] [stdout]    |        ^^^^^^^^^
[INFO] [stdout] 
[INFO] [stdout] 
[INFO] [stdout] warning: 4 warnings emitted
[INFO] [stdout] 
[INFO] [stdout] 
[INFO] [stderr]     Finished dev [unoptimized + debuginfo] target(s) in 3.55s
[INFO] running `Command { std: "docker" "inspect" "e43373fa92ac5cd3729fae5fb7fd20f169d8123b753a73e3dc9d122a11d884d9", kill_on_drop: false }`
[INFO] running `Command { std: "docker" "rm" "-f" "e43373fa92ac5cd3729fae5fb7fd20f169d8123b753a73e3dc9d122a11d884d9", kill_on_drop: false }`
[INFO] [stdout] e43373fa92ac5cd3729fae5fb7fd20f169d8123b753a73e3dc9d122a11d884d9
[INFO] running `Command { std: "docker" "create" "-v" "/var/lib/crater-agent-workspace/builds/worker-6-tc2/target:/opt/rustwide/target:rw,Z" "-v" "/var/lib/crater-agent-workspace/builds/worker-6-tc2/source:/opt/rustwide/workdir:ro,Z" "-v" "/var/lib/crater-agent-workspace/cargo-home:/opt/rustwide/cargo-home:ro,Z" "-v" "/var/lib/crater-agent-workspace/rustup-home:/opt/rustwide/rustup-home:ro,Z" "-e" "SOURCE_DIR=/opt/rustwide/workdir" "-e" "CARGO_TARGET_DIR=/opt/rustwide/target" "-e" "CARGO_INCREMENTAL=0" "-e" "RUST_BACKTRACE=full" "-e" "RUSTFLAGS=--cap-lints=warn" "-e" "RUSTDOCFLAGS=--cap-lints=warn" "-e" "CARGO_HOME=/opt/rustwide/cargo-home" "-e" "RUSTUP_HOME=/opt/rustwide/rustup-home" "-w" "/opt/rustwide/workdir" "-m" "1610612736" "--user" "0:0" "--network" "none" "ghcr.io/rust-lang/crates-build-env/linux@sha256:2788e3201cd34a07e3172128adcd8b3090168a8e3bcc40d7c032b9dda1df7d1c" "/opt/rustwide/cargo-home/bin/cargo" "+beta-2023-12-22" "test" "--frozen" "--no-run" "--message-format=json", kill_on_drop: false }`
[INFO] [stdout] d9438c3d4808b2115f4218be277d2bc77a345ae7264fe41049d886d2100fb72c
[INFO] running `Command { std: "docker" "start" "-a" "d9438c3d4808b2115f4218be277d2bc77a345ae7264fe41049d886d2100fb72c", kill_on_drop: false }`
[INFO] [stderr]    Compiling motp v0.1.0 (/opt/rustwide/workdir)
[INFO] [stdout] warning: found module declaration for lib.rs
[INFO] [stdout]  --> src/main.rs:7:1
[INFO] [stdout]   |
[INFO] [stdout] 7 | mod lib;
[INFO] [stdout]   | ^^^^^^^^
[INFO] [stdout]   |
[INFO] [stdout]   = note: lib.rs is the root of this crate's library target
[INFO] [stdout]   = help: to refer to it from other targets, use the library's name as the path
[INFO] [stdout]   = note: `#[warn(special_module_name)]` on by default
[INFO] [stdout] 
[INFO] [stdout] 
[INFO] [stdout] warning: unused import: `Read`
[INFO] [stdout]  --> src/main.rs:3:21
[INFO] [stdout]   |
[INFO] [stdout] 3 | use std::io::{self, Read};
[INFO] [stdout]   |                     ^^^^
[INFO] [stdout]   |
[INFO] [stdout]   = note: `#[warn(unused_imports)]` on by default
[INFO] [stdout] 
[INFO] [stdout] 
[INFO] [stdout] error[E0061]: this function takes 4 arguments but 3 arguments were supplied
[INFO] [stdout]   --> src/lib.rs:16:17
[INFO] [stdout]    |
[INFO] [stdout] 16 |         assert!(check_otp(&otp, "0123456789abcdef", "0000"));
[INFO] [stdout]    |                 ^^^^^^^^^---------------------------------- an argument of type `u8` is missing
[INFO] [stdout]    |
[INFO] [stdout] note: function defined here
[INFO] [stdout]   --> src/lib.rs:39:8
[INFO] [stdout]    |
[INFO] [stdout] 39 | pub fn check_otp(code: &str, secret: &str, pin: &str, valid_period: u8) -> bool {
[INFO] [stdout]    |        ^^^^^^^^^ ----------  ------------  ---------  ----------------
[INFO] [stdout] help: provide the argument
[INFO] [stdout]    |
[INFO] [stdout] 16 |         assert!(check_otp(&otp, "0123456789abcdef", "0000", /* u8 */));
[INFO] [stdout]    |                          ~~~~~~~~~~~~~~~~~~~~~~~~~~~~~~~~~~~~~~~~~~~~
[INFO] [stdout] 
[INFO] [stdout] 
[INFO] [stdout] error: aborting due to 1 previous error
[INFO] [stdout] 
[INFO] [stdout] 
[INFO] [stdout] For more information about this error, try `rustc --explain E0061`.
[INFO] [stdout] 
[INFO] [stdout] error[E0061]: this function takes 4 arguments but 3 arguments were supplied
[INFO] [stdout]   --> src/lib.rs:16:17
[INFO] [stdout]    |
[INFO] [stdout] 16 |         assert!(check_otp(&otp, "0123456789abcdef", "0000"));
[INFO] [stdout]    |                 ^^^^^^^^^---------------------------------- an argument of type `u8` is missing
[INFO] [stdout]    |
[INFO] [stdout] note: function defined here
[INFO] [stdout]   --> src/lib.rs:39:8
[INFO] [stdout]    |
[INFO] [stdout] 39 | pub fn check_otp(code: &str, secret: &str, pin: &str, valid_period: u8) -> bool {
[INFO] [stdout]    |        ^^^^^^^^^ ----------  ------------  ---------  ----------------
[INFO] [stdout] help: provide the argument
[INFO] [stdout]    |
[INFO] [stdout] 16 |         assert!(check_otp(&otp, "0123456789abcdef", "0000", /* u8 */));
[INFO] [stdout]    |                          ~~~~~~~~~~~~~~~~~~~~~~~~~~~~~~~~~~~~~~~~~~~~
[INFO] [stdout] 
[INFO] [stdout] 
[INFO] [stderr] error: could not compile `motp` (lib test) due to 2 previous errors
[INFO] [stderr] warning: build failed, waiting for other jobs to finish...
[INFO] [stdout] error: aborting due to 1 previous error; 2 warnings emitted
[INFO] [stdout] 
[INFO] [stdout] 
[INFO] [stdout] For more information about this error, try `rustc --explain E0061`.
[INFO] [stdout] 
[INFO] [stderr] error: could not compile `motp` (bin "motp" test) due to 2 previous errors; 2 warnings emitted
[INFO] running `Command { std: "docker" "inspect" "d9438c3d4808b2115f4218be277d2bc77a345ae7264fe41049d886d2100fb72c", kill_on_drop: false }`
[INFO] running `Command { std: "docker" "rm" "-f" "d9438c3d4808b2115f4218be277d2bc77a345ae7264fe41049d886d2100fb72c", kill_on_drop: false }`
[INFO] [stdout] d9438c3d4808b2115f4218be277d2bc77a345ae7264fe41049d886d2100fb72c
