[INFO] fetching crate morpho 0.18.3...
[INFO] testing morpho-0.18.3 against 1.75.0 for beta-1.76-1
[INFO] extracting crate morpho 0.18.3 into /workspace/builds/worker-2-tc1/source
[INFO] validating manifest of crates.io crate morpho 0.18.3 on toolchain 1.75.0
[INFO] running `Command { std: CARGO_HOME="/workspace/cargo-home" RUSTUP_HOME="/workspace/rustup-home" "/workspace/cargo-home/bin/cargo" "+1.75.0" "metadata" "--manifest-path" "Cargo.toml" "--no-deps", kill_on_drop: false }`
[INFO] started tweaking crates.io crate morpho 0.18.3
[INFO] finished tweaking crates.io crate morpho 0.18.3
[INFO] tweaked toml for crates.io crate morpho 0.18.3 written to /workspace/builds/worker-2-tc1/source/Cargo.toml
[INFO] crate crates.io crate morpho 0.18.3 already has a lockfile, it will not be regenerated
[INFO] running `Command { std: CARGO_HOME="/workspace/cargo-home" RUSTUP_HOME="/workspace/rustup-home" "/workspace/cargo-home/bin/cargo" "+1.75.0" "fetch" "--manifest-path" "Cargo.toml", kill_on_drop: false }`
[INFO] [stderr]     Updating crates.io index
[INFO] [stderr]     Blocking waiting for file lock on package cache
[INFO] [stderr]  Downloading crates ...
[INFO] [stderr]   Downloaded pest_meta v2.5.1
[INFO] [stderr]   Downloaded conduit-mime-types v0.7.3
[INFO] [stderr]   Downloaded filetime v0.2.19
[INFO] [stderr]   Downloaded pest_generator v2.5.1
[INFO] [stderr]   Downloaded net2 v0.2.38
[INFO] [stderr]   Downloaded shellexpand v1.1.1
[INFO] [stderr]   Downloaded pest_derive v2.5.1
[INFO] [stderr]   Downloaded serde_derive v1.0.150
[INFO] [stderr]   Downloaded globset v0.4.9
[INFO] [stderr]   Downloaded toml v0.5.10
[INFO] [stderr]   Downloaded serde v1.0.150
[INFO] [stderr]   Downloaded civet-sys v0.1.4
[INFO] [stderr]   Downloaded conduit v0.9.0
[INFO] [stderr]   Downloaded civet v0.12.0-alpha.5
[INFO] running `Command { std: "docker" "create" "-v" "/var/lib/crater-agent-workspace/builds/worker-2-tc1/target:/opt/rustwide/target:rw,Z" "-v" "/var/lib/crater-agent-workspace/builds/worker-2-tc1/source:/opt/rustwide/workdir:ro,Z" "-v" "/var/lib/crater-agent-workspace/cargo-home:/opt/rustwide/cargo-home:ro,Z" "-v" "/var/lib/crater-agent-workspace/rustup-home:/opt/rustwide/rustup-home:ro,Z" "-e" "SOURCE_DIR=/opt/rustwide/workdir" "-e" "CARGO_TARGET_DIR=/opt/rustwide/target" "-e" "CARGO_HOME=/opt/rustwide/cargo-home" "-e" "RUSTUP_HOME=/opt/rustwide/rustup-home" "-w" "/opt/rustwide/workdir" "-m" "1610612736" "--user" "0:0" "--network" "none" "ghcr.io/rust-lang/crates-build-env/linux@sha256:2788e3201cd34a07e3172128adcd8b3090168a8e3bcc40d7c032b9dda1df7d1c" "/opt/rustwide/cargo-home/bin/cargo" "+1.75.0" "metadata" "--no-deps" "--format-version=1", kill_on_drop: false }`
[INFO] [stdout] 7ee5c0734934d6614cfc710b1cf4458f3fca93d32c97feac44648df4791ca0af
[INFO] running `Command { std: "docker" "start" "-a" "7ee5c0734934d6614cfc710b1cf4458f3fca93d32c97feac44648df4791ca0af", kill_on_drop: false }`
[INFO] running `Command { std: "docker" "inspect" "7ee5c0734934d6614cfc710b1cf4458f3fca93d32c97feac44648df4791ca0af", kill_on_drop: false }`
[INFO] running `Command { std: "docker" "rm" "-f" "7ee5c0734934d6614cfc710b1cf4458f3fca93d32c97feac44648df4791ca0af", kill_on_drop: false }`
[INFO] [stdout] 7ee5c0734934d6614cfc710b1cf4458f3fca93d32c97feac44648df4791ca0af
[INFO] running `Command { std: "docker" "create" "-v" "/var/lib/crater-agent-workspace/builds/worker-2-tc1/target:/opt/rustwide/target:rw,Z" "-v" "/var/lib/crater-agent-workspace/builds/worker-2-tc1/source:/opt/rustwide/workdir:ro,Z" "-v" "/var/lib/crater-agent-workspace/cargo-home:/opt/rustwide/cargo-home:ro,Z" "-v" "/var/lib/crater-agent-workspace/rustup-home:/opt/rustwide/rustup-home:ro,Z" "-e" "SOURCE_DIR=/opt/rustwide/workdir" "-e" "CARGO_TARGET_DIR=/opt/rustwide/target" "-e" "CARGO_INCREMENTAL=0" "-e" "RUST_BACKTRACE=full" "-e" "RUSTFLAGS=--cap-lints=warn" "-e" "RUSTDOCFLAGS=--cap-lints=warn" "-e" "CARGO_HOME=/opt/rustwide/cargo-home" "-e" "RUSTUP_HOME=/opt/rustwide/rustup-home" "-w" "/opt/rustwide/workdir" "-m" "1610612736" "--user" "0:0" "--network" "none" "ghcr.io/rust-lang/crates-build-env/linux@sha256:2788e3201cd34a07e3172128adcd8b3090168a8e3bcc40d7c032b9dda1df7d1c" "/opt/rustwide/cargo-home/bin/cargo" "+1.75.0" "build" "--frozen" "--message-format=json", kill_on_drop: false }`
[INFO] [stdout] 81d86fcbe2e95ff9f597d0f5fbed2272d86cd05a3b33f8f0c656b2ffbad0dac2
[INFO] running `Command { std: "docker" "start" "-a" "81d86fcbe2e95ff9f597d0f5fbed2272d86cd05a3b33f8f0c656b2ffbad0dac2", kill_on_drop: false }`
[INFO] [stderr]    Compiling libc v0.2.138
[INFO] [stderr]    Compiling proc-macro2 v1.0.47
[INFO] [stderr]    Compiling unicode-ident v1.0.5
[INFO] [stderr]    Compiling syn v1.0.105
[INFO] [stderr]    Compiling regex-syntax v0.6.28
[INFO] [stderr]    Compiling log v0.4.17
[INFO] [stderr]    Compiling serde_derive v1.0.150
[INFO] [stderr]    Compiling once_cell v1.16.0
[INFO] [stderr]    Compiling serde v1.0.150
[INFO] [stderr]    Compiling itoa v1.0.4
[INFO] [stderr]    Compiling aho-corasick v0.7.20
[INFO] [stderr]    Compiling crossbeam-utils v0.8.14
[INFO] [stderr]    Compiling phf_shared v0.11.1
[INFO] [stderr]    Compiling bstr v0.2.17
[INFO] [stderr]    Compiling iana-time-zone v0.1.53
[INFO] [stderr]    Compiling civet-sys v0.1.4
[INFO] [stderr]    Compiling bytes v1.3.0
[INFO] [stderr]    Compiling phf v0.11.1
[INFO] [stderr]    Compiling thread_local v1.1.4
[INFO] [stderr]    Compiling serde_json v1.0.89
[INFO] [stderr]    Compiling argh_shared v0.1.9
[INFO] [stderr]    Compiling heck v0.4.0
[INFO] [stderr]    Compiling pulldown-cmark v0.6.1
[INFO] [stderr]    Compiling quick-error v1.2.3
[INFO] [stderr]    Compiling getopts v0.2.21
[INFO] [stderr]    Compiling rustc-serialize v0.3.24
[INFO] [stderr]    Compiling humantime v1.3.0
[INFO] [stderr]    Compiling humansize v1.1.1
[INFO] [stderr]    Compiling fastrand v1.8.0
[INFO] [stderr]    Compiling convert_case v0.4.0
[INFO] [stderr]    Compiling pathdiff v0.2.1
[INFO] [stderr]    Compiling termcolor v1.1.3
[INFO] [stderr]    Compiling glob v0.3.0
[INFO] [stderr]    Compiling open v1.7.1
[INFO] [stderr]    Compiling http v0.2.8
[INFO] [stderr]    Compiling quote v1.0.21
[INFO] [stderr]    Compiling getrandom v0.2.8
[INFO] [stderr]    Compiling iovec v0.1.4
[INFO] [stderr]    Compiling time v0.1.45
[INFO] [stderr]    Compiling regex v1.7.0
[INFO] [stderr]    Compiling net2 v0.2.38
[INFO] [stderr]    Compiling dirs-sys v0.3.7
[INFO] [stderr]    Compiling inotify-sys v0.1.5
[INFO] [stderr]    Compiling atty v0.2.14
[INFO] [stderr]    Compiling filetime v0.2.19
[INFO] [stderr]    Compiling tempfile v3.3.0
[INFO] [stderr]    Compiling inotify v0.7.1
[INFO] [stderr]    Compiling rand_core v0.6.4
[INFO] [stderr]    Compiling conduit v0.9.0
[INFO] [stderr] error: failed to run custom build command for `civet-sys v0.1.4`
[INFO] [stderr] note: To improve backtraces for build dependencies, set the CARGO_PROFILE_DEV_BUILD_OVERRIDE_DEBUG=true environment variable to enable debug information generation.
[INFO] [stderr] 
[INFO] [stderr] Caused by:
[INFO] [stderr]   process didn't exit successfully: `/opt/rustwide/target/debug/build/civet-sys-06fc14664d20e800/build-script-build` (exit status: 101)
[INFO] [stderr]   --- stdout
[INFO] [stderr]   cc -c -W -Wall -O2 -DLINUX -Iinclude -fPIC -DNDEBUG src/civetweb.c -o /opt/rustwide/target/debug/build/civet-sys-b3278df38cb01437/out/src/civetweb.o
[INFO] [stderr]   ar cq libcivetweb.a /opt/rustwide/target/debug/build/civet-sys-b3278df38cb01437/out/src/civetweb.o
[INFO] [stderr] 
[INFO] [stderr]   --- stderr
[INFO] [stderr]   src/civetweb.c: In function 'authorize':
[INFO] [stderr]   src/civetweb.c:3219:12: warning: missing initializer for field 'ah' of 'struct read_auth_file_struct' [-Wmissing-field-initializers]
[INFO] [stderr]    3219 |     struct read_auth_file_struct workdata = {conn};
[INFO] [stderr]         |            ^~~~~~~~~~~~~~~~~~~~~
[INFO] [stderr]   src/civetweb.c:3141:15: note: 'ah' declared here
[INFO] [stderr]    3141 |     struct ah ah;
[INFO] [stderr]         |               ^~
[INFO] [stderr]   ar: libcivetweb.a: Read-only file system
[INFO] [stderr]   make: *** [Makefile:214: libcivetweb.a] Error 1
[INFO] [stderr]   thread 'main' panicked at /opt/rustwide/cargo-home/registry/src/index.crates.io-6f17d22bba15001f/civet-sys-0.1.4/build.rs:9:5:
[INFO] [stderr]   assertion failed: Command::new("make").current_dir("civetweb").arg("lib").arg(&format!("BUILD_DIR={}",
[INFO] [stderr]                               dst)).env("COPT", "-fPIC").status().unwrap().success()
[INFO] [stderr]   stack backtrace:
[INFO] [stderr]      0:     0x561380bebfdc - std::backtrace_rs::backtrace::libunwind::trace::ha637c64ce894333a
[INFO] [stderr]                                  at /rustc/82e1608dfa6e0b5569232559e3d385fea5a93112/library/std/src/../../backtrace/src/backtrace/libunwind.rs:104:5
[INFO] [stderr]      1:     0x561380bebfdc - std::backtrace_rs::backtrace::trace_unsynchronized::h47f62dea28e0c88d
[INFO] [stderr]                                  at /rustc/82e1608dfa6e0b5569232559e3d385fea5a93112/library/std/src/../../backtrace/src/backtrace/mod.rs:66:5
[INFO] [stderr]      2:     0x561380bebfdc - std::sys_common::backtrace::_print_fmt::h9eef0abe20ede486
[INFO] [stderr]                                  at /rustc/82e1608dfa6e0b5569232559e3d385fea5a93112/library/std/src/sys_common/backtrace.rs:67:5
[INFO] [stderr]      3:     0x561380bebfdc - <std::sys_common::backtrace::_print::DisplayBacktrace as core::fmt::Display>::fmt::hed7f999df88cc644
[INFO] [stderr]                                  at /rustc/82e1608dfa6e0b5569232559e3d385fea5a93112/library/std/src/sys_common/backtrace.rs:44:22
[INFO] [stderr]      4:     0x561380c0fc80 - core::fmt::rt::Argument::fmt::h1539a9308b8d058d
[INFO] [stderr]                                  at /rustc/82e1608dfa6e0b5569232559e3d385fea5a93112/library/core/src/fmt/rt.rs:142:9
[INFO] [stderr]      5:     0x561380c0fc80 - core::fmt::write::h3a39390d8560d9c9
[INFO] [stderr]                                  at /rustc/82e1608dfa6e0b5569232559e3d385fea5a93112/library/core/src/fmt/mod.rs:1120:17
[INFO] [stderr]      6:     0x561380bea08f - std::io::Write::write_fmt::h5fc9997dfe05f882
[INFO] [stderr]                                  at /rustc/82e1608dfa6e0b5569232559e3d385fea5a93112/library/std/src/io/mod.rs:1762:15
[INFO] [stderr]      7:     0x561380bebdc4 - std::sys_common::backtrace::_print::h894006fb5c6f3d45
[INFO] [stderr]                                  at /rustc/82e1608dfa6e0b5569232559e3d385fea5a93112/library/std/src/sys_common/backtrace.rs:47:5
[INFO] [stderr]      8:     0x561380bebdc4 - std::sys_common::backtrace::print::h23a2d212c6fff936
[INFO] [stderr]                                  at /rustc/82e1608dfa6e0b5569232559e3d385fea5a93112/library/std/src/sys_common/backtrace.rs:34:9
[INFO] [stderr]      9:     0x561380bed467 - std::panicking::default_hook::{{closure}}::h8a1d2ee00185001a
[INFO] [stderr]     10:     0x561380bed1cf - std::panicking::default_hook::h6038f2eba384e475
[INFO] [stderr]                                  at /rustc/82e1608dfa6e0b5569232559e3d385fea5a93112/library/std/src/panicking.rs:292:9
[INFO] [stderr]     11:     0x561380bed8e8 - std::panicking::rust_panic_with_hook::h2b5517d590cab22e
[INFO] [stderr]                                  at /rustc/82e1608dfa6e0b5569232559e3d385fea5a93112/library/std/src/panicking.rs:779:13
[INFO] [stderr]     12:     0x561380bed799 - std::panicking::begin_panic_handler::{{closure}}::h233112c06e0ef43e
[INFO] [stderr]                                  at /rustc/82e1608dfa6e0b5569232559e3d385fea5a93112/library/std/src/panicking.rs:649:13
[INFO] [stderr]     13:     0x561380bec4a6 - std::sys_common::backtrace::__rust_end_short_backtrace::h6e893f24d7ebbff8
[INFO] [stderr]                                  at /rustc/82e1608dfa6e0b5569232559e3d385fea5a93112/library/std/src/sys_common/backtrace.rs:170:18
[INFO] [stderr]     14:     0x561380bed532 - rust_begin_unwind
[INFO] [stderr]                                  at /rustc/82e1608dfa6e0b5569232559e3d385fea5a93112/library/std/src/panicking.rs:645:5
[INFO] [stderr]     15:     0x561380bc7485 - core::panicking::panic_fmt::hbf0e066aabfa482c
[INFO] [stderr]                                  at /rustc/82e1608dfa6e0b5569232559e3d385fea5a93112/library/core/src/panicking.rs:72:14
[INFO] [stderr]     16:     0x561380bc7523 - core::panicking::panic::h195fc2a96298d4c3
[INFO] [stderr]                                  at /rustc/82e1608dfa6e0b5569232559e3d385fea5a93112/library/core/src/panicking.rs:127:5
[INFO] [stderr]     17:     0x561380bcbe82 - build_script_build::main::h559c2432a9f200c1
[INFO] [stderr]     18:     0x561380bc8bc3 - core::ops::function::FnOnce::call_once::h9892b1e45d759bb3
[INFO] [stderr]     19:     0x561380bc7fc6 - std::sys_common::backtrace::__rust_begin_short_backtrace::h9a0422b0daf35e7c
[INFO] [stderr]     20:     0x561380bc85e9 - std::rt::lang_start::{{closure}}::h25029a2e8121e291
[INFO] [stderr]     21:     0x561380be6e47 - core::ops::function::impls::<impl core::ops::function::FnOnce<A> for &F>::call_once::hd95060ecd5e1ca24
[INFO] [stderr]                                  at /rustc/82e1608dfa6e0b5569232559e3d385fea5a93112/library/core/src/ops/function.rs:284:13
[INFO] [stderr]     22:     0x561380be6e47 - std::panicking::try::do_call::h6e8cf51db32a6e4b
[INFO] [stderr]                                  at /rustc/82e1608dfa6e0b5569232559e3d385fea5a93112/library/std/src/panicking.rs:552:40
[INFO] [stderr]     23:     0x561380be6e47 - std::panicking::try::h3a52eefe24fe3c29
[INFO] [stderr]                                  at /rustc/82e1608dfa6e0b5569232559e3d385fea5a93112/library/std/src/panicking.rs:516:19
[INFO] [stderr]     24:     0x561380be6e47 - std::panic::catch_unwind::h24c28c23c02c3841
[INFO] [stderr]                                  at /rustc/82e1608dfa6e0b5569232559e3d385fea5a93112/library/std/src/panic.rs:142:14
[INFO] [stderr]     25:     0x561380be6e47 - std::rt::lang_start_internal::{{closure}}::h705d3c9cbc06ef47
[INFO] [stderr]                                  at /rustc/82e1608dfa6e0b5569232559e3d385fea5a93112/library/std/src/rt.rs:148:48
[INFO] [stderr]     26:     0x561380be6e47 - std::panicking::try::do_call::ha21f52ba13158470
[INFO] [stderr]                                  at /rustc/82e1608dfa6e0b5569232559e3d385fea5a93112/library/std/src/panicking.rs:552:40
[INFO] [stderr]     27:     0x561380be6e47 - std::panicking::try::h5581346bf6aeb1f8
[INFO] [stderr]                                  at /rustc/82e1608dfa6e0b5569232559e3d385fea5a93112/library/std/src/panicking.rs:516:19
[INFO] [stderr]     28:     0x561380be6e47 - std::panic::catch_unwind::h7919645a6b72e25b
[INFO] [stderr]                                  at /rustc/82e1608dfa6e0b5569232559e3d385fea5a93112/library/std/src/panic.rs:142:14
[INFO] [stderr]     29:     0x561380be6e47 - std::rt::lang_start_internal::h12de51168669836e
[INFO] [stderr]                                  at /rustc/82e1608dfa6e0b5569232559e3d385fea5a93112/library/std/src/rt.rs:148:20
[INFO] [stderr]     30:     0x561380bc85c7 - std::rt::lang_start::hca4d0012fd911f88
[INFO] [stderr]     31:     0x561380bcc105 - main
[INFO] [stderr]     32:     0x7f5ce4656d90 - <unknown>
[INFO] [stderr]     33:     0x7f5ce4656e40 - __libc_start_main
[INFO] [stderr]     34:     0x561380bc7ba5 - _start
[INFO] [stderr]     35:                0x0 - <unknown>
[INFO] [stderr] warning: build failed, waiting for other jobs to finish...
[INFO] running `Command { std: "docker" "inspect" "81d86fcbe2e95ff9f597d0f5fbed2272d86cd05a3b33f8f0c656b2ffbad0dac2", kill_on_drop: false }`
[INFO] running `Command { std: "docker" "rm" "-f" "81d86fcbe2e95ff9f597d0f5fbed2272d86cd05a3b33f8f0c656b2ffbad0dac2", kill_on_drop: false }`
[INFO] [stdout] 81d86fcbe2e95ff9f597d0f5fbed2272d86cd05a3b33f8f0c656b2ffbad0dac2
[INFO] testing morpho-0.18.3 against beta-2023-12-22 for beta-1.76-1
[INFO] extracting crate morpho 0.18.3 into /workspace/builds/worker-2-tc2/source
[INFO] validating manifest of crates.io crate morpho 0.18.3 on toolchain beta-2023-12-22
[INFO] running `Command { std: CARGO_HOME="/workspace/cargo-home" RUSTUP_HOME="/workspace/rustup-home" "/workspace/cargo-home/bin/cargo" "+beta-2023-12-22" "metadata" "--manifest-path" "Cargo.toml" "--no-deps", kill_on_drop: false }`
[INFO] started tweaking crates.io crate morpho 0.18.3
[INFO] finished tweaking crates.io crate morpho 0.18.3
[INFO] tweaked toml for crates.io crate morpho 0.18.3 written to /workspace/builds/worker-2-tc2/source/Cargo.toml
[INFO] crate crates.io crate morpho 0.18.3 already has a lockfile, it will not be regenerated
[INFO] running `Command { std: CARGO_HOME="/workspace/cargo-home" RUSTUP_HOME="/workspace/rustup-home" "/workspace/cargo-home/bin/cargo" "+beta-2023-12-22" "fetch" "--manifest-path" "Cargo.toml", kill_on_drop: false }`
[INFO] running `Command { std: "docker" "create" "-v" "/var/lib/crater-agent-workspace/builds/worker-2-tc2/target:/opt/rustwide/target:rw,Z" "-v" "/var/lib/crater-agent-workspace/builds/worker-2-tc2/source:/opt/rustwide/workdir:ro,Z" "-v" "/var/lib/crater-agent-workspace/cargo-home:/opt/rustwide/cargo-home:ro,Z" "-v" "/var/lib/crater-agent-workspace/rustup-home:/opt/rustwide/rustup-home:ro,Z" "-e" "SOURCE_DIR=/opt/rustwide/workdir" "-e" "CARGO_TARGET_DIR=/opt/rustwide/target" "-e" "CARGO_HOME=/opt/rustwide/cargo-home" "-e" "RUSTUP_HOME=/opt/rustwide/rustup-home" "-w" "/opt/rustwide/workdir" "-m" "1610612736" "--user" "0:0" "--network" "none" "ghcr.io/rust-lang/crates-build-env/linux@sha256:2788e3201cd34a07e3172128adcd8b3090168a8e3bcc40d7c032b9dda1df7d1c" "/opt/rustwide/cargo-home/bin/cargo" "+beta-2023-12-22" "metadata" "--no-deps" "--format-version=1", kill_on_drop: false }`
[INFO] [stdout] 7135a98906bd513451441e73b20742771cffab71e26bb6fe7bb0205f96de6822
[INFO] running `Command { std: "docker" "start" "-a" "7135a98906bd513451441e73b20742771cffab71e26bb6fe7bb0205f96de6822", kill_on_drop: false }`
[INFO] running `Command { std: "docker" "inspect" "7135a98906bd513451441e73b20742771cffab71e26bb6fe7bb0205f96de6822", kill_on_drop: false }`
[INFO] running `Command { std: "docker" "rm" "-f" "7135a98906bd513451441e73b20742771cffab71e26bb6fe7bb0205f96de6822", kill_on_drop: false }`
[INFO] [stdout] 7135a98906bd513451441e73b20742771cffab71e26bb6fe7bb0205f96de6822
[INFO] running `Command { std: "docker" "create" "-v" "/var/lib/crater-agent-workspace/builds/worker-2-tc2/target:/opt/rustwide/target:rw,Z" "-v" "/var/lib/crater-agent-workspace/builds/worker-2-tc2/source:/opt/rustwide/workdir:ro,Z" "-v" "/var/lib/crater-agent-workspace/cargo-home:/opt/rustwide/cargo-home:ro,Z" "-v" "/var/lib/crater-agent-workspace/rustup-home:/opt/rustwide/rustup-home:ro,Z" "-e" "SOURCE_DIR=/opt/rustwide/workdir" "-e" "CARGO_TARGET_DIR=/opt/rustwide/target" "-e" "CARGO_INCREMENTAL=0" "-e" "RUST_BACKTRACE=full" "-e" "RUSTFLAGS=--cap-lints=warn" "-e" "RUSTDOCFLAGS=--cap-lints=warn" "-e" "CARGO_HOME=/opt/rustwide/cargo-home" "-e" "RUSTUP_HOME=/opt/rustwide/rustup-home" "-w" "/opt/rustwide/workdir" "-m" "1610612736" "--user" "0:0" "--network" "none" "ghcr.io/rust-lang/crates-build-env/linux@sha256:2788e3201cd34a07e3172128adcd8b3090168a8e3bcc40d7c032b9dda1df7d1c" "/opt/rustwide/cargo-home/bin/cargo" "+beta-2023-12-22" "build" "--frozen" "--message-format=json", kill_on_drop: false }`
[INFO] [stdout] 2e8406a834a39faf15a322eac47c0e6931cf64512847bf24d5078d3670eb0ca6
[INFO] running `Command { std: "docker" "start" "-a" "2e8406a834a39faf15a322eac47c0e6931cf64512847bf24d5078d3670eb0ca6", kill_on_drop: false }`
[INFO] [stderr]    Compiling libc v0.2.138
[INFO] [stderr]    Compiling proc-macro2 v1.0.47
[INFO] [stderr]    Compiling unicode-ident v1.0.5
[INFO] [stderr]    Compiling syn v1.0.105
[INFO] [stderr]    Compiling regex-syntax v0.6.28
[INFO] [stderr]    Compiling log v0.4.17
[INFO] [stderr]    Compiling serde_derive v1.0.150
[INFO] [stderr]    Compiling once_cell v1.16.0
[INFO] [stderr]    Compiling serde v1.0.150
[INFO] [stderr]    Compiling itoa v1.0.4
[INFO] [stderr]    Compiling aho-corasick v0.7.20
[INFO] [stderr]    Compiling crossbeam-utils v0.8.14
[INFO] [stderr]    Compiling bstr v0.2.17
[INFO] [stderr]    Compiling phf_shared v0.11.1
[INFO] [stderr]    Compiling serde_json v1.0.89
[INFO] [stderr]    Compiling civet-sys v0.1.4
[INFO] [stderr]    Compiling iana-time-zone v0.1.53
[INFO] [stderr]    Compiling bytes v1.3.0
[INFO] [stderr]    Compiling phf v0.11.1
[INFO] [stderr]    Compiling thread_local v1.1.4
[INFO] [stderr]    Compiling argh_shared v0.1.9
[INFO] [stderr]    Compiling heck v0.4.0
[INFO] [stderr]    Compiling pulldown-cmark v0.6.1
[INFO] [stderr]    Compiling quick-error v1.2.3
[INFO] [stderr]    Compiling getopts v0.2.21
[INFO] [stderr]    Compiling humantime v1.3.0
[INFO] [stderr]    Compiling pathdiff v0.2.1
[INFO] [stderr]    Compiling convert_case v0.4.0
[INFO] [stderr]    Compiling termcolor v1.1.3
[INFO] [stderr]    Compiling rustc-serialize v0.3.24
[INFO] [stderr]    Compiling humansize v1.1.1
[INFO] [stderr]    Compiling fastrand v1.8.0
[INFO] [stderr]    Compiling http v0.2.8
[INFO] [stderr]    Compiling open v1.7.1
[INFO] [stderr]    Compiling glob v0.3.0
[INFO] [stdout] error[E0310]: the parameter type `T` may not live long enough
[INFO] [stdout]     --> /opt/rustwide/cargo-home/registry/src/index.crates.io-6f17d22bba15001f/rustc-serialize-0.3.24/src/serialize.rs:1155:5
[INFO] [stdout]      |
[INFO] [stdout] 1155 |     fn decode<D: Decoder>(d: &mut D) -> Result<Cow<'static, T>, D::Error> {
[INFO] [stdout]      |     ^^^^^^^^^^^^^^^^^^^^^^^^^^^^^^^^^^^^^^^^^^^^^^^^^^^^^^^^^^^^^^^^^^^^^
[INFO] [stdout]      |     |
[INFO] [stdout]      |     the parameter type `T` must be valid for the static lifetime...
[INFO] [stdout]      |     ...so that the type `T` will meet its required lifetime bounds...
[INFO] [stdout]      |
[INFO] [stdout] note: ...that is required by this bound
[INFO] [stdout]     --> /rustc/0e09125c6c3c2fd70d7de961bcf0e51575235fad/library/alloc/src/borrow.rs:180:30
[INFO] [stdout] help: consider adding an explicit lifetime bound
[INFO] [stdout]      |
[INFO] [stdout] 1151 | impl<'a, T: ?Sized + 'static> Decodable for Cow<'a, T>
[INFO] [stdout]      |                    +++++++++
[INFO] [stdout] 
[INFO] [stdout] 
[INFO] [stderr]    Compiling getrandom v0.2.8
[INFO] [stderr]    Compiling quote v1.0.21
[INFO] [stderr]    Compiling time v0.1.45
[INFO] [stderr]    Compiling iovec v0.1.4
[INFO] [stderr]    Compiling net2 v0.2.38
[INFO] [stderr]    Compiling rand_core v0.6.4
[INFO] [stderr]    Compiling dirs-sys v0.3.7
[INFO] [stderr]    Compiling inotify-sys v0.1.5
[INFO] [stderr]    Compiling filetime v0.2.19
[INFO] [stderr]    Compiling mio v0.6.23
[INFO] [stderr]    Compiling dirs v2.0.2
[INFO] [stdout] error: aborting due to 1 previous error
[INFO] [stdout] 
[INFO] [stdout] 
[INFO] [stdout] For more information about this error, try `rustc --explain E0310`.
[INFO] [stdout] 
[INFO] [stderr] error: could not compile `rustc-serialize` (lib) due to 2 previous errors
[INFO] [stderr] warning: build failed, waiting for other jobs to finish...
[INFO] [stderr] error: failed to run custom build command for `civet-sys v0.1.4`
[INFO] [stderr] note: To improve backtraces for build dependencies, set the CARGO_PROFILE_DEV_BUILD_OVERRIDE_DEBUG=true environment variable to enable debug information generation.
[INFO] [stderr] 
[INFO] [stderr] Caused by:
[INFO] [stderr]   process didn't exit successfully: `/opt/rustwide/target/debug/build/civet-sys-1661844f0e287942/build-script-build` (exit status: 101)
[INFO] [stderr]   --- stdout
[INFO] [stderr]   cc -c -W -Wall -O2 -DLINUX -Iinclude -fPIC -DNDEBUG src/civetweb.c -o /opt/rustwide/target/debug/build/civet-sys-b1816d44f325e9d7/out/src/civetweb.o
[INFO] [stderr]   ar cq libcivetweb.a /opt/rustwide/target/debug/build/civet-sys-b1816d44f325e9d7/out/src/civetweb.o
[INFO] [stderr] 
[INFO] [stderr]   --- stderr
[INFO] [stderr]   src/civetweb.c: In function 'authorize':
[INFO] [stderr]   src/civetweb.c:3219:12: warning: missing initializer for field 'ah' of 'struct read_auth_file_struct' [-Wmissing-field-initializers]
[INFO] [stderr]    3219 |     struct read_auth_file_struct workdata = {conn};
[INFO] [stderr]         |            ^~~~~~~~~~~~~~~~~~~~~
[INFO] [stderr]   src/civetweb.c:3141:15: note: 'ah' declared here
[INFO] [stderr]    3141 |     struct ah ah;
[INFO] [stderr]         |               ^~
[INFO] [stderr]   ar: libcivetweb.a: Read-only file system
[INFO] [stderr]   make: *** [Makefile:214: libcivetweb.a] Error 1
[INFO] [stderr]   thread 'main' panicked at /opt/rustwide/cargo-home/registry/src/index.crates.io-6f17d22bba15001f/civet-sys-0.1.4/build.rs:9:5:
[INFO] [stderr]   assertion failed: Command::new("make").current_dir("civetweb").arg("lib").arg(&format!("BUILD_DIR={}",
[INFO] [stderr]                               dst)).env("COPT", "-fPIC").status().unwrap().success()
[INFO] [stderr]   stack backtrace:
[INFO] [stderr]      0:     0x5598b7f740d6 - std::backtrace_rs::backtrace::libunwind::trace::h261606ad26a499c1
[INFO] [stderr]                                  at /rustc/0e09125c6c3c2fd70d7de961bcf0e51575235fad/library/std/src/../../backtrace/src/backtrace/libunwind.rs:104:5
[INFO] [stderr]      1:     0x5598b7f740d6 - std::backtrace_rs::backtrace::trace_unsynchronized::hd183f0625477fb28
[INFO] [stderr]                                  at /rustc/0e09125c6c3c2fd70d7de961bcf0e51575235fad/library/std/src/../../backtrace/src/backtrace/mod.rs:66:5
[INFO] [stderr]      2:     0x5598b7f740d6 - std::sys_common::backtrace::_print_fmt::hd7f8fef21b4eda67
[INFO] [stderr]                                  at /rustc/0e09125c6c3c2fd70d7de961bcf0e51575235fad/library/std/src/sys_common/backtrace.rs:68:5
[INFO] [stderr]      3:     0x5598b7f740d6 - <std::sys_common::backtrace::_print::DisplayBacktrace as core::fmt::Display>::fmt::h623d9b51f2f453f1
[INFO] [stderr]                                  at /rustc/0e09125c6c3c2fd70d7de961bcf0e51575235fad/library/std/src/sys_common/backtrace.rs:44:22
[INFO] [stderr]      4:     0x5598b7f970c0 - core::fmt::rt::Argument::fmt::h9f417ac76a86f368
[INFO] [stderr]                                  at /rustc/0e09125c6c3c2fd70d7de961bcf0e51575235fad/library/core/src/fmt/rt.rs:142:9
[INFO] [stderr]      5:     0x5598b7f970c0 - core::fmt::write::hc9b6faf4ac2aeff7
[INFO] [stderr]                                  at /rustc/0e09125c6c3c2fd70d7de961bcf0e51575235fad/library/core/src/fmt/mod.rs:1120:17
[INFO] [stderr]      6:     0x5598b7f7222f - std::io::Write::write_fmt::hfead1eee52c2e65e
[INFO] [stderr]                                  at /rustc/0e09125c6c3c2fd70d7de961bcf0e51575235fad/library/std/src/io/mod.rs:1810:15
[INFO] [stderr]      7:     0x5598b7f73eb4 - std::sys_common::backtrace::_print::hd5d66399c7df88a2
[INFO] [stderr]                                  at /rustc/0e09125c6c3c2fd70d7de961bcf0e51575235fad/library/std/src/sys_common/backtrace.rs:47:5
[INFO] [stderr]      8:     0x5598b7f73eb4 - std::sys_common::backtrace::print::he81ed2da642d37e5
[INFO] [stderr]                                  at /rustc/0e09125c6c3c2fd70d7de961bcf0e51575235fad/library/std/src/sys_common/backtrace.rs:34:9
[INFO] [stderr]      9:     0x5598b7f755a7 - std::panicking::default_hook::{{closure}}::h85773f4fa117163d
[INFO] [stderr]     10:     0x5598b7f75309 - std::panicking::default_hook::h6a1694a91d09b278
[INFO] [stderr]                                  at /rustc/0e09125c6c3c2fd70d7de961bcf0e51575235fad/library/std/src/panicking.rs:292:9
[INFO] [stderr]     11:     0x5598b7f75a38 - std::panicking::rust_panic_with_hook::h0a7ad96e90f7145b
[INFO] [stderr]                                  at /rustc/0e09125c6c3c2fd70d7de961bcf0e51575235fad/library/std/src/panicking.rs:779:13
[INFO] [stderr]     12:     0x5598b7f758d9 - std::panicking::begin_panic_handler::{{closure}}::h7919090525c6485e
[INFO] [stderr]                                  at /rustc/0e09125c6c3c2fd70d7de961bcf0e51575235fad/library/std/src/panicking.rs:649:13
[INFO] [stderr]     13:     0x5598b7f745d6 - std::sys_common::backtrace::__rust_end_short_backtrace::hf3289479464f7dfe
[INFO] [stderr]                                  at /rustc/0e09125c6c3c2fd70d7de961bcf0e51575235fad/library/std/src/sys_common/backtrace.rs:171:18
[INFO] [stderr]     14:     0x5598b7f75670 - rust_begin_unwind
[INFO] [stderr]                                  at /rustc/0e09125c6c3c2fd70d7de961bcf0e51575235fad/library/std/src/panicking.rs:645:5
[INFO] [stderr]     15:     0x5598b7f4f495 - core::panicking::panic_fmt::hcc9f77c5c132af55
[INFO] [stderr]                                  at /rustc/0e09125c6c3c2fd70d7de961bcf0e51575235fad/library/core/src/panicking.rs:72:14
[INFO] [stderr]     16:     0x5598b7f4f553 - core::panicking::panic::h5a1259c1164bd480
[INFO] [stderr]                                  at /rustc/0e09125c6c3c2fd70d7de961bcf0e51575235fad/library/core/src/panicking.rs:144:5
[INFO] [stderr]     17:     0x5598b7f53ea2 - build_script_build::main::hfe48f1c826b83486
[INFO] [stderr]     18:     0x5598b7f50b43 - core::ops::function::FnOnce::call_once::h16edcd46df2d1f1b
[INFO] [stderr]     19:     0x5598b7f4ffe6 - std::sys_common::backtrace::__rust_begin_short_backtrace::hce56f8844d8bf734
[INFO] [stderr]     20:     0x5598b7f505f9 - std::rt::lang_start::{{closure}}::h95505c57a547bea0
[INFO] [stderr]     21:     0x5598b7f6eec1 - core::ops::function::impls::<impl core::ops::function::FnOnce<A> for &F>::call_once::h4eb4c5e1620f29b0
[INFO] [stderr]                                  at /rustc/0e09125c6c3c2fd70d7de961bcf0e51575235fad/library/core/src/ops/function.rs:284:13
[INFO] [stderr]     22:     0x5598b7f6eec1 - std::panicking::try::do_call::h73fd26535faffcdf
[INFO] [stderr]                                  at /rustc/0e09125c6c3c2fd70d7de961bcf0e51575235fad/library/std/src/panicking.rs:552:40
[INFO] [stderr]     23:     0x5598b7f6eec1 - std::panicking::try::h77ff1d98f0fb9f39
[INFO] [stderr]                                  at /rustc/0e09125c6c3c2fd70d7de961bcf0e51575235fad/library/std/src/panicking.rs:516:19
[INFO] [stderr]     24:     0x5598b7f6eec1 - std::panic::catch_unwind::hab3caf2448b95e37
[INFO] [stderr]                                  at /rustc/0e09125c6c3c2fd70d7de961bcf0e51575235fad/library/std/src/panic.rs:142:14
[INFO] [stderr]     25:     0x5598b7f6eec1 - std::rt::lang_start_internal::{{closure}}::h8086711f9c783f78
[INFO] [stderr]                                  at /rustc/0e09125c6c3c2fd70d7de961bcf0e51575235fad/library/std/src/rt.rs:148:48
[INFO] [stderr]     26:     0x5598b7f6eec1 - std::panicking::try::do_call::hf920d4dc291cd6ca
[INFO] [stderr]                                  at /rustc/0e09125c6c3c2fd70d7de961bcf0e51575235fad/library/std/src/panicking.rs:552:40
[INFO] [stderr]     27:     0x5598b7f6eec1 - std::panicking::try::h2b806ccc0a85db74
[INFO] [stderr]                                  at /rustc/0e09125c6c3c2fd70d7de961bcf0e51575235fad/library/std/src/panicking.rs:516:19
[INFO] [stderr]     28:     0x5598b7f6eec1 - std::panic::catch_unwind::h038489539c507df2
[INFO] [stderr]                                  at /rustc/0e09125c6c3c2fd70d7de961bcf0e51575235fad/library/std/src/panic.rs:142:14
[INFO] [stderr]     29:     0x5598b7f6eec1 - std::rt::lang_start_internal::h28503b88912e8a5c
[INFO] [stderr]                                  at /rustc/0e09125c6c3c2fd70d7de961bcf0e51575235fad/library/std/src/rt.rs:148:20
[INFO] [stderr]     30:     0x5598b7f505d7 - std::rt::lang_start::h2f868431904055bf
[INFO] [stderr]     31:     0x5598b7f54125 - main
[INFO] [stderr]     32:     0x7fecec791d90 - <unknown>
[INFO] [stderr]     33:     0x7fecec791e40 - __libc_start_main
[INFO] [stderr]     34:     0x5598b7f4fbc5 - _start
[INFO] [stderr]     35:                0x0 - <unknown>
[INFO] running `Command { std: "docker" "inspect" "2e8406a834a39faf15a322eac47c0e6931cf64512847bf24d5078d3670eb0ca6", kill_on_drop: false }`
[INFO] running `Command { std: "docker" "rm" "-f" "2e8406a834a39faf15a322eac47c0e6931cf64512847bf24d5078d3670eb0ca6", kill_on_drop: false }`
[INFO] [stdout] 2e8406a834a39faf15a322eac47c0e6931cf64512847bf24d5078d3670eb0ca6
