[INFO] fetching crate more-config 2.0.0...
[INFO] testing more-config-2.0.0 against 1.75.0 for beta-1.76-1
[INFO] extracting crate more-config 2.0.0 into /workspace/builds/worker-0-tc1/source
[INFO] validating manifest of crates.io crate more-config 2.0.0 on toolchain 1.75.0
[INFO] running `Command { std: CARGO_HOME="/workspace/cargo-home" RUSTUP_HOME="/workspace/rustup-home" "/workspace/cargo-home/bin/cargo" "+1.75.0" "metadata" "--manifest-path" "Cargo.toml" "--no-deps", kill_on_drop: false }`
[INFO] started tweaking crates.io crate more-config 2.0.0
[INFO] finished tweaking crates.io crate more-config 2.0.0
[INFO] tweaked toml for crates.io crate more-config 2.0.0 written to /workspace/builds/worker-0-tc1/source/Cargo.toml
[INFO] running `Command { std: CARGO_HOME="/workspace/cargo-home" RUSTUP_HOME="/workspace/rustup-home" "/workspace/cargo-home/bin/cargo" "+1.75.0" "generate-lockfile" "--manifest-path" "Cargo.toml", kill_on_drop: false }`
[INFO] [stderr]     Updating crates.io index
[INFO] running `Command { std: CARGO_HOME="/workspace/cargo-home" RUSTUP_HOME="/workspace/rustup-home" "/workspace/cargo-home/bin/cargo" "+1.75.0" "fetch" "--manifest-path" "Cargo.toml", kill_on_drop: false }`
[INFO] [stderr]  Downloading crates ...
[INFO] [stderr]   Downloaded test-case-macros v2.2.2
[INFO] [stderr]   Downloaded xml v0.8.10
[INFO] [stderr]   Downloaded notify v6.1.1
[INFO] [stderr]   Downloaded test-case v2.2.2
[INFO] [stderr]   Downloaded configparser v3.0.4
[INFO] [stderr]   Downloaded more-changetoken v2.0.0
[INFO] running `Command { std: "docker" "create" "-v" "/var/lib/crater-agent-workspace/builds/worker-0-tc1/target:/opt/rustwide/target:rw,Z" "-v" "/var/lib/crater-agent-workspace/builds/worker-0-tc1/source:/opt/rustwide/workdir:ro,Z" "-v" "/var/lib/crater-agent-workspace/cargo-home:/opt/rustwide/cargo-home:ro,Z" "-v" "/var/lib/crater-agent-workspace/rustup-home:/opt/rustwide/rustup-home:ro,Z" "-e" "SOURCE_DIR=/opt/rustwide/workdir" "-e" "CARGO_TARGET_DIR=/opt/rustwide/target" "-e" "CARGO_HOME=/opt/rustwide/cargo-home" "-e" "RUSTUP_HOME=/opt/rustwide/rustup-home" "-w" "/opt/rustwide/workdir" "-m" "1610612736" "--user" "0:0" "--network" "none" "ghcr.io/rust-lang/crates-build-env/linux@sha256:2788e3201cd34a07e3172128adcd8b3090168a8e3bcc40d7c032b9dda1df7d1c" "/opt/rustwide/cargo-home/bin/cargo" "+1.75.0" "metadata" "--no-deps" "--format-version=1", kill_on_drop: false }`
[INFO] [stdout] b3f433878cbc8f4ea213776be90c120888306bbf2d9f0b1bcaacc7cddbd3c141
[INFO] running `Command { std: "docker" "start" "-a" "b3f433878cbc8f4ea213776be90c120888306bbf2d9f0b1bcaacc7cddbd3c141", kill_on_drop: false }`
[INFO] running `Command { std: "docker" "inspect" "b3f433878cbc8f4ea213776be90c120888306bbf2d9f0b1bcaacc7cddbd3c141", kill_on_drop: false }`
[INFO] running `Command { std: "docker" "rm" "-f" "b3f433878cbc8f4ea213776be90c120888306bbf2d9f0b1bcaacc7cddbd3c141", kill_on_drop: false }`
[INFO] [stdout] b3f433878cbc8f4ea213776be90c120888306bbf2d9f0b1bcaacc7cddbd3c141
[INFO] running `Command { std: "docker" "create" "-v" "/var/lib/crater-agent-workspace/builds/worker-0-tc1/target:/opt/rustwide/target:rw,Z" "-v" "/var/lib/crater-agent-workspace/builds/worker-0-tc1/source:/opt/rustwide/workdir:ro,Z" "-v" "/var/lib/crater-agent-workspace/cargo-home:/opt/rustwide/cargo-home:ro,Z" "-v" "/var/lib/crater-agent-workspace/rustup-home:/opt/rustwide/rustup-home:ro,Z" "-e" "SOURCE_DIR=/opt/rustwide/workdir" "-e" "CARGO_TARGET_DIR=/opt/rustwide/target" "-e" "CARGO_INCREMENTAL=0" "-e" "RUST_BACKTRACE=full" "-e" "RUSTFLAGS=--cap-lints=warn" "-e" "RUSTDOCFLAGS=--cap-lints=warn" "-e" "CARGO_HOME=/opt/rustwide/cargo-home" "-e" "RUSTUP_HOME=/opt/rustwide/rustup-home" "-w" "/opt/rustwide/workdir" "-m" "1610612736" "--user" "0:0" "--network" "none" "ghcr.io/rust-lang/crates-build-env/linux@sha256:2788e3201cd34a07e3172128adcd8b3090168a8e3bcc40d7c032b9dda1df7d1c" "/opt/rustwide/cargo-home/bin/cargo" "+1.75.0" "build" "--frozen" "--message-format=json", kill_on_drop: false }`
[INFO] [stdout] e015260ab2a38f662a8ca6182ab3e3801f4a7cf2935c174f158e63f6991fed25
[INFO] running `Command { std: "docker" "start" "-a" "e015260ab2a38f662a8ca6182ab3e3801f4a7cf2935c174f158e63f6991fed25", kill_on_drop: false }`
[INFO] [stderr]    Compiling more-changetoken v2.0.0
[INFO] [stderr]    Compiling more-config v2.0.0 (/opt/rustwide/workdir)
[INFO] [stderr]     Finished dev [unoptimized + debuginfo] target(s) in 0.38s
[INFO] running `Command { std: "docker" "inspect" "e015260ab2a38f662a8ca6182ab3e3801f4a7cf2935c174f158e63f6991fed25", kill_on_drop: false }`
[INFO] running `Command { std: "docker" "rm" "-f" "e015260ab2a38f662a8ca6182ab3e3801f4a7cf2935c174f158e63f6991fed25", kill_on_drop: false }`
[INFO] [stdout] e015260ab2a38f662a8ca6182ab3e3801f4a7cf2935c174f158e63f6991fed25
[INFO] running `Command { std: "docker" "create" "-v" "/var/lib/crater-agent-workspace/builds/worker-0-tc1/target:/opt/rustwide/target:rw,Z" "-v" "/var/lib/crater-agent-workspace/builds/worker-0-tc1/source:/opt/rustwide/workdir:ro,Z" "-v" "/var/lib/crater-agent-workspace/cargo-home:/opt/rustwide/cargo-home:ro,Z" "-v" "/var/lib/crater-agent-workspace/rustup-home:/opt/rustwide/rustup-home:ro,Z" "-e" "SOURCE_DIR=/opt/rustwide/workdir" "-e" "CARGO_TARGET_DIR=/opt/rustwide/target" "-e" "CARGO_INCREMENTAL=0" "-e" "RUST_BACKTRACE=full" "-e" "RUSTFLAGS=--cap-lints=warn" "-e" "RUSTDOCFLAGS=--cap-lints=warn" "-e" "CARGO_HOME=/opt/rustwide/cargo-home" "-e" "RUSTUP_HOME=/opt/rustwide/rustup-home" "-w" "/opt/rustwide/workdir" "-m" "1610612736" "--user" "0:0" "--network" "none" "ghcr.io/rust-lang/crates-build-env/linux@sha256:2788e3201cd34a07e3172128adcd8b3090168a8e3bcc40d7c032b9dda1df7d1c" "/opt/rustwide/cargo-home/bin/cargo" "+1.75.0" "test" "--frozen" "--no-run" "--message-format=json", kill_on_drop: false }`
[INFO] [stdout] c53084b495702149d03da77a256b6bd76627f4ff437408afdcd042cf57985539
[INFO] running `Command { std: "docker" "start" "-a" "c53084b495702149d03da77a256b6bd76627f4ff437408afdcd042cf57985539", kill_on_drop: false }`
[INFO] [stderr]    Compiling proc-macro-error v1.0.4
[INFO] [stderr]    Compiling proc-macro-error-attr v1.0.4
[INFO] [stderr]    Compiling syn v1.0.109
[INFO] [stderr]    Compiling test-case-macros v2.2.2
[INFO] [stderr]    Compiling test-case v2.2.2
[INFO] [stderr]    Compiling more-config v2.0.0 (/opt/rustwide/workdir)
[INFO] [stdout] warning: unused import: `super::*`
[INFO] [stdout]    --> util.rs:184:9
[INFO] [stdout]     |
[INFO] [stdout] 184 |     use super::*;
[INFO] [stdout]     |         ^^^^^^^^
[INFO] [stdout]     |
[INFO] [stdout]     = note: `#[warn(unused_imports)]` on by default
[INFO] [stdout] 
[INFO] [stdout] 
[INFO] [stdout] error[E0425]: cannot find function `to_pascal_case` in this scope
[INFO] [stdout]    --> util.rs:192:27
[INFO] [stdout]     |
[INFO] [stdout] 192 |         let pascal_case = to_pascal_case(argument);
[INFO] [stdout]     |                           ^^^^^^^^^^^^^^ not found in this scope
[INFO] [stdout] 
[INFO] [stdout] 
[INFO] [stdout] error[E0425]: cannot find function `to_pascal_case_parts` in this scope
[INFO] [stdout]    --> util.rs:204:27
[INFO] [stdout]     |
[INFO] [stdout] 204 |         let pascal_case = to_pascal_case_parts(argument, '-');
[INFO] [stdout]     |                           ^^^^^^^^^^^^^^^^^^^^ not found in this scope
[INFO] [stdout] 
[INFO] [stdout] 
[INFO] [stdout] error: aborting due to 2 previous errors; 1 warning emitted
[INFO] [stdout] 
[INFO] [stdout] 
[INFO] [stdout] For more information about this error, try `rustc --explain E0425`.
[INFO] [stdout] 
[INFO] [stderr] error: could not compile `more-config` (lib test) due to 3 previous errors; 1 warning emitted
[INFO] running `Command { std: "docker" "inspect" "c53084b495702149d03da77a256b6bd76627f4ff437408afdcd042cf57985539", kill_on_drop: false }`
[INFO] running `Command { std: "docker" "rm" "-f" "c53084b495702149d03da77a256b6bd76627f4ff437408afdcd042cf57985539", kill_on_drop: false }`
[INFO] [stdout] c53084b495702149d03da77a256b6bd76627f4ff437408afdcd042cf57985539
[INFO] testing more-config-2.0.0 against beta-2023-12-22 for beta-1.76-1
[INFO] extracting crate more-config 2.0.0 into /workspace/builds/worker-0-tc2/source
[INFO] validating manifest of crates.io crate more-config 2.0.0 on toolchain beta-2023-12-22
[INFO] running `Command { std: CARGO_HOME="/workspace/cargo-home" RUSTUP_HOME="/workspace/rustup-home" "/workspace/cargo-home/bin/cargo" "+beta-2023-12-22" "metadata" "--manifest-path" "Cargo.toml" "--no-deps", kill_on_drop: false }`
[INFO] started tweaking crates.io crate more-config 2.0.0
[INFO] finished tweaking crates.io crate more-config 2.0.0
[INFO] tweaked toml for crates.io crate more-config 2.0.0 written to /workspace/builds/worker-0-tc2/source/Cargo.toml
[INFO] running `Command { std: CARGO_HOME="/workspace/cargo-home" RUSTUP_HOME="/workspace/rustup-home" "/workspace/cargo-home/bin/cargo" "+beta-2023-12-22" "generate-lockfile" "--manifest-path" "Cargo.toml", kill_on_drop: false }`
[INFO] [stderr]     Updating crates.io index
[INFO] running `Command { std: CARGO_HOME="/workspace/cargo-home" RUSTUP_HOME="/workspace/rustup-home" "/workspace/cargo-home/bin/cargo" "+beta-2023-12-22" "fetch" "--manifest-path" "Cargo.toml", kill_on_drop: false }`
[INFO] running `Command { std: "docker" "create" "-v" "/var/lib/crater-agent-workspace/builds/worker-0-tc2/target:/opt/rustwide/target:rw,Z" "-v" "/var/lib/crater-agent-workspace/builds/worker-0-tc2/source:/opt/rustwide/workdir:ro,Z" "-v" "/var/lib/crater-agent-workspace/cargo-home:/opt/rustwide/cargo-home:ro,Z" "-v" "/var/lib/crater-agent-workspace/rustup-home:/opt/rustwide/rustup-home:ro,Z" "-e" "SOURCE_DIR=/opt/rustwide/workdir" "-e" "CARGO_TARGET_DIR=/opt/rustwide/target" "-e" "CARGO_HOME=/opt/rustwide/cargo-home" "-e" "RUSTUP_HOME=/opt/rustwide/rustup-home" "-w" "/opt/rustwide/workdir" "-m" "1610612736" "--user" "0:0" "--network" "none" "ghcr.io/rust-lang/crates-build-env/linux@sha256:2788e3201cd34a07e3172128adcd8b3090168a8e3bcc40d7c032b9dda1df7d1c" "/opt/rustwide/cargo-home/bin/cargo" "+beta-2023-12-22" "metadata" "--no-deps" "--format-version=1", kill_on_drop: false }`
[INFO] [stdout] 6b3ea596d804a4fb1dec963a8eb74f6eb07a2a40c1d7bd9423c6f6ba4531ad15
[INFO] running `Command { std: "docker" "start" "-a" "6b3ea596d804a4fb1dec963a8eb74f6eb07a2a40c1d7bd9423c6f6ba4531ad15", kill_on_drop: false }`
[INFO] running `Command { std: "docker" "inspect" "6b3ea596d804a4fb1dec963a8eb74f6eb07a2a40c1d7bd9423c6f6ba4531ad15", kill_on_drop: false }`
[INFO] running `Command { std: "docker" "rm" "-f" "6b3ea596d804a4fb1dec963a8eb74f6eb07a2a40c1d7bd9423c6f6ba4531ad15", kill_on_drop: false }`
[INFO] [stdout] 6b3ea596d804a4fb1dec963a8eb74f6eb07a2a40c1d7bd9423c6f6ba4531ad15
[INFO] running `Command { std: "docker" "create" "-v" "/var/lib/crater-agent-workspace/builds/worker-0-tc2/target:/opt/rustwide/target:rw,Z" "-v" "/var/lib/crater-agent-workspace/builds/worker-0-tc2/source:/opt/rustwide/workdir:ro,Z" "-v" "/var/lib/crater-agent-workspace/cargo-home:/opt/rustwide/cargo-home:ro,Z" "-v" "/var/lib/crater-agent-workspace/rustup-home:/opt/rustwide/rustup-home:ro,Z" "-e" "SOURCE_DIR=/opt/rustwide/workdir" "-e" "CARGO_TARGET_DIR=/opt/rustwide/target" "-e" "CARGO_INCREMENTAL=0" "-e" "RUST_BACKTRACE=full" "-e" "RUSTFLAGS=--cap-lints=warn" "-e" "RUSTDOCFLAGS=--cap-lints=warn" "-e" "CARGO_HOME=/opt/rustwide/cargo-home" "-e" "RUSTUP_HOME=/opt/rustwide/rustup-home" "-w" "/opt/rustwide/workdir" "-m" "1610612736" "--user" "0:0" "--network" "none" "ghcr.io/rust-lang/crates-build-env/linux@sha256:2788e3201cd34a07e3172128adcd8b3090168a8e3bcc40d7c032b9dda1df7d1c" "/opt/rustwide/cargo-home/bin/cargo" "+beta-2023-12-22" "build" "--frozen" "--message-format=json", kill_on_drop: false }`
[INFO] [stdout] 473aed413855242de1fae633de42e3673146d3fa946b9ca9ce2d127aa8c40aea
[INFO] running `Command { std: "docker" "start" "-a" "473aed413855242de1fae633de42e3673146d3fa946b9ca9ce2d127aa8c40aea", kill_on_drop: false }`
[INFO] [stderr]    Compiling more-changetoken v2.0.0
[INFO] [stderr]    Compiling more-config v2.0.0 (/opt/rustwide/workdir)
[INFO] [stderr]     Finished dev [unoptimized + debuginfo] target(s) in 0.40s
[INFO] running `Command { std: "docker" "inspect" "473aed413855242de1fae633de42e3673146d3fa946b9ca9ce2d127aa8c40aea", kill_on_drop: false }`
[INFO] running `Command { std: "docker" "rm" "-f" "473aed413855242de1fae633de42e3673146d3fa946b9ca9ce2d127aa8c40aea", kill_on_drop: false }`
[INFO] [stdout] 473aed413855242de1fae633de42e3673146d3fa946b9ca9ce2d127aa8c40aea
[INFO] running `Command { std: "docker" "create" "-v" "/var/lib/crater-agent-workspace/builds/worker-0-tc2/target:/opt/rustwide/target:rw,Z" "-v" "/var/lib/crater-agent-workspace/builds/worker-0-tc2/source:/opt/rustwide/workdir:ro,Z" "-v" "/var/lib/crater-agent-workspace/cargo-home:/opt/rustwide/cargo-home:ro,Z" "-v" "/var/lib/crater-agent-workspace/rustup-home:/opt/rustwide/rustup-home:ro,Z" "-e" "SOURCE_DIR=/opt/rustwide/workdir" "-e" "CARGO_TARGET_DIR=/opt/rustwide/target" "-e" "CARGO_INCREMENTAL=0" "-e" "RUST_BACKTRACE=full" "-e" "RUSTFLAGS=--cap-lints=warn" "-e" "RUSTDOCFLAGS=--cap-lints=warn" "-e" "CARGO_HOME=/opt/rustwide/cargo-home" "-e" "RUSTUP_HOME=/opt/rustwide/rustup-home" "-w" "/opt/rustwide/workdir" "-m" "1610612736" "--user" "0:0" "--network" "none" "ghcr.io/rust-lang/crates-build-env/linux@sha256:2788e3201cd34a07e3172128adcd8b3090168a8e3bcc40d7c032b9dda1df7d1c" "/opt/rustwide/cargo-home/bin/cargo" "+beta-2023-12-22" "test" "--frozen" "--no-run" "--message-format=json", kill_on_drop: false }`
[INFO] [stdout] 6eeb04a64e156f01839e08f80c2a2c1edc869c95b59a856e64d5d93bb3572423
[INFO] running `Command { std: "docker" "start" "-a" "6eeb04a64e156f01839e08f80c2a2c1edc869c95b59a856e64d5d93bb3572423", kill_on_drop: false }`
[INFO] [stderr]    Compiling proc-macro-error v1.0.4
[INFO] [stderr]    Compiling syn v1.0.109
[INFO] [stderr]    Compiling proc-macro-error-attr v1.0.4
[INFO] [stderr]    Compiling test-case-macros v2.2.2
[INFO] [stderr]    Compiling test-case v2.2.2
[INFO] [stderr]    Compiling more-config v2.0.0 (/opt/rustwide/workdir)
[INFO] [stdout] warning: unused import: `super::*`
[INFO] [stdout]    --> util.rs:184:9
[INFO] [stdout]     |
[INFO] [stdout] 184 |     use super::*;
[INFO] [stdout]     |         ^^^^^^^^
[INFO] [stdout]     |
[INFO] [stdout]     = note: `#[warn(unused_imports)]` on by default
[INFO] [stdout] 
[INFO] [stdout] 
[INFO] [stdout] error[E0425]: cannot find function `to_pascal_case` in this scope
[INFO] [stdout]    --> util.rs:192:27
[INFO] [stdout]     |
[INFO] [stdout] 192 |         let pascal_case = to_pascal_case(argument);
[INFO] [stdout]     |                           ^^^^^^^^^^^^^^ not found in this scope
[INFO] [stdout] 
[INFO] [stdout] 
[INFO] [stdout] error[E0425]: cannot find function `to_pascal_case_parts` in this scope
[INFO] [stdout]    --> util.rs:204:27
[INFO] [stdout]     |
[INFO] [stdout] 204 |         let pascal_case = to_pascal_case_parts(argument, '-');
[INFO] [stdout]     |                           ^^^^^^^^^^^^^^^^^^^^ not found in this scope
[INFO] [stdout] 
[INFO] [stdout] 
[INFO] [stdout] error: aborting due to 2 previous errors; 1 warning emitted
[INFO] [stdout] 
[INFO] [stdout] 
[INFO] [stdout] For more information about this error, try `rustc --explain E0425`.
[INFO] [stdout] 
[INFO] [stderr] error: could not compile `more-config` (lib test) due to 3 previous errors; 1 warning emitted
[INFO] running `Command { std: "docker" "inspect" "6eeb04a64e156f01839e08f80c2a2c1edc869c95b59a856e64d5d93bb3572423", kill_on_drop: false }`
[INFO] running `Command { std: "docker" "rm" "-f" "6eeb04a64e156f01839e08f80c2a2c1edc869c95b59a856e64d5d93bb3572423", kill_on_drop: false }`
[INFO] [stdout] 6eeb04a64e156f01839e08f80c2a2c1edc869c95b59a856e64d5d93bb3572423
