[INFO] fetching crate moore-vhdl 0.14.0...
[INFO] testing moore-vhdl-0.14.0 against 1.75.0 for beta-1.76-1
[INFO] extracting crate moore-vhdl 0.14.0 into /workspace/builds/worker-0-tc1/source
[INFO] validating manifest of crates.io crate moore-vhdl 0.14.0 on toolchain 1.75.0
[INFO] running `Command { std: CARGO_HOME="/workspace/cargo-home" RUSTUP_HOME="/workspace/rustup-home" "/workspace/cargo-home/bin/cargo" "+1.75.0" "metadata" "--manifest-path" "Cargo.toml" "--no-deps", kill_on_drop: false }`
[INFO] started tweaking crates.io crate moore-vhdl 0.14.0
[INFO] finished tweaking crates.io crate moore-vhdl 0.14.0
[INFO] tweaked toml for crates.io crate moore-vhdl 0.14.0 written to /workspace/builds/worker-0-tc1/source/Cargo.toml
[INFO] running `Command { std: CARGO_HOME="/workspace/cargo-home" RUSTUP_HOME="/workspace/rustup-home" "/workspace/cargo-home/bin/cargo" "+1.75.0" "generate-lockfile" "--manifest-path" "Cargo.toml", kill_on_drop: false }`
[INFO] [stderr]     Updating crates.io index
[INFO] running `Command { std: CARGO_HOME="/workspace/cargo-home" RUSTUP_HOME="/workspace/rustup-home" "/workspace/cargo-home/bin/cargo" "+1.75.0" "fetch" "--manifest-path" "Cargo.toml", kill_on_drop: false }`
[INFO] [stderr]     Blocking waiting for file lock on package cache
[INFO] [stderr]  Downloading crates ...
[INFO] [stderr]   Downloaded moore-common v0.14.0
[INFO] [stderr]   Downloaded hibitset v0.6.4
[INFO] [stderr]   Downloaded moore-vhdl-syntax v0.14.0
[INFO] [stderr]   Downloaded llhd v0.16.0
[INFO] running `Command { std: "docker" "create" "-v" "/var/lib/crater-agent-workspace/builds/worker-0-tc1/target:/opt/rustwide/target:rw,Z" "-v" "/var/lib/crater-agent-workspace/builds/worker-0-tc1/source:/opt/rustwide/workdir:ro,Z" "-v" "/var/lib/crater-agent-workspace/cargo-home:/opt/rustwide/cargo-home:ro,Z" "-v" "/var/lib/crater-agent-workspace/rustup-home:/opt/rustwide/rustup-home:ro,Z" "-e" "SOURCE_DIR=/opt/rustwide/workdir" "-e" "CARGO_TARGET_DIR=/opt/rustwide/target" "-e" "CARGO_HOME=/opt/rustwide/cargo-home" "-e" "RUSTUP_HOME=/opt/rustwide/rustup-home" "-w" "/opt/rustwide/workdir" "-m" "1610612736" "--user" "0:0" "--network" "none" "ghcr.io/rust-lang/crates-build-env/linux@sha256:2788e3201cd34a07e3172128adcd8b3090168a8e3bcc40d7c032b9dda1df7d1c" "/opt/rustwide/cargo-home/bin/cargo" "+1.75.0" "metadata" "--no-deps" "--format-version=1", kill_on_drop: false }`
[INFO] [stdout] ed089a68073585f0f421f3a41dee8265ebb684db87c4e8f94d614efdd4d603b9
[INFO] running `Command { std: "docker" "start" "-a" "ed089a68073585f0f421f3a41dee8265ebb684db87c4e8f94d614efdd4d603b9", kill_on_drop: false }`
[INFO] running `Command { std: "docker" "inspect" "ed089a68073585f0f421f3a41dee8265ebb684db87c4e8f94d614efdd4d603b9", kill_on_drop: false }`
[INFO] running `Command { std: "docker" "rm" "-f" "ed089a68073585f0f421f3a41dee8265ebb684db87c4e8f94d614efdd4d603b9", kill_on_drop: false }`
[INFO] [stdout] ed089a68073585f0f421f3a41dee8265ebb684db87c4e8f94d614efdd4d603b9
[INFO] running `Command { std: "docker" "create" "-v" "/var/lib/crater-agent-workspace/builds/worker-0-tc1/target:/opt/rustwide/target:rw,Z" "-v" "/var/lib/crater-agent-workspace/builds/worker-0-tc1/source:/opt/rustwide/workdir:ro,Z" "-v" "/var/lib/crater-agent-workspace/cargo-home:/opt/rustwide/cargo-home:ro,Z" "-v" "/var/lib/crater-agent-workspace/rustup-home:/opt/rustwide/rustup-home:ro,Z" "-e" "SOURCE_DIR=/opt/rustwide/workdir" "-e" "CARGO_TARGET_DIR=/opt/rustwide/target" "-e" "CARGO_INCREMENTAL=0" "-e" "RUST_BACKTRACE=full" "-e" "RUSTFLAGS=--cap-lints=warn" "-e" "RUSTDOCFLAGS=--cap-lints=warn" "-e" "CARGO_HOME=/opt/rustwide/cargo-home" "-e" "RUSTUP_HOME=/opt/rustwide/rustup-home" "-w" "/opt/rustwide/workdir" "-m" "1610612736" "--user" "0:0" "--network" "none" "ghcr.io/rust-lang/crates-build-env/linux@sha256:2788e3201cd34a07e3172128adcd8b3090168a8e3bcc40d7c032b9dda1df7d1c" "/opt/rustwide/cargo-home/bin/cargo" "+1.75.0" "build" "--frozen" "--message-format=json", kill_on_drop: false }`
[INFO] [stdout] 3f4fe6d81985099f6913421b953470b27da07c0a596f3468b39450216f1dd0f7
[INFO] running `Command { std: "docker" "start" "-a" "3f4fe6d81985099f6913421b953470b27da07c0a596f3468b39450216f1dd0f7", kill_on_drop: false }`
[INFO] [stderr]    Compiling autocfg v1.1.0
[INFO] [stderr]    Compiling libc v0.2.151
[INFO] [stderr]    Compiling serde v1.0.194
[INFO] [stderr]    Compiling crossbeam-utils v0.8.18
[INFO] [stderr]    Compiling cfg-if v1.0.0
[INFO] [stderr]    Compiling memchr v2.7.1
[INFO] [stderr]    Compiling regex-syntax v0.8.2
[INFO] [stderr]    Compiling rayon-core v1.12.0
[INFO] [stderr]    Compiling bitflags v1.3.2
[INFO] [stderr]    Compiling quick-error v1.2.3
[INFO] [stderr]    Compiling either v1.9.0
[INFO] [stderr]    Compiling log v0.4.20
[INFO] [stderr]    Compiling termcolor v1.4.0
[INFO] [stderr]    Compiling anyhow v1.0.79
[INFO] [stderr]    Compiling unicode-width v0.1.11
[INFO] [stderr]    Compiling syn v2.0.48
[INFO] [stderr]    Compiling textwrap v0.11.0
[INFO] [stderr]    Compiling once_cell v1.19.0
[INFO] [stderr]    Compiling ansi_term v0.12.1
[INFO] [stderr]    Compiling humantime v1.3.0
[INFO] [stderr]    Compiling strsim v0.8.0
[INFO] [stderr]    Compiling typed-arena v2.0.2
[INFO] [stderr]    Compiling vec_map v0.8.2
[INFO] [stderr]    Compiling itertools v0.9.0
[INFO] [stderr]    Compiling lalrpop-util v0.19.12
[INFO] [stderr]    Compiling num-traits v0.2.17
[INFO] [stderr]    Compiling num-integer v0.1.45
[INFO] [stderr]    Compiling num-bigint v0.3.3
[INFO] [stderr]    Compiling num-iter v0.1.43
[INFO] [stderr]    Compiling num-rational v0.3.2
[INFO] [stderr]    Compiling lazy_static v1.4.0
[INFO] [stderr]    Compiling aho-corasick v1.1.2
[INFO] [stderr]    Compiling crossbeam-epoch v0.9.17
[INFO] [stderr]    Compiling atty v0.2.14
[INFO] [stderr]    Compiling memmap v0.7.0
[INFO] [stderr]    Compiling crossbeam-deque v0.8.4
[INFO] [stderr]    Compiling clap v2.34.0
[INFO] [stderr]    Compiling rayon v1.8.0
[INFO] [stderr]    Compiling regex-automata v0.4.3
[INFO] [stderr]    Compiling serde_derive v1.0.194
[INFO] [stderr]    Compiling hibitset v0.6.4
[INFO] [stderr]    Compiling regex v1.10.2
[INFO] [stderr]    Compiling env_logger v0.7.1
[INFO] [stderr]    Compiling pretty_env_logger v0.4.0
[INFO] [stderr]    Compiling num-complex v0.3.1
[INFO] [stderr]    Compiling moore-common v0.14.0
[INFO] [stderr]    Compiling moore-vhdl-syntax v0.14.0
[INFO] [stderr]    Compiling num v0.3.1
[INFO] [stderr]    Compiling llhd v0.16.0
[INFO] [stderr]    Compiling moore-vhdl v0.14.0 (/opt/rustwide/workdir)
[INFO] [stdout] warning: unused imports: `AllocOwnedSelf`, `AllocSelf`
[INFO] [stdout]  --> hir/prelude.rs:9:71
[INFO] [stdout]   |
[INFO] [stdout] 9 | pub use crate::arenas::{Alloc, AllocInto, AllocOwned, AllocOwnedInto, AllocOwnedSelf, AllocSelf};
[INFO] [stdout]   |                                                                       ^^^^^^^^^^^^^^  ^^^^^^^^^
[INFO] [stdout]   |
[INFO] [stdout]   = note: `#[warn(unused_imports)]` on by default
[INFO] [stdout] 
[INFO] [stdout] 
[INFO] [stdout] warning: unused import: `self`
[INFO] [stdout]   --> hir/prelude.rs:17:22
[INFO] [stdout]    |
[INFO] [stdout] 17 | pub use crate::ty2::{self, Type};
[INFO] [stdout]    |                      ^^^^
[INFO] [stdout] 
[INFO] [stdout] 
[INFO] [stdout] warning: unused import: `self::obj_decl::*`
[INFO] [stdout]   --> hir/mod.rs:36:9
[INFO] [stdout]    |
[INFO] [stdout] 36 | pub use self::obj_decl::*;
[INFO] [stdout]    |         ^^^^^^^^^^^^^^^^^
[INFO] [stdout] 
[INFO] [stdout] 
[INFO] [stdout] warning: unnecessary parentheses around match arm expression
[INFO] [stdout]   --> scope2.rs:70:47
[INFO] [stdout]    |
[INFO] [stdout] 70 |             (Def2::Node(a), Def2::Node(b)) => (a as *const _ == b as *const _),
[INFO] [stdout]    |                                               ^                              ^
[INFO] [stdout]    |
[INFO] [stdout]    = note: `#[warn(unused_parens)]` on by default
[INFO] [stdout] help: remove these parentheses
[INFO] [stdout]    |
[INFO] [stdout] 70 -             (Def2::Node(a), Def2::Node(b)) => (a as *const _ == b as *const _),
[INFO] [stdout] 70 +             (Def2::Node(a), Def2::Node(b)) => a as *const _ == b as *const _,
[INFO] [stdout]    |
[INFO] [stdout] 
[INFO] [stdout] 
[INFO] [stdout] warning: unnecessary parentheses around match arm expression
[INFO] [stdout]   --> scope2.rs:71:45
[INFO] [stdout]    |
[INFO] [stdout] 71 |             (Def2::Lib(a), Def2::Lib(b)) => (a as *const _ == b as *const _),
[INFO] [stdout]    |                                             ^                              ^
[INFO] [stdout]    |
[INFO] [stdout] help: remove these parentheses
[INFO] [stdout]    |
[INFO] [stdout] 71 -             (Def2::Lib(a), Def2::Lib(b)) => (a as *const _ == b as *const _),
[INFO] [stdout] 71 +             (Def2::Lib(a), Def2::Lib(b)) => a as *const _ == b as *const _,
[INFO] [stdout]    |
[INFO] [stdout] 
[INFO] [stdout] 
[INFO] [stdout] warning: unnecessary parentheses around match arm expression
[INFO] [stdout]   --> scope2.rs:72:45
[INFO] [stdout]    |
[INFO] [stdout] 72 |             (Def2::Pkg(a), Def2::Pkg(b)) => (a as *const _ == b as *const _),
[INFO] [stdout]    |                                             ^                              ^
[INFO] [stdout]    |
[INFO] [stdout] help: remove these parentheses
[INFO] [stdout]    |
[INFO] [stdout] 72 -             (Def2::Pkg(a), Def2::Pkg(b)) => (a as *const _ == b as *const _),
[INFO] [stdout] 72 +             (Def2::Pkg(a), Def2::Pkg(b)) => a as *const _ == b as *const _,
[INFO] [stdout]    |
[INFO] [stdout] 
[INFO] [stdout] 
[INFO] [stdout] warning: unnecessary parentheses around match arm expression
[INFO] [stdout]   --> scope2.rs:73:47
[INFO] [stdout]    |
[INFO] [stdout] 73 |             (Def2::Type(a), Def2::Type(b)) => (a as *const _ == b as *const _),
[INFO] [stdout]    |                                               ^                              ^
[INFO] [stdout]    |
[INFO] [stdout] help: remove these parentheses
[INFO] [stdout]    |
[INFO] [stdout] 73 -             (Def2::Type(a), Def2::Type(b)) => (a as *const _ == b as *const _),
[INFO] [stdout] 73 +             (Def2::Type(a), Def2::Type(b)) => a as *const _ == b as *const _,
[INFO] [stdout]    |
[INFO] [stdout] 
[INFO] [stdout] 
[INFO] [stdout] warning: unnecessary parentheses around match arm expression
[INFO] [stdout]   --> scope2.rs:74:47
[INFO] [stdout]    |
[INFO] [stdout] 74 |             (Def2::Enum(a), Def2::Enum(b)) => (a == b),
[INFO] [stdout]    |                                               ^      ^
[INFO] [stdout]    |
[INFO] [stdout] help: remove these parentheses
[INFO] [stdout]    |
[INFO] [stdout] 74 -             (Def2::Enum(a), Def2::Enum(b)) => (a == b),
[INFO] [stdout] 74 +             (Def2::Enum(a), Def2::Enum(b)) => a == b,
[INFO] [stdout]    |
[INFO] [stdout] 
[INFO] [stdout] 
[INFO] [stdout] warning: unnecessary parentheses around match arm expression
[INFO] [stdout]   --> scope2.rs:75:47
[INFO] [stdout]    |
[INFO] [stdout] 75 |             (Def2::Unit(a), Def2::Unit(b)) => (a == b),
[INFO] [stdout]    |                                               ^      ^
[INFO] [stdout]    |
[INFO] [stdout] help: remove these parentheses
[INFO] [stdout]    |
[INFO] [stdout] 75 -             (Def2::Unit(a), Def2::Unit(b)) => (a == b),
[INFO] [stdout] 75 +             (Def2::Unit(a), Def2::Unit(b)) => a == b,
[INFO] [stdout]    |
[INFO] [stdout] 
[INFO] [stdout] 
[INFO] [stdout] warning: unused import: `num::BigInt`
[INFO] [stdout]  --> ty2/subtypes.rs:7:9
[INFO] [stdout]   |
[INFO] [stdout] 7 | pub use num::BigInt;
[INFO] [stdout]   |         ^^^^^^^^^^^
[INFO] [stdout] 
[INFO] [stdout] 
[INFO] [stdout] warning: unused import: `num::BigInt`
[INFO] [stdout]  --> ty2/types.rs:8:9
[INFO] [stdout]   |
[INFO] [stdout] 8 | pub use num::BigInt;
[INFO] [stdout]   |         ^^^^^^^^^^^
[INFO] [stdout] 
[INFO] [stdout] 
[INFO] [stdout] error[E0107]: struct takes 0 lifetime arguments but 1 lifetime argument was supplied
[INFO] [stdout]    --> hir/arena.rs:17:21
[INFO] [stdout]     |
[INFO] [stdout] 17  |         const_decl: ConstDecl<'t>,
[INFO] [stdout]     |                     ^^^^^^^^^---- help: remove these generics
[INFO] [stdout]     |                     |
[INFO] [stdout]     |                     expected 0 lifetime arguments
[INFO] [stdout]     |
[INFO] [stdout] note: struct defined here, with 0 lifetime parameters
[INFO] [stdout]    --> hir/mod.rs:509:12
[INFO] [stdout]     |
[INFO] [stdout] 509 | pub struct ConstDecl {
[INFO] [stdout]     |            ^^^^^^^^^
[INFO] [stdout] 
[INFO] [stdout] 
[INFO] [stdout] error[E0107]: struct takes 0 lifetime arguments but 1 lifetime argument was supplied
[INFO] [stdout]    --> hir/arena.rs:23:35
[INFO] [stdout]     |
[INFO] [stdout] 23  |         const_decl_slot: Slot<'t, ConstDecl<'t>>,
[INFO] [stdout]     |                                   ^^^^^^^^^---- help: remove these generics
[INFO] [stdout]     |                                   |
[INFO] [stdout]     |                                   expected 0 lifetime arguments
[INFO] [stdout]     |
[INFO] [stdout] note: struct defined here, with 0 lifetime parameters
[INFO] [stdout]    --> hir/mod.rs:509:12
[INFO] [stdout]     |
[INFO] [stdout] 509 | pub struct ConstDecl {
[INFO] [stdout]     |            ^^^^^^^^^
[INFO] [stdout] 
[INFO] [stdout] 
[INFO] [stdout] error[E0228]: the lifetime bound for this object type cannot be deduced from context; please supply an explicit bound
[INFO] [stdout]   --> hir/lib.rs:19:35
[INFO] [stdout]    |
[INFO] [stdout] 19 |     units: Vec<&'t LatentNode<'t, Node<'t>>>,
[INFO] [stdout]    |                                   ^^^^^^^^
[INFO] [stdout] 
[INFO] [stdout] 
[INFO] [stdout] error[E0228]: the lifetime bound for this object type cannot be deduced from context; please supply an explicit bound
[INFO] [stdout]   --> hir/pkg.rs:14:35
[INFO] [stdout]    |
[INFO] [stdout] 14 |     decls: Vec<&'t LatentNode<'t, Decl2<'t>>>,
[INFO] [stdout]    |                                   ^^^^^^^^^
[INFO] [stdout] 
[INFO] [stdout] 
[INFO] [stdout] error[E0228]: the lifetime bound for this object type cannot be deduced from context; please supply an explicit bound
[INFO] [stdout]   --> scope2.rs:26:34
[INFO] [stdout]    |
[INFO] [stdout] 26 |     Node(&'t hir::LatentNode<'t, Node<'t>>),
[INFO] [stdout]    |                                  ^^^^^^^^
[INFO] [stdout] 
[INFO] [stdout] 
[INFO] [stdout] error[E0228]: the lifetime bound for this object type cannot be deduced from context; please supply an explicit bound
[INFO] [stdout]    --> debug.rs:134:41
[INFO] [stdout]     |
[INFO] [stdout] 134 | impl<'a, 'b, 't: 'a> AllocOwned<'b, 't, konst2::Const2<'t>> for &'a TypeVisitor<'t> {
[INFO] [stdout]     |                                         ^^^^^^^^^^^^^^^^^^
[INFO] [stdout] 
[INFO] [stdout] 
[INFO] [stdout] error[E0228]: the lifetime bound for this object type cannot be deduced from context; please supply an explicit bound
[INFO] [stdout]    --> debug.rs:140:41
[INFO] [stdout]     |
[INFO] [stdout] 140 | impl<'a, 'b, 't: 'a> AllocOwned<'b, 't, ty2::Type> for &'a TypeVisitor<'t> {
[INFO] [stdout]     |                                         ^^^^^^^^^
[INFO] [stdout] 
[INFO] [stdout] 
[INFO] [stdout] error[E0228]: the lifetime bound for this object type cannot be deduced from context; please supply an explicit bound
[INFO] [stdout]   --> hir/expr.rs:32:26
[INFO] [stdout]    |
[INFO] [stdout] 32 |     + AllocOwnedInto<'t, Const2<'t>>
[INFO] [stdout]    |                          ^^^^^^^^^^
[INFO] [stdout] 
[INFO] [stdout] 
[INFO] [stdout] error[E0228]: the lifetime bound for this object type cannot be deduced from context; please supply an explicit bound
[INFO] [stdout]   --> hir/expr.rs:33:26
[INFO] [stdout]    |
[INFO] [stdout] 33 |     + AllocOwnedInto<'t, Type>
[INFO] [stdout]    |                          ^^^^
[INFO] [stdout] 
[INFO] [stdout] 
[INFO] [stdout] error[E0228]: the lifetime bound for this object type cannot be deduced from context; please supply an explicit bound
[INFO] [stdout]   --> hir/expr.rs:40:30
[INFO] [stdout]    |
[INFO] [stdout] 40 |         + AllocOwnedInto<'t, Const2<'t>>
[INFO] [stdout]    |                              ^^^^^^^^^^
[INFO] [stdout] 
[INFO] [stdout] 
[INFO] [stdout] error[E0228]: the lifetime bound for this object type cannot be deduced from context; please supply an explicit bound
[INFO] [stdout]   --> hir/expr.rs:41:30
[INFO] [stdout]    |
[INFO] [stdout] 41 |         + AllocOwnedInto<'t, Type>
[INFO] [stdout]    |                              ^^^^
[INFO] [stdout] 
[INFO] [stdout] 
[INFO] [stdout] error[E0228]: the lifetime bound for this object type cannot be deduced from context; please supply an explicit bound
[INFO] [stdout]   --> hir/lib.rs:60:49
[INFO] [stdout]    |
[INFO] [stdout] 60 |     pub fn units(&self) -> &[&'t LatentNode<'t, Node<'t>>] {
[INFO] [stdout]    |                                                 ^^^^^^^^
[INFO] [stdout] 
[INFO] [stdout] 
[INFO] [stdout] error[E0228]: the lifetime bound for this object type cannot be deduced from context; please supply an explicit bound
[INFO] [stdout]   --> hir/pkg.rs:25:49
[INFO] [stdout]    |
[INFO] [stdout] 25 |     pub fn decls(&self) -> &[&'t LatentNode<'t, Decl2<'t>>] {
[INFO] [stdout]    |                                                 ^^^^^^^^^
[INFO] [stdout] 
[INFO] [stdout] 
[INFO] [stdout] error[E0228]: the lifetime bound for this object type cannot be deduced from context; please supply an explicit bound
[INFO] [stdout]   --> konst2/arena.rs:16:29
[INFO] [stdout]    |
[INFO] [stdout] 16 | impl<'t> AllocOwned<'t, 't, Const2<'t>> for ConstArena<'t> {
[INFO] [stdout]    |                             ^^^^^^^^^^
[INFO] [stdout] 
[INFO] [stdout] 
[INFO] [stdout] error[E0228]: the lifetime bound for this object type cannot be deduced from context; please supply an explicit bound
[INFO] [stdout]   --> ty2/arena.rs:27:29
[INFO] [stdout]    |
[INFO] [stdout] 27 | impl<'t> AllocOwned<'t, 't, Type> for TypeArena<'t> {
[INFO] [stdout]    |                             ^^^^
[INFO] [stdout] 
[INFO] [stdout] 
[INFO] [stdout] error: aborting due to 15 previous errors; 11 warnings emitted
[INFO] [stdout] 
[INFO] [stdout] 
[INFO] [stdout] Some errors have detailed explanations: E0107, E0228.
[INFO] [stdout] 
[INFO] [stdout] For more information about an error, try `rustc --explain E0107`.
[INFO] [stdout] 
[INFO] [stderr] error: could not compile `moore-vhdl` (lib) due to 16 previous errors; 11 warnings emitted
[INFO] [stderr] warning: build failed, waiting for other jobs to finish...
[INFO] running `Command { std: "docker" "inspect" "3f4fe6d81985099f6913421b953470b27da07c0a596f3468b39450216f1dd0f7", kill_on_drop: false }`
[INFO] running `Command { std: "docker" "rm" "-f" "3f4fe6d81985099f6913421b953470b27da07c0a596f3468b39450216f1dd0f7", kill_on_drop: false }`
[INFO] [stdout] 3f4fe6d81985099f6913421b953470b27da07c0a596f3468b39450216f1dd0f7
