[INFO] fetching crate moonramp-program 0.1.22...
[INFO] testing moonramp-program-0.1.22 against 1.75.0 for beta-1.76-1
[INFO] extracting crate moonramp-program 0.1.22 into /workspace/builds/worker-3-tc1/source
[INFO] validating manifest of crates.io crate moonramp-program 0.1.22 on toolchain 1.75.0
[INFO] running `Command { std: CARGO_HOME="/workspace/cargo-home" RUSTUP_HOME="/workspace/rustup-home" "/workspace/cargo-home/bin/cargo" "+1.75.0" "metadata" "--manifest-path" "Cargo.toml" "--no-deps", kill_on_drop: false }`
[INFO] started tweaking crates.io crate moonramp-program 0.1.22
[INFO] finished tweaking crates.io crate moonramp-program 0.1.22
[INFO] tweaked toml for crates.io crate moonramp-program 0.1.22 written to /workspace/builds/worker-3-tc1/source/Cargo.toml
[INFO] running `Command { std: CARGO_HOME="/workspace/cargo-home" RUSTUP_HOME="/workspace/rustup-home" "/workspace/cargo-home/bin/cargo" "+1.75.0" "generate-lockfile" "--manifest-path" "Cargo.toml", kill_on_drop: false }`
[INFO] [stderr]     Updating crates.io index
[INFO] running `Command { std: CARGO_HOME="/workspace/cargo-home" RUSTUP_HOME="/workspace/rustup-home" "/workspace/cargo-home/bin/cargo" "+1.75.0" "fetch" "--manifest-path" "Cargo.toml", kill_on_drop: false }`
[INFO] [stderr]     Blocking waiting for file lock on package cache
[INFO] [stderr]     Blocking waiting for file lock on package cache
[INFO] [stderr]  Downloading crates ...
[INFO] [stderr]   Downloaded witx v0.9.1
[INFO] [stderr]   Downloaded io-lifetimes v0.5.3
[INFO] [stderr]   Downloaded moonramp-wallet v0.1.22
[INFO] [stderr]   Downloaded moonramp-lunar-macro v0.1.22
[INFO] [stderr]   Downloaded wasmtime-fiber v0.35.3
[INFO] [stderr]   Downloaded actix-web-httpauth v0.6.0
[INFO] [stderr]   Downloaded moonramp-core v0.1.22
[INFO] [stderr]   Downloaded moonramp-lunar-core v0.1.22
[INFO] [stderr]   Downloaded is-terminal v0.1.0
[INFO] [stderr]   Downloaded wasmtime-jit-debug v0.35.3
[INFO] [stderr]   Downloaded wiggle-macro v0.35.3
[INFO] [stderr]   Downloaded wasmtime-wasi v0.35.3
[INFO] [stderr]   Downloaded cranelift-native v0.82.3
[INFO] [stderr]   Downloaded moonramp-lunar v0.1.22
[INFO] [stderr]   Downloaded moonramp-gateway v0.1.22
[INFO] [stderr]   Downloaded memfd v0.4.1
[INFO] [stderr]   Downloaded wasi-cap-std-sync v0.35.3
[INFO] [stderr]   Downloaded fs-set-times v0.15.0
[INFO] [stderr]   Downloaded winx v0.31.0
[INFO] [stderr]   Downloaded cap-fs-ext v0.24.4
[INFO] [stderr]   Downloaded argon2 v0.4.1
[INFO] [stderr]   Downloaded wasmtime-cranelift v0.35.3
[INFO] [stderr]   Downloaded secp256k1 v0.22.2
[INFO] [stderr]   Downloaded idna v0.2.1
[INFO] [stderr]   Downloaded bitcoin v0.28.2
[INFO] [stderr]   Downloaded secp256k1-sys v0.5.2
[INFO] [stderr]   Downloaded linux-raw-sys v0.0.42
[INFO] [stderr]   Downloaded rustix v0.33.7
[INFO] [stderr]   Downloaded wasi-common v0.35.3
[INFO] [stderr]   Downloaded wasmtime v0.35.3
[INFO] [stderr]   Downloaded wast v35.0.2
[INFO] [stderr]   Downloaded ittapi-rs v0.2.0
[INFO] [stderr]   Downloaded wasmtime-runtime v0.35.3
[INFO] [stderr]   Downloaded cap-primitives v0.24.4
[INFO] [stderr]   Downloaded system-interface v0.20.0
[INFO] [stderr]   Downloaded io-extras v0.13.2
[INFO] [stderr]   Downloaded wasmtime-cache v0.35.3
[INFO] [stderr]   Downloaded url v2.3.0
[INFO] [stderr]   Downloaded wasmtime-environ v0.35.3
[INFO] [stderr]   Downloaded cap-std v0.24.4
[INFO] [stderr]   Downloaded cap-rand v0.24.4
[INFO] [stderr]   Downloaded zstd v0.10.2+zstd.1.5.2
[INFO] [stderr]   Downloaded actix-cors v0.6.5
[INFO] [stderr]   Downloaded bitcoincore-rpc-json v0.15.0
[INFO] [stderr]   Downloaded wasmtime-jit v0.35.3
[INFO] [stderr]   Downloaded wiggle-generate v0.35.3
[INFO] [stderr]   Downloaded cap-time-ext v0.24.4
[INFO] [stderr]   Downloaded cranelift-wasm v0.82.3
[INFO] [stderr]   Downloaded ambient-authority v0.0.1
[INFO] [stderr]   Downloaded zstd-safe v4.1.6+zstd.1.5.2
[INFO] [stderr]   Downloaded wasmtime-types v0.35.3
[INFO] [stderr]   Downloaded wasi-tokio v0.35.3
[INFO] [stderr]   Downloaded wiggle v0.35.3
[INFO] running `Command { std: "docker" "create" "-v" "/var/lib/crater-agent-workspace/builds/worker-3-tc1/target:/opt/rustwide/target:rw,Z" "-v" "/var/lib/crater-agent-workspace/builds/worker-3-tc1/source:/opt/rustwide/workdir:ro,Z" "-v" "/var/lib/crater-agent-workspace/cargo-home:/opt/rustwide/cargo-home:ro,Z" "-v" "/var/lib/crater-agent-workspace/rustup-home:/opt/rustwide/rustup-home:ro,Z" "-e" "SOURCE_DIR=/opt/rustwide/workdir" "-e" "CARGO_TARGET_DIR=/opt/rustwide/target" "-e" "CARGO_HOME=/opt/rustwide/cargo-home" "-e" "RUSTUP_HOME=/opt/rustwide/rustup-home" "-w" "/opt/rustwide/workdir" "-m" "1610612736" "--user" "0:0" "--network" "none" "ghcr.io/rust-lang/crates-build-env/linux@sha256:2788e3201cd34a07e3172128adcd8b3090168a8e3bcc40d7c032b9dda1df7d1c" "/opt/rustwide/cargo-home/bin/cargo" "+1.75.0" "metadata" "--no-deps" "--format-version=1", kill_on_drop: false }`
[INFO] [stdout] 8a9df454d2b046284e7709e0f1bfc7417bab2dcc49de4c06155fc36650c80b97
[INFO] running `Command { std: "docker" "start" "-a" "8a9df454d2b046284e7709e0f1bfc7417bab2dcc49de4c06155fc36650c80b97", kill_on_drop: false }`
[INFO] running `Command { std: "docker" "inspect" "8a9df454d2b046284e7709e0f1bfc7417bab2dcc49de4c06155fc36650c80b97", kill_on_drop: false }`
[INFO] running `Command { std: "docker" "rm" "-f" "8a9df454d2b046284e7709e0f1bfc7417bab2dcc49de4c06155fc36650c80b97", kill_on_drop: false }`
[INFO] [stdout] 8a9df454d2b046284e7709e0f1bfc7417bab2dcc49de4c06155fc36650c80b97
[INFO] running `Command { std: "docker" "create" "-v" "/var/lib/crater-agent-workspace/builds/worker-3-tc1/target:/opt/rustwide/target:rw,Z" "-v" "/var/lib/crater-agent-workspace/builds/worker-3-tc1/source:/opt/rustwide/workdir:ro,Z" "-v" "/var/lib/crater-agent-workspace/cargo-home:/opt/rustwide/cargo-home:ro,Z" "-v" "/var/lib/crater-agent-workspace/rustup-home:/opt/rustwide/rustup-home:ro,Z" "-e" "SOURCE_DIR=/opt/rustwide/workdir" "-e" "CARGO_TARGET_DIR=/opt/rustwide/target" "-e" "CARGO_INCREMENTAL=0" "-e" "RUST_BACKTRACE=full" "-e" "RUSTFLAGS=--cap-lints=warn" "-e" "RUSTDOCFLAGS=--cap-lints=warn" "-e" "CARGO_HOME=/opt/rustwide/cargo-home" "-e" "RUSTUP_HOME=/opt/rustwide/rustup-home" "-w" "/opt/rustwide/workdir" "-m" "1610612736" "--user" "0:0" "--network" "none" "ghcr.io/rust-lang/crates-build-env/linux@sha256:2788e3201cd34a07e3172128adcd8b3090168a8e3bcc40d7c032b9dda1df7d1c" "/opt/rustwide/cargo-home/bin/cargo" "+1.75.0" "build" "--frozen" "--message-format=json", kill_on_drop: false }`
[INFO] [stdout] 99f7dfc137408a8cdeb0518f9c9db01962b8cde8bf1e6adf852af0d6cb1ef42a
[INFO] running `Command { std: "docker" "start" "-a" "99f7dfc137408a8cdeb0518f9c9db01962b8cde8bf1e6adf852af0d6cb1ef42a", kill_on_drop: false }`
[INFO] [stderr]    Compiling io-lifetimes v0.5.3
[INFO] [stderr]    Compiling indexmap v1.9.3
[INFO] [stderr]    Compiling rustix v0.33.7
[INFO] [stderr]    Compiling linux-raw-sys v0.0.42
[INFO] [stderr]    Compiling subtle v2.4.1
[INFO] [stderr]    Compiling anyhow v1.0.79
[INFO] [stderr]    Compiling fallible-iterator v0.2.0
[INFO] [stderr]    Compiling stable_deref_trait v1.2.0
[INFO] [stderr]    Compiling mio v0.8.10
[INFO] [stderr]    Compiling target-lexicon v0.12.13
[INFO] [stderr]    Compiling tokio-macros v2.2.0
[INFO] [stderr]    Compiling serde v1.0.194
[INFO] [stderr]    Compiling tracing v0.1.40
[INFO] [stderr]    Compiling thiserror v1.0.56
[INFO] [stderr]    Compiling leb128 v0.2.5
[INFO] [stderr]    Compiling cranelift-codegen-shared v0.82.3
[INFO] [stderr]    Compiling opaque-debug v0.3.0
[INFO] [stderr]    Compiling cranelift-codegen-meta v0.82.3
[INFO] [stderr]    Compiling wasmtime-fiber v0.35.3
[INFO] [stderr]    Compiling zstd-sys v1.6.3+zstd.1.5.2
[INFO] [stderr]    Compiling rustix v0.38.28
[INFO] [stderr]    Compiling wasmparser v0.83.0
[INFO] [stderr]    Compiling rustc-hash v1.1.0
[INFO] [stderr]    Compiling digest v0.10.7
[INFO] [stderr]    Compiling regalloc v0.0.34
[INFO] [stderr]    Compiling linux-raw-sys v0.4.12
[INFO] [stderr]    Compiling io-extras v0.13.2
[INFO] [stderr]    Compiling backtrace v0.3.69
[INFO] [stderr]    Compiling memoffset v0.6.5
[INFO] [stderr]    Compiling gimli v0.28.1
[INFO] [stderr]    Compiling zstd-safe v4.1.6+zstd.1.5.2
[INFO] [stderr]    Compiling ambient-authority v0.0.1
[INFO] [stderr]    Compiling cap-primitives v0.24.4
[INFO] [stderr]    Compiling more-asserts v0.2.2
[INFO] [stderr]    Compiling miniz_oxide v0.7.1
[INFO] [stderr]    Compiling futures-util v0.3.30
[INFO] [stderr]    Compiling wast v35.0.2
[INFO] [stderr]    Compiling wasmtime-runtime v0.35.3
[INFO] [stderr]    Compiling ittapi-rs v0.2.0
[INFO] [stderr]    Compiling dirs-sys v0.3.7
[INFO] [stderr]    Compiling object v0.32.2
[INFO] [stderr]    Compiling cpp_demangle v0.3.5
[INFO] [stderr]    Compiling maybe-owned v0.3.4
[INFO] [stderr]    Compiling rustc-demangle v0.1.23
[INFO] [stderr]    Compiling tokio v1.35.1
[INFO] [stderr]    Compiling local-waker v0.1.4
[INFO] [stderr]    Compiling dirs v4.0.0
[INFO] [stderr]    Compiling wasm-encoder v0.38.1
[INFO] [stderr]    Compiling digest v0.9.0
[INFO] [stderr]    Compiling psm v0.1.21
[INFO] [stderr]    Compiling block-buffer v0.9.0
[INFO] [stderr]    Compiling memfd v0.4.1
[INFO] [stderr]    Compiling region v2.2.0
[INFO] [stderr]    Compiling is-terminal v0.4.10
[INFO] [stderr]    Compiling env_logger v0.10.1
[INFO] [stderr]    Compiling dirs-sys-next v0.1.2
[INFO] [stderr]    Compiling wasmtime-cache v0.35.3
[INFO] [stderr]    Compiling cap-std v0.24.4
[INFO] [stderr]    Compiling witx v0.9.1
[INFO] [stderr]    Compiling file-per-thread-logger v0.1.6
[INFO] [stderr]    Compiling directories-next v2.0.0
[INFO] [stderr]    Compiling heck v0.3.3
[INFO] [stderr]    Compiling fs-set-times v0.15.0
[INFO] [stderr]    Compiling wast v69.0.1
[INFO] [stderr]    Compiling sha2 v0.9.9
[INFO] [stderr]    Compiling smallvec v0.6.14
[INFO] [stderr]    Compiling addr2line v0.21.0
[INFO] [stdout] error[E0061]: this method takes 1 argument but 2 arguments were supplied
[INFO] [stdout]   --> /opt/rustwide/cargo-home/registry/src/index.crates.io-6f17d22bba15001f/cap-primitives-0.24.4/src/rustix/linux/fs/set_times_impl.rs:20:25
[INFO] [stdout]    |
[INFO] [stdout] 20 |             return file.set_times(
[INFO] [stdout]    |                         ^^^^^^^^^
[INFO] [stdout] 21 |                 atime.map(SystemTimeSpec::into_std),
[INFO] [stdout] 22 |                 mtime.map(SystemTimeSpec::into_std),
[INFO] [stdout]    |                 ----------------------------------- unexpected argument of type `Option<fs_set_times::SystemTimeSpec>`
[INFO] [stdout]    |
[INFO] [stdout] note: expected `FileTimes`, found `Option<SystemTimeSpec>`
[INFO] [stdout]   --> /opt/rustwide/cargo-home/registry/src/index.crates.io-6f17d22bba15001f/cap-primitives-0.24.4/src/rustix/linux/fs/set_times_impl.rs:21:17
[INFO] [stdout]    |
[INFO] [stdout] 21 |                 atime.map(SystemTimeSpec::into_std),
[INFO] [stdout]    |                 ^^^^^^^^^^^^^^^^^^^^^^^^^^^^^^^^^^^
[INFO] [stdout]    = note: expected struct `FileTimes`
[INFO] [stdout]                 found enum `Option<fs_set_times::SystemTimeSpec>`
[INFO] [stdout] note: method defined here
[INFO] [stdout]   --> /rustc/82e1608dfa6e0b5569232559e3d385fea5a93112/library/std/src/fs.rs:695:12
[INFO] [stdout] help: remove the extra argument
[INFO] [stdout]    |
[INFO] [stdout] 21 -                 atime.map(SystemTimeSpec::into_std),
[INFO] [stdout] 21 +                 /* FileTimes */,
[INFO] [stdout]    |
[INFO] [stdout] 
[INFO] [stdout] 
[INFO] [stdout] error[E0061]: this method takes 1 argument but 2 arguments were supplied
[INFO] [stdout]   --> /opt/rustwide/cargo-home/registry/src/index.crates.io-6f17d22bba15001f/cap-primitives-0.24.4/src/rustix/linux/fs/set_times_impl.rs:34:25
[INFO] [stdout]    |
[INFO] [stdout] 34 |             return file.set_times(
[INFO] [stdout]    |                         ^^^^^^^^^
[INFO] [stdout] 35 |                 atime.map(SystemTimeSpec::into_std),
[INFO] [stdout] 36 |                 mtime.map(SystemTimeSpec::into_std),
[INFO] [stdout]    |                 ----------------------------------- unexpected argument of type `Option<fs_set_times::SystemTimeSpec>`
[INFO] [stdout]    |
[INFO] [stdout] note: expected `FileTimes`, found `Option<SystemTimeSpec>`
[INFO] [stdout]   --> /opt/rustwide/cargo-home/registry/src/index.crates.io-6f17d22bba15001f/cap-primitives-0.24.4/src/rustix/linux/fs/set_times_impl.rs:35:17
[INFO] [stdout]    |
[INFO] [stdout] 35 |                 atime.map(SystemTimeSpec::into_std),
[INFO] [stdout]    |                 ^^^^^^^^^^^^^^^^^^^^^^^^^^^^^^^^^^^
[INFO] [stdout]    = note: expected struct `FileTimes`
[INFO] [stdout]                 found enum `Option<fs_set_times::SystemTimeSpec>`
[INFO] [stdout] note: method defined here
[INFO] [stdout]   --> /rustc/82e1608dfa6e0b5569232559e3d385fea5a93112/library/std/src/fs.rs:695:12
[INFO] [stdout] help: remove the extra argument
[INFO] [stdout]    |
[INFO] [stdout] 35 -                 atime.map(SystemTimeSpec::into_std),
[INFO] [stdout] 35 +                 /* FileTimes */,
[INFO] [stdout]    |
[INFO] [stdout] 
[INFO] [stdout] 
[INFO] [stderr]    Compiling shellexpand v2.1.2
[INFO] [stdout] error: aborting due to 2 previous errors
[INFO] [stdout] 
[INFO] [stdout] 
[INFO] [stdout] For more information about this error, try `rustc --explain E0061`.
[INFO] [stdout] 
[INFO] [stderr] error: could not compile `cap-primitives` (lib) due to 3 previous errors
[INFO] [stderr] warning: build failed, waiting for other jobs to finish...
[INFO] running `Command { std: "docker" "inspect" "99f7dfc137408a8cdeb0518f9c9db01962b8cde8bf1e6adf852af0d6cb1ef42a", kill_on_drop: false }`
[INFO] running `Command { std: "docker" "rm" "-f" "99f7dfc137408a8cdeb0518f9c9db01962b8cde8bf1e6adf852af0d6cb1ef42a", kill_on_drop: false }`
[INFO] [stdout] 99f7dfc137408a8cdeb0518f9c9db01962b8cde8bf1e6adf852af0d6cb1ef42a
[INFO] testing moonramp-program-0.1.22 against beta-2023-12-22 for beta-1.76-1
[INFO] extracting crate moonramp-program 0.1.22 into /workspace/builds/worker-3-tc2/source
[INFO] validating manifest of crates.io crate moonramp-program 0.1.22 on toolchain beta-2023-12-22
[INFO] running `Command { std: CARGO_HOME="/workspace/cargo-home" RUSTUP_HOME="/workspace/rustup-home" "/workspace/cargo-home/bin/cargo" "+beta-2023-12-22" "metadata" "--manifest-path" "Cargo.toml" "--no-deps", kill_on_drop: false }`
[INFO] started tweaking crates.io crate moonramp-program 0.1.22
[INFO] finished tweaking crates.io crate moonramp-program 0.1.22
[INFO] tweaked toml for crates.io crate moonramp-program 0.1.22 written to /workspace/builds/worker-3-tc2/source/Cargo.toml
[INFO] running `Command { std: CARGO_HOME="/workspace/cargo-home" RUSTUP_HOME="/workspace/rustup-home" "/workspace/cargo-home/bin/cargo" "+beta-2023-12-22" "generate-lockfile" "--manifest-path" "Cargo.toml", kill_on_drop: false }`
[INFO] [stderr]     Updating crates.io index
[INFO] running `Command { std: CARGO_HOME="/workspace/cargo-home" RUSTUP_HOME="/workspace/rustup-home" "/workspace/cargo-home/bin/cargo" "+beta-2023-12-22" "fetch" "--manifest-path" "Cargo.toml", kill_on_drop: false }`
[INFO] running `Command { std: "docker" "create" "-v" "/var/lib/crater-agent-workspace/builds/worker-3-tc2/target:/opt/rustwide/target:rw,Z" "-v" "/var/lib/crater-agent-workspace/builds/worker-3-tc2/source:/opt/rustwide/workdir:ro,Z" "-v" "/var/lib/crater-agent-workspace/cargo-home:/opt/rustwide/cargo-home:ro,Z" "-v" "/var/lib/crater-agent-workspace/rustup-home:/opt/rustwide/rustup-home:ro,Z" "-e" "SOURCE_DIR=/opt/rustwide/workdir" "-e" "CARGO_TARGET_DIR=/opt/rustwide/target" "-e" "CARGO_HOME=/opt/rustwide/cargo-home" "-e" "RUSTUP_HOME=/opt/rustwide/rustup-home" "-w" "/opt/rustwide/workdir" "-m" "1610612736" "--user" "0:0" "--network" "none" "ghcr.io/rust-lang/crates-build-env/linux@sha256:2788e3201cd34a07e3172128adcd8b3090168a8e3bcc40d7c032b9dda1df7d1c" "/opt/rustwide/cargo-home/bin/cargo" "+beta-2023-12-22" "metadata" "--no-deps" "--format-version=1", kill_on_drop: false }`
[INFO] [stdout] 3f1852bc035ba67687e0a9e83a6d8b3b17d89e7666c93b5dfc486ae66417694f
[INFO] running `Command { std: "docker" "start" "-a" "3f1852bc035ba67687e0a9e83a6d8b3b17d89e7666c93b5dfc486ae66417694f", kill_on_drop: false }`
[INFO] running `Command { std: "docker" "inspect" "3f1852bc035ba67687e0a9e83a6d8b3b17d89e7666c93b5dfc486ae66417694f", kill_on_drop: false }`
[INFO] running `Command { std: "docker" "rm" "-f" "3f1852bc035ba67687e0a9e83a6d8b3b17d89e7666c93b5dfc486ae66417694f", kill_on_drop: false }`
[INFO] [stdout] 3f1852bc035ba67687e0a9e83a6d8b3b17d89e7666c93b5dfc486ae66417694f
[INFO] running `Command { std: "docker" "create" "-v" "/var/lib/crater-agent-workspace/builds/worker-3-tc2/target:/opt/rustwide/target:rw,Z" "-v" "/var/lib/crater-agent-workspace/builds/worker-3-tc2/source:/opt/rustwide/workdir:ro,Z" "-v" "/var/lib/crater-agent-workspace/cargo-home:/opt/rustwide/cargo-home:ro,Z" "-v" "/var/lib/crater-agent-workspace/rustup-home:/opt/rustwide/rustup-home:ro,Z" "-e" "SOURCE_DIR=/opt/rustwide/workdir" "-e" "CARGO_TARGET_DIR=/opt/rustwide/target" "-e" "CARGO_INCREMENTAL=0" "-e" "RUST_BACKTRACE=full" "-e" "RUSTFLAGS=--cap-lints=warn" "-e" "RUSTDOCFLAGS=--cap-lints=warn" "-e" "CARGO_HOME=/opt/rustwide/cargo-home" "-e" "RUSTUP_HOME=/opt/rustwide/rustup-home" "-w" "/opt/rustwide/workdir" "-m" "1610612736" "--user" "0:0" "--network" "none" "ghcr.io/rust-lang/crates-build-env/linux@sha256:2788e3201cd34a07e3172128adcd8b3090168a8e3bcc40d7c032b9dda1df7d1c" "/opt/rustwide/cargo-home/bin/cargo" "+beta-2023-12-22" "build" "--frozen" "--message-format=json", kill_on_drop: false }`
[INFO] [stdout] 2d56a912c636f1362bc1e532684e3e45e929a9e4678d3cd9c2b793f501765729
[INFO] running `Command { std: "docker" "start" "-a" "2d56a912c636f1362bc1e532684e3e45e929a9e4678d3cd9c2b793f501765729", kill_on_drop: false }`
[INFO] [stderr]    Compiling io-lifetimes v0.5.3
[INFO] [stderr]    Compiling indexmap v1.9.3
[INFO] [stderr]    Compiling rustix v0.33.7
[INFO] [stderr]    Compiling linux-raw-sys v0.0.42
[INFO] [stderr]    Compiling subtle v2.4.1
[INFO] [stderr]    Compiling anyhow v1.0.79
[INFO] [stderr]    Compiling fallible-iterator v0.2.0
[INFO] [stderr]    Compiling stable_deref_trait v1.2.0
[INFO] [stderr]    Compiling mio v0.8.10
[INFO] [stderr]    Compiling target-lexicon v0.12.13
[INFO] [stderr]    Compiling serde v1.0.194
[INFO] [stderr]    Compiling tracing v0.1.40
[INFO] [stderr]    Compiling thiserror v1.0.56
[INFO] [stderr]    Compiling tokio-macros v2.2.0
[INFO] [stderr]    Compiling cranelift-codegen-shared v0.82.3
[INFO] [stderr]    Compiling leb128 v0.2.5
[INFO] [stderr]    Compiling opaque-debug v0.3.0
[INFO] [stderr]    Compiling cranelift-codegen-meta v0.82.3
[INFO] [stderr]    Compiling wasmtime-fiber v0.35.3
[INFO] [stderr]    Compiling zstd-sys v1.6.3+zstd.1.5.2
[INFO] [stderr]    Compiling rustc-hash v1.1.0
[INFO] [stderr]    Compiling rustix v0.38.28
[INFO] [stderr]    Compiling wasmparser v0.83.0
[INFO] [stderr]    Compiling regalloc v0.0.34
[INFO] [stderr]    Compiling digest v0.10.7
[INFO] [stderr]    Compiling io-extras v0.13.2
[INFO] [stderr]    Compiling linux-raw-sys v0.4.12
[INFO] [stderr]    Compiling backtrace v0.3.69
[INFO] [stderr]    Compiling memoffset v0.6.5
[INFO] [stderr]    Compiling ambient-authority v0.0.1
[INFO] [stderr]    Compiling cap-primitives v0.24.4
[INFO] [stderr]    Compiling zstd-safe v4.1.6+zstd.1.5.2
[INFO] [stderr]    Compiling gimli v0.28.1
[INFO] [stderr]    Compiling more-asserts v0.2.2
[INFO] [stderr]    Compiling miniz_oxide v0.7.1
[INFO] [stderr]    Compiling futures-util v0.3.30
[INFO] [stderr]    Compiling wast v35.0.2
[INFO] [stderr]    Compiling wasmtime-runtime v0.35.3
[INFO] [stderr]    Compiling ittapi-rs v0.2.0
[INFO] [stderr]    Compiling dirs-sys v0.3.7
[INFO] [stderr]    Compiling object v0.32.2
[INFO] [stderr]    Compiling maybe-owned v0.3.4
[INFO] [stderr]    Compiling rustc-demangle v0.1.23
[INFO] [stderr]    Compiling cpp_demangle v0.3.5
[INFO] [stderr]    Compiling local-waker v0.1.4
[INFO] [stderr]    Compiling dirs v4.0.0
[INFO] [stderr]    Compiling wasm-encoder v0.38.1
[INFO] [stderr]    Compiling psm v0.1.21
[INFO] [stderr]    Compiling block-buffer v0.9.0
[INFO] [stderr]    Compiling digest v0.9.0
[INFO] [stderr]    Compiling tokio v1.35.1
[INFO] [stderr]    Compiling dirs-sys-next v0.1.2
[INFO] [stderr]    Compiling memfd v0.4.1
[INFO] [stderr]    Compiling region v2.2.0
[INFO] [stderr]    Compiling is-terminal v0.4.10
[INFO] [stderr]    Compiling env_logger v0.10.1
[INFO] [stderr]    Compiling cap-std v0.24.4
[INFO] [stderr]    Compiling wasmtime-cache v0.35.3
[INFO] [stderr]    Compiling heck v0.3.3
[INFO] [stderr]    Compiling wast v69.0.1
[INFO] [stderr]    Compiling file-per-thread-logger v0.1.6
[INFO] [stderr]    Compiling witx v0.9.1
[INFO] [stderr]    Compiling directories-next v2.0.0
[INFO] [stderr]    Compiling sha2 v0.9.9
[INFO] [stderr]    Compiling fs-set-times v0.15.0
[INFO] [stderr]    Compiling smallvec v0.6.14
[INFO] [stderr]    Compiling shellexpand v2.1.2
[INFO] [stderr]    Compiling addr2line v0.21.0
[INFO] [stderr]    Compiling actix-utils v3.0.1
[INFO] [stderr] error: could not compile `regalloc` (lib)
[INFO] [stderr] 
[INFO] [stderr] Caused by:
[INFO] [stderr]   process didn't exit successfully: `/opt/rustwide/rustup-home/toolchains/beta-2023-12-22-x86_64-unknown-linux-gnu/bin/rustc --crate-name regalloc --edition=2018 /opt/rustwide/cargo-home/registry/src/index.crates.io-6f17d22bba15001f/regalloc-0.0.34/src/lib.rs --error-format=json --json=diagnostic-rendered-ansi,artifacts,future-incompat --crate-type lib --emit=dep-info,metadata,link -C embed-bitcode=no -C debuginfo=2 --cfg 'feature="default"' -C metadata=f58a3917c0e50f6d -C extra-filename=-f58a3917c0e50f6d --out-dir /opt/rustwide/target/debug/deps -L dependency=/opt/rustwide/target/debug/deps --extern log=/opt/rustwide/target/debug/deps/liblog-2cf4a51dfa4e790a.rmeta --extern rustc_hash=/opt/rustwide/target/debug/deps/librustc_hash-d8dd0847b35f1832.rmeta --extern smallvec=/opt/rustwide/target/debug/deps/libsmallvec-2fe51d264bce6b98.rmeta --cap-lints allow --cap-lints=warn` (signal: 9, SIGKILL: kill)
[INFO] [stderr] warning: build failed, waiting for other jobs to finish...
[INFO] [stderr] error: could not compile `rustix` (lib)
[INFO] [stderr] 
[INFO] [stderr] Caused by:
[INFO] [stderr]   process didn't exit successfully: `/opt/rustwide/rustup-home/toolchains/beta-2023-12-22-x86_64-unknown-linux-gnu/bin/rustc --crate-name rustix --edition=2018 /opt/rustwide/cargo-home/registry/src/index.crates.io-6f17d22bba15001f/rustix-0.33.7/src/lib.rs --error-format=json --json=diagnostic-rendered-ansi,artifacts,future-incompat --crate-type lib --emit=dep-info,metadata,link -C embed-bitcode=no -C debuginfo=2 --cfg 'feature="default"' --cfg 'feature="io-lifetimes"' --cfg 'feature="itoa"' --cfg 'feature="once_cell"' --cfg 'feature="procfs"' --cfg 'feature="std"' -C metadata=286e6b3296f4bc92 -C extra-filename=-286e6b3296f4bc92 --out-dir /opt/rustwide/target/debug/deps -L dependency=/opt/rustwide/target/debug/deps --extern bitflags=/opt/rustwide/target/debug/deps/libbitflags-85e13ed1e0c6d910.rmeta --extern io_lifetimes=/opt/rustwide/target/debug/deps/libio_lifetimes-875d119cf702b90b.rmeta --extern itoa=/opt/rustwide/target/debug/deps/libitoa-34968a9f29c36fec.rmeta --extern linux_raw_sys=/opt/rustwide/target/debug/deps/liblinux_raw_sys-68fcb5ca4fb4e641.rmeta --extern once_cell=/opt/rustwide/target/debug/deps/libonce_cell-334d739f4e3a4961.rmeta --cap-lints allow --cap-lints=warn --cfg linux_raw --cfg asm` (signal: 9, SIGKILL: kill)
[INFO] [stdout] error[E0061]: this method takes 1 argument but 2 arguments were supplied
[INFO] [stdout]   --> /opt/rustwide/cargo-home/registry/src/index.crates.io-6f17d22bba15001f/cap-primitives-0.24.4/src/rustix/linux/fs/set_times_impl.rs:20:25
[INFO] [stdout]    |
[INFO] [stdout] 20 |             return file.set_times(
[INFO] [stdout]    |                         ^^^^^^^^^
[INFO] [stdout] 21 |                 atime.map(SystemTimeSpec::into_std),
[INFO] [stdout] 22 |                 mtime.map(SystemTimeSpec::into_std),
[INFO] [stdout]    |                 ----------------------------------- unexpected argument of type `Option<fs_set_times::SystemTimeSpec>`
[INFO] [stdout]    |
[INFO] [stdout] note: expected `FileTimes`, found `Option<SystemTimeSpec>`
[INFO] [stdout]   --> /opt/rustwide/cargo-home/registry/src/index.crates.io-6f17d22bba15001f/cap-primitives-0.24.4/src/rustix/linux/fs/set_times_impl.rs:21:17
[INFO] [stdout]    |
[INFO] [stdout] 21 |                 atime.map(SystemTimeSpec::into_std),
[INFO] [stdout]    |                 ^^^^^^^^^^^^^^^^^^^^^^^^^^^^^^^^^^^
[INFO] [stdout]    = note: expected struct `FileTimes`
[INFO] [stdout]                 found enum `Option<fs_set_times::SystemTimeSpec>`
[INFO] [stdout] note: method defined here
[INFO] [stdout]   --> /rustc/0e09125c6c3c2fd70d7de961bcf0e51575235fad/library/std/src/fs.rs:695:12
[INFO] [stdout] help: remove the extra argument
[INFO] [stdout]    |
[INFO] [stdout] 21 -                 atime.map(SystemTimeSpec::into_std),
[INFO] [stdout] 21 +                 /* FileTimes */,
[INFO] [stdout]    |
[INFO] [stdout] 
[INFO] [stdout] 
[INFO] [stdout] error[E0061]: this method takes 1 argument but 2 arguments were supplied
[INFO] [stdout]   --> /opt/rustwide/cargo-home/registry/src/index.crates.io-6f17d22bba15001f/cap-primitives-0.24.4/src/rustix/linux/fs/set_times_impl.rs:34:25
[INFO] [stdout]    |
[INFO] [stdout] 34 |             return file.set_times(
[INFO] [stdout]    |                         ^^^^^^^^^
[INFO] [stdout] 35 |                 atime.map(SystemTimeSpec::into_std),
[INFO] [stdout] 36 |                 mtime.map(SystemTimeSpec::into_std),
[INFO] [stdout]    |                 ----------------------------------- unexpected argument of type `Option<fs_set_times::SystemTimeSpec>`
[INFO] [stdout]    |
[INFO] [stdout] note: expected `FileTimes`, found `Option<SystemTimeSpec>`
[INFO] [stdout]   --> /opt/rustwide/cargo-home/registry/src/index.crates.io-6f17d22bba15001f/cap-primitives-0.24.4/src/rustix/linux/fs/set_times_impl.rs:35:17
[INFO] [stdout]    |
[INFO] [stdout] 35 |                 atime.map(SystemTimeSpec::into_std),
[INFO] [stdout]    |                 ^^^^^^^^^^^^^^^^^^^^^^^^^^^^^^^^^^^
[INFO] [stdout]    = note: expected struct `FileTimes`
[INFO] [stdout]                 found enum `Option<fs_set_times::SystemTimeSpec>`
[INFO] [stdout] note: method defined here
[INFO] [stdout]   --> /rustc/0e09125c6c3c2fd70d7de961bcf0e51575235fad/library/std/src/fs.rs:695:12
[INFO] [stdout] help: remove the extra argument
[INFO] [stdout]    |
[INFO] [stdout] 35 -                 atime.map(SystemTimeSpec::into_std),
[INFO] [stdout] 35 +                 /* FileTimes */,
[INFO] [stdout]    |
[INFO] [stdout] 
[INFO] [stdout] 
[INFO] [stdout] error: aborting due to 2 previous errors
[INFO] [stdout] 
[INFO] [stdout] 
[INFO] [stdout] For more information about this error, try `rustc --explain E0061`.
[INFO] [stdout] 
[INFO] [stderr] error: could not compile `cap-primitives` (lib) due to 3 previous errors
[INFO] running `Command { std: "docker" "inspect" "2d56a912c636f1362bc1e532684e3e45e929a9e4678d3cd9c2b793f501765729", kill_on_drop: false }`
[INFO] running `Command { std: "docker" "rm" "-f" "2d56a912c636f1362bc1e532684e3e45e929a9e4678d3cd9c2b793f501765729", kill_on_drop: false }`
[INFO] [stdout] 2d56a912c636f1362bc1e532684e3e45e929a9e4678d3cd9c2b793f501765729
