[INFO] fetching crate momo 0.2.2...
[INFO] testing momo-0.2.2 against 1.75.0 for beta-1.76-1
[INFO] extracting crate momo 0.2.2 into /workspace/builds/worker-5-tc1/source
[INFO] validating manifest of crates.io crate momo 0.2.2 on toolchain 1.75.0
[INFO] running `Command { std: CARGO_HOME="/workspace/cargo-home" RUSTUP_HOME="/workspace/rustup-home" "/workspace/cargo-home/bin/cargo" "+1.75.0" "metadata" "--manifest-path" "Cargo.toml" "--no-deps", kill_on_drop: false }`
[INFO] started tweaking crates.io crate momo 0.2.2
[INFO] finished tweaking crates.io crate momo 0.2.2
[INFO] tweaked toml for crates.io crate momo 0.2.2 written to /workspace/builds/worker-5-tc1/source/Cargo.toml
[INFO] crate crates.io crate momo 0.2.2 already has a lockfile, it will not be regenerated
[INFO] running `Command { std: CARGO_HOME="/workspace/cargo-home" RUSTUP_HOME="/workspace/rustup-home" "/workspace/cargo-home/bin/cargo" "+1.75.0" "fetch" "--manifest-path" "Cargo.toml", kill_on_drop: false }`
[INFO] [stderr]     Updating crates.io index
[INFO] [stderr]  Downloading crates ...
[INFO] [stderr]   Downloaded watt v0.4.0
[INFO] running `Command { std: "docker" "create" "-v" "/var/lib/crater-agent-workspace/builds/worker-5-tc1/target:/opt/rustwide/target:rw,Z" "-v" "/var/lib/crater-agent-workspace/builds/worker-5-tc1/source:/opt/rustwide/workdir:ro,Z" "-v" "/var/lib/crater-agent-workspace/cargo-home:/opt/rustwide/cargo-home:ro,Z" "-v" "/var/lib/crater-agent-workspace/rustup-home:/opt/rustwide/rustup-home:ro,Z" "-e" "SOURCE_DIR=/opt/rustwide/workdir" "-e" "CARGO_TARGET_DIR=/opt/rustwide/target" "-e" "CARGO_HOME=/opt/rustwide/cargo-home" "-e" "RUSTUP_HOME=/opt/rustwide/rustup-home" "-w" "/opt/rustwide/workdir" "-m" "1610612736" "--user" "0:0" "--network" "none" "ghcr.io/rust-lang/crates-build-env/linux@sha256:2788e3201cd34a07e3172128adcd8b3090168a8e3bcc40d7c032b9dda1df7d1c" "/opt/rustwide/cargo-home/bin/cargo" "+1.75.0" "metadata" "--no-deps" "--format-version=1", kill_on_drop: false }`
[INFO] [stdout] b899af07dff2ea3df649c18f22d1c532fca769167b698ceda8ff8bb0eee54b19
[INFO] running `Command { std: "docker" "start" "-a" "b899af07dff2ea3df649c18f22d1c532fca769167b698ceda8ff8bb0eee54b19", kill_on_drop: false }`
[INFO] running `Command { std: "docker" "inspect" "b899af07dff2ea3df649c18f22d1c532fca769167b698ceda8ff8bb0eee54b19", kill_on_drop: false }`
[INFO] running `Command { std: "docker" "rm" "-f" "b899af07dff2ea3df649c18f22d1c532fca769167b698ceda8ff8bb0eee54b19", kill_on_drop: false }`
[INFO] [stdout] b899af07dff2ea3df649c18f22d1c532fca769167b698ceda8ff8bb0eee54b19
[INFO] running `Command { std: "docker" "create" "-v" "/var/lib/crater-agent-workspace/builds/worker-5-tc1/target:/opt/rustwide/target:rw,Z" "-v" "/var/lib/crater-agent-workspace/builds/worker-5-tc1/source:/opt/rustwide/workdir:ro,Z" "-v" "/var/lib/crater-agent-workspace/cargo-home:/opt/rustwide/cargo-home:ro,Z" "-v" "/var/lib/crater-agent-workspace/rustup-home:/opt/rustwide/rustup-home:ro,Z" "-e" "SOURCE_DIR=/opt/rustwide/workdir" "-e" "CARGO_TARGET_DIR=/opt/rustwide/target" "-e" "CARGO_INCREMENTAL=0" "-e" "RUST_BACKTRACE=full" "-e" "RUSTFLAGS=--cap-lints=warn" "-e" "RUSTDOCFLAGS=--cap-lints=warn" "-e" "CARGO_HOME=/opt/rustwide/cargo-home" "-e" "RUSTUP_HOME=/opt/rustwide/rustup-home" "-w" "/opt/rustwide/workdir" "-m" "1610612736" "--user" "0:0" "--network" "none" "ghcr.io/rust-lang/crates-build-env/linux@sha256:2788e3201cd34a07e3172128adcd8b3090168a8e3bcc40d7c032b9dda1df7d1c" "/opt/rustwide/cargo-home/bin/cargo" "+1.75.0" "build" "--frozen" "--message-format=json", kill_on_drop: false }`
[INFO] [stdout] 9e431967742feb7c310a9f4e3a77419275453676414e0d1afaa3f967c336dc2b
[INFO] running `Command { std: "docker" "start" "-a" "9e431967742feb7c310a9f4e3a77419275453676414e0d1afaa3f967c336dc2b", kill_on_drop: false }`
[INFO] [stderr]    Compiling watt v0.4.0
[INFO] [stderr]    Compiling momo v0.2.2 (/opt/rustwide/workdir)
[INFO] [stderr]     Finished dev [unoptimized + debuginfo] target(s) in 0.97s
[INFO] running `Command { std: "docker" "inspect" "9e431967742feb7c310a9f4e3a77419275453676414e0d1afaa3f967c336dc2b", kill_on_drop: false }`
[INFO] running `Command { std: "docker" "rm" "-f" "9e431967742feb7c310a9f4e3a77419275453676414e0d1afaa3f967c336dc2b", kill_on_drop: false }`
[INFO] [stdout] 9e431967742feb7c310a9f4e3a77419275453676414e0d1afaa3f967c336dc2b
[INFO] running `Command { std: "docker" "create" "-v" "/var/lib/crater-agent-workspace/builds/worker-5-tc1/target:/opt/rustwide/target:rw,Z" "-v" "/var/lib/crater-agent-workspace/builds/worker-5-tc1/source:/opt/rustwide/workdir:ro,Z" "-v" "/var/lib/crater-agent-workspace/cargo-home:/opt/rustwide/cargo-home:ro,Z" "-v" "/var/lib/crater-agent-workspace/rustup-home:/opt/rustwide/rustup-home:ro,Z" "-e" "SOURCE_DIR=/opt/rustwide/workdir" "-e" "CARGO_TARGET_DIR=/opt/rustwide/target" "-e" "CARGO_INCREMENTAL=0" "-e" "RUST_BACKTRACE=full" "-e" "RUSTFLAGS=--cap-lints=warn" "-e" "RUSTDOCFLAGS=--cap-lints=warn" "-e" "CARGO_HOME=/opt/rustwide/cargo-home" "-e" "RUSTUP_HOME=/opt/rustwide/rustup-home" "-w" "/opt/rustwide/workdir" "-m" "1610612736" "--user" "0:0" "--network" "none" "ghcr.io/rust-lang/crates-build-env/linux@sha256:2788e3201cd34a07e3172128adcd8b3090168a8e3bcc40d7c032b9dda1df7d1c" "/opt/rustwide/cargo-home/bin/cargo" "+1.75.0" "test" "--frozen" "--no-run" "--message-format=json", kill_on_drop: false }`
[INFO] [stdout] c67f232591386c4bcf93a3b0bd9e951ceedfa3ee70ecc2d9397dec004b38c4ba
[INFO] running `Command { std: "docker" "start" "-a" "c67f232591386c4bcf93a3b0bd9e951ceedfa3ee70ecc2d9397dec004b38c4ba", kill_on_drop: false }`
[INFO] [stderr]    Compiling watt v0.4.0
[INFO] [stderr]    Compiling momo v0.2.2 (/opt/rustwide/workdir)
[INFO] [stdout] error: expected curly braces
[INFO] [stdout]  --> examples/check.rs:4:90
[INFO] [stdout]   |
[INFO] [stdout] 4 | fn check_generic<I: Into<usize>, S: AsRef<str>, M: AsMut<[usize]>>(i: I, s: S, mut m: M) -> usize {
[INFO] [stdout]   |                                                                                          ^
[INFO] [stdout] 
[INFO] [stdout] 
[INFO] [stdout] error: expected curly braces
[INFO] [stdout]  --> examples/check.rs:9:90
[INFO] [stdout]   |
[INFO] [stdout] 9 | fn check_impl_trait(i: impl Into<usize>, s: impl AsRef<str>, mut m: impl AsMut<[usize]>) -> usize {
[INFO] [stdout]   |                                                                                          ^
[INFO] [stdout] 
[INFO] [stdout] 
[INFO] [stdout] error: expected curly braces
[INFO] [stdout]   --> examples/check.rs:34:7
[INFO] [stdout]    |
[INFO] [stdout] 34 |     ) -> usize {
[INFO] [stdout]    |       ^
[INFO] [stdout] 
[INFO] [stdout] 
[INFO] [stdout] error: expected curly braces
[INFO] [stdout]   --> examples/check.rs:44:7
[INFO] [stdout]    |
[INFO] [stdout] 44 |     ) -> usize {
[INFO] [stdout]    |       ^
[INFO] [stdout] 
[INFO] [stdout] 
[INFO] [stdout] error[E0425]: cannot find function `check_generic` in this scope
[INFO] [stdout]   --> examples/check.rs:17:16
[INFO] [stdout]    |
[INFO] [stdout] 17 |     assert_eq!(check_generic(i, s, &mut m), 16);
[INFO] [stdout]    |                ^^^^^^^^^^^^^ not found in this scope
[INFO] [stdout] 
[INFO] [stdout] 
[INFO] [stdout] error[E0425]: cannot find function `check_impl_trait` in this scope
[INFO] [stdout]   --> examples/check.rs:18:16
[INFO] [stdout]    |
[INFO] [stdout] 18 |     assert_eq!(check_impl_trait(i, s, &mut m), 16);
[INFO] [stdout]    |                ^^^^^^^^^^^^^^^^ not found in this scope
[INFO] [stdout] 
[INFO] [stdout] 
[INFO] [stdout] error[E0599]: no method named `generic` found for struct `Check` in the current scope
[INFO] [stdout]   --> examples/check.rs:21:22
[INFO] [stdout]    |
[INFO] [stdout] 21 |     assert_eq!(check.generic(i, s, &mut m), 16);
[INFO] [stdout]    |                      ^^^^^^^ method not found in `Check`
[INFO] [stdout] ...
[INFO] [stdout] 25 | pub struct Check;
[INFO] [stdout]    | ---------------- method `generic` not found for this struct
[INFO] [stdout] 
[INFO] [stdout] 
[INFO] [stdout] error[E0599]: no method named `impl_trait` found for struct `Check` in the current scope
[INFO] [stdout]   --> examples/check.rs:22:22
[INFO] [stdout]    |
[INFO] [stdout] 22 |     assert_eq!(check.impl_trait(i, s, &mut m), 16);
[INFO] [stdout]    |                      ^^^^^^^^^^ method not found in `Check`
[INFO] [stdout] ...
[INFO] [stdout] 25 | pub struct Check;
[INFO] [stdout]    | ---------------- method `impl_trait` not found for this struct
[INFO] [stdout] 
[INFO] [stdout] 
[INFO] [stdout] error: aborting due to 8 previous errors
[INFO] [stdout] 
[INFO] [stdout] 
[INFO] [stdout] Some errors have detailed explanations: E0425, E0599.
[INFO] [stdout] 
[INFO] [stdout] For more information about an error, try `rustc --explain E0425`.
[INFO] [stdout] 
[INFO] [stderr] error: could not compile `momo` (example "check") due to 9 previous errors
[INFO] running `Command { std: "docker" "inspect" "c67f232591386c4bcf93a3b0bd9e951ceedfa3ee70ecc2d9397dec004b38c4ba", kill_on_drop: false }`
[INFO] running `Command { std: "docker" "rm" "-f" "c67f232591386c4bcf93a3b0bd9e951ceedfa3ee70ecc2d9397dec004b38c4ba", kill_on_drop: false }`
[INFO] [stdout] c67f232591386c4bcf93a3b0bd9e951ceedfa3ee70ecc2d9397dec004b38c4ba
[INFO] testing momo-0.2.2 against beta-2023-12-22 for beta-1.76-1
[INFO] extracting crate momo 0.2.2 into /workspace/builds/worker-5-tc2/source
[INFO] validating manifest of crates.io crate momo 0.2.2 on toolchain beta-2023-12-22
[INFO] running `Command { std: CARGO_HOME="/workspace/cargo-home" RUSTUP_HOME="/workspace/rustup-home" "/workspace/cargo-home/bin/cargo" "+beta-2023-12-22" "metadata" "--manifest-path" "Cargo.toml" "--no-deps", kill_on_drop: false }`
[INFO] started tweaking crates.io crate momo 0.2.2
[INFO] finished tweaking crates.io crate momo 0.2.2
[INFO] tweaked toml for crates.io crate momo 0.2.2 written to /workspace/builds/worker-5-tc2/source/Cargo.toml
[INFO] crate crates.io crate momo 0.2.2 already has a lockfile, it will not be regenerated
[INFO] running `Command { std: CARGO_HOME="/workspace/cargo-home" RUSTUP_HOME="/workspace/rustup-home" "/workspace/cargo-home/bin/cargo" "+beta-2023-12-22" "fetch" "--manifest-path" "Cargo.toml", kill_on_drop: false }`
[INFO] running `Command { std: "docker" "create" "-v" "/var/lib/crater-agent-workspace/builds/worker-5-tc2/target:/opt/rustwide/target:rw,Z" "-v" "/var/lib/crater-agent-workspace/builds/worker-5-tc2/source:/opt/rustwide/workdir:ro,Z" "-v" "/var/lib/crater-agent-workspace/cargo-home:/opt/rustwide/cargo-home:ro,Z" "-v" "/var/lib/crater-agent-workspace/rustup-home:/opt/rustwide/rustup-home:ro,Z" "-e" "SOURCE_DIR=/opt/rustwide/workdir" "-e" "CARGO_TARGET_DIR=/opt/rustwide/target" "-e" "CARGO_HOME=/opt/rustwide/cargo-home" "-e" "RUSTUP_HOME=/opt/rustwide/rustup-home" "-w" "/opt/rustwide/workdir" "-m" "1610612736" "--user" "0:0" "--network" "none" "ghcr.io/rust-lang/crates-build-env/linux@sha256:2788e3201cd34a07e3172128adcd8b3090168a8e3bcc40d7c032b9dda1df7d1c" "/opt/rustwide/cargo-home/bin/cargo" "+beta-2023-12-22" "metadata" "--no-deps" "--format-version=1", kill_on_drop: false }`
[INFO] [stdout] 79400f1c017a4074bfbed6b7963aea3fb3164f1029c86348f6814e85127d33f9
[INFO] running `Command { std: "docker" "start" "-a" "79400f1c017a4074bfbed6b7963aea3fb3164f1029c86348f6814e85127d33f9", kill_on_drop: false }`
[INFO] running `Command { std: "docker" "inspect" "79400f1c017a4074bfbed6b7963aea3fb3164f1029c86348f6814e85127d33f9", kill_on_drop: false }`
[INFO] running `Command { std: "docker" "rm" "-f" "79400f1c017a4074bfbed6b7963aea3fb3164f1029c86348f6814e85127d33f9", kill_on_drop: false }`
[INFO] [stdout] 79400f1c017a4074bfbed6b7963aea3fb3164f1029c86348f6814e85127d33f9
[INFO] running `Command { std: "docker" "create" "-v" "/var/lib/crater-agent-workspace/builds/worker-5-tc2/target:/opt/rustwide/target:rw,Z" "-v" "/var/lib/crater-agent-workspace/builds/worker-5-tc2/source:/opt/rustwide/workdir:ro,Z" "-v" "/var/lib/crater-agent-workspace/cargo-home:/opt/rustwide/cargo-home:ro,Z" "-v" "/var/lib/crater-agent-workspace/rustup-home:/opt/rustwide/rustup-home:ro,Z" "-e" "SOURCE_DIR=/opt/rustwide/workdir" "-e" "CARGO_TARGET_DIR=/opt/rustwide/target" "-e" "CARGO_INCREMENTAL=0" "-e" "RUST_BACKTRACE=full" "-e" "RUSTFLAGS=--cap-lints=warn" "-e" "RUSTDOCFLAGS=--cap-lints=warn" "-e" "CARGO_HOME=/opt/rustwide/cargo-home" "-e" "RUSTUP_HOME=/opt/rustwide/rustup-home" "-w" "/opt/rustwide/workdir" "-m" "1610612736" "--user" "0:0" "--network" "none" "ghcr.io/rust-lang/crates-build-env/linux@sha256:2788e3201cd34a07e3172128adcd8b3090168a8e3bcc40d7c032b9dda1df7d1c" "/opt/rustwide/cargo-home/bin/cargo" "+beta-2023-12-22" "build" "--frozen" "--message-format=json", kill_on_drop: false }`
[INFO] [stdout] a00acf818e02da30f80b4f84b09debdbfb5f81838d46bd35e593114af492f557
[INFO] running `Command { std: "docker" "start" "-a" "a00acf818e02da30f80b4f84b09debdbfb5f81838d46bd35e593114af492f557", kill_on_drop: false }`
[INFO] [stderr]    Compiling watt v0.4.0
[INFO] [stderr]    Compiling momo v0.2.2 (/opt/rustwide/workdir)
[INFO] [stderr]     Finished dev [unoptimized + debuginfo] target(s) in 1.83s
[INFO] running `Command { std: "docker" "inspect" "a00acf818e02da30f80b4f84b09debdbfb5f81838d46bd35e593114af492f557", kill_on_drop: false }`
[INFO] running `Command { std: "docker" "rm" "-f" "a00acf818e02da30f80b4f84b09debdbfb5f81838d46bd35e593114af492f557", kill_on_drop: false }`
[INFO] [stdout] a00acf818e02da30f80b4f84b09debdbfb5f81838d46bd35e593114af492f557
[INFO] running `Command { std: "docker" "create" "-v" "/var/lib/crater-agent-workspace/builds/worker-5-tc2/target:/opt/rustwide/target:rw,Z" "-v" "/var/lib/crater-agent-workspace/builds/worker-5-tc2/source:/opt/rustwide/workdir:ro,Z" "-v" "/var/lib/crater-agent-workspace/cargo-home:/opt/rustwide/cargo-home:ro,Z" "-v" "/var/lib/crater-agent-workspace/rustup-home:/opt/rustwide/rustup-home:ro,Z" "-e" "SOURCE_DIR=/opt/rustwide/workdir" "-e" "CARGO_TARGET_DIR=/opt/rustwide/target" "-e" "CARGO_INCREMENTAL=0" "-e" "RUST_BACKTRACE=full" "-e" "RUSTFLAGS=--cap-lints=warn" "-e" "RUSTDOCFLAGS=--cap-lints=warn" "-e" "CARGO_HOME=/opt/rustwide/cargo-home" "-e" "RUSTUP_HOME=/opt/rustwide/rustup-home" "-w" "/opt/rustwide/workdir" "-m" "1610612736" "--user" "0:0" "--network" "none" "ghcr.io/rust-lang/crates-build-env/linux@sha256:2788e3201cd34a07e3172128adcd8b3090168a8e3bcc40d7c032b9dda1df7d1c" "/opt/rustwide/cargo-home/bin/cargo" "+beta-2023-12-22" "test" "--frozen" "--no-run" "--message-format=json", kill_on_drop: false }`
[INFO] [stdout] eac498d2f7ee0e4f48e688711746f69330e0bb1ad4c2a78a52189bee4e7b20df
[INFO] running `Command { std: "docker" "start" "-a" "eac498d2f7ee0e4f48e688711746f69330e0bb1ad4c2a78a52189bee4e7b20df", kill_on_drop: false }`
[INFO] [stderr]    Compiling watt v0.4.0
[INFO] [stderr]    Compiling momo v0.2.2 (/opt/rustwide/workdir)
[INFO] [stdout] error: expected curly braces
[INFO] [stdout]  --> examples/check.rs:4:90
[INFO] [stdout]   |
[INFO] [stdout] 4 | fn check_generic<I: Into<usize>, S: AsRef<str>, M: AsMut<[usize]>>(i: I, s: S, mut m: M) -> usize {
[INFO] [stdout]   |                                                                                          ^
[INFO] [stdout] 
[INFO] [stdout] 
[INFO] [stdout] error: expected curly braces
[INFO] [stdout]  --> examples/check.rs:9:90
[INFO] [stdout]   |
[INFO] [stdout] 9 | fn check_impl_trait(i: impl Into<usize>, s: impl AsRef<str>, mut m: impl AsMut<[usize]>) -> usize {
[INFO] [stdout]   |                                                                                          ^
[INFO] [stdout] 
[INFO] [stdout] 
[INFO] [stdout] error: expected curly braces
[INFO] [stdout]   --> examples/check.rs:34:7
[INFO] [stdout]    |
[INFO] [stdout] 34 |     ) -> usize {
[INFO] [stdout]    |       ^
[INFO] [stdout] 
[INFO] [stdout] 
[INFO] [stdout] error: expected curly braces
[INFO] [stdout]   --> examples/check.rs:44:7
[INFO] [stdout]    |
[INFO] [stdout] 44 |     ) -> usize {
[INFO] [stdout]    |       ^
[INFO] [stdout] 
[INFO] [stdout] 
[INFO] [stdout] error[E0425]: cannot find function `check_generic` in this scope
[INFO] [stdout]   --> examples/check.rs:17:16
[INFO] [stdout]    |
[INFO] [stdout] 17 |     assert_eq!(check_generic(i, s, &mut m), 16);
[INFO] [stdout]    |                ^^^^^^^^^^^^^ not found in this scope
[INFO] [stdout] 
[INFO] [stdout] 
[INFO] [stdout] error[E0425]: cannot find function `check_impl_trait` in this scope
[INFO] [stdout]   --> examples/check.rs:18:16
[INFO] [stdout]    |
[INFO] [stdout] 18 |     assert_eq!(check_impl_trait(i, s, &mut m), 16);
[INFO] [stdout]    |                ^^^^^^^^^^^^^^^^ not found in this scope
[INFO] [stdout] 
[INFO] [stdout] 
[INFO] [stdout] error[E0599]: no method named `generic` found for struct `Check` in the current scope
[INFO] [stdout]   --> examples/check.rs:21:22
[INFO] [stdout]    |
[INFO] [stdout] 21 |     assert_eq!(check.generic(i, s, &mut m), 16);
[INFO] [stdout]    |                      ^^^^^^^ method not found in `Check`
[INFO] [stdout] ...
[INFO] [stdout] 25 | pub struct Check;
[INFO] [stdout]    | ---------------- method `generic` not found for this struct
[INFO] [stdout] 
[INFO] [stdout] 
[INFO] [stdout] error[E0599]: no method named `impl_trait` found for struct `Check` in the current scope
[INFO] [stdout]   --> examples/check.rs:22:22
[INFO] [stdout]    |
[INFO] [stdout] 22 |     assert_eq!(check.impl_trait(i, s, &mut m), 16);
[INFO] [stdout]    |                      ^^^^^^^^^^ method not found in `Check`
[INFO] [stdout] ...
[INFO] [stdout] 25 | pub struct Check;
[INFO] [stdout]    | ---------------- method `impl_trait` not found for this struct
[INFO] [stdout] 
[INFO] [stdout] 
[INFO] [stdout] error: aborting due to 8 previous errors
[INFO] [stdout] 
[INFO] [stdout] 
[INFO] [stdout] Some errors have detailed explanations: E0425, E0599.
[INFO] [stdout] 
[INFO] [stdout] For more information about an error, try `rustc --explain E0425`.
[INFO] [stdout] 
[INFO] [stderr] error: could not compile `momo` (example "check") due to 9 previous errors
[INFO] running `Command { std: "docker" "inspect" "eac498d2f7ee0e4f48e688711746f69330e0bb1ad4c2a78a52189bee4e7b20df", kill_on_drop: false }`
[INFO] running `Command { std: "docker" "rm" "-f" "eac498d2f7ee0e4f48e688711746f69330e0bb1ad4c2a78a52189bee4e7b20df", kill_on_drop: false }`
[INFO] [stdout] eac498d2f7ee0e4f48e688711746f69330e0bb1ad4c2a78a52189bee4e7b20df
