[INFO] fetching crate modality-api 0.2.0...
[INFO] testing modality-api-0.2.0 against 1.75.0 for beta-1.76-1
[INFO] extracting crate modality-api 0.2.0 into /workspace/builds/worker-3-tc1/source
[INFO] validating manifest of crates.io crate modality-api 0.2.0 on toolchain 1.75.0
[INFO] running `Command { std: CARGO_HOME="/workspace/cargo-home" RUSTUP_HOME="/workspace/rustup-home" "/workspace/cargo-home/bin/cargo" "+1.75.0" "metadata" "--manifest-path" "Cargo.toml" "--no-deps", kill_on_drop: false }`
[INFO] started tweaking crates.io crate modality-api 0.2.0
[INFO] finished tweaking crates.io crate modality-api 0.2.0
[INFO] tweaked toml for crates.io crate modality-api 0.2.0 written to /workspace/builds/worker-3-tc1/source/Cargo.toml
[INFO] running `Command { std: CARGO_HOME="/workspace/cargo-home" RUSTUP_HOME="/workspace/rustup-home" "/workspace/cargo-home/bin/cargo" "+1.75.0" "generate-lockfile" "--manifest-path" "Cargo.toml", kill_on_drop: false }`
[INFO] [stderr]     Updating crates.io index
[INFO] running `Command { std: CARGO_HOME="/workspace/cargo-home" RUSTUP_HOME="/workspace/rustup-home" "/workspace/cargo-home/bin/cargo" "+1.75.0" "fetch" "--manifest-path" "Cargo.toml", kill_on_drop: false }`
[INFO] [stderr]  Downloading crates ...
[INFO] [stderr]   Downloaded minicbor v0.13.2
[INFO] [stderr]   Downloaded minicbor-derive v0.8.0
[INFO] running `Command { std: "docker" "create" "-v" "/var/lib/crater-agent-workspace/builds/worker-3-tc1/target:/opt/rustwide/target:rw,Z" "-v" "/var/lib/crater-agent-workspace/builds/worker-3-tc1/source:/opt/rustwide/workdir:ro,Z" "-v" "/var/lib/crater-agent-workspace/cargo-home:/opt/rustwide/cargo-home:ro,Z" "-v" "/var/lib/crater-agent-workspace/rustup-home:/opt/rustwide/rustup-home:ro,Z" "-e" "SOURCE_DIR=/opt/rustwide/workdir" "-e" "CARGO_TARGET_DIR=/opt/rustwide/target" "-e" "CARGO_HOME=/opt/rustwide/cargo-home" "-e" "RUSTUP_HOME=/opt/rustwide/rustup-home" "-w" "/opt/rustwide/workdir" "-m" "1610612736" "--user" "0:0" "--network" "none" "ghcr.io/rust-lang/crates-build-env/linux@sha256:2788e3201cd34a07e3172128adcd8b3090168a8e3bcc40d7c032b9dda1df7d1c" "/opt/rustwide/cargo-home/bin/cargo" "+1.75.0" "metadata" "--no-deps" "--format-version=1", kill_on_drop: false }`
[INFO] [stdout] 70395ca07d888807cbda0d74df65629ed2a0348af0c3e3f7aab18c78437b36c6
[INFO] running `Command { std: "docker" "start" "-a" "70395ca07d888807cbda0d74df65629ed2a0348af0c3e3f7aab18c78437b36c6", kill_on_drop: false }`
[INFO] running `Command { std: "docker" "inspect" "70395ca07d888807cbda0d74df65629ed2a0348af0c3e3f7aab18c78437b36c6", kill_on_drop: false }`
[INFO] running `Command { std: "docker" "rm" "-f" "70395ca07d888807cbda0d74df65629ed2a0348af0c3e3f7aab18c78437b36c6", kill_on_drop: false }`
[INFO] [stdout] 70395ca07d888807cbda0d74df65629ed2a0348af0c3e3f7aab18c78437b36c6
[INFO] running `Command { std: "docker" "create" "-v" "/var/lib/crater-agent-workspace/builds/worker-3-tc1/target:/opt/rustwide/target:rw,Z" "-v" "/var/lib/crater-agent-workspace/builds/worker-3-tc1/source:/opt/rustwide/workdir:ro,Z" "-v" "/var/lib/crater-agent-workspace/cargo-home:/opt/rustwide/cargo-home:ro,Z" "-v" "/var/lib/crater-agent-workspace/rustup-home:/opt/rustwide/rustup-home:ro,Z" "-e" "SOURCE_DIR=/opt/rustwide/workdir" "-e" "CARGO_TARGET_DIR=/opt/rustwide/target" "-e" "CARGO_INCREMENTAL=0" "-e" "RUST_BACKTRACE=full" "-e" "RUSTFLAGS=--cap-lints=warn" "-e" "RUSTDOCFLAGS=--cap-lints=warn" "-e" "CARGO_HOME=/opt/rustwide/cargo-home" "-e" "RUSTUP_HOME=/opt/rustwide/rustup-home" "-w" "/opt/rustwide/workdir" "-m" "1610612736" "--user" "0:0" "--network" "none" "ghcr.io/rust-lang/crates-build-env/linux@sha256:2788e3201cd34a07e3172128adcd8b3090168a8e3bcc40d7c032b9dda1df7d1c" "/opt/rustwide/cargo-home/bin/cargo" "+1.75.0" "build" "--frozen" "--message-format=json", kill_on_drop: false }`
[INFO] [stdout] ae1dcf01cab62d1749390be685bb0d1544993534215fd9b5d28323f3c4c5d1ec
[INFO] running `Command { std: "docker" "start" "-a" "ae1dcf01cab62d1749390be685bb0d1544993534215fd9b5d28323f3c4c5d1ec", kill_on_drop: false }`
[INFO] [stderr]    Compiling syn v1.0.109
[INFO] [stderr]    Compiling minicbor v0.13.2
[INFO] [stderr]    Compiling thiserror v1.0.56
[INFO] [stderr]    Compiling num-traits v0.2.17
[INFO] [stderr]    Compiling libc v0.2.151
[INFO] [stderr]    Compiling syn v2.0.48
[INFO] [stderr]    Compiling getrandom v0.2.11
[INFO] [stderr]    Compiling uuid v1.6.1
[INFO] [stderr]    Compiling ordered-float v2.10.1
[INFO] [stderr]    Compiling thiserror-impl v1.0.56
[INFO] [stderr]    Compiling minicbor-derive v0.8.0
[INFO] [stderr]    Compiling modality-api v0.2.0 (/opt/rustwide/workdir)
[INFO] [stderr]     Finished dev [unoptimized + debuginfo] target(s) in 6.45s
[INFO] running `Command { std: "docker" "inspect" "ae1dcf01cab62d1749390be685bb0d1544993534215fd9b5d28323f3c4c5d1ec", kill_on_drop: false }`
[INFO] running `Command { std: "docker" "rm" "-f" "ae1dcf01cab62d1749390be685bb0d1544993534215fd9b5d28323f3c4c5d1ec", kill_on_drop: false }`
[INFO] [stdout] ae1dcf01cab62d1749390be685bb0d1544993534215fd9b5d28323f3c4c5d1ec
[INFO] running `Command { std: "docker" "create" "-v" "/var/lib/crater-agent-workspace/builds/worker-3-tc1/target:/opt/rustwide/target:rw,Z" "-v" "/var/lib/crater-agent-workspace/builds/worker-3-tc1/source:/opt/rustwide/workdir:ro,Z" "-v" "/var/lib/crater-agent-workspace/cargo-home:/opt/rustwide/cargo-home:ro,Z" "-v" "/var/lib/crater-agent-workspace/rustup-home:/opt/rustwide/rustup-home:ro,Z" "-e" "SOURCE_DIR=/opt/rustwide/workdir" "-e" "CARGO_TARGET_DIR=/opt/rustwide/target" "-e" "CARGO_INCREMENTAL=0" "-e" "RUST_BACKTRACE=full" "-e" "RUSTFLAGS=--cap-lints=warn" "-e" "RUSTDOCFLAGS=--cap-lints=warn" "-e" "CARGO_HOME=/opt/rustwide/cargo-home" "-e" "RUSTUP_HOME=/opt/rustwide/rustup-home" "-w" "/opt/rustwide/workdir" "-m" "1610612736" "--user" "0:0" "--network" "none" "ghcr.io/rust-lang/crates-build-env/linux@sha256:2788e3201cd34a07e3172128adcd8b3090168a8e3bcc40d7c032b9dda1df7d1c" "/opt/rustwide/cargo-home/bin/cargo" "+1.75.0" "test" "--frozen" "--no-run" "--message-format=json", kill_on_drop: false }`
[INFO] [stdout] a7eaaf6ac5aa037393ac9a80a990e6ae9efb721fa868e07e01058d4b37814c25
[INFO] running `Command { std: "docker" "start" "-a" "a7eaaf6ac5aa037393ac9a80a990e6ae9efb721fa868e07e01058d4b37814c25", kill_on_drop: false }`
[INFO] [stderr]    Compiling modality-api v0.2.0 (/opt/rustwide/workdir)
[INFO] [stdout] error[E0433]: failed to resolve: use of undeclared crate or module `proptest`
[INFO] [stdout]  --> src/proptest_strategies.rs:2:5
[INFO] [stdout]   |
[INFO] [stdout] 2 | use proptest::prelude::*;
[INFO] [stdout]   |     ^^^^^^^^ use of undeclared crate or module `proptest`
[INFO] [stdout] 
[INFO] [stdout] 
[INFO] [stdout] error[E0433]: failed to resolve: use of undeclared crate or module `proptest`
[INFO] [stdout]    --> src/protocol.rs:203:9
[INFO] [stdout]     |
[INFO] [stdout] 203 |     use proptest::prelude::*;
[INFO] [stdout]     |         ^^^^^^^^ use of undeclared crate or module `proptest`
[INFO] [stdout] 
[INFO] [stdout] 
[INFO] [stdout] error: cannot find macro `proptest` in this scope
[INFO] [stdout]    --> src/protocol.rs:207:9
[INFO] [stdout]     |
[INFO] [stdout] 207 |         proptest!(|(attr_val in crate::proptest_strategies::attr_val())| {
[INFO] [stdout]     |         ^^^^^^^^
[INFO] [stdout] 
[INFO] [stdout] 
[INFO] [stdout] error: cannot find macro `prop_oneof` in this scope
[INFO] [stdout]  --> src/proptest_strategies.rs:7:5
[INFO] [stdout]   |
[INFO] [stdout] 7 |     prop_oneof![
[INFO] [stdout]   |     ^^^^^^^^^^
[INFO] [stdout] 
[INFO] [stdout] 
[INFO] [stdout] error[E0405]: cannot find trait `Strategy` in this scope
[INFO] [stdout]  --> src/proptest_strategies.rs:6:27
[INFO] [stdout]   |
[INFO] [stdout] 6 | pub fn attr_val() -> impl Strategy<Value = AttrVal> {
[INFO] [stdout]   |                           ^^^^^^^^ not found in this scope
[INFO] [stdout] 
[INFO] [stdout] 
[INFO] [stdout] error[E0405]: cannot find trait `Strategy` in this scope
[INFO] [stdout]   --> src/proptest_strategies.rs:19:30
[INFO] [stdout]    |
[INFO] [stdout] 19 | pub fn timeline_id() -> impl Strategy<Value = TimelineId> {
[INFO] [stdout]    |                              ^^^^^^^^ not found in this scope
[INFO] [stdout] 
[INFO] [stdout] 
[INFO] [stdout] error[E0405]: cannot find trait `Strategy` in this scope
[INFO] [stdout]   --> src/proptest_strategies.rs:23:29
[INFO] [stdout]    |
[INFO] [stdout] 23 | pub fn cow_string() -> impl Strategy<Value = Cow<'static, str>> {
[INFO] [stdout]    |                             ^^^^^^^^ not found in this scope
[INFO] [stdout] 
[INFO] [stdout] 
[INFO] [stdout] error[E0405]: cannot find trait `Strategy` in this scope
[INFO] [stdout]   --> src/proptest_strategies.rs:27:30
[INFO] [stdout]    |
[INFO] [stdout] 27 | pub fn nanoseconds() -> impl Strategy<Value = Nanoseconds> {
[INFO] [stdout]    |                              ^^^^^^^^ not found in this scope
[INFO] [stdout] 
[INFO] [stdout] 
[INFO] [stdout] error[E0405]: cannot find trait `Strategy` in this scope
[INFO] [stdout]   --> src/proptest_strategies.rs:31:31
[INFO] [stdout]    |
[INFO] [stdout] 31 | pub fn logical_time() -> impl Strategy<Value = LogicalTime> {
[INFO] [stdout]    |                               ^^^^^^^^ not found in this scope
[INFO] [stdout] 
[INFO] [stdout] 
[INFO] [stdout] error[E0405]: cannot find trait `Strategy` in this scope
[INFO] [stdout]   --> src/proptest_strategies.rs:35:34
[INFO] [stdout]    |
[INFO] [stdout] 35 | pub fn opaque_event_id() -> impl Strategy<Value = OpaqueEventId> {
[INFO] [stdout]    |                                  ^^^^^^^^ not found in this scope
[INFO] [stdout] 
[INFO] [stdout] 
[INFO] [stdout] error[E0405]: cannot find trait `Strategy` in this scope
[INFO] [stdout]   --> src/proptest_strategies.rs:39:35
[INFO] [stdout]    |
[INFO] [stdout] 39 | pub fn event_coordinate() -> impl Strategy<Value = EventCoordinate> {
[INFO] [stdout]    |                                   ^^^^^^^^ not found in this scope
[INFO] [stdout] 
[INFO] [stdout] 
[INFO] [stdout] error[E0425]: cannot find function `any` in this scope
[INFO] [stdout]   --> src/proptest_strategies.rs:20:5
[INFO] [stdout]    |
[INFO] [stdout] 20 |     any::<[u8; 16]>().prop_map(|arr| Uuid::from_bytes(arr).into())
[INFO] [stdout]    |     ^^^ not found in this scope
[INFO] [stdout] 
[INFO] [stdout] 
[INFO] [stdout] error[E0425]: cannot find function `any` in this scope
[INFO] [stdout]   --> src/proptest_strategies.rs:24:5
[INFO] [stdout]    |
[INFO] [stdout] 24 |     any::<String>().prop_map(|s| s.into())
[INFO] [stdout]    |     ^^^ not found in this scope
[INFO] [stdout] 
[INFO] [stdout] 
[INFO] [stdout] error[E0425]: cannot find function `any` in this scope
[INFO] [stdout]   --> src/proptest_strategies.rs:28:5
[INFO] [stdout]    |
[INFO] [stdout] 28 |     any::<u64>().prop_map_into()
[INFO] [stdout]    |     ^^^ not found in this scope
[INFO] [stdout] 
[INFO] [stdout] 
[INFO] [stdout] error[E0425]: cannot find function `any` in this scope
[INFO] [stdout]   --> src/proptest_strategies.rs:32:5
[INFO] [stdout]    |
[INFO] [stdout] 32 |     any::<(u64, u64, u64, u64)>().prop_map(|(a, b, c, d)| LogicalTime::quaternary(a, b, c, d))
[INFO] [stdout]    |     ^^^ not found in this scope
[INFO] [stdout] 
[INFO] [stdout] 
[INFO] [stdout] error[E0425]: cannot find function `any` in this scope
[INFO] [stdout]   --> src/proptest_strategies.rs:36:5
[INFO] [stdout]    |
[INFO] [stdout] 36 |     any::<[u8; 16]>()
[INFO] [stdout]    |     ^^^ not found in this scope
[INFO] [stdout] 
[INFO] [stdout] 
[INFO] [stdout] error: aborting due to 16 previous errors
[INFO] [stdout] 
[INFO] [stdout] 
[INFO] [stdout] Some errors have detailed explanations: E0405, E0425, E0433.
[INFO] [stdout] 
[INFO] [stdout] For more information about an error, try `rustc --explain E0405`.
[INFO] [stdout] 
[INFO] [stderr] error: could not compile `modality-api` (lib test) due to 17 previous errors
[INFO] running `Command { std: "docker" "inspect" "a7eaaf6ac5aa037393ac9a80a990e6ae9efb721fa868e07e01058d4b37814c25", kill_on_drop: false }`
[INFO] running `Command { std: "docker" "rm" "-f" "a7eaaf6ac5aa037393ac9a80a990e6ae9efb721fa868e07e01058d4b37814c25", kill_on_drop: false }`
[INFO] [stdout] a7eaaf6ac5aa037393ac9a80a990e6ae9efb721fa868e07e01058d4b37814c25
[INFO] testing modality-api-0.2.0 against beta-2023-12-22 for beta-1.76-1
[INFO] extracting crate modality-api 0.2.0 into /workspace/builds/worker-3-tc2/source
[INFO] validating manifest of crates.io crate modality-api 0.2.0 on toolchain beta-2023-12-22
[INFO] running `Command { std: CARGO_HOME="/workspace/cargo-home" RUSTUP_HOME="/workspace/rustup-home" "/workspace/cargo-home/bin/cargo" "+beta-2023-12-22" "metadata" "--manifest-path" "Cargo.toml" "--no-deps", kill_on_drop: false }`
[INFO] started tweaking crates.io crate modality-api 0.2.0
[INFO] finished tweaking crates.io crate modality-api 0.2.0
[INFO] tweaked toml for crates.io crate modality-api 0.2.0 written to /workspace/builds/worker-3-tc2/source/Cargo.toml
[INFO] running `Command { std: CARGO_HOME="/workspace/cargo-home" RUSTUP_HOME="/workspace/rustup-home" "/workspace/cargo-home/bin/cargo" "+beta-2023-12-22" "generate-lockfile" "--manifest-path" "Cargo.toml", kill_on_drop: false }`
[INFO] [stderr]     Updating crates.io index
[INFO] running `Command { std: CARGO_HOME="/workspace/cargo-home" RUSTUP_HOME="/workspace/rustup-home" "/workspace/cargo-home/bin/cargo" "+beta-2023-12-22" "fetch" "--manifest-path" "Cargo.toml", kill_on_drop: false }`
[INFO] running `Command { std: "docker" "create" "-v" "/var/lib/crater-agent-workspace/builds/worker-3-tc2/target:/opt/rustwide/target:rw,Z" "-v" "/var/lib/crater-agent-workspace/builds/worker-3-tc2/source:/opt/rustwide/workdir:ro,Z" "-v" "/var/lib/crater-agent-workspace/cargo-home:/opt/rustwide/cargo-home:ro,Z" "-v" "/var/lib/crater-agent-workspace/rustup-home:/opt/rustwide/rustup-home:ro,Z" "-e" "SOURCE_DIR=/opt/rustwide/workdir" "-e" "CARGO_TARGET_DIR=/opt/rustwide/target" "-e" "CARGO_HOME=/opt/rustwide/cargo-home" "-e" "RUSTUP_HOME=/opt/rustwide/rustup-home" "-w" "/opt/rustwide/workdir" "-m" "1610612736" "--user" "0:0" "--network" "none" "ghcr.io/rust-lang/crates-build-env/linux@sha256:2788e3201cd34a07e3172128adcd8b3090168a8e3bcc40d7c032b9dda1df7d1c" "/opt/rustwide/cargo-home/bin/cargo" "+beta-2023-12-22" "metadata" "--no-deps" "--format-version=1", kill_on_drop: false }`
[INFO] [stdout] bdac2dcdb85e3ee249e97ba8b2833262683c039c58bea8564f292d2037a91c13
[INFO] running `Command { std: "docker" "start" "-a" "bdac2dcdb85e3ee249e97ba8b2833262683c039c58bea8564f292d2037a91c13", kill_on_drop: false }`
[INFO] running `Command { std: "docker" "inspect" "bdac2dcdb85e3ee249e97ba8b2833262683c039c58bea8564f292d2037a91c13", kill_on_drop: false }`
[INFO] running `Command { std: "docker" "rm" "-f" "bdac2dcdb85e3ee249e97ba8b2833262683c039c58bea8564f292d2037a91c13", kill_on_drop: false }`
[INFO] [stdout] bdac2dcdb85e3ee249e97ba8b2833262683c039c58bea8564f292d2037a91c13
[INFO] running `Command { std: "docker" "create" "-v" "/var/lib/crater-agent-workspace/builds/worker-3-tc2/target:/opt/rustwide/target:rw,Z" "-v" "/var/lib/crater-agent-workspace/builds/worker-3-tc2/source:/opt/rustwide/workdir:ro,Z" "-v" "/var/lib/crater-agent-workspace/cargo-home:/opt/rustwide/cargo-home:ro,Z" "-v" "/var/lib/crater-agent-workspace/rustup-home:/opt/rustwide/rustup-home:ro,Z" "-e" "SOURCE_DIR=/opt/rustwide/workdir" "-e" "CARGO_TARGET_DIR=/opt/rustwide/target" "-e" "CARGO_INCREMENTAL=0" "-e" "RUST_BACKTRACE=full" "-e" "RUSTFLAGS=--cap-lints=warn" "-e" "RUSTDOCFLAGS=--cap-lints=warn" "-e" "CARGO_HOME=/opt/rustwide/cargo-home" "-e" "RUSTUP_HOME=/opt/rustwide/rustup-home" "-w" "/opt/rustwide/workdir" "-m" "1610612736" "--user" "0:0" "--network" "none" "ghcr.io/rust-lang/crates-build-env/linux@sha256:2788e3201cd34a07e3172128adcd8b3090168a8e3bcc40d7c032b9dda1df7d1c" "/opt/rustwide/cargo-home/bin/cargo" "+beta-2023-12-22" "build" "--frozen" "--message-format=json", kill_on_drop: false }`
[INFO] [stdout] 01df432a81dba7d153727402a9e04efd2811450cfa793991fbf53790fb2777df
[INFO] running `Command { std: "docker" "start" "-a" "01df432a81dba7d153727402a9e04efd2811450cfa793991fbf53790fb2777df", kill_on_drop: false }`
[INFO] [stderr]    Compiling syn v1.0.109
[INFO] [stderr]    Compiling minicbor v0.13.2
[INFO] [stderr]    Compiling thiserror v1.0.56
[INFO] [stderr]    Compiling libc v0.2.151
[INFO] [stderr]    Compiling num-traits v0.2.17
[INFO] [stderr]    Compiling syn v2.0.48
[INFO] [stderr]    Compiling getrandom v0.2.11
[INFO] [stderr]    Compiling uuid v1.6.1
[INFO] [stderr]    Compiling ordered-float v2.10.1
[INFO] [stderr]    Compiling thiserror-impl v1.0.56
[INFO] [stderr]    Compiling minicbor-derive v0.8.0
[INFO] [stderr]    Compiling modality-api v0.2.0 (/opt/rustwide/workdir)
[INFO] [stderr]     Finished dev [unoptimized + debuginfo] target(s) in 7.54s
[INFO] running `Command { std: "docker" "inspect" "01df432a81dba7d153727402a9e04efd2811450cfa793991fbf53790fb2777df", kill_on_drop: false }`
[INFO] running `Command { std: "docker" "rm" "-f" "01df432a81dba7d153727402a9e04efd2811450cfa793991fbf53790fb2777df", kill_on_drop: false }`
[INFO] [stdout] 01df432a81dba7d153727402a9e04efd2811450cfa793991fbf53790fb2777df
[INFO] running `Command { std: "docker" "create" "-v" "/var/lib/crater-agent-workspace/builds/worker-3-tc2/target:/opt/rustwide/target:rw,Z" "-v" "/var/lib/crater-agent-workspace/builds/worker-3-tc2/source:/opt/rustwide/workdir:ro,Z" "-v" "/var/lib/crater-agent-workspace/cargo-home:/opt/rustwide/cargo-home:ro,Z" "-v" "/var/lib/crater-agent-workspace/rustup-home:/opt/rustwide/rustup-home:ro,Z" "-e" "SOURCE_DIR=/opt/rustwide/workdir" "-e" "CARGO_TARGET_DIR=/opt/rustwide/target" "-e" "CARGO_INCREMENTAL=0" "-e" "RUST_BACKTRACE=full" "-e" "RUSTFLAGS=--cap-lints=warn" "-e" "RUSTDOCFLAGS=--cap-lints=warn" "-e" "CARGO_HOME=/opt/rustwide/cargo-home" "-e" "RUSTUP_HOME=/opt/rustwide/rustup-home" "-w" "/opt/rustwide/workdir" "-m" "1610612736" "--user" "0:0" "--network" "none" "ghcr.io/rust-lang/crates-build-env/linux@sha256:2788e3201cd34a07e3172128adcd8b3090168a8e3bcc40d7c032b9dda1df7d1c" "/opt/rustwide/cargo-home/bin/cargo" "+beta-2023-12-22" "test" "--frozen" "--no-run" "--message-format=json", kill_on_drop: false }`
[INFO] [stdout] 73d5bb7b673988e2bc84e38a6039554215ff413fdf47a5450413ba41840f0637
[INFO] running `Command { std: "docker" "start" "-a" "73d5bb7b673988e2bc84e38a6039554215ff413fdf47a5450413ba41840f0637", kill_on_drop: false }`
[INFO] [stderr]    Compiling modality-api v0.2.0 (/opt/rustwide/workdir)
[INFO] [stdout] error[E0433]: failed to resolve: use of undeclared crate or module `proptest`
[INFO] [stdout]  --> src/proptest_strategies.rs:2:5
[INFO] [stdout]   |
[INFO] [stdout] 2 | use proptest::prelude::*;
[INFO] [stdout]   |     ^^^^^^^^ use of undeclared crate or module `proptest`
[INFO] [stdout] 
[INFO] [stdout] 
[INFO] [stdout] error[E0433]: failed to resolve: use of undeclared crate or module `proptest`
[INFO] [stdout]    --> src/protocol.rs:203:9
[INFO] [stdout]     |
[INFO] [stdout] 203 |     use proptest::prelude::*;
[INFO] [stdout]     |         ^^^^^^^^ use of undeclared crate or module `proptest`
[INFO] [stdout] 
[INFO] [stdout] 
[INFO] [stdout] error: cannot find macro `proptest` in this scope
[INFO] [stdout]    --> src/protocol.rs:207:9
[INFO] [stdout]     |
[INFO] [stdout] 207 |         proptest!(|(attr_val in crate::proptest_strategies::attr_val())| {
[INFO] [stdout]     |         ^^^^^^^^
[INFO] [stdout] 
[INFO] [stdout] 
[INFO] [stdout] error: cannot find macro `prop_oneof` in this scope
[INFO] [stdout]  --> src/proptest_strategies.rs:7:5
[INFO] [stdout]   |
[INFO] [stdout] 7 |     prop_oneof![
[INFO] [stdout]   |     ^^^^^^^^^^
[INFO] [stdout] 
[INFO] [stdout] 
[INFO] [stdout] error[E0405]: cannot find trait `Strategy` in this scope
[INFO] [stdout]  --> src/proptest_strategies.rs:6:27
[INFO] [stdout]   |
[INFO] [stdout] 6 | pub fn attr_val() -> impl Strategy<Value = AttrVal> {
[INFO] [stdout]   |                           ^^^^^^^^ not found in this scope
[INFO] [stdout] 
[INFO] [stdout] 
[INFO] [stdout] error[E0405]: cannot find trait `Strategy` in this scope
[INFO] [stdout]   --> src/proptest_strategies.rs:19:30
[INFO] [stdout]    |
[INFO] [stdout] 19 | pub fn timeline_id() -> impl Strategy<Value = TimelineId> {
[INFO] [stdout]    |                              ^^^^^^^^ not found in this scope
[INFO] [stdout] 
[INFO] [stdout] 
[INFO] [stdout] error[E0405]: cannot find trait `Strategy` in this scope
[INFO] [stdout]   --> src/proptest_strategies.rs:23:29
[INFO] [stdout]    |
[INFO] [stdout] 23 | pub fn cow_string() -> impl Strategy<Value = Cow<'static, str>> {
[INFO] [stdout]    |                             ^^^^^^^^ not found in this scope
[INFO] [stdout] 
[INFO] [stdout] 
[INFO] [stdout] error[E0405]: cannot find trait `Strategy` in this scope
[INFO] [stdout]   --> src/proptest_strategies.rs:27:30
[INFO] [stdout]    |
[INFO] [stdout] 27 | pub fn nanoseconds() -> impl Strategy<Value = Nanoseconds> {
[INFO] [stdout]    |                              ^^^^^^^^ not found in this scope
[INFO] [stdout] 
[INFO] [stdout] 
[INFO] [stdout] error[E0405]: cannot find trait `Strategy` in this scope
[INFO] [stdout]   --> src/proptest_strategies.rs:31:31
[INFO] [stdout]    |
[INFO] [stdout] 31 | pub fn logical_time() -> impl Strategy<Value = LogicalTime> {
[INFO] [stdout]    |                               ^^^^^^^^ not found in this scope
[INFO] [stdout] 
[INFO] [stdout] 
[INFO] [stdout] error[E0405]: cannot find trait `Strategy` in this scope
[INFO] [stdout]   --> src/proptest_strategies.rs:35:34
[INFO] [stdout]    |
[INFO] [stdout] 35 | pub fn opaque_event_id() -> impl Strategy<Value = OpaqueEventId> {
[INFO] [stdout]    |                                  ^^^^^^^^ not found in this scope
[INFO] [stdout] 
[INFO] [stdout] 
[INFO] [stdout] error[E0405]: cannot find trait `Strategy` in this scope
[INFO] [stdout]   --> src/proptest_strategies.rs:39:35
[INFO] [stdout]    |
[INFO] [stdout] 39 | pub fn event_coordinate() -> impl Strategy<Value = EventCoordinate> {
[INFO] [stdout]    |                                   ^^^^^^^^ not found in this scope
[INFO] [stdout] 
[INFO] [stdout] 
[INFO] [stdout] error[E0425]: cannot find function `any` in this scope
[INFO] [stdout]   --> src/proptest_strategies.rs:20:5
[INFO] [stdout]    |
[INFO] [stdout] 20 |     any::<[u8; 16]>().prop_map(|arr| Uuid::from_bytes(arr).into())
[INFO] [stdout]    |     ^^^ not found in this scope
[INFO] [stdout] 
[INFO] [stdout] 
[INFO] [stdout] error[E0425]: cannot find function `any` in this scope
[INFO] [stdout]   --> src/proptest_strategies.rs:24:5
[INFO] [stdout]    |
[INFO] [stdout] 24 |     any::<String>().prop_map(|s| s.into())
[INFO] [stdout]    |     ^^^ not found in this scope
[INFO] [stdout] 
[INFO] [stdout] 
[INFO] [stdout] error[E0425]: cannot find function `any` in this scope
[INFO] [stdout]   --> src/proptest_strategies.rs:28:5
[INFO] [stdout]    |
[INFO] [stdout] 28 |     any::<u64>().prop_map_into()
[INFO] [stdout]    |     ^^^ not found in this scope
[INFO] [stdout] 
[INFO] [stdout] 
[INFO] [stdout] error[E0425]: cannot find function `any` in this scope
[INFO] [stdout]   --> src/proptest_strategies.rs:32:5
[INFO] [stdout]    |
[INFO] [stdout] 32 |     any::<(u64, u64, u64, u64)>().prop_map(|(a, b, c, d)| LogicalTime::quaternary(a, b, c, d))
[INFO] [stdout]    |     ^^^ not found in this scope
[INFO] [stdout] 
[INFO] [stdout] 
[INFO] [stdout] error[E0425]: cannot find function `any` in this scope
[INFO] [stdout]   --> src/proptest_strategies.rs:36:5
[INFO] [stdout]    |
[INFO] [stdout] 36 |     any::<[u8; 16]>()
[INFO] [stdout]    |     ^^^ not found in this scope
[INFO] [stdout] 
[INFO] [stdout] 
[INFO] [stdout] error: aborting due to 16 previous errors
[INFO] [stdout] 
[INFO] [stdout] 
[INFO] [stdout] Some errors have detailed explanations: E0405, E0425, E0433.
[INFO] [stdout] 
[INFO] [stdout] For more information about an error, try `rustc --explain E0405`.
[INFO] [stdout] 
[INFO] [stderr] error: could not compile `modality-api` (lib test) due to 17 previous errors
[INFO] running `Command { std: "docker" "inspect" "73d5bb7b673988e2bc84e38a6039554215ff413fdf47a5450413ba41840f0637", kill_on_drop: false }`
[INFO] running `Command { std: "docker" "rm" "-f" "73d5bb7b673988e2bc84e38a6039554215ff413fdf47a5450413ba41840f0637", kill_on_drop: false }`
[INFO] [stdout] 73d5bb7b673988e2bc84e38a6039554215ff413fdf47a5450413ba41840f0637
