[INFO] fetching crate mock-agones 0.1.1...
[INFO] testing mock-agones-0.1.1 against 1.75.0 for beta-1.76-1
[INFO] extracting crate mock-agones 0.1.1 into /workspace/builds/worker-7-tc1/source
[INFO] validating manifest of crates.io crate mock-agones 0.1.1 on toolchain 1.75.0
[INFO] running `Command { std: CARGO_HOME="/workspace/cargo-home" RUSTUP_HOME="/workspace/rustup-home" "/workspace/cargo-home/bin/cargo" "+1.75.0" "metadata" "--manifest-path" "Cargo.toml" "--no-deps", kill_on_drop: false }`
[INFO] started tweaking crates.io crate mock-agones 0.1.1
[INFO] finished tweaking crates.io crate mock-agones 0.1.1
[INFO] tweaked toml for crates.io crate mock-agones 0.1.1 written to /workspace/builds/worker-7-tc1/source/Cargo.toml
[INFO] running `Command { std: CARGO_HOME="/workspace/cargo-home" RUSTUP_HOME="/workspace/rustup-home" "/workspace/cargo-home/bin/cargo" "+1.75.0" "generate-lockfile" "--manifest-path" "Cargo.toml", kill_on_drop: false }`
[INFO] [stderr]     Updating crates.io index
[INFO] running `Command { std: CARGO_HOME="/workspace/cargo-home" RUSTUP_HOME="/workspace/rustup-home" "/workspace/cargo-home/bin/cargo" "+1.75.0" "fetch" "--manifest-path" "Cargo.toml", kill_on_drop: false }`
[INFO] [stderr]  Downloading crates ...
[INFO] [stderr]   Downloaded fake v2.9.2
[INFO] running `Command { std: "docker" "create" "-v" "/var/lib/crater-agent-workspace/builds/worker-7-tc1/target:/opt/rustwide/target:rw,Z" "-v" "/var/lib/crater-agent-workspace/builds/worker-7-tc1/source:/opt/rustwide/workdir:ro,Z" "-v" "/var/lib/crater-agent-workspace/cargo-home:/opt/rustwide/cargo-home:ro,Z" "-v" "/var/lib/crater-agent-workspace/rustup-home:/opt/rustwide/rustup-home:ro,Z" "-e" "SOURCE_DIR=/opt/rustwide/workdir" "-e" "CARGO_TARGET_DIR=/opt/rustwide/target" "-e" "CARGO_HOME=/opt/rustwide/cargo-home" "-e" "RUSTUP_HOME=/opt/rustwide/rustup-home" "-w" "/opt/rustwide/workdir" "-m" "1610612736" "--user" "0:0" "--network" "none" "ghcr.io/rust-lang/crates-build-env/linux@sha256:2788e3201cd34a07e3172128adcd8b3090168a8e3bcc40d7c032b9dda1df7d1c" "/opt/rustwide/cargo-home/bin/cargo" "+1.75.0" "metadata" "--no-deps" "--format-version=1", kill_on_drop: false }`
[INFO] [stdout] fb959b76e2129e4930a65d5efb43242ee8ac823108880dc787e7ade3cceccad4
[INFO] running `Command { std: "docker" "start" "-a" "fb959b76e2129e4930a65d5efb43242ee8ac823108880dc787e7ade3cceccad4", kill_on_drop: false }`
[INFO] running `Command { std: "docker" "inspect" "fb959b76e2129e4930a65d5efb43242ee8ac823108880dc787e7ade3cceccad4", kill_on_drop: false }`
[INFO] running `Command { std: "docker" "rm" "-f" "fb959b76e2129e4930a65d5efb43242ee8ac823108880dc787e7ade3cceccad4", kill_on_drop: false }`
[INFO] [stdout] fb959b76e2129e4930a65d5efb43242ee8ac823108880dc787e7ade3cceccad4
[INFO] running `Command { std: "docker" "create" "-v" "/var/lib/crater-agent-workspace/builds/worker-7-tc1/target:/opt/rustwide/target:rw,Z" "-v" "/var/lib/crater-agent-workspace/builds/worker-7-tc1/source:/opt/rustwide/workdir:ro,Z" "-v" "/var/lib/crater-agent-workspace/cargo-home:/opt/rustwide/cargo-home:ro,Z" "-v" "/var/lib/crater-agent-workspace/rustup-home:/opt/rustwide/rustup-home:ro,Z" "-e" "SOURCE_DIR=/opt/rustwide/workdir" "-e" "CARGO_TARGET_DIR=/opt/rustwide/target" "-e" "CARGO_INCREMENTAL=0" "-e" "RUST_BACKTRACE=full" "-e" "RUSTFLAGS=--cap-lints=warn" "-e" "RUSTDOCFLAGS=--cap-lints=warn" "-e" "CARGO_HOME=/opt/rustwide/cargo-home" "-e" "RUSTUP_HOME=/opt/rustwide/rustup-home" "-w" "/opt/rustwide/workdir" "-m" "1610612736" "--user" "0:0" "--network" "none" "ghcr.io/rust-lang/crates-build-env/linux@sha256:2788e3201cd34a07e3172128adcd8b3090168a8e3bcc40d7c032b9dda1df7d1c" "/opt/rustwide/cargo-home/bin/cargo" "+1.75.0" "build" "--frozen" "--message-format=json", kill_on_drop: false }`
[INFO] [stdout] 02f8cd14763cc804ed8f16634796c22fbcf05ec9e23236f53f3809bcf8d9f2f7
[INFO] running `Command { std: "docker" "start" "-a" "02f8cd14763cc804ed8f16634796c22fbcf05ec9e23236f53f3809bcf8d9f2f7", kill_on_drop: false }`
[INFO] [stderr]    Compiling bytes v1.5.0
[INFO] [stderr]    Compiling futures-sink v0.3.30
[INFO] [stderr]    Compiling futures-core v0.3.30
[INFO] [stderr]    Compiling syn v1.0.109
[INFO] [stderr]    Compiling either v1.9.0
[INFO] [stderr]    Compiling anyhow v1.0.79
[INFO] [stderr]    Compiling once_cell v1.19.0
[INFO] [stderr]    Compiling rustversion v1.0.14
[INFO] [stderr]    Compiling rustix v0.38.28
[INFO] [stderr]    Compiling bitflags v2.4.1
[INFO] [stderr]    Compiling linux-raw-sys v0.4.12
[INFO] [stderr]    Compiling prettyplease v0.1.25
[INFO] [stderr]    Compiling syn v2.0.48
[INFO] [stderr]    Compiling mio v0.8.10
[INFO] [stderr]    Compiling socket2 v0.5.5
[INFO] [stderr]    Compiling getrandom v0.2.11
[INFO] [stderr]    Compiling futures-channel v0.3.30
[INFO] [stderr]    Compiling tower-service v0.3.2
[INFO] [stderr]    Compiling itertools v0.10.5
[INFO] [stderr]    Compiling tracing-core v0.1.32
[INFO] [stderr]    Compiling regex-syntax v0.8.2
[INFO] [stderr]    Compiling rand_core v0.6.4
[INFO] [stderr]    Compiling indexmap v1.9.3
[INFO] [stderr]    Compiling fixedbitset v0.4.2
[INFO] [stderr]    Compiling home v0.5.9
[INFO] [stderr]    Compiling http v0.2.11
[INFO] [stderr]    Compiling try-lock v0.2.5
[INFO] [stderr]    Compiling fastrand v2.0.1
[INFO] [stderr]    Compiling want v0.3.1
[INFO] [stderr]    Compiling rand_chacha v0.3.1
[INFO] [stderr]    Compiling petgraph v0.6.4
[INFO] [stderr]    Compiling lazy_static v1.4.0
[INFO] [stderr]    Compiling httpdate v1.0.3
[INFO] [stderr]    Compiling tower-layer v0.3.2
[INFO] [stderr]    Compiling multimap v0.8.3
[INFO] [stderr]    Compiling hashbrown v0.12.3
[INFO] [stderr]    Compiling log v0.4.20
[INFO] [stderr]    Compiling parking_lot_core v0.9.9
[INFO] [stderr]    Compiling mime v0.3.17
[INFO] [stderr]    Compiling matchit v0.7.3
[INFO] [stderr]    Compiling sync_wrapper v0.1.2
[INFO] [stderr]    Compiling smallvec v1.11.2
[INFO] [stderr]    Compiling rand v0.8.5
[INFO] [stderr]    Compiling percent-encoding v2.3.1
[INFO] [stderr]    Compiling base64 v0.21.5
[INFO] [stderr]    Compiling parking_lot v0.12.1
[INFO] [stderr]    Compiling axum-core v0.3.4
[INFO] [stderr]    Compiling axum v0.6.20
[INFO] [stderr]    Compiling http-body v0.4.6
[INFO] [stderr]    Compiling regex-automata v0.4.3
[INFO] [stderr]    Compiling tempfile v3.9.0
[INFO] [stderr]    Compiling which v4.4.2
[INFO] [stderr]    Compiling regex v1.10.2
[INFO] [stderr]    Compiling tokio-macros v2.2.0
[INFO] [stderr]    Compiling futures-macro v0.3.30
[INFO] [stderr]    Compiling tracing-attributes v0.1.27
[INFO] [stderr]    Compiling pin-project-internal v1.1.3
[INFO] [stderr]    Compiling async-trait v0.1.77
[INFO] [stderr]    Compiling prost-derive v0.11.9
[INFO] [stderr]    Compiling tokio v1.35.1
[INFO] [stderr]    Compiling futures-util v0.3.30
[INFO] [stderr]    Compiling pin-project v1.1.3
[INFO] [stderr]    Compiling tracing v0.1.40
[INFO] [stderr]    Compiling prost v0.11.9
[INFO] [stderr]    Compiling prost-types v0.11.9
[INFO] [stderr]    Compiling prost-build v0.11.9
[INFO] [stderr]    Compiling tonic-build v0.9.2
[INFO] [stderr]    Compiling tokio-util v0.7.10
[INFO] [stderr]    Compiling tokio-io-timeout v1.2.0
[INFO] [stderr]    Compiling futures-executor v0.3.30
[INFO] [stderr]    Compiling futures v0.3.30
[INFO] [stderr]    Compiling mock-agones v0.1.1 (/opt/rustwide/workdir)
[INFO] [stderr]    Compiling h2 v0.3.22
[INFO] [stderr]    Compiling tower v0.4.13
[INFO] [stderr]    Compiling tokio-stream v0.1.14
[INFO] [stderr]    Compiling hyper v0.14.28
[INFO] [stderr]    Compiling hyper-timeout v0.4.1
[INFO] [stderr]    Compiling tonic v0.9.2
[INFO] [stderr]     Finished dev [unoptimized + debuginfo] target(s) in 25.38s
[INFO] running `Command { std: "docker" "inspect" "02f8cd14763cc804ed8f16634796c22fbcf05ec9e23236f53f3809bcf8d9f2f7", kill_on_drop: false }`
[INFO] running `Command { std: "docker" "rm" "-f" "02f8cd14763cc804ed8f16634796c22fbcf05ec9e23236f53f3809bcf8d9f2f7", kill_on_drop: false }`
[INFO] [stdout] 02f8cd14763cc804ed8f16634796c22fbcf05ec9e23236f53f3809bcf8d9f2f7
[INFO] running `Command { std: "docker" "create" "-v" "/var/lib/crater-agent-workspace/builds/worker-7-tc1/target:/opt/rustwide/target:rw,Z" "-v" "/var/lib/crater-agent-workspace/builds/worker-7-tc1/source:/opt/rustwide/workdir:ro,Z" "-v" "/var/lib/crater-agent-workspace/cargo-home:/opt/rustwide/cargo-home:ro,Z" "-v" "/var/lib/crater-agent-workspace/rustup-home:/opt/rustwide/rustup-home:ro,Z" "-e" "SOURCE_DIR=/opt/rustwide/workdir" "-e" "CARGO_TARGET_DIR=/opt/rustwide/target" "-e" "CARGO_INCREMENTAL=0" "-e" "RUST_BACKTRACE=full" "-e" "RUSTFLAGS=--cap-lints=warn" "-e" "RUSTDOCFLAGS=--cap-lints=warn" "-e" "CARGO_HOME=/opt/rustwide/cargo-home" "-e" "RUSTUP_HOME=/opt/rustwide/rustup-home" "-w" "/opt/rustwide/workdir" "-m" "1610612736" "--user" "0:0" "--network" "none" "ghcr.io/rust-lang/crates-build-env/linux@sha256:2788e3201cd34a07e3172128adcd8b3090168a8e3bcc40d7c032b9dda1df7d1c" "/opt/rustwide/cargo-home/bin/cargo" "+1.75.0" "test" "--frozen" "--no-run" "--message-format=json", kill_on_drop: false }`
[INFO] [stdout] ff8319eb4c8c19891a671cd6861ca3af0f3ab777827ec45b34de3380077653b7
[INFO] running `Command { std: "docker" "start" "-a" "ff8319eb4c8c19891a671cd6861ca3af0f3ab777827ec45b34de3380077653b7", kill_on_drop: false }`
[INFO] [stderr]    Compiling claims v0.7.1
[INFO] [stderr]    Compiling deunicode v1.4.2
[INFO] [stderr]    Compiling fake v2.9.2
[INFO] [stderr]    Compiling mock-agones v0.1.1 (/opt/rustwide/workdir)
[INFO] [stdout] error[E0433]: failed to resolve: use of undeclared crate or module `agones`
[INFO] [stdout]    --> src/lib.rs:318:9
[INFO] [stdout]     |
[INFO] [stdout] 318 |         agones::Sdk::new(server.port.into(), None).await.unwrap();
[INFO] [stdout]     |         ^^^^^^ use of undeclared crate or module `agones`
[INFO] [stdout]     |
[INFO] [stdout] help: consider importing this trait
[INFO] [stdout]     |
[INFO] [stdout] 295 +     use crate::sdk::sdk_server::Sdk;
[INFO] [stdout]     |
[INFO] [stdout] help: if you import `Sdk`, refer to it directly
[INFO] [stdout]     |
[INFO] [stdout] 318 -         agones::Sdk::new(server.port.into(), None).await.unwrap();
[INFO] [stdout] 318 +         Sdk::new(server.port.into(), None).await.unwrap();
[INFO] [stdout]     |
[INFO] [stdout] 
[INFO] [stdout] 
[INFO] [stdout] error[E0433]: failed to resolve: use of undeclared crate or module `agones`
[INFO] [stdout]    --> src/lib.rs:328:23
[INFO] [stdout]     |
[INFO] [stdout] 328 |         let mut sdk = agones::Sdk::new(server.port.into(), None).await.unwrap();
[INFO] [stdout]     |                       ^^^^^^ use of undeclared crate or module `agones`
[INFO] [stdout]     |
[INFO] [stdout] help: consider importing this trait
[INFO] [stdout]     |
[INFO] [stdout] 295 +     use crate::sdk::sdk_server::Sdk;
[INFO] [stdout]     |
[INFO] [stdout] help: if you import `Sdk`, refer to it directly
[INFO] [stdout]     |
[INFO] [stdout] 328 -         let mut sdk = agones::Sdk::new(server.port.into(), None).await.unwrap();
[INFO] [stdout] 328 +         let mut sdk = Sdk::new(server.port.into(), None).await.unwrap();
[INFO] [stdout]     |
[INFO] [stdout] 
[INFO] [stdout] 
[INFO] [stdout] error[E0433]: failed to resolve: use of undeclared crate or module `agones`
[INFO] [stdout]    --> src/lib.rs:341:23
[INFO] [stdout]     |
[INFO] [stdout] 341 |         let mut sdk = agones::Sdk::new(server.port.into(), None).await.unwrap();
[INFO] [stdout]     |                       ^^^^^^ use of undeclared crate or module `agones`
[INFO] [stdout]     |
[INFO] [stdout] help: consider importing this trait
[INFO] [stdout]     |
[INFO] [stdout] 295 +     use crate::sdk::sdk_server::Sdk;
[INFO] [stdout]     |
[INFO] [stdout] help: if you import `Sdk`, refer to it directly
[INFO] [stdout]     |
[INFO] [stdout] 341 -         let mut sdk = agones::Sdk::new(server.port.into(), None).await.unwrap();
[INFO] [stdout] 341 +         let mut sdk = Sdk::new(server.port.into(), None).await.unwrap();
[INFO] [stdout]     |
[INFO] [stdout] 
[INFO] [stdout] 
[INFO] [stdout] error[E0433]: failed to resolve: use of undeclared crate or module `agones`
[INFO] [stdout]    --> src/lib.rs:358:23
[INFO] [stdout]     |
[INFO] [stdout] 358 |         let mut sdk = agones::Sdk::new(server.port.into(), None).await.unwrap();
[INFO] [stdout]     |                       ^^^^^^ use of undeclared crate or module `agones`
[INFO] [stdout]     |
[INFO] [stdout] help: consider importing this trait
[INFO] [stdout]     |
[INFO] [stdout] 295 +     use crate::sdk::sdk_server::Sdk;
[INFO] [stdout]     |
[INFO] [stdout] help: if you import `Sdk`, refer to it directly
[INFO] [stdout]     |
[INFO] [stdout] 358 -         let mut sdk = agones::Sdk::new(server.port.into(), None).await.unwrap();
[INFO] [stdout] 358 +         let mut sdk = Sdk::new(server.port.into(), None).await.unwrap();
[INFO] [stdout]     |
[INFO] [stdout] 
[INFO] [stdout] 
[INFO] [stdout] error[E0433]: failed to resolve: use of undeclared crate or module `agones`
[INFO] [stdout]    --> src/lib.rs:375:23
[INFO] [stdout]     |
[INFO] [stdout] 375 |         let mut sdk = agones::Sdk::new(server.port.into(), None).await.unwrap();
[INFO] [stdout]     |                       ^^^^^^ use of undeclared crate or module `agones`
[INFO] [stdout]     |
[INFO] [stdout] help: consider importing this trait
[INFO] [stdout]     |
[INFO] [stdout] 295 +     use crate::sdk::sdk_server::Sdk;
[INFO] [stdout]     |
[INFO] [stdout] help: if you import `Sdk`, refer to it directly
[INFO] [stdout]     |
[INFO] [stdout] 375 -         let mut sdk = agones::Sdk::new(server.port.into(), None).await.unwrap();
[INFO] [stdout] 375 +         let mut sdk = Sdk::new(server.port.into(), None).await.unwrap();
[INFO] [stdout]     |
[INFO] [stdout] 
[INFO] [stdout] 
[INFO] [stdout] error[E0433]: failed to resolve: use of undeclared crate or module `agones`
[INFO] [stdout]    --> src/lib.rs:388:23
[INFO] [stdout]     |
[INFO] [stdout] 388 |         let mut sdk = agones::Sdk::new(server.port.into(), None).await.unwrap();
[INFO] [stdout]     |                       ^^^^^^ use of undeclared crate or module `agones`
[INFO] [stdout]     |
[INFO] [stdout] help: consider importing this trait
[INFO] [stdout]     |
[INFO] [stdout] 295 +     use crate::sdk::sdk_server::Sdk;
[INFO] [stdout]     |
[INFO] [stdout] help: if you import `Sdk`, refer to it directly
[INFO] [stdout]     |
[INFO] [stdout] 388 -         let mut sdk = agones::Sdk::new(server.port.into(), None).await.unwrap();
[INFO] [stdout] 388 +         let mut sdk = Sdk::new(server.port.into(), None).await.unwrap();
[INFO] [stdout]     |
[INFO] [stdout] 
[INFO] [stdout] 
[INFO] [stdout] error[E0433]: failed to resolve: use of undeclared crate or module `agones`
[INFO] [stdout]    --> src/lib.rs:401:19
[INFO] [stdout]     |
[INFO] [stdout] 401 |         let sdk = agones::Sdk::new(server.port.into(), None).await.unwrap();
[INFO] [stdout]     |                   ^^^^^^ use of undeclared crate or module `agones`
[INFO] [stdout]     |
[INFO] [stdout] help: consider importing this trait
[INFO] [stdout]     |
[INFO] [stdout] 295 +     use crate::sdk::sdk_server::Sdk;
[INFO] [stdout]     |
[INFO] [stdout] help: if you import `Sdk`, refer to it directly
[INFO] [stdout]     |
[INFO] [stdout] 401 -         let sdk = agones::Sdk::new(server.port.into(), None).await.unwrap();
[INFO] [stdout] 401 +         let sdk = Sdk::new(server.port.into(), None).await.unwrap();
[INFO] [stdout]     |
[INFO] [stdout] 
[INFO] [stdout] 
[INFO] [stdout] error[E0433]: failed to resolve: use of undeclared crate or module `agones`
[INFO] [stdout]    --> src/lib.rs:416:23
[INFO] [stdout]     |
[INFO] [stdout] 416 |         let mut sdk = agones::Sdk::new(server.port.into(), None).await.unwrap();
[INFO] [stdout]     |                       ^^^^^^ use of undeclared crate or module `agones`
[INFO] [stdout]     |
[INFO] [stdout] help: consider importing this trait
[INFO] [stdout]     |
[INFO] [stdout] 295 +     use crate::sdk::sdk_server::Sdk;
[INFO] [stdout]     |
[INFO] [stdout] help: if you import `Sdk`, refer to it directly
[INFO] [stdout]     |
[INFO] [stdout] 416 -         let mut sdk = agones::Sdk::new(server.port.into(), None).await.unwrap();
[INFO] [stdout] 416 +         let mut sdk = Sdk::new(server.port.into(), None).await.unwrap();
[INFO] [stdout]     |
[INFO] [stdout] 
[INFO] [stdout] 
[INFO] [stdout] error[E0433]: failed to resolve: use of undeclared crate or module `agones`
[INFO] [stdout]    --> src/lib.rs:438:23
[INFO] [stdout]     |
[INFO] [stdout] 438 |         let mut sdk = agones::Sdk::new(server.port.into(), None).await.unwrap();
[INFO] [stdout]     |                       ^^^^^^ use of undeclared crate or module `agones`
[INFO] [stdout]     |
[INFO] [stdout] help: consider importing this trait
[INFO] [stdout]     |
[INFO] [stdout] 295 +     use crate::sdk::sdk_server::Sdk;
[INFO] [stdout]     |
[INFO] [stdout] help: if you import `Sdk`, refer to it directly
[INFO] [stdout]     |
[INFO] [stdout] 438 -         let mut sdk = agones::Sdk::new(server.port.into(), None).await.unwrap();
[INFO] [stdout] 438 +         let mut sdk = Sdk::new(server.port.into(), None).await.unwrap();
[INFO] [stdout]     |
[INFO] [stdout] 
[INFO] [stdout] 
[INFO] [stdout] error[E0433]: failed to resolve: use of undeclared crate or module `agones`
[INFO] [stdout]    --> src/lib.rs:454:23
[INFO] [stdout]     |
[INFO] [stdout] 454 |         let mut sdk = agones::Sdk::new(server.port.into(), None).await.unwrap();
[INFO] [stdout]     |                       ^^^^^^ use of undeclared crate or module `agones`
[INFO] [stdout]     |
[INFO] [stdout] help: consider importing this trait
[INFO] [stdout]     |
[INFO] [stdout] 295 +     use crate::sdk::sdk_server::Sdk;
[INFO] [stdout]     |
[INFO] [stdout] help: if you import `Sdk`, refer to it directly
[INFO] [stdout]     |
[INFO] [stdout] 454 -         let mut sdk = agones::Sdk::new(server.port.into(), None).await.unwrap();
[INFO] [stdout] 454 +         let mut sdk = Sdk::new(server.port.into(), None).await.unwrap();
[INFO] [stdout]     |
[INFO] [stdout] 
[INFO] [stdout] 
[INFO] [stdout] error[E0433]: failed to resolve: use of undeclared crate or module `agones`
[INFO] [stdout]    --> src/lib.rs:467:23
[INFO] [stdout]     |
[INFO] [stdout] 467 |         let mut sdk = agones::Sdk::new(server.port.into(), None).await.unwrap();
[INFO] [stdout]     |                       ^^^^^^ use of undeclared crate or module `agones`
[INFO] [stdout]     |
[INFO] [stdout] help: consider importing this trait
[INFO] [stdout]     |
[INFO] [stdout] 295 +     use crate::sdk::sdk_server::Sdk;
[INFO] [stdout]     |
[INFO] [stdout] help: if you import `Sdk`, refer to it directly
[INFO] [stdout]     |
[INFO] [stdout] 467 -         let mut sdk = agones::Sdk::new(server.port.into(), None).await.unwrap();
[INFO] [stdout] 467 +         let mut sdk = Sdk::new(server.port.into(), None).await.unwrap();
[INFO] [stdout]     |
[INFO] [stdout] 
[INFO] [stdout] 
[INFO] [stdout] error[E0433]: failed to resolve: use of undeclared crate or module `agones`
[INFO] [stdout]    --> src/lib.rs:493:23
[INFO] [stdout]     |
[INFO] [stdout] 493 |         let mut sdk = agones::Sdk::new(server.port.into(), None).await.unwrap();
[INFO] [stdout]     |                       ^^^^^^ use of undeclared crate or module `agones`
[INFO] [stdout]     |
[INFO] [stdout] help: consider importing this trait
[INFO] [stdout]     |
[INFO] [stdout] 295 +     use crate::sdk::sdk_server::Sdk;
[INFO] [stdout]     |
[INFO] [stdout] help: if you import `Sdk`, refer to it directly
[INFO] [stdout]     |
[INFO] [stdout] 493 -         let mut sdk = agones::Sdk::new(server.port.into(), None).await.unwrap();
[INFO] [stdout] 493 +         let mut sdk = Sdk::new(server.port.into(), None).await.unwrap();
[INFO] [stdout]     |
[INFO] [stdout] 
[INFO] [stdout] 
[INFO] [stdout] error[E0433]: failed to resolve: use of undeclared crate or module `agones`
[INFO] [stdout]    --> src/lib.rs:494:24
[INFO] [stdout]     |
[INFO] [stdout] 494 |         let mut sdk2 = agones::Sdk::new(server.port.into(), None).await.unwrap();
[INFO] [stdout]     |                        ^^^^^^ use of undeclared crate or module `agones`
[INFO] [stdout]     |
[INFO] [stdout] help: consider importing this trait
[INFO] [stdout]     |
[INFO] [stdout] 295 +     use crate::sdk::sdk_server::Sdk;
[INFO] [stdout]     |
[INFO] [stdout] help: if you import `Sdk`, refer to it directly
[INFO] [stdout]     |
[INFO] [stdout] 494 -         let mut sdk2 = agones::Sdk::new(server.port.into(), None).await.unwrap();
[INFO] [stdout] 494 +         let mut sdk2 = Sdk::new(server.port.into(), None).await.unwrap();
[INFO] [stdout]     |
[INFO] [stdout] 
[INFO] [stdout] 
[INFO] [stdout] error[E0433]: failed to resolve: use of undeclared crate or module `agones`
[INFO] [stdout]    --> src/lib.rs:535:23
[INFO] [stdout]     |
[INFO] [stdout] 535 |         let mut sdk = agones::Sdk::new(server.port.into(), None).await.unwrap();
[INFO] [stdout]     |                       ^^^^^^ use of undeclared crate or module `agones`
[INFO] [stdout]     |
[INFO] [stdout] help: consider importing this trait
[INFO] [stdout]     |
[INFO] [stdout] 295 +     use crate::sdk::sdk_server::Sdk;
[INFO] [stdout]     |
[INFO] [stdout] help: if you import `Sdk`, refer to it directly
[INFO] [stdout]     |
[INFO] [stdout] 535 -         let mut sdk = agones::Sdk::new(server.port.into(), None).await.unwrap();
[INFO] [stdout] 535 +         let mut sdk = Sdk::new(server.port.into(), None).await.unwrap();
[INFO] [stdout]     |
[INFO] [stdout] 
[INFO] [stdout] 
[INFO] [stdout] error[E0433]: failed to resolve: use of undeclared crate or module `agones`
[INFO] [stdout]    --> src/lib.rs:550:23
[INFO] [stdout]     |
[INFO] [stdout] 550 |         let mut sdk = agones::Sdk::new(server.port.into(), None).await.unwrap();
[INFO] [stdout]     |                       ^^^^^^ use of undeclared crate or module `agones`
[INFO] [stdout]     |
[INFO] [stdout] help: consider importing this trait
[INFO] [stdout]     |
[INFO] [stdout] 295 +     use crate::sdk::sdk_server::Sdk;
[INFO] [stdout]     |
[INFO] [stdout] help: if you import `Sdk`, refer to it directly
[INFO] [stdout]     |
[INFO] [stdout] 550 -         let mut sdk = agones::Sdk::new(server.port.into(), None).await.unwrap();
[INFO] [stdout] 550 +         let mut sdk = Sdk::new(server.port.into(), None).await.unwrap();
[INFO] [stdout]     |
[INFO] [stdout] 
[INFO] [stdout] 
[INFO] [stdout] error[E0433]: failed to resolve: use of undeclared crate or module `agones`
[INFO] [stdout]    --> src/lib.rs:568:23
[INFO] [stdout]     |
[INFO] [stdout] 568 |         let mut sdk = agones::Sdk::new(server.port.into(), None).await.unwrap();
[INFO] [stdout]     |                       ^^^^^^ use of undeclared crate or module `agones`
[INFO] [stdout]     |
[INFO] [stdout] help: consider importing this trait
[INFO] [stdout]     |
[INFO] [stdout] 295 +     use crate::sdk::sdk_server::Sdk;
[INFO] [stdout]     |
[INFO] [stdout] help: if you import `Sdk`, refer to it directly
[INFO] [stdout]     |
[INFO] [stdout] 568 -         let mut sdk = agones::Sdk::new(server.port.into(), None).await.unwrap();
[INFO] [stdout] 568 +         let mut sdk = Sdk::new(server.port.into(), None).await.unwrap();
[INFO] [stdout]     |
[INFO] [stdout] 
[INFO] [stdout] 
[INFO] [stdout] error[E0433]: failed to resolve: use of undeclared crate or module `agones`
[INFO] [stdout]    --> src/lib.rs:586:23
[INFO] [stdout]     |
[INFO] [stdout] 586 |         let mut sdk = agones::Sdk::new(server.port.into(), None).await.unwrap();
[INFO] [stdout]     |                       ^^^^^^ use of undeclared crate or module `agones`
[INFO] [stdout]     |
[INFO] [stdout] help: consider importing this trait
[INFO] [stdout]     |
[INFO] [stdout] 295 +     use crate::sdk::sdk_server::Sdk;
[INFO] [stdout]     |
[INFO] [stdout] help: if you import `Sdk`, refer to it directly
[INFO] [stdout]     |
[INFO] [stdout] 586 -         let mut sdk = agones::Sdk::new(server.port.into(), None).await.unwrap();
[INFO] [stdout] 586 +         let mut sdk = Sdk::new(server.port.into(), None).await.unwrap();
[INFO] [stdout]     |
[INFO] [stdout] 
[INFO] [stdout] 
[INFO] [stdout] error[E0282]: type annotations needed
[INFO] [stdout]    --> src/lib.rs:509:13
[INFO] [stdout]     |
[INFO] [stdout] 509 |             tokio::join!(timeout(stream.message()), timeout(stream2.message()),);
[INFO] [stdout]     |             ^^^^^^^^^^^^^^^^^^^^^^^^^^^^^^^^^^^^^^^^^^^^^^^^^^^^^^^^^^^^^^^^^^^^ cannot infer type
[INFO] [stdout]     |
[INFO] [stdout]     = note: this error originates in the macro `$crate::join` which comes from the expansion of the macro `tokio::join` (in Nightly builds, run with -Z macro-backtrace for more info)
[INFO] [stdout] 
[INFO] [stdout] 
[INFO] [stdout] error[E0599]: no method named `poll` found for struct `Pin<_>` in the current scope
[INFO] [stdout]    --> src/lib.rs:509:13
[INFO] [stdout]     |
[INFO] [stdout] 509 |             tokio::join!(timeout(stream.message()), timeout(stream2.message()),);
[INFO] [stdout]     |             ^^^^^^^^^^^^^^^^^^^^^^^^^^^^^^^^^^^^^^^^^^^^^^^^^^^^^^^^^^^^^^^^^^^^ method not found in `Pin<_>`
[INFO] [stdout]     |
[INFO] [stdout] note: method is available for `Pin<&mut _>`
[INFO] [stdout]    --> /rustc/82e1608dfa6e0b5569232559e3d385fea5a93112/library/core/src/future/future.rs:105:5
[INFO] [stdout] note: method is available for `Pin<&_>`
[INFO] [stdout]    --> /rustc/82e1608dfa6e0b5569232559e3d385fea5a93112/library/core/src/future/future.rs:105:5
[INFO] [stdout]     = note: this error originates in the macro `$crate::join` which comes from the expansion of the macro `tokio::join` (in Nightly builds, run with -Z macro-backtrace for more info)
[INFO] [stdout] 
[INFO] [stdout] 
[INFO] [stdout] error[E0282]: type annotations needed
[INFO] [stdout]    --> src/lib.rs:509:13
[INFO] [stdout]     |
[INFO] [stdout] 509 |             tokio::join!(timeout(stream.message()), timeout(stream2.message()),);
[INFO] [stdout]     |             ^^^^^^^^^^^^^^^^^^^^^^^^^^^^^^^^^^^^^^^^^^^^^^^^^^^^^^^^^^^^^^^^^^^^ cannot infer type
[INFO] [stdout]     |
[INFO] [stdout]     = note: this error originates in the macro `$crate::join` which comes from the expansion of the macro `tokio::join` (in Nightly builds, run with -Z macro-backtrace for more info)
[INFO] [stdout] 
[INFO] [stdout] 
[INFO] [stdout] error[E0599]: no method named `take_output` found for struct `Pin<_>` in the current scope
[INFO] [stdout]    --> src/lib.rs:509:13
[INFO] [stdout]     |
[INFO] [stdout] 509 |             tokio::join!(timeout(stream.message()), timeout(stream2.message()),);
[INFO] [stdout]     |             ^^^^^^^^^^^^^^^^^^^^^^^^^^^^^^^^^^^^^^^^^^^^^^^^^^^^^^^^^^^^^^^^^^^^ method not found in `Pin<_>`
[INFO] [stdout]     |
[INFO] [stdout]     = note: this error originates in the macro `$crate::join` which comes from the expansion of the macro `tokio::join` (in Nightly builds, run with -Z macro-backtrace for more info)
[INFO] [stdout] 
[INFO] [stdout] 
[INFO] [stdout] error: aborting due to 21 previous errors
[INFO] [stdout] 
[INFO] [stdout] 
[INFO] [stdout] Some errors have detailed explanations: E0282, E0433, E0599.
[INFO] [stdout] 
[INFO] [stdout] For more information about an error, try `rustc --explain E0282`.
[INFO] [stdout] 
[INFO] [stderr] error: could not compile `mock-agones` (lib test) due to 22 previous errors
[INFO] running `Command { std: "docker" "inspect" "ff8319eb4c8c19891a671cd6861ca3af0f3ab777827ec45b34de3380077653b7", kill_on_drop: false }`
[INFO] running `Command { std: "docker" "rm" "-f" "ff8319eb4c8c19891a671cd6861ca3af0f3ab777827ec45b34de3380077653b7", kill_on_drop: false }`
[INFO] [stdout] ff8319eb4c8c19891a671cd6861ca3af0f3ab777827ec45b34de3380077653b7
