[INFO] fetching crate mms-rs 2.0.0...
[INFO] testing mms-rs-2.0.0 against 1.75.0 for beta-1.76-1
[INFO] extracting crate mms-rs 2.0.0 into /workspace/builds/worker-4-tc1/source
[INFO] validating manifest of crates.io crate mms-rs 2.0.0 on toolchain 1.75.0
[INFO] running `Command { std: CARGO_HOME="/workspace/cargo-home" RUSTUP_HOME="/workspace/rustup-home" "/workspace/cargo-home/bin/cargo" "+1.75.0" "metadata" "--manifest-path" "Cargo.toml" "--no-deps", kill_on_drop: false }`
[INFO] started tweaking crates.io crate mms-rs 2.0.0
[INFO] removed 0 missing examples
[INFO] finished tweaking crates.io crate mms-rs 2.0.0
[INFO] tweaked toml for crates.io crate mms-rs 2.0.0 written to /workspace/builds/worker-4-tc1/source/Cargo.toml
[INFO] crate crates.io crate mms-rs 2.0.0 already has a lockfile, it will not be regenerated
[INFO] running `Command { std: CARGO_HOME="/workspace/cargo-home" RUSTUP_HOME="/workspace/rustup-home" "/workspace/cargo-home/bin/cargo" "+1.75.0" "fetch" "--manifest-path" "Cargo.toml", kill_on_drop: false }`
[INFO] [stderr]     Updating crates.io index
[INFO] [stderr]  Downloading crates ...
[INFO] [stderr]   Downloaded csbindgen v1.7.3
[INFO] [stderr]   Downloaded cbindgen v0.24.5
[INFO] [stderr]   Downloaded libc v0.2.145
[INFO] running `Command { std: "docker" "create" "-v" "/var/lib/crater-agent-workspace/builds/worker-4-tc1/target:/opt/rustwide/target:rw,Z" "-v" "/var/lib/crater-agent-workspace/builds/worker-4-tc1/source:/opt/rustwide/workdir:ro,Z" "-v" "/var/lib/crater-agent-workspace/cargo-home:/opt/rustwide/cargo-home:ro,Z" "-v" "/var/lib/crater-agent-workspace/rustup-home:/opt/rustwide/rustup-home:ro,Z" "-e" "SOURCE_DIR=/opt/rustwide/workdir" "-e" "CARGO_TARGET_DIR=/opt/rustwide/target" "-e" "CARGO_HOME=/opt/rustwide/cargo-home" "-e" "RUSTUP_HOME=/opt/rustwide/rustup-home" "-w" "/opt/rustwide/workdir" "-m" "1610612736" "--user" "0:0" "--network" "none" "ghcr.io/rust-lang/crates-build-env/linux@sha256:2788e3201cd34a07e3172128adcd8b3090168a8e3bcc40d7c032b9dda1df7d1c" "/opt/rustwide/cargo-home/bin/cargo" "+1.75.0" "metadata" "--no-deps" "--format-version=1", kill_on_drop: false }`
[INFO] [stdout] c17e0cb861848376b02cca9659ff75988eb7b4ed81ad0050c3c52d35ba9ff240
[INFO] running `Command { std: "docker" "start" "-a" "c17e0cb861848376b02cca9659ff75988eb7b4ed81ad0050c3c52d35ba9ff240", kill_on_drop: false }`
[INFO] running `Command { std: "docker" "inspect" "c17e0cb861848376b02cca9659ff75988eb7b4ed81ad0050c3c52d35ba9ff240", kill_on_drop: false }`
[INFO] running `Command { std: "docker" "rm" "-f" "c17e0cb861848376b02cca9659ff75988eb7b4ed81ad0050c3c52d35ba9ff240", kill_on_drop: false }`
[INFO] [stdout] c17e0cb861848376b02cca9659ff75988eb7b4ed81ad0050c3c52d35ba9ff240
[INFO] running `Command { std: "docker" "create" "-v" "/var/lib/crater-agent-workspace/builds/worker-4-tc1/target:/opt/rustwide/target:rw,Z" "-v" "/var/lib/crater-agent-workspace/builds/worker-4-tc1/source:/opt/rustwide/workdir:ro,Z" "-v" "/var/lib/crater-agent-workspace/cargo-home:/opt/rustwide/cargo-home:ro,Z" "-v" "/var/lib/crater-agent-workspace/rustup-home:/opt/rustwide/rustup-home:ro,Z" "-e" "SOURCE_DIR=/opt/rustwide/workdir" "-e" "CARGO_TARGET_DIR=/opt/rustwide/target" "-e" "CARGO_INCREMENTAL=0" "-e" "RUST_BACKTRACE=full" "-e" "RUSTFLAGS=--cap-lints=warn" "-e" "RUSTDOCFLAGS=--cap-lints=warn" "-e" "CARGO_HOME=/opt/rustwide/cargo-home" "-e" "RUSTUP_HOME=/opt/rustwide/rustup-home" "-w" "/opt/rustwide/workdir" "-m" "1610612736" "--user" "0:0" "--network" "none" "ghcr.io/rust-lang/crates-build-env/linux@sha256:2788e3201cd34a07e3172128adcd8b3090168a8e3bcc40d7c032b9dda1df7d1c" "/opt/rustwide/cargo-home/bin/cargo" "+1.75.0" "build" "--frozen" "--message-format=json", kill_on_drop: false }`
[INFO] [stdout] 5c1883a7d44dd74a1c3d40731ee6c1ffd815586ae7e35178cbe6bb351ec183ee
[INFO] running `Command { std: "docker" "start" "-a" "5c1883a7d44dd74a1c3d40731ee6c1ffd815586ae7e35178cbe6bb351ec183ee", kill_on_drop: false }`
[INFO] [stderr]    Compiling proc-macro2 v1.0.59
[INFO] [stderr]    Compiling quote v1.0.28
[INFO] [stderr]    Compiling unicode-ident v1.0.9
[INFO] [stderr]    Compiling libc v0.2.145
[INFO] [stderr]    Compiling serde v1.0.163
[INFO] [stderr]    Compiling io-lifetimes v1.0.11
[INFO] [stderr]    Compiling rustix v0.37.19
[INFO] [stderr]    Compiling linux-raw-sys v0.3.8
[INFO] [stderr]    Compiling hashbrown v0.12.3
[INFO] [stderr]    Compiling log v0.4.18
[INFO] [stderr]    Compiling os_str_bytes v6.5.0
[INFO] [stderr]    Compiling syn v1.0.109
[INFO] [stderr]    Compiling serde_json v1.0.96
[INFO] [stderr]    Compiling fastrand v1.9.0
[INFO] [stderr]    Compiling indexmap v1.9.3
[INFO] [stderr]    Compiling termcolor v1.2.0
[INFO] [stderr]    Compiling ryu v1.0.13
[INFO] [stderr]    Compiling clap_lex v0.2.4
[INFO] [stderr]    Compiling itoa v1.0.6
[INFO] [stderr]    Compiling cbindgen v0.24.5
[INFO] [stderr]    Compiling textwrap v0.16.0
[INFO] [stderr]    Compiling heck v0.4.1
[INFO] [stderr]    Compiling thiserror v1.0.40
[INFO] [stderr]    Compiling syn v2.0.18
[INFO] [stderr]    Compiling atty v0.2.14
[INFO] [stderr]    Compiling clap v3.2.25
[INFO] [stderr]    Compiling serde_derive v1.0.163
[INFO] [stderr]    Compiling thiserror-impl v1.0.40
[INFO] [stderr]    Compiling tempfile v3.5.0
[INFO] [stderr]    Compiling toml v0.5.11
[INFO] [stderr]    Compiling mms-rs v2.0.0 (/opt/rustwide/workdir)
[INFO] [stderr]     Finished dev [unoptimized + debuginfo] target(s) in 12.31s
[INFO] running `Command { std: "docker" "inspect" "5c1883a7d44dd74a1c3d40731ee6c1ffd815586ae7e35178cbe6bb351ec183ee", kill_on_drop: false }`
[INFO] running `Command { std: "docker" "rm" "-f" "5c1883a7d44dd74a1c3d40731ee6c1ffd815586ae7e35178cbe6bb351ec183ee", kill_on_drop: false }`
[INFO] [stdout] 5c1883a7d44dd74a1c3d40731ee6c1ffd815586ae7e35178cbe6bb351ec183ee
[INFO] running `Command { std: "docker" "create" "-v" "/var/lib/crater-agent-workspace/builds/worker-4-tc1/target:/opt/rustwide/target:rw,Z" "-v" "/var/lib/crater-agent-workspace/builds/worker-4-tc1/source:/opt/rustwide/workdir:ro,Z" "-v" "/var/lib/crater-agent-workspace/cargo-home:/opt/rustwide/cargo-home:ro,Z" "-v" "/var/lib/crater-agent-workspace/rustup-home:/opt/rustwide/rustup-home:ro,Z" "-e" "SOURCE_DIR=/opt/rustwide/workdir" "-e" "CARGO_TARGET_DIR=/opt/rustwide/target" "-e" "CARGO_INCREMENTAL=0" "-e" "RUST_BACKTRACE=full" "-e" "RUSTFLAGS=--cap-lints=warn" "-e" "RUSTDOCFLAGS=--cap-lints=warn" "-e" "CARGO_HOME=/opt/rustwide/cargo-home" "-e" "RUSTUP_HOME=/opt/rustwide/rustup-home" "-w" "/opt/rustwide/workdir" "-m" "1610612736" "--user" "0:0" "--network" "none" "ghcr.io/rust-lang/crates-build-env/linux@sha256:2788e3201cd34a07e3172128adcd8b3090168a8e3bcc40d7c032b9dda1df7d1c" "/opt/rustwide/cargo-home/bin/cargo" "+1.75.0" "test" "--frozen" "--no-run" "--message-format=json", kill_on_drop: false }`
[INFO] [stdout] 275a9fba55e0ddb2f86f0125037f60ebfff924fae4491b564040fcb5a2311677
[INFO] running `Command { std: "docker" "start" "-a" "275a9fba55e0ddb2f86f0125037f60ebfff924fae4491b564040fcb5a2311677", kill_on_drop: false }`
[INFO] [stderr]    Compiling mms-rs v2.0.0 (/opt/rustwide/workdir)
[INFO] [stdout] error[E0277]: the `?` operator can only be applied to values that implement `Try`
[INFO] [stdout]  --> examples/minimal-bot.rs:5:5
[INFO] [stdout]   |
[INFO] [stdout] 5 |     Mouse::set_color(0, 0, &mms_rs::CellColor::DarkGreen)?;
[INFO] [stdout]   |     ^^^^^^^^^^^^^^^^^^^^^^^^^^^^^^^^^^^^^^^^^^^^^^^^^^^^^^ the `?` operator cannot be applied to type `()`
[INFO] [stdout]   |
[INFO] [stdout]   = help: the trait `Try` is not implemented for `()`
[INFO] [stdout] 
[INFO] [stdout] 
[INFO] [stdout] error[E0277]: the `?` operator can only be applied to values that implement `Try`
[INFO] [stdout]  --> examples/minimal-bot.rs:6:5
[INFO] [stdout]   |
[INFO] [stdout] 6 |     Mouse::set_text(0, 0, "abc")?;
[INFO] [stdout]   |     ^^^^^^^^^^^^^^^^^^^^^^^^^^^^^ the `?` operator cannot be applied to type `()`
[INFO] [stdout]   |
[INFO] [stdout]   = help: the trait `Try` is not implemented for `()`
[INFO] [stdout] 
[INFO] [stdout] 
[INFO] [stdout] error[E0277]: the `?` operator can only be applied to values that implement `Try`
[INFO] [stdout]  --> examples/minimal-bot.rs:8:13
[INFO] [stdout]   |
[INFO] [stdout] 8 |         if !Mouse::wall_left()? {
[INFO] [stdout]   |             ^^^^^^^^^^^^^^^^^^^ the `?` operator cannot be applied to type `bool`
[INFO] [stdout]   |
[INFO] [stdout]   = help: the trait `Try` is not implemented for `bool`
[INFO] [stdout] 
[INFO] [stdout] 
[INFO] [stdout] error[E0277]: the `?` operator can only be applied to values that implement `Try`
[INFO] [stdout]  --> examples/minimal-bot.rs:9:13
[INFO] [stdout]   |
[INFO] [stdout] 9 |             Mouse::turn_left()?;
[INFO] [stdout]   |             ^^^^^^^^^^^^^^^^^^^ the `?` operator cannot be applied to type `()`
[INFO] [stdout]   |
[INFO] [stdout]   = help: the trait `Try` is not implemented for `()`
[INFO] [stdout] 
[INFO] [stdout] 
[INFO] [stdout] error[E0277]: the `?` operator can only be applied to values that implement `Try`
[INFO] [stdout]   --> examples/minimal-bot.rs:11:15
[INFO] [stdout]    |
[INFO] [stdout] 11 |         while Mouse::wall_front()? {
[INFO] [stdout]    |               ^^^^^^^^^^^^^^^^^^^^ the `?` operator cannot be applied to type `bool`
[INFO] [stdout]    |
[INFO] [stdout]    = help: the trait `Try` is not implemented for `bool`
[INFO] [stdout] 
[INFO] [stdout] 
[INFO] [stdout] error[E0277]: the `?` operator can only be applied to values that implement `Try`
[INFO] [stdout]   --> examples/minimal-bot.rs:12:13
[INFO] [stdout]    |
[INFO] [stdout] 12 |             Mouse::turn_right()?;
[INFO] [stdout]    |             ^^^^^^^^^^^^^^^^^^^^ the `?` operator cannot be applied to type `()`
[INFO] [stdout]    |
[INFO] [stdout]    = help: the trait `Try` is not implemented for `()`
[INFO] [stdout] 
[INFO] [stdout] 
[INFO] [stdout] error[E0277]: the `?` operator can only be applied to values that implement `Try`
[INFO] [stdout]   --> examples/minimal-bot.rs:14:9
[INFO] [stdout]    |
[INFO] [stdout] 14 |         Mouse::move_forward(None)?;
[INFO] [stdout]    |         ^^^^^^^^^^^^^^^^^^^^^^^^^^ the `?` operator cannot be applied to type `()`
[INFO] [stdout]    |
[INFO] [stdout]    = help: the trait `Try` is not implemented for `()`
[INFO] [stdout] 
[INFO] [stdout] 
[INFO] [stdout] error: aborting due to 7 previous errors
[INFO] [stdout] 
[INFO] [stdout] 
[INFO] [stdout] For more information about this error, try `rustc --explain E0277`.
[INFO] [stdout] 
[INFO] [stderr] error: could not compile `mms-rs` (example "minimal-bot") due to 8 previous errors
[INFO] [stderr] warning: build failed, waiting for other jobs to finish...
[INFO] running `Command { std: "docker" "inspect" "275a9fba55e0ddb2f86f0125037f60ebfff924fae4491b564040fcb5a2311677", kill_on_drop: false }`
[INFO] running `Command { std: "docker" "rm" "-f" "275a9fba55e0ddb2f86f0125037f60ebfff924fae4491b564040fcb5a2311677", kill_on_drop: false }`
[INFO] [stdout] 275a9fba55e0ddb2f86f0125037f60ebfff924fae4491b564040fcb5a2311677
