[INFO] fetching crate mm_image 0.1.0...
[INFO] testing mm_image-0.1.0 against 1.75.0 for beta-1.76-1
[INFO] extracting crate mm_image 0.1.0 into /workspace/builds/worker-7-tc1/source
[INFO] validating manifest of crates.io crate mm_image 0.1.0 on toolchain 1.75.0
[INFO] running `Command { std: CARGO_HOME="/workspace/cargo-home" RUSTUP_HOME="/workspace/rustup-home" "/workspace/cargo-home/bin/cargo" "+1.75.0" "metadata" "--manifest-path" "Cargo.toml" "--no-deps", kill_on_drop: false }`
[INFO] started tweaking crates.io crate mm_image 0.1.0
[INFO] finished tweaking crates.io crate mm_image 0.1.0
[INFO] tweaked toml for crates.io crate mm_image 0.1.0 written to /workspace/builds/worker-7-tc1/source/Cargo.toml
[INFO] running `Command { std: CARGO_HOME="/workspace/cargo-home" RUSTUP_HOME="/workspace/rustup-home" "/workspace/cargo-home/bin/cargo" "+1.75.0" "generate-lockfile" "--manifest-path" "Cargo.toml", kill_on_drop: false }`
[INFO] [stderr]     Updating crates.io index
[INFO] running `Command { std: CARGO_HOME="/workspace/cargo-home" RUSTUP_HOME="/workspace/rustup-home" "/workspace/cargo-home/bin/cargo" "+1.75.0" "fetch" "--manifest-path" "Cargo.toml", kill_on_drop: false }`
[INFO] [stderr]  Downloading crates ...
[INFO] [stderr]   Downloaded mm_math v0.0.6
[INFO] running `Command { std: "docker" "create" "-v" "/var/lib/crater-agent-workspace/builds/worker-7-tc1/target:/opt/rustwide/target:rw,Z" "-v" "/var/lib/crater-agent-workspace/builds/worker-7-tc1/source:/opt/rustwide/workdir:ro,Z" "-v" "/var/lib/crater-agent-workspace/cargo-home:/opt/rustwide/cargo-home:ro,Z" "-v" "/var/lib/crater-agent-workspace/rustup-home:/opt/rustwide/rustup-home:ro,Z" "-e" "SOURCE_DIR=/opt/rustwide/workdir" "-e" "CARGO_TARGET_DIR=/opt/rustwide/target" "-e" "CARGO_HOME=/opt/rustwide/cargo-home" "-e" "RUSTUP_HOME=/opt/rustwide/rustup-home" "-w" "/opt/rustwide/workdir" "-m" "1610612736" "--user" "0:0" "--network" "none" "ghcr.io/rust-lang/crates-build-env/linux@sha256:2788e3201cd34a07e3172128adcd8b3090168a8e3bcc40d7c032b9dda1df7d1c" "/opt/rustwide/cargo-home/bin/cargo" "+1.75.0" "metadata" "--no-deps" "--format-version=1", kill_on_drop: false }`
[INFO] [stdout] ad905cab10bca95a4df1627ed416680dd906e910558ad9015d2d9fae687c6029
[INFO] running `Command { std: "docker" "start" "-a" "ad905cab10bca95a4df1627ed416680dd906e910558ad9015d2d9fae687c6029", kill_on_drop: false }`
[INFO] running `Command { std: "docker" "inspect" "ad905cab10bca95a4df1627ed416680dd906e910558ad9015d2d9fae687c6029", kill_on_drop: false }`
[INFO] running `Command { std: "docker" "rm" "-f" "ad905cab10bca95a4df1627ed416680dd906e910558ad9015d2d9fae687c6029", kill_on_drop: false }`
[INFO] [stdout] ad905cab10bca95a4df1627ed416680dd906e910558ad9015d2d9fae687c6029
[INFO] running `Command { std: "docker" "create" "-v" "/var/lib/crater-agent-workspace/builds/worker-7-tc1/target:/opt/rustwide/target:rw,Z" "-v" "/var/lib/crater-agent-workspace/builds/worker-7-tc1/source:/opt/rustwide/workdir:ro,Z" "-v" "/var/lib/crater-agent-workspace/cargo-home:/opt/rustwide/cargo-home:ro,Z" "-v" "/var/lib/crater-agent-workspace/rustup-home:/opt/rustwide/rustup-home:ro,Z" "-e" "SOURCE_DIR=/opt/rustwide/workdir" "-e" "CARGO_TARGET_DIR=/opt/rustwide/target" "-e" "CARGO_INCREMENTAL=0" "-e" "RUST_BACKTRACE=full" "-e" "RUSTFLAGS=--cap-lints=warn" "-e" "RUSTDOCFLAGS=--cap-lints=warn" "-e" "CARGO_HOME=/opt/rustwide/cargo-home" "-e" "RUSTUP_HOME=/opt/rustwide/rustup-home" "-w" "/opt/rustwide/workdir" "-m" "1610612736" "--user" "0:0" "--network" "none" "ghcr.io/rust-lang/crates-build-env/linux@sha256:2788e3201cd34a07e3172128adcd8b3090168a8e3bcc40d7c032b9dda1df7d1c" "/opt/rustwide/cargo-home/bin/cargo" "+1.75.0" "build" "--frozen" "--message-format=json", kill_on_drop: false }`
[INFO] [stdout] d9a1bc2103686d348a95c3ac27f26f1b0657c7ae48dadbe52608c6a938d512f4
[INFO] running `Command { std: "docker" "start" "-a" "d9a1bc2103686d348a95c3ac27f26f1b0657c7ae48dadbe52608c6a938d512f4", kill_on_drop: false }`
[INFO] [stderr]    Compiling mm_math v0.0.6
[INFO] [stdout] error[E0432]: unresolved imports `std::num::One`, `std::num::Zero`
[INFO] [stdout]  --> /opt/rustwide/cargo-home/registry/src/index.crates.io-6f17d22bba15001f/mm_math-0.0.6/src/vector.rs:6:3
[INFO] [stdout]   |
[INFO] [stdout] 6 |   One,
[INFO] [stdout]   |   ^^^ no `One` in `num`
[INFO] [stdout] 7 |   Zero,
[INFO] [stdout]   |   ^^^^ no `Zero` in `num`
[INFO] [stdout]   |
[INFO] [stdout]   = help: consider importing one of these items instead:
[INFO] [stdout]           std::num::FpCategory::Zero
[INFO] [stdout]           std::num::IntErrorKind::Zero
[INFO] [stdout] 
[INFO] [stdout] 
[INFO] [stdout] error[E0554]: `#![feature]` may not be used on the stable release channel
[INFO] [stdout]  --> /opt/rustwide/cargo-home/registry/src/index.crates.io-6f17d22bba15001f/mm_math-0.0.6/src/lib.rs:8:12
[INFO] [stdout]   |
[INFO] [stdout] 8 | #![feature(zero_one)]
[INFO] [stdout]   |            ^^^^^^^^
[INFO] [stdout] 
[INFO] [stdout] 
[INFO] [stdout] error[E0635]: unknown feature `zero_one`
[INFO] [stdout]  --> /opt/rustwide/cargo-home/registry/src/index.crates.io-6f17d22bba15001f/mm_math-0.0.6/src/lib.rs:8:12
[INFO] [stdout]   |
[INFO] [stdout] 8 | #![feature(zero_one)]
[INFO] [stdout]   |            ^^^^^^^^
[INFO] [stdout] 
[INFO] [stdout] 
[INFO] [stdout] error: aborting due to 3 previous errors
[INFO] [stdout] 
[INFO] [stdout] 
[INFO] [stdout] Some errors have detailed explanations: E0432, E0554, E0635.
[INFO] [stdout] 
[INFO] [stdout] For more information about an error, try `rustc --explain E0432`.
[INFO] [stdout] 
[INFO] [stderr] error: could not compile `mm_math` (lib) due to 4 previous errors
[INFO] running `Command { std: "docker" "inspect" "d9a1bc2103686d348a95c3ac27f26f1b0657c7ae48dadbe52608c6a938d512f4", kill_on_drop: false }`
[INFO] running `Command { std: "docker" "rm" "-f" "d9a1bc2103686d348a95c3ac27f26f1b0657c7ae48dadbe52608c6a938d512f4", kill_on_drop: false }`
[INFO] [stdout] d9a1bc2103686d348a95c3ac27f26f1b0657c7ae48dadbe52608c6a938d512f4
[INFO] testing mm_image-0.1.0 against beta-2023-12-22 for beta-1.76-1
[INFO] extracting crate mm_image 0.1.0 into /workspace/builds/worker-7-tc2/source
[INFO] validating manifest of crates.io crate mm_image 0.1.0 on toolchain beta-2023-12-22
[INFO] running `Command { std: CARGO_HOME="/workspace/cargo-home" RUSTUP_HOME="/workspace/rustup-home" "/workspace/cargo-home/bin/cargo" "+beta-2023-12-22" "metadata" "--manifest-path" "Cargo.toml" "--no-deps", kill_on_drop: false }`
[INFO] started tweaking crates.io crate mm_image 0.1.0
[INFO] finished tweaking crates.io crate mm_image 0.1.0
[INFO] tweaked toml for crates.io crate mm_image 0.1.0 written to /workspace/builds/worker-7-tc2/source/Cargo.toml
[INFO] running `Command { std: CARGO_HOME="/workspace/cargo-home" RUSTUP_HOME="/workspace/rustup-home" "/workspace/cargo-home/bin/cargo" "+beta-2023-12-22" "generate-lockfile" "--manifest-path" "Cargo.toml", kill_on_drop: false }`
[INFO] [stderr]     Updating crates.io index
[INFO] running `Command { std: CARGO_HOME="/workspace/cargo-home" RUSTUP_HOME="/workspace/rustup-home" "/workspace/cargo-home/bin/cargo" "+beta-2023-12-22" "fetch" "--manifest-path" "Cargo.toml", kill_on_drop: false }`
[INFO] running `Command { std: "docker" "create" "-v" "/var/lib/crater-agent-workspace/builds/worker-7-tc2/target:/opt/rustwide/target:rw,Z" "-v" "/var/lib/crater-agent-workspace/builds/worker-7-tc2/source:/opt/rustwide/workdir:ro,Z" "-v" "/var/lib/crater-agent-workspace/cargo-home:/opt/rustwide/cargo-home:ro,Z" "-v" "/var/lib/crater-agent-workspace/rustup-home:/opt/rustwide/rustup-home:ro,Z" "-e" "SOURCE_DIR=/opt/rustwide/workdir" "-e" "CARGO_TARGET_DIR=/opt/rustwide/target" "-e" "CARGO_HOME=/opt/rustwide/cargo-home" "-e" "RUSTUP_HOME=/opt/rustwide/rustup-home" "-w" "/opt/rustwide/workdir" "-m" "1610612736" "--user" "0:0" "--network" "none" "ghcr.io/rust-lang/crates-build-env/linux@sha256:2788e3201cd34a07e3172128adcd8b3090168a8e3bcc40d7c032b9dda1df7d1c" "/opt/rustwide/cargo-home/bin/cargo" "+beta-2023-12-22" "metadata" "--no-deps" "--format-version=1", kill_on_drop: false }`
[INFO] [stdout] d3b4974dc34e76df4963c2e359617cd7bc41be4f277e494ccef28a48ba0272ad
[INFO] running `Command { std: "docker" "start" "-a" "d3b4974dc34e76df4963c2e359617cd7bc41be4f277e494ccef28a48ba0272ad", kill_on_drop: false }`
[INFO] running `Command { std: "docker" "inspect" "d3b4974dc34e76df4963c2e359617cd7bc41be4f277e494ccef28a48ba0272ad", kill_on_drop: false }`
[INFO] running `Command { std: "docker" "rm" "-f" "d3b4974dc34e76df4963c2e359617cd7bc41be4f277e494ccef28a48ba0272ad", kill_on_drop: false }`
[INFO] [stdout] d3b4974dc34e76df4963c2e359617cd7bc41be4f277e494ccef28a48ba0272ad
[INFO] running `Command { std: "docker" "create" "-v" "/var/lib/crater-agent-workspace/builds/worker-7-tc2/target:/opt/rustwide/target:rw,Z" "-v" "/var/lib/crater-agent-workspace/builds/worker-7-tc2/source:/opt/rustwide/workdir:ro,Z" "-v" "/var/lib/crater-agent-workspace/cargo-home:/opt/rustwide/cargo-home:ro,Z" "-v" "/var/lib/crater-agent-workspace/rustup-home:/opt/rustwide/rustup-home:ro,Z" "-e" "SOURCE_DIR=/opt/rustwide/workdir" "-e" "CARGO_TARGET_DIR=/opt/rustwide/target" "-e" "CARGO_INCREMENTAL=0" "-e" "RUST_BACKTRACE=full" "-e" "RUSTFLAGS=--cap-lints=warn" "-e" "RUSTDOCFLAGS=--cap-lints=warn" "-e" "CARGO_HOME=/opt/rustwide/cargo-home" "-e" "RUSTUP_HOME=/opt/rustwide/rustup-home" "-w" "/opt/rustwide/workdir" "-m" "1610612736" "--user" "0:0" "--network" "none" "ghcr.io/rust-lang/crates-build-env/linux@sha256:2788e3201cd34a07e3172128adcd8b3090168a8e3bcc40d7c032b9dda1df7d1c" "/opt/rustwide/cargo-home/bin/cargo" "+beta-2023-12-22" "build" "--frozen" "--message-format=json", kill_on_drop: false }`
[INFO] [stdout] 79f16838525a4e359710af46b5fa91b012e096df4f53665ad2dcbb579febd455
[INFO] running `Command { std: "docker" "start" "-a" "79f16838525a4e359710af46b5fa91b012e096df4f53665ad2dcbb579febd455", kill_on_drop: false }`
[INFO] [stderr]    Compiling mm_math v0.0.6
[INFO] [stdout] error[E0432]: unresolved imports `std::num::One`, `std::num::Zero`
[INFO] [stdout]  --> /opt/rustwide/cargo-home/registry/src/index.crates.io-6f17d22bba15001f/mm_math-0.0.6/src/vector.rs:6:3
[INFO] [stdout]   |
[INFO] [stdout] 6 |   One,
[INFO] [stdout]   |   ^^^ no `One` in `num`
[INFO] [stdout] 7 |   Zero,
[INFO] [stdout]   |   ^^^^ no `Zero` in `num`
[INFO] [stdout]   |
[INFO] [stdout]   = help: consider importing one of these items instead:
[INFO] [stdout]           std::num::FpCategory::Zero
[INFO] [stdout]           std::num::IntErrorKind::Zero
[INFO] [stdout] 
[INFO] [stdout] 
[INFO] [stdout] error[E0554]: `#![feature]` may not be used on the beta release channel
[INFO] [stdout]  --> /opt/rustwide/cargo-home/registry/src/index.crates.io-6f17d22bba15001f/mm_math-0.0.6/src/lib.rs:8:12
[INFO] [stdout]   |
[INFO] [stdout] 8 | #![feature(zero_one)]
[INFO] [stdout]   |            ^^^^^^^^
[INFO] [stdout] 
[INFO] [stdout] 
[INFO] [stdout] error[E0635]: unknown feature `zero_one`
[INFO] [stdout]  --> /opt/rustwide/cargo-home/registry/src/index.crates.io-6f17d22bba15001f/mm_math-0.0.6/src/lib.rs:8:12
[INFO] [stdout]   |
[INFO] [stdout] 8 | #![feature(zero_one)]
[INFO] [stdout]   |            ^^^^^^^^
[INFO] [stdout] 
[INFO] [stdout] 
[INFO] [stdout] error: aborting due to 3 previous errors
[INFO] [stdout] 
[INFO] [stdout] 
[INFO] [stdout] Some errors have detailed explanations: E0432, E0554, E0635.
[INFO] [stdout] 
[INFO] [stdout] For more information about an error, try `rustc --explain E0432`.
[INFO] [stdout] 
[INFO] [stderr] error: could not compile `mm_math` (lib) due to 4 previous errors
[INFO] running `Command { std: "docker" "inspect" "79f16838525a4e359710af46b5fa91b012e096df4f53665ad2dcbb579febd455", kill_on_drop: false }`
[INFO] running `Command { std: "docker" "rm" "-f" "79f16838525a4e359710af46b5fa91b012e096df4f53665ad2dcbb579febd455", kill_on_drop: false }`
[INFO] [stdout] 79f16838525a4e359710af46b5fa91b012e096df4f53665ad2dcbb579febd455
