[INFO] fetching crate mlsnd 0.1.1...
[INFO] testing mlsnd-0.1.1 against 1.75.0 for beta-1.76-1
[INFO] extracting crate mlsnd 0.1.1 into /workspace/builds/worker-1-tc1/source
[INFO] validating manifest of crates.io crate mlsnd 0.1.1 on toolchain 1.75.0
[INFO] running `Command { std: CARGO_HOME="/workspace/cargo-home" RUSTUP_HOME="/workspace/rustup-home" "/workspace/cargo-home/bin/cargo" "+1.75.0" "metadata" "--manifest-path" "Cargo.toml" "--no-deps", kill_on_drop: false }`
[INFO] started tweaking crates.io crate mlsnd 0.1.1
[INFO] finished tweaking crates.io crate mlsnd 0.1.1
[INFO] tweaked toml for crates.io crate mlsnd 0.1.1 written to /workspace/builds/worker-1-tc1/source/Cargo.toml
[INFO] running `Command { std: CARGO_HOME="/workspace/cargo-home" RUSTUP_HOME="/workspace/rustup-home" "/workspace/cargo-home/bin/cargo" "+1.75.0" "generate-lockfile" "--manifest-path" "Cargo.toml", kill_on_drop: false }`
[INFO] [stderr]     Updating crates.io index
[INFO] running `Command { std: CARGO_HOME="/workspace/cargo-home" RUSTUP_HOME="/workspace/rustup-home" "/workspace/cargo-home/bin/cargo" "+1.75.0" "fetch" "--manifest-path" "Cargo.toml", kill_on_drop: false }`
[INFO] [stderr]     Blocking waiting for file lock on package cache
[INFO] [stderr]  Downloading crates ...
[INFO] [stderr]   Downloaded clap-cargo v0.12.0
[INFO] [stderr]   Downloaded snapbox-macros v0.3.6
[INFO] [stderr]   Downloaded trycmd v0.14.19
[INFO] [stderr]   Downloaded moving-least-squares v0.1.0
[INFO] [stderr]   Downloaded os_pipe v1.1.5
[INFO] [stderr]   Downloaded cargo-release v0.24.12
[INFO] [stderr]   Downloaded git2 v0.17.2
[INFO] [stderr]   Downloaded libgit2-sys v0.15.2+1.6.4
[INFO] [stderr]   Downloaded snapbox v0.4.15
[INFO] running `Command { std: "docker" "create" "-v" "/var/lib/crater-agent-workspace/builds/worker-1-tc1/target:/opt/rustwide/target:rw,Z" "-v" "/var/lib/crater-agent-workspace/builds/worker-1-tc1/source:/opt/rustwide/workdir:ro,Z" "-v" "/var/lib/crater-agent-workspace/cargo-home:/opt/rustwide/cargo-home:ro,Z" "-v" "/var/lib/crater-agent-workspace/rustup-home:/opt/rustwide/rustup-home:ro,Z" "-e" "SOURCE_DIR=/opt/rustwide/workdir" "-e" "CARGO_TARGET_DIR=/opt/rustwide/target" "-e" "CARGO_HOME=/opt/rustwide/cargo-home" "-e" "RUSTUP_HOME=/opt/rustwide/rustup-home" "-w" "/opt/rustwide/workdir" "-m" "1610612736" "--user" "0:0" "--network" "none" "ghcr.io/rust-lang/crates-build-env/linux@sha256:2788e3201cd34a07e3172128adcd8b3090168a8e3bcc40d7c032b9dda1df7d1c" "/opt/rustwide/cargo-home/bin/cargo" "+1.75.0" "metadata" "--no-deps" "--format-version=1", kill_on_drop: false }`
[INFO] [stdout] 619fd0f634dea9627c591ee5f3b8154b11e5ff19dda35cc659e752866b7d5563
[INFO] running `Command { std: "docker" "start" "-a" "619fd0f634dea9627c591ee5f3b8154b11e5ff19dda35cc659e752866b7d5563", kill_on_drop: false }`
[INFO] running `Command { std: "docker" "inspect" "619fd0f634dea9627c591ee5f3b8154b11e5ff19dda35cc659e752866b7d5563", kill_on_drop: false }`
[INFO] running `Command { std: "docker" "rm" "-f" "619fd0f634dea9627c591ee5f3b8154b11e5ff19dda35cc659e752866b7d5563", kill_on_drop: false }`
[INFO] [stdout] 619fd0f634dea9627c591ee5f3b8154b11e5ff19dda35cc659e752866b7d5563
[INFO] running `Command { std: "docker" "create" "-v" "/var/lib/crater-agent-workspace/builds/worker-1-tc1/target:/opt/rustwide/target:rw,Z" "-v" "/var/lib/crater-agent-workspace/builds/worker-1-tc1/source:/opt/rustwide/workdir:ro,Z" "-v" "/var/lib/crater-agent-workspace/cargo-home:/opt/rustwide/cargo-home:ro,Z" "-v" "/var/lib/crater-agent-workspace/rustup-home:/opt/rustwide/rustup-home:ro,Z" "-e" "SOURCE_DIR=/opt/rustwide/workdir" "-e" "CARGO_TARGET_DIR=/opt/rustwide/target" "-e" "CARGO_INCREMENTAL=0" "-e" "RUST_BACKTRACE=full" "-e" "RUSTFLAGS=--cap-lints=warn" "-e" "RUSTDOCFLAGS=--cap-lints=warn" "-e" "CARGO_HOME=/opt/rustwide/cargo-home" "-e" "RUSTUP_HOME=/opt/rustwide/rustup-home" "-w" "/opt/rustwide/workdir" "-m" "1610612736" "--user" "0:0" "--network" "none" "ghcr.io/rust-lang/crates-build-env/linux@sha256:2788e3201cd34a07e3172128adcd8b3090168a8e3bcc40d7c032b9dda1df7d1c" "/opt/rustwide/cargo-home/bin/cargo" "+1.75.0" "build" "--frozen" "--message-format=json", kill_on_drop: false }`
[INFO] [stdout] 7daf1854abb74503e764645fc4295a1dd12a4af1a46a9cffd19a19e04e9e231c
[INFO] running `Command { std: "docker" "start" "-a" "7daf1854abb74503e764645fc4295a1dd12a4af1a46a9cffd19a19e04e9e231c", kill_on_drop: false }`
[INFO] [stderr]    Compiling num-traits v0.2.17
[INFO] [stderr]    Compiling num-integer v0.1.45
[INFO] [stderr]    Compiling paste v1.0.14
[INFO] [stderr]    Compiling bytemuck v1.14.0
[INFO] [stderr]    Compiling num-rational v0.4.1
[INFO] [stderr]    Compiling matrixmultiply v0.3.8
[INFO] [stderr]    Compiling thiserror v1.0.56
[INFO] [stderr]    Compiling rawpointer v0.2.1
[INFO] [stderr]    Compiling syn v2.0.48
[INFO] [stderr]    Compiling nalgebra-macros v0.2.1
[INFO] [stderr]    Compiling safe_arch v0.7.1
[INFO] [stderr]    Compiling wide v0.7.13
[INFO] [stderr]    Compiling num-complex v0.4.4
[INFO] [stderr]    Compiling approx v0.5.1
[INFO] [stderr]    Compiling simba v0.8.1
[INFO] [stderr]    Compiling thiserror-impl v1.0.56
[INFO] [stderr]    Compiling nalgebra v0.32.3
[INFO] [stderr]    Compiling mlsnd v0.1.1 (/opt/rustwide/workdir)
[INFO] [stderr]     Finished dev [unoptimized + debuginfo] target(s) in 17.07s
[INFO] running `Command { std: "docker" "inspect" "7daf1854abb74503e764645fc4295a1dd12a4af1a46a9cffd19a19e04e9e231c", kill_on_drop: false }`
[INFO] running `Command { std: "docker" "rm" "-f" "7daf1854abb74503e764645fc4295a1dd12a4af1a46a9cffd19a19e04e9e231c", kill_on_drop: false }`
[INFO] [stdout] 7daf1854abb74503e764645fc4295a1dd12a4af1a46a9cffd19a19e04e9e231c
[INFO] running `Command { std: "docker" "create" "-v" "/var/lib/crater-agent-workspace/builds/worker-1-tc1/target:/opt/rustwide/target:rw,Z" "-v" "/var/lib/crater-agent-workspace/builds/worker-1-tc1/source:/opt/rustwide/workdir:ro,Z" "-v" "/var/lib/crater-agent-workspace/cargo-home:/opt/rustwide/cargo-home:ro,Z" "-v" "/var/lib/crater-agent-workspace/rustup-home:/opt/rustwide/rustup-home:ro,Z" "-e" "SOURCE_DIR=/opt/rustwide/workdir" "-e" "CARGO_TARGET_DIR=/opt/rustwide/target" "-e" "CARGO_INCREMENTAL=0" "-e" "RUST_BACKTRACE=full" "-e" "RUSTFLAGS=--cap-lints=warn" "-e" "RUSTDOCFLAGS=--cap-lints=warn" "-e" "CARGO_HOME=/opt/rustwide/cargo-home" "-e" "RUSTUP_HOME=/opt/rustwide/rustup-home" "-w" "/opt/rustwide/workdir" "-m" "1610612736" "--user" "0:0" "--network" "none" "ghcr.io/rust-lang/crates-build-env/linux@sha256:2788e3201cd34a07e3172128adcd8b3090168a8e3bcc40d7c032b9dda1df7d1c" "/opt/rustwide/cargo-home/bin/cargo" "+1.75.0" "test" "--frozen" "--no-run" "--message-format=json", kill_on_drop: false }`
[INFO] [stdout] 0eee621cd27e625af1fc299fad66c761f1037f533083cee3ab6a8e878b7a857a
[INFO] running `Command { std: "docker" "start" "-a" "0eee621cd27e625af1fc299fad66c761f1037f533083cee3ab6a8e878b7a857a", kill_on_drop: false }`
[INFO] [stderr]    Compiling libc v0.2.151
[INFO] [stderr]    Compiling serde v1.0.194
[INFO] [stderr]    Compiling memchr v2.7.1
[INFO] [stderr]    Compiling pkg-config v0.3.28
[INFO] [stderr]    Compiling rustix v0.38.28
[INFO] [stderr]    Compiling vcpkg v0.2.15
[INFO] [stderr]    Compiling linux-raw-sys v0.4.12
[INFO] [stderr]    Compiling itoa v1.0.10
[INFO] [stderr]    Compiling ryu v1.0.16
[INFO] [stderr]    Compiling anstyle-parse v0.2.3
[INFO] [stderr]    Compiling anstyle-query v1.0.2
[INFO] [stderr]    Compiling serde_json v1.0.111
[INFO] [stderr]    Compiling syn v2.0.48
[INFO] [stderr]    Compiling hashbrown v0.14.3
[INFO] [stderr]    Compiling winnow v0.5.32
[INFO] [stderr]    Compiling semver v1.0.21
[INFO] [stderr]    Compiling percent-encoding v2.3.1
[INFO] [stderr]    Compiling camino v1.1.6
[INFO] [stderr]    Compiling unicode-bidi v0.3.14
[INFO] [stderr]    Compiling anstream v0.6.5
[INFO] [stderr]    Compiling form_urlencoded v1.2.1
[INFO] [stderr]    Compiling rayon v1.8.0
[INFO] [stderr]    Compiling indexmap v1.9.3
[INFO] [stderr]    Compiling unicode-width v0.1.11
[INFO] [stderr]    Compiling similar v2.4.0
[INFO] [stderr]    Compiling anyhow v1.0.79
[INFO] [stderr]    Compiling snapbox-macros v0.3.6
[INFO] [stderr]    Compiling dunce v1.0.4
[INFO] [stderr]    Compiling time-core v0.1.2
[INFO] [stderr]    Compiling openssl-probe v0.1.5
[INFO] [stderr]    Compiling idna v0.5.0
[INFO] [stderr]    Compiling powerfmt v0.2.0
[INFO] [stderr]    Compiling normalize-line-endings v0.3.0
[INFO] [stderr]    Compiling time-macros v0.2.16
[INFO] [stderr]    Compiling aho-corasick v1.1.2
[INFO] [stderr]    Compiling content_inspector v0.2.4
[INFO] [stderr]    Compiling indexmap v2.1.0
[INFO] [stderr]    Compiling deranged v0.3.11
[INFO] [stderr]    Compiling csv-core v0.1.11
[INFO] [stderr]    Compiling textwrap v0.11.0
[INFO] [stderr]    Compiling glob v0.3.1
[INFO] [stderr]    Compiling rustc-hash v1.1.0
[INFO] [stderr]    Compiling home v0.5.9
[INFO] [stderr]    Compiling url v2.5.0
[INFO] [stderr]    Compiling concolor-query v0.0.4
[INFO] [stderr]    Compiling criterion-plot v0.4.5
[INFO] [stderr]    Compiling clap v2.34.0
[INFO] [stderr]    Compiling jobserver v0.1.27
[INFO] [stderr]    Compiling atty v0.2.14
[INFO] [stderr]    Compiling wait-timeout v0.2.0
[INFO] [stderr]    Compiling os_pipe v1.1.5
[INFO] [stderr]    Compiling filetime v0.2.23
[INFO] [stderr]    Compiling dirs-sys-next v0.1.2
[INFO] [stderr]    Compiling cc v1.0.83
[INFO] [stderr]    Compiling dirs-next v2.0.0
[INFO] [stderr]    Compiling concolor-control v0.0.7
[INFO] [stderr]    Compiling plotters v0.3.5
[INFO] [stderr]    Compiling git-conventional v0.12.4
[INFO] [stderr]    Compiling difflib v0.4.0
[INFO] [stderr]    Compiling quick-error v2.0.1
[INFO] [stderr]    Compiling time v0.3.31
[INFO] [stderr]    Compiling openssl-src v300.2.1+3.2.0
[INFO] [stderr]    Compiling regex-automata v0.4.3
[INFO] [stderr]    Compiling openssl-sys v0.9.98
[INFO] [stderr]    Compiling libz-sys v1.1.12
[INFO] [stderr]    Compiling libgit2-sys v0.15.2+1.6.4
[INFO] [stderr]    Compiling terminal_size v0.3.0
[INFO] [stderr]    Compiling tempfile v3.9.0
[INFO] [stderr]    Compiling clap_builder v4.4.12
[INFO] [stderr]    Compiling is-terminal v0.4.10
[INFO] [stderr]    Compiling snapbox v0.4.15
[INFO] [stderr]    Compiling serde_derive v1.0.194
[INFO] [stderr]    Compiling thiserror-impl v1.0.56
[INFO] [stderr]    Compiling clap_derive v4.4.7
[INFO] [stderr]    Compiling bstr v1.9.0
[INFO] [stderr]    Compiling regex v1.10.2
[INFO] [stderr]    Compiling thiserror v1.0.56
[INFO] [stderr]    Compiling env_logger v0.10.1
[INFO] [stderr]    Compiling mlsnd v0.1.1 (/opt/rustwide/workdir)
[INFO] [stderr]    Compiling globset v0.4.14
[INFO] [stderr]    Compiling ignore v0.4.21
[INFO] [stderr]    Compiling clap v4.4.13
[INFO] [stderr]    Compiling toml_datetime v0.6.5
[INFO] [stderr]    Compiling serde_spanned v0.6.5
[INFO] [stderr]    Compiling cargo-platform v0.1.6
[INFO] [stderr]    Compiling humantime-serde v1.1.1
[INFO] [stderr]    Compiling smol_str v0.2.0
[INFO] [stderr]    Compiling hex v0.4.3
[INFO] [stderr]    Compiling csv v1.3.0
[INFO] [stderr]    Compiling serde_cbor v0.11.2
[INFO] [stderr]    Compiling toml_edit v0.19.15
[INFO] [stderr]    Compiling toml_edit v0.20.7
[INFO] [stderr]    Compiling cargo_metadata v0.17.0
[INFO] [stderr]    Compiling tinytemplate v1.2.1
[INFO] [stderr]    Compiling criterion v0.3.6
[INFO] [stderr]    Compiling trycmd v0.14.19
[INFO] [stderr]    Compiling toml v0.7.8
[INFO] [stderr]    Compiling clap-cargo v0.12.0
[INFO] [stderr]    Compiling git2 v0.17.2
[INFO] [stderr]    Compiling crates-index v0.19.13
[INFO] [stderr]    Compiling cargo-release v0.24.12
[INFO] [stdout] error[E0432]: unresolved import `moving_least_squares`
[INFO] [stdout]  --> src/testing.rs:1:5
[INFO] [stdout]   |
[INFO] [stdout] 1 | use moving_least_squares::deform_affine;
[INFO] [stdout]   |     ^^^^^^^^^^^^^^^^^^^^ use of undeclared crate or module `moving_least_squares`
[INFO] [stdout] 
[INFO] [stdout] 
[INFO] [stdout] error[E0433]: failed to resolve: use of undeclared crate or module `fastrand`
[INFO] [stdout]   --> src/testing.rs:96:5
[INFO] [stdout]    |
[INFO] [stdout] 96 |     fastrand::Rng::with_seed(1991)
[INFO] [stdout]    |     ^^^^^^^^ use of undeclared crate or module `fastrand`
[INFO] [stdout] 
[INFO] [stdout] 
[INFO] [stdout] error[E0433]: failed to resolve: use of undeclared crate or module `fastrand`
[INFO] [stdout]   --> src/testing.rs:65:71
[INFO] [stdout]    |
[INFO] [stdout] 65 | fn mean_point<const D: usize>(p1: &[f32; D], p2: &[f32; D], rng: &mut fastrand::Rng) -> [f32; D] {
[INFO] [stdout]    |                                                                       ^^^^^^^^ use of undeclared crate or module `fastrand`
[INFO] [stdout] 
[INFO] [stdout] 
[INFO] [stdout] error[E0433]: failed to resolve: use of undeclared crate or module `fastrand`
[INFO] [stdout]   --> src/testing.rs:84:15
[INFO] [stdout]    |
[INFO] [stdout] 84 |     rng: &mut fastrand::Rng,
[INFO] [stdout]    |               ^^^^^^^^ use of undeclared crate or module `fastrand`
[INFO] [stdout] 
[INFO] [stdout] 
[INFO] [stdout] error[E0433]: failed to resolve: use of undeclared crate or module `fastrand`
[INFO] [stdout]   --> src/testing.rs:95:22
[INFO] [stdout]    |
[INFO] [stdout] 95 | pub fn make_rng() -> fastrand::Rng {
[INFO] [stdout]    |                      ^^^^^^^^ use of undeclared crate or module `fastrand`
[INFO] [stdout] 
[INFO] [stdout] 
[INFO] [stdout] error: aborting due to 5 previous errors
[INFO] [stdout] 
[INFO] [stdout] 
[INFO] [stdout] Some errors have detailed explanations: E0432, E0433.
[INFO] [stdout] 
[INFO] [stdout] For more information about an error, try `rustc --explain E0432`.
[INFO] [stdout] 
[INFO] [stderr] error: could not compile `mlsnd` (lib test) due to 6 previous errors
[INFO] running `Command { std: "docker" "inspect" "0eee621cd27e625af1fc299fad66c761f1037f533083cee3ab6a8e878b7a857a", kill_on_drop: false }`
[INFO] running `Command { std: "docker" "rm" "-f" "0eee621cd27e625af1fc299fad66c761f1037f533083cee3ab6a8e878b7a857a", kill_on_drop: false }`
[INFO] [stdout] 0eee621cd27e625af1fc299fad66c761f1037f533083cee3ab6a8e878b7a857a
