[INFO] fetching crate mixturs 0.1.0...
[INFO] testing mixturs-0.1.0 against 1.75.0 for beta-1.76-1
[INFO] extracting crate mixturs 0.1.0 into /workspace/builds/worker-7-tc1/source
[INFO] validating manifest of crates.io crate mixturs 0.1.0 on toolchain 1.75.0
[INFO] running `Command { std: CARGO_HOME="/workspace/cargo-home" RUSTUP_HOME="/workspace/rustup-home" "/workspace/cargo-home/bin/cargo" "+1.75.0" "metadata" "--manifest-path" "Cargo.toml" "--no-deps", kill_on_drop: false }`
[INFO] started tweaking crates.io crate mixturs 0.1.0
[INFO] removed 0 missing examples
[INFO] finished tweaking crates.io crate mixturs 0.1.0
[INFO] tweaked toml for crates.io crate mixturs 0.1.0 written to /workspace/builds/worker-7-tc1/source/Cargo.toml
[INFO] crate crates.io crate mixturs 0.1.0 already has a lockfile, it will not be regenerated
[INFO] running `Command { std: CARGO_HOME="/workspace/cargo-home" RUSTUP_HOME="/workspace/rustup-home" "/workspace/cargo-home/bin/cargo" "+1.75.0" "fetch" "--manifest-path" "Cargo.toml", kill_on_drop: false }`
[INFO] [stderr]     Updating crates.io index
[INFO] [stderr]  Downloading crates ...
[INFO] [stderr]   Downloaded thiserror v1.0.35
[INFO] [stderr]   Downloaded plotters-bitmap v0.3.2
[INFO] [stderr]   Downloaded simba v0.7.2
[INFO] [stderr]   Downloaded pest v2.3.1
[INFO] [stderr]   Downloaded nalgebra v0.31.1
[INFO] [stderr]   Downloaded itertools v0.10.4
[INFO] [stderr]   Downloaded wide v0.7.4
[INFO] [stderr]   Downloaded iana-time-zone v0.1.48
[INFO] [stderr]   Downloaded pathfinder_simd v0.5.1
[INFO] [stderr]   Downloaded thiserror-impl v1.0.35
[INFO] [stderr]   Downloaded libm v0.2.5
[INFO] [stderr]   Downloaded statrs-fork v0.17.0
[INFO] running `Command { std: "docker" "create" "-v" "/var/lib/crater-agent-workspace/builds/worker-7-tc1/target:/opt/rustwide/target:rw,Z" "-v" "/var/lib/crater-agent-workspace/builds/worker-7-tc1/source:/opt/rustwide/workdir:ro,Z" "-v" "/var/lib/crater-agent-workspace/cargo-home:/opt/rustwide/cargo-home:ro,Z" "-v" "/var/lib/crater-agent-workspace/rustup-home:/opt/rustwide/rustup-home:ro,Z" "-e" "SOURCE_DIR=/opt/rustwide/workdir" "-e" "CARGO_TARGET_DIR=/opt/rustwide/target" "-e" "CARGO_HOME=/opt/rustwide/cargo-home" "-e" "RUSTUP_HOME=/opt/rustwide/rustup-home" "-w" "/opt/rustwide/workdir" "-m" "1610612736" "--user" "0:0" "--network" "none" "ghcr.io/rust-lang/crates-build-env/linux@sha256:2788e3201cd34a07e3172128adcd8b3090168a8e3bcc40d7c032b9dda1df7d1c" "/opt/rustwide/cargo-home/bin/cargo" "+1.75.0" "metadata" "--no-deps" "--format-version=1", kill_on_drop: false }`
[INFO] [stdout] 2e85eab0adaeec3e238083a4c6074abb32650082cf317d22e081221803c24709
[INFO] running `Command { std: "docker" "start" "-a" "2e85eab0adaeec3e238083a4c6074abb32650082cf317d22e081221803c24709", kill_on_drop: false }`
[INFO] running `Command { std: "docker" "inspect" "2e85eab0adaeec3e238083a4c6074abb32650082cf317d22e081221803c24709", kill_on_drop: false }`
[INFO] running `Command { std: "docker" "rm" "-f" "2e85eab0adaeec3e238083a4c6074abb32650082cf317d22e081221803c24709", kill_on_drop: false }`
[INFO] [stdout] 2e85eab0adaeec3e238083a4c6074abb32650082cf317d22e081221803c24709
[INFO] running `Command { std: "docker" "create" "-v" "/var/lib/crater-agent-workspace/builds/worker-7-tc1/target:/opt/rustwide/target:rw,Z" "-v" "/var/lib/crater-agent-workspace/builds/worker-7-tc1/source:/opt/rustwide/workdir:ro,Z" "-v" "/var/lib/crater-agent-workspace/cargo-home:/opt/rustwide/cargo-home:ro,Z" "-v" "/var/lib/crater-agent-workspace/rustup-home:/opt/rustwide/rustup-home:ro,Z" "-e" "SOURCE_DIR=/opt/rustwide/workdir" "-e" "CARGO_TARGET_DIR=/opt/rustwide/target" "-e" "CARGO_INCREMENTAL=0" "-e" "RUST_BACKTRACE=full" "-e" "RUSTFLAGS=--cap-lints=warn" "-e" "RUSTDOCFLAGS=--cap-lints=warn" "-e" "CARGO_HOME=/opt/rustwide/cargo-home" "-e" "RUSTUP_HOME=/opt/rustwide/rustup-home" "-w" "/opt/rustwide/workdir" "-m" "1610612736" "--user" "0:0" "--network" "none" "ghcr.io/rust-lang/crates-build-env/linux@sha256:2788e3201cd34a07e3172128adcd8b3090168a8e3bcc40d7c032b9dda1df7d1c" "/opt/rustwide/cargo-home/bin/cargo" "+1.75.0" "build" "--frozen" "--message-format=json", kill_on_drop: false }`
[INFO] [stdout] fc0f9bc31a6f397fdc874ddf28efe084a205d24e01e840bf6b74a526a01a30d1
[INFO] running `Command { std: "docker" "start" "-a" "fc0f9bc31a6f397fdc874ddf28efe084a205d24e01e840bf6b74a526a01a30d1", kill_on_drop: false }`
[INFO] [stderr]    Compiling libc v0.2.132
[INFO] [stderr]    Compiling proc-macro2 v1.0.43
[INFO] [stderr]    Compiling unicode-ident v1.0.4
[INFO] [stderr]    Compiling quote v1.0.21
[INFO] [stderr]    Compiling syn v1.0.99
[INFO] [stderr]    Compiling libm v0.2.5
[INFO] [stderr]    Compiling num-traits v0.2.15
[INFO] [stderr]    Compiling thiserror v1.0.35
[INFO] [stderr]    Compiling ucd-trie v0.1.5
[INFO] [stderr]    Compiling pkg-config v0.3.25
[INFO] [stderr]    Compiling num-integer v0.1.45
[INFO] [stderr]    Compiling once_cell v1.14.0
[INFO] [stderr]    Compiling bytemuck v1.12.1
[INFO] [stderr]    Compiling crc32fast v1.3.2
[INFO] [stderr]    Compiling cc v1.0.73
[INFO] [stderr]    Compiling crossbeam-utils v0.8.11
[INFO] [stderr]    Compiling miniz_oxide v0.5.4
[INFO] [stderr]    Compiling crossbeam-epoch v0.9.10
[INFO] [stderr]    Compiling ppv-lite86 v0.2.16
[INFO] [stderr]    Compiling safe_arch v0.6.0
[INFO] [stderr]    Compiling libloading v0.7.3
[INFO] [stderr]    Compiling rayon-core v1.9.3
[INFO] [stderr]    Compiling color_quant v1.1.0
[INFO] [stderr]    Compiling scopeguard v1.1.0
[INFO] [stderr]    Compiling typenum v1.15.0
[INFO] [stderr]    Compiling dlib v0.5.0
[INFO] [stderr]    Compiling paste v1.0.9
[INFO] [stderr]    Compiling font-kit v0.11.0
[INFO] [stderr]    Compiling const-cstr v0.3.0
[INFO] [stderr]    Compiling weezl v0.1.7
[INFO] [stderr]    Compiling cmake v0.1.48
[INFO] [stderr]    Compiling flate2 v1.0.24
[INFO] [stderr]    Compiling jpeg-decoder v0.2.6
[INFO] [stderr]    Compiling yeslogic-fontconfig-sys v3.2.0
[INFO] [stderr]    Compiling plotters-backend v0.3.4
[INFO] [stderr]    Compiling matrixmultiply v0.3.2
[INFO] [stderr]    Compiling getrandom v0.2.7
[INFO] [stderr]    Compiling dirs-sys-next v0.1.2
[INFO] [stderr]    Compiling png v0.17.6
[INFO] [stderr]    Compiling rand_core v0.6.4
[INFO] [stderr]    Compiling wide v0.7.4
[INFO] [stderr]    Compiling dirs-next v2.0.0
[INFO] [stderr]    Compiling gif v0.11.4
[INFO] [stderr]    Compiling crossbeam-deque v0.8.2
[INFO] [stderr]    Compiling rand_chacha v0.3.1
[INFO] [stderr]    Compiling time v0.1.44
[INFO] [stderr]    Compiling freetype-sys v0.13.1
[INFO] [stderr]    Compiling num_cpus v1.13.1
[INFO] [stderr]    Compiling crossbeam-channel v0.5.6
[INFO] [stderr]    Compiling walkdir v2.3.2
[INFO] [stderr]    Compiling rayon v1.5.3
[INFO] [stderr]    Compiling float-ord v0.2.0
[INFO] [stderr]    Compiling rand v0.8.5
[INFO] [stderr]    Compiling iana-time-zone v0.1.48
[INFO] [stderr]    Compiling either v1.8.0
[INFO] [stderr]    Compiling num-complex v0.4.2
[INFO] [stderr]    Compiling approx v0.5.1
[INFO] [stderr]    Compiling plotters-svg v0.3.3
[INFO] [stderr]    Compiling ttf-parser v0.15.2
[INFO] [stderr]    Compiling itertools v0.10.4
[INFO] [stderr]    Compiling num-rational v0.4.1
[INFO] [stderr]    Compiling freetype v0.7.0
[INFO] [stderr]    Compiling chrono v0.4.22
[INFO] [stderr]    Compiling rand_distr v0.4.3
[INFO] [stderr]    Compiling simba v0.7.2
[INFO] [stderr]    Compiling image v0.24.3
[INFO] [stderr]    Compiling plotters-bitmap v0.3.2
[INFO] [stderr]    Compiling thiserror-impl v1.0.35
[INFO] [stderr]    Compiling nalgebra-macros v0.1.0
[INFO] [stderr]    Compiling pest v2.3.1
[INFO] [stderr]    Compiling semver-parser v0.10.2
[INFO] [stderr]    Compiling semver v0.11.0
[INFO] [stderr]    Compiling rustc_version v0.3.3
[INFO] [stderr]    Compiling pathfinder_simd v0.5.1
[INFO] [stderr]    Compiling pathfinder_geometry v0.5.1
[INFO] [stderr]    Compiling nalgebra v0.31.1
[INFO] [stderr]    Compiling plotters v0.3.4
[INFO] [stderr]    Compiling statrs-fork v0.17.0
[INFO] [stderr]    Compiling mixturs v0.1.0 (/opt/rustwide/workdir)
[INFO] [stdout] warning: unused import: `DMatrix`
[INFO] [stdout]  --> src/stats/batch_mvn.rs:1:34
[INFO] [stdout]   |
[INFO] [stdout] 1 | use nalgebra::{DefaultAllocator, DMatrix, DVector, Dynamic, Matrix, StorageMut};
[INFO] [stdout]   |                                  ^^^^^^^
[INFO] [stdout]   |
[INFO] [stdout]   = note: `#[warn(unused_imports)]` on by default
[INFO] [stdout] 
[INFO] [stdout] 
[INFO] [stdout] warning: 1 warning emitted
[INFO] [stdout] 
[INFO] [stdout] 
[INFO] [stderr]     Finished dev [unoptimized + debuginfo] target(s) in 24.31s
[INFO] running `Command { std: "docker" "inspect" "fc0f9bc31a6f397fdc874ddf28efe084a205d24e01e840bf6b74a526a01a30d1", kill_on_drop: false }`
[INFO] running `Command { std: "docker" "rm" "-f" "fc0f9bc31a6f397fdc874ddf28efe084a205d24e01e840bf6b74a526a01a30d1", kill_on_drop: false }`
[INFO] [stdout] fc0f9bc31a6f397fdc874ddf28efe084a205d24e01e840bf6b74a526a01a30d1
[INFO] running `Command { std: "docker" "create" "-v" "/var/lib/crater-agent-workspace/builds/worker-7-tc1/target:/opt/rustwide/target:rw,Z" "-v" "/var/lib/crater-agent-workspace/builds/worker-7-tc1/source:/opt/rustwide/workdir:ro,Z" "-v" "/var/lib/crater-agent-workspace/cargo-home:/opt/rustwide/cargo-home:ro,Z" "-v" "/var/lib/crater-agent-workspace/rustup-home:/opt/rustwide/rustup-home:ro,Z" "-e" "SOURCE_DIR=/opt/rustwide/workdir" "-e" "CARGO_TARGET_DIR=/opt/rustwide/target" "-e" "CARGO_INCREMENTAL=0" "-e" "RUST_BACKTRACE=full" "-e" "RUSTFLAGS=--cap-lints=warn" "-e" "RUSTDOCFLAGS=--cap-lints=warn" "-e" "CARGO_HOME=/opt/rustwide/cargo-home" "-e" "RUSTUP_HOME=/opt/rustwide/rustup-home" "-w" "/opt/rustwide/workdir" "-m" "1610612736" "--user" "0:0" "--network" "none" "ghcr.io/rust-lang/crates-build-env/linux@sha256:2788e3201cd34a07e3172128adcd8b3090168a8e3bcc40d7c032b9dda1df7d1c" "/opt/rustwide/cargo-home/bin/cargo" "+1.75.0" "test" "--frozen" "--no-run" "--message-format=json", kill_on_drop: false }`
[INFO] [stdout] 73b15ffd72de190124e566844cc5688fdb9f975449e5cc56bc145a836fd81358
[INFO] running `Command { std: "docker" "start" "-a" "73b15ffd72de190124e566844cc5688fdb9f975449e5cc56bc145a836fd81358", kill_on_drop: false }`
[INFO] [stderr]    Compiling serde v1.0.144
[INFO] [stderr]    Compiling memchr v2.5.0
[INFO] [stderr]    Compiling ryu v1.0.11
[INFO] [stderr]    Compiling serde_json v1.0.85
[INFO] [stderr]    Compiling regex-automata v0.1.10
[INFO] [stderr]    Compiling itoa v1.0.3
[INFO] [stderr]    Compiling serde_derive v1.0.144
[INFO] [stderr]    Compiling unicode-width v0.1.10
[INFO] [stdout] warning: unused import: `DMatrix`
[INFO] [stdout]  --> src/stats/batch_mvn.rs:1:34
[INFO] [stdout]   |
[INFO] [stdout] 1 | use nalgebra::{DefaultAllocator, DMatrix, DVector, Dynamic, Matrix, StorageMut};
[INFO] [stdout]   |                                  ^^^^^^^
[INFO] [stdout]   |
[INFO] [stdout]   = note: `#[warn(unused_imports)]` on by default
[INFO] [stdout] 
[INFO] [stdout] 
[INFO] [stdout] warning: 1 warning emitted
[INFO] [stdout] 
[INFO] [stdout] 
[INFO] [stderr]    Compiling regex-syntax v0.6.27
[INFO] [stderr]    Compiling itoa v0.4.8
[INFO] [stderr]    Compiling criterion-plot v0.4.5
[INFO] [stderr]    Compiling atty v0.2.14
[INFO] [stderr]    Compiling textwrap v0.11.0
[INFO] [stderr]    Compiling clap v2.34.0
[INFO] [stderr]    Compiling csv-core v0.1.10
[INFO] [stderr]    Compiling regex v1.6.0
[INFO] [stderr]    Compiling bstr v0.2.17
[INFO] [stderr]    Compiling serde_cbor v0.11.2
[INFO] [stderr]    Compiling bincode v1.3.3
[INFO] [stderr]    Compiling csv v1.1.6
[INFO] [stderr]    Compiling tinytemplate v1.2.1
[INFO] [stderr]    Compiling criterion v0.3.6
[INFO] [stderr]    Compiling mixturs v0.1.0 (/opt/rustwide/workdir)
[INFO] [stdout] warning: unused import: `DMatrix`
[INFO] [stdout]  --> src/stats/batch_mvn.rs:1:34
[INFO] [stdout]   |
[INFO] [stdout] 1 | use nalgebra::{DefaultAllocator, DMatrix, DVector, Dynamic, Matrix, StorageMut};
[INFO] [stdout]   |                                  ^^^^^^^
[INFO] [stdout]   |
[INFO] [stdout]   = note: `#[warn(unused_imports)]` on by default
[INFO] [stdout] 
[INFO] [stdout] 
[INFO] [stdout] error[E0277]: the trait bound `for<'de> Matrix<f64, Dynamic, Dynamic, VecStorage<f64, Dynamic, Dynamic>>: serde::de::Deserialize<'de>` is not satisfied
[INFO] [stdout]    --> examples/plot_data.rs:14:27
[INFO] [stdout]     |
[INFO] [stdout] 14  |     let x: DMatrix<f64> = deserialize_from(&mut f).unwrap();
[INFO] [stdout]     |                           ^^^^^^^^^^^^^^^^ the trait `for<'de> serde::de::Deserialize<'de>` is not implemented for `Matrix<f64, Dynamic, Dynamic, VecStorage<f64, Dynamic, Dynamic>>`
[INFO] [stdout]     |
[INFO] [stdout]     = help: the following other types implement trait `serde::de::Deserialize<'de>`:
[INFO] [stdout]               bool
[INFO] [stdout]               char
[INFO] [stdout]               isize
[INFO] [stdout]               i8
[INFO] [stdout]               i16
[INFO] [stdout]               i32
[INFO] [stdout]               i64
[INFO] [stdout]               i128
[INFO] [stdout]             and 124 others
[INFO] [stdout]     = note: required for `Matrix<f64, Dynamic, Dynamic, VecStorage<f64, Dynamic, Dynamic>>` to implement `serde::de::DeserializeOwned`
[INFO] [stdout] note: required by a bound in `bincode::deserialize_from`
[INFO] [stdout]    --> /opt/rustwide/cargo-home/registry/src/index.crates.io-6f17d22bba15001f/bincode-1.3.3/src/lib.rs:127:8
[INFO] [stdout]     |
[INFO] [stdout] 124 | pub fn deserialize_from<R, T>(reader: R) -> Result<T>
[INFO] [stdout]     |        ---------------- required by a bound in this function
[INFO] [stdout] ...
[INFO] [stdout] 127 |     T: serde::de::DeserializeOwned,
[INFO] [stdout]     |        ^^^^^^^^^^^^^^^^^^^^^^^^^^^ required by this bound in `deserialize_from`
[INFO] [stdout] 
[INFO] [stdout] 
[INFO] [stdout] error[E0277]: the trait bound `for<'de> Matrix<usize, Const<1>, Dynamic, VecStorage<usize, Const<1>, Dynamic>>: serde::de::Deserialize<'de>` is not satisfied
[INFO] [stdout]    --> examples/plot_data.rs:16:32
[INFO] [stdout]     |
[INFO] [stdout] 16  |     let y: RowDVector<usize> = deserialize_from(&mut f).unwrap();
[INFO] [stdout]     |                                ^^^^^^^^^^^^^^^^ the trait `for<'de> serde::de::Deserialize<'de>` is not implemented for `Matrix<usize, Const<1>, Dynamic, VecStorage<usize, Const<1>, Dynamic>>`
[INFO] [stdout]     |
[INFO] [stdout]     = help: the following other types implement trait `serde::de::Deserialize<'de>`:
[INFO] [stdout]               bool
[INFO] [stdout]               char
[INFO] [stdout]               isize
[INFO] [stdout]               i8
[INFO] [stdout]               i16
[INFO] [stdout]               i32
[INFO] [stdout]               i64
[INFO] [stdout]               i128
[INFO] [stdout]             and 124 others
[INFO] [stdout]     = note: required for `Matrix<usize, Const<1>, Dynamic, VecStorage<usize, Const<1>, Dynamic>>` to implement `serde::de::DeserializeOwned`
[INFO] [stdout] note: required by a bound in `bincode::deserialize_from`
[INFO] [stdout]    --> /opt/rustwide/cargo-home/registry/src/index.crates.io-6f17d22bba15001f/bincode-1.3.3/src/lib.rs:127:8
[INFO] [stdout]     |
[INFO] [stdout] 124 | pub fn deserialize_from<R, T>(reader: R) -> Result<T>
[INFO] [stdout]     |        ---------------- required by a bound in this function
[INFO] [stdout] ...
[INFO] [stdout] 127 |     T: serde::de::DeserializeOwned,
[INFO] [stdout]     |        ^^^^^^^^^^^^^^^^^^^^^^^^^^^ required by this bound in `deserialize_from`
[INFO] [stdout] 
[INFO] [stdout] 
[INFO] [stdout] error: aborting due to 2 previous errors
[INFO] [stdout] 
[INFO] [stdout] 
[INFO] [stdout] For more information about this error, try `rustc --explain E0277`.
[INFO] [stdout] 
[INFO] [stderr] error: could not compile `mixturs` (example "plot_data") due to 3 previous errors
[INFO] [stderr] warning: build failed, waiting for other jobs to finish...
[INFO] [stdout] warning: 1 warning emitted
[INFO] [stdout] 
[INFO] [stdout] 
[INFO] running `Command { std: "docker" "inspect" "73b15ffd72de190124e566844cc5688fdb9f975449e5cc56bc145a836fd81358", kill_on_drop: false }`
[INFO] running `Command { std: "docker" "rm" "-f" "73b15ffd72de190124e566844cc5688fdb9f975449e5cc56bc145a836fd81358", kill_on_drop: false }`
[INFO] [stdout] 73b15ffd72de190124e566844cc5688fdb9f975449e5cc56bc145a836fd81358
[INFO] testing mixturs-0.1.0 against beta-2023-12-22 for beta-1.76-1
[INFO] extracting crate mixturs 0.1.0 into /workspace/builds/worker-7-tc2/source
[INFO] validating manifest of crates.io crate mixturs 0.1.0 on toolchain beta-2023-12-22
[INFO] running `Command { std: CARGO_HOME="/workspace/cargo-home" RUSTUP_HOME="/workspace/rustup-home" "/workspace/cargo-home/bin/cargo" "+beta-2023-12-22" "metadata" "--manifest-path" "Cargo.toml" "--no-deps", kill_on_drop: false }`
[INFO] started tweaking crates.io crate mixturs 0.1.0
[INFO] removed 0 missing examples
[INFO] finished tweaking crates.io crate mixturs 0.1.0
[INFO] tweaked toml for crates.io crate mixturs 0.1.0 written to /workspace/builds/worker-7-tc2/source/Cargo.toml
[INFO] crate crates.io crate mixturs 0.1.0 already has a lockfile, it will not be regenerated
[INFO] running `Command { std: CARGO_HOME="/workspace/cargo-home" RUSTUP_HOME="/workspace/rustup-home" "/workspace/cargo-home/bin/cargo" "+beta-2023-12-22" "fetch" "--manifest-path" "Cargo.toml", kill_on_drop: false }`
[INFO] running `Command { std: "docker" "create" "-v" "/var/lib/crater-agent-workspace/builds/worker-7-tc2/target:/opt/rustwide/target:rw,Z" "-v" "/var/lib/crater-agent-workspace/builds/worker-7-tc2/source:/opt/rustwide/workdir:ro,Z" "-v" "/var/lib/crater-agent-workspace/cargo-home:/opt/rustwide/cargo-home:ro,Z" "-v" "/var/lib/crater-agent-workspace/rustup-home:/opt/rustwide/rustup-home:ro,Z" "-e" "SOURCE_DIR=/opt/rustwide/workdir" "-e" "CARGO_TARGET_DIR=/opt/rustwide/target" "-e" "CARGO_HOME=/opt/rustwide/cargo-home" "-e" "RUSTUP_HOME=/opt/rustwide/rustup-home" "-w" "/opt/rustwide/workdir" "-m" "1610612736" "--user" "0:0" "--network" "none" "ghcr.io/rust-lang/crates-build-env/linux@sha256:2788e3201cd34a07e3172128adcd8b3090168a8e3bcc40d7c032b9dda1df7d1c" "/opt/rustwide/cargo-home/bin/cargo" "+beta-2023-12-22" "metadata" "--no-deps" "--format-version=1", kill_on_drop: false }`
[INFO] [stdout] d855695100557929ceb79e2a6620b73c69758add157a965e856512cac59e18e9
[INFO] running `Command { std: "docker" "start" "-a" "d855695100557929ceb79e2a6620b73c69758add157a965e856512cac59e18e9", kill_on_drop: false }`
[INFO] running `Command { std: "docker" "inspect" "d855695100557929ceb79e2a6620b73c69758add157a965e856512cac59e18e9", kill_on_drop: false }`
[INFO] running `Command { std: "docker" "rm" "-f" "d855695100557929ceb79e2a6620b73c69758add157a965e856512cac59e18e9", kill_on_drop: false }`
[INFO] [stdout] d855695100557929ceb79e2a6620b73c69758add157a965e856512cac59e18e9
[INFO] running `Command { std: "docker" "create" "-v" "/var/lib/crater-agent-workspace/builds/worker-7-tc2/target:/opt/rustwide/target:rw,Z" "-v" "/var/lib/crater-agent-workspace/builds/worker-7-tc2/source:/opt/rustwide/workdir:ro,Z" "-v" "/var/lib/crater-agent-workspace/cargo-home:/opt/rustwide/cargo-home:ro,Z" "-v" "/var/lib/crater-agent-workspace/rustup-home:/opt/rustwide/rustup-home:ro,Z" "-e" "SOURCE_DIR=/opt/rustwide/workdir" "-e" "CARGO_TARGET_DIR=/opt/rustwide/target" "-e" "CARGO_INCREMENTAL=0" "-e" "RUST_BACKTRACE=full" "-e" "RUSTFLAGS=--cap-lints=warn" "-e" "RUSTDOCFLAGS=--cap-lints=warn" "-e" "CARGO_HOME=/opt/rustwide/cargo-home" "-e" "RUSTUP_HOME=/opt/rustwide/rustup-home" "-w" "/opt/rustwide/workdir" "-m" "1610612736" "--user" "0:0" "--network" "none" "ghcr.io/rust-lang/crates-build-env/linux@sha256:2788e3201cd34a07e3172128adcd8b3090168a8e3bcc40d7c032b9dda1df7d1c" "/opt/rustwide/cargo-home/bin/cargo" "+beta-2023-12-22" "build" "--frozen" "--message-format=json", kill_on_drop: false }`
[INFO] [stdout] 64587681733e42fe6a193914d6dc30a6127ea505fe3fbac3f195eca3b2f202f5
[INFO] running `Command { std: "docker" "start" "-a" "64587681733e42fe6a193914d6dc30a6127ea505fe3fbac3f195eca3b2f202f5", kill_on_drop: false }`
[INFO] [stderr]    Compiling libc v0.2.132
[INFO] [stderr]    Compiling proc-macro2 v1.0.43
[INFO] [stderr]    Compiling unicode-ident v1.0.4
[INFO] [stderr]    Compiling quote v1.0.21
[INFO] [stderr]    Compiling syn v1.0.99
[INFO] [stderr]    Compiling libm v0.2.5
[INFO] [stderr]    Compiling num-traits v0.2.15
[INFO] [stderr]    Compiling thiserror v1.0.35
[INFO] [stderr]    Compiling ucd-trie v0.1.5
[INFO] [stderr]    Compiling pkg-config v0.3.25
[INFO] [stderr]    Compiling num-integer v0.1.45
[INFO] [stderr]    Compiling once_cell v1.14.0
[INFO] [stderr]    Compiling bytemuck v1.12.1
[INFO] [stderr]    Compiling crossbeam-utils v0.8.11
[INFO] [stderr]    Compiling cc v1.0.73
[INFO] [stderr]    Compiling crc32fast v1.3.2
[INFO] [stderr]    Compiling miniz_oxide v0.5.4
[INFO] [stderr]    Compiling crossbeam-epoch v0.9.10
[INFO] [stderr]    Compiling ppv-lite86 v0.2.16
[INFO] [stderr]    Compiling safe_arch v0.6.0
[INFO] [stderr]    Compiling libloading v0.7.3
[INFO] [stderr]    Compiling color_quant v1.1.0
[INFO] [stderr]    Compiling scopeguard v1.1.0
[INFO] [stderr]    Compiling typenum v1.15.0
[INFO] [stderr]    Compiling cmake v0.1.48
[INFO] [stderr]    Compiling rayon-core v1.9.3
[INFO] [stderr]    Compiling dlib v0.5.0
[INFO] [stderr]    Compiling jpeg-decoder v0.2.6
[INFO] [stderr]    Compiling yeslogic-fontconfig-sys v3.2.0
[INFO] [stderr]    Compiling const-cstr v0.3.0
[INFO] [stderr]    Compiling font-kit v0.11.0
[INFO] [stderr]    Compiling weezl v0.1.7
[INFO] [stderr]    Compiling plotters-backend v0.3.4
[INFO] [stderr]    Compiling flate2 v1.0.24
[INFO] [stderr]    Compiling getrandom v0.2.7
[INFO] [stderr]    Compiling dirs-sys-next v0.1.2
[INFO] [stderr]    Compiling wide v0.7.4
[INFO] [stderr]    Compiling paste v1.0.9
[INFO] [stderr]    Compiling rand_core v0.6.4
[INFO] [stderr]    Compiling matrixmultiply v0.3.2
[INFO] [stderr]    Compiling crossbeam-deque v0.8.2
[INFO] [stderr]    Compiling dirs-next v2.0.0
[INFO] [stderr]    Compiling time v0.1.44
[INFO] [stderr]    Compiling num_cpus v1.13.1
[INFO] [stderr]    Compiling gif v0.11.4
[INFO] [stderr]    Compiling freetype-sys v0.13.1
[INFO] [stderr]    Compiling rand_chacha v0.3.1
[INFO] [stderr]    Compiling png v0.17.6
[INFO] [stderr]    Compiling walkdir v2.3.2
[INFO] [stderr]    Compiling crossbeam-channel v0.5.6
[INFO] [stderr]    Compiling rayon v1.5.3
[INFO] [stderr]    Compiling approx v0.5.1
[INFO] [stderr]    Compiling num-complex v0.4.2
[INFO] [stderr]    Compiling rand v0.8.5
[INFO] [stderr]    Compiling float-ord v0.2.0
[INFO] [stderr]    Compiling either v1.8.0
[INFO] [stderr]    Compiling iana-time-zone v0.1.48
[INFO] [stderr]    Compiling plotters-svg v0.3.3
[INFO] [stderr]    Compiling num-rational v0.4.1
[INFO] [stderr]    Compiling chrono v0.4.22
[INFO] [stderr]    Compiling freetype v0.7.0
[INFO] [stderr]    Compiling ttf-parser v0.15.2
[INFO] [stderr]    Compiling itertools v0.10.4
[INFO] [stderr]    Compiling simba v0.7.2
[INFO] [stderr]    Compiling image v0.24.3
[INFO] [stderr]    Compiling rand_distr v0.4.3
[INFO] [stderr]    Compiling plotters-bitmap v0.3.2
[INFO] [stderr]    Compiling thiserror-impl v1.0.35
[INFO] [stderr]    Compiling nalgebra-macros v0.1.0
[INFO] [stderr]    Compiling pest v2.3.1
[INFO] [stderr]    Compiling semver-parser v0.10.2
[INFO] [stderr]    Compiling semver v0.11.0
[INFO] [stderr]    Compiling rustc_version v0.3.3
[INFO] [stderr]    Compiling pathfinder_simd v0.5.1
[INFO] [stderr]    Compiling pathfinder_geometry v0.5.1
[INFO] [stderr]    Compiling plotters v0.3.4
[INFO] [stderr]    Compiling nalgebra v0.31.1
[INFO] [stderr]    Compiling statrs-fork v0.17.0
[INFO] [stderr]    Compiling mixturs v0.1.0 (/opt/rustwide/workdir)
[INFO] [stdout] warning: unused import: `DMatrix`
[INFO] [stdout]  --> src/stats/batch_mvn.rs:1:34
[INFO] [stdout]   |
[INFO] [stdout] 1 | use nalgebra::{DefaultAllocator, DMatrix, DVector, Dynamic, Matrix, StorageMut};
[INFO] [stdout]   |                                  ^^^^^^^
[INFO] [stdout]   |
[INFO] [stdout]   = note: `#[warn(unused_imports)]` on by default
[INFO] [stdout] 
[INFO] [stdout] 
[INFO] [stdout] warning: 1 warning emitted
[INFO] [stdout] 
[INFO] [stdout] 
[INFO] [stderr]     Finished dev [unoptimized + debuginfo] target(s) in 30.83s
[INFO] running `Command { std: "docker" "inspect" "64587681733e42fe6a193914d6dc30a6127ea505fe3fbac3f195eca3b2f202f5", kill_on_drop: false }`
[INFO] running `Command { std: "docker" "rm" "-f" "64587681733e42fe6a193914d6dc30a6127ea505fe3fbac3f195eca3b2f202f5", kill_on_drop: false }`
[INFO] [stdout] 64587681733e42fe6a193914d6dc30a6127ea505fe3fbac3f195eca3b2f202f5
[INFO] running `Command { std: "docker" "create" "-v" "/var/lib/crater-agent-workspace/builds/worker-7-tc2/target:/opt/rustwide/target:rw,Z" "-v" "/var/lib/crater-agent-workspace/builds/worker-7-tc2/source:/opt/rustwide/workdir:ro,Z" "-v" "/var/lib/crater-agent-workspace/cargo-home:/opt/rustwide/cargo-home:ro,Z" "-v" "/var/lib/crater-agent-workspace/rustup-home:/opt/rustwide/rustup-home:ro,Z" "-e" "SOURCE_DIR=/opt/rustwide/workdir" "-e" "CARGO_TARGET_DIR=/opt/rustwide/target" "-e" "CARGO_INCREMENTAL=0" "-e" "RUST_BACKTRACE=full" "-e" "RUSTFLAGS=--cap-lints=warn" "-e" "RUSTDOCFLAGS=--cap-lints=warn" "-e" "CARGO_HOME=/opt/rustwide/cargo-home" "-e" "RUSTUP_HOME=/opt/rustwide/rustup-home" "-w" "/opt/rustwide/workdir" "-m" "1610612736" "--user" "0:0" "--network" "none" "ghcr.io/rust-lang/crates-build-env/linux@sha256:2788e3201cd34a07e3172128adcd8b3090168a8e3bcc40d7c032b9dda1df7d1c" "/opt/rustwide/cargo-home/bin/cargo" "+beta-2023-12-22" "test" "--frozen" "--no-run" "--message-format=json", kill_on_drop: false }`
[INFO] [stdout] fcae8aab8de7576071ddaa2151d4e40dccc933d4d26920ec95de26ceca6610c3
[INFO] running `Command { std: "docker" "start" "-a" "fcae8aab8de7576071ddaa2151d4e40dccc933d4d26920ec95de26ceca6610c3", kill_on_drop: false }`
[INFO] [stderr]    Compiling serde v1.0.144
[INFO] [stderr]    Compiling memchr v2.5.0
[INFO] [stderr]    Compiling ryu v1.0.11
[INFO] [stderr]    Compiling serde_json v1.0.85
[INFO] [stderr]    Compiling regex-automata v0.1.10
[INFO] [stderr]    Compiling itoa v1.0.3
[INFO] [stderr]    Compiling unicode-width v0.1.10
[INFO] [stderr]    Compiling serde_derive v1.0.144
[INFO] [stderr]    Compiling itoa v0.4.8
[INFO] [stderr]    Compiling regex-syntax v0.6.27
[INFO] [stderr]    Compiling atty v0.2.14
[INFO] [stderr]    Compiling criterion-plot v0.4.5
[INFO] [stdout] warning: unused import: `DMatrix`
[INFO] [stdout]  --> src/stats/batch_mvn.rs:1:34
[INFO] [stdout]   |
[INFO] [stdout] 1 | use nalgebra::{DefaultAllocator, DMatrix, DVector, Dynamic, Matrix, StorageMut};
[INFO] [stdout]   |                                  ^^^^^^^
[INFO] [stdout]   |
[INFO] [stdout]   = note: `#[warn(unused_imports)]` on by default
[INFO] [stdout] 
[INFO] [stdout] 
[INFO] [stdout] warning: 1 warning emitted
[INFO] [stdout] 
[INFO] [stdout] 
[INFO] [stderr]    Compiling textwrap v0.11.0
[INFO] [stderr]    Compiling clap v2.34.0
[INFO] [stderr]    Compiling csv-core v0.1.10
[INFO] [stderr]    Compiling regex v1.6.0
[INFO] [stderr]    Compiling bstr v0.2.17
[INFO] [stderr]    Compiling serde_cbor v0.11.2
[INFO] [stderr]    Compiling bincode v1.3.3
[INFO] [stderr]    Compiling csv v1.1.6
[INFO] [stderr]    Compiling tinytemplate v1.2.1
[INFO] [stderr]    Compiling criterion v0.3.6
[INFO] [stderr]    Compiling mixturs v0.1.0 (/opt/rustwide/workdir)
[INFO] [stdout] warning: unused import: `DMatrix`
[INFO] [stdout]  --> src/stats/batch_mvn.rs:1:34
[INFO] [stdout]   |
[INFO] [stdout] 1 | use nalgebra::{DefaultAllocator, DMatrix, DVector, Dynamic, Matrix, StorageMut};
[INFO] [stdout]   |                                  ^^^^^^^
[INFO] [stdout]   |
[INFO] [stdout]   = note: `#[warn(unused_imports)]` on by default
[INFO] [stdout] 
[INFO] [stdout] 
[INFO] [stdout] error[E0277]: the trait bound `for<'de> Matrix<f64, Dynamic, Dynamic, VecStorage<f64, Dynamic, Dynamic>>: serde::de::Deserialize<'de>` is not satisfied
[INFO] [stdout]    --> examples/plot_data.rs:14:27
[INFO] [stdout]     |
[INFO] [stdout] 14  |     let x: DMatrix<f64> = deserialize_from(&mut f).unwrap();
[INFO] [stdout]     |                           ^^^^^^^^^^^^^^^^ the trait `for<'de> serde::de::Deserialize<'de>` is not implemented for `Matrix<f64, Dynamic, Dynamic, VecStorage<f64, Dynamic, Dynamic>>`
[INFO] [stdout]     |
[INFO] [stdout]     = help: the following other types implement trait `serde::de::Deserialize<'de>`:
[INFO] [stdout]               bool
[INFO] [stdout]               char
[INFO] [stdout]               isize
[INFO] [stdout]               i8
[INFO] [stdout]               i16
[INFO] [stdout]               i32
[INFO] [stdout]               i64
[INFO] [stdout]               i128
[INFO] [stdout]             and 124 others
[INFO] [stdout]     = note: required for `Matrix<f64, Dynamic, Dynamic, VecStorage<f64, Dynamic, Dynamic>>` to implement `serde::de::DeserializeOwned`
[INFO] [stdout] note: required by a bound in `bincode::deserialize_from`
[INFO] [stdout]    --> /opt/rustwide/cargo-home/registry/src/index.crates.io-6f17d22bba15001f/bincode-1.3.3/src/lib.rs:127:8
[INFO] [stdout]     |
[INFO] [stdout] 124 | pub fn deserialize_from<R, T>(reader: R) -> Result<T>
[INFO] [stdout]     |        ---------------- required by a bound in this function
[INFO] [stdout] ...
[INFO] [stdout] 127 |     T: serde::de::DeserializeOwned,
[INFO] [stdout]     |        ^^^^^^^^^^^^^^^^^^^^^^^^^^^ required by this bound in `deserialize_from`
[INFO] [stdout] 
[INFO] [stdout] 
[INFO] [stdout] error[E0277]: the trait bound `for<'de> Matrix<usize, Const<1>, Dynamic, VecStorage<usize, Const<1>, Dynamic>>: serde::de::Deserialize<'de>` is not satisfied
[INFO] [stdout]    --> examples/plot_data.rs:16:32
[INFO] [stdout]     |
[INFO] [stdout] 16  |     let y: RowDVector<usize> = deserialize_from(&mut f).unwrap();
[INFO] [stdout]     |                                ^^^^^^^^^^^^^^^^ the trait `for<'de> serde::de::Deserialize<'de>` is not implemented for `Matrix<usize, Const<1>, Dynamic, VecStorage<usize, Const<1>, Dynamic>>`
[INFO] [stdout]     |
[INFO] [stdout]     = help: the following other types implement trait `serde::de::Deserialize<'de>`:
[INFO] [stdout]               bool
[INFO] [stdout]               char
[INFO] [stdout]               isize
[INFO] [stdout]               i8
[INFO] [stdout]               i16
[INFO] [stdout]               i32
[INFO] [stdout]               i64
[INFO] [stdout]               i128
[INFO] [stdout]             and 124 others
[INFO] [stdout]     = note: required for `Matrix<usize, Const<1>, Dynamic, VecStorage<usize, Const<1>, Dynamic>>` to implement `serde::de::DeserializeOwned`
[INFO] [stdout] note: required by a bound in `bincode::deserialize_from`
[INFO] [stdout]    --> /opt/rustwide/cargo-home/registry/src/index.crates.io-6f17d22bba15001f/bincode-1.3.3/src/lib.rs:127:8
[INFO] [stdout]     |
[INFO] [stdout] 124 | pub fn deserialize_from<R, T>(reader: R) -> Result<T>
[INFO] [stdout]     |        ---------------- required by a bound in this function
[INFO] [stdout] ...
[INFO] [stdout] 127 |     T: serde::de::DeserializeOwned,
[INFO] [stdout]     |        ^^^^^^^^^^^^^^^^^^^^^^^^^^^ required by this bound in `deserialize_from`
[INFO] [stdout] 
[INFO] [stdout] 
[INFO] [stdout] error: aborting due to 2 previous errors
[INFO] [stdout] 
[INFO] [stdout] 
[INFO] [stdout] For more information about this error, try `rustc --explain E0277`.
[INFO] [stdout] 
[INFO] [stderr] error: could not compile `mixturs` (example "plot_data") due to 3 previous errors
[INFO] [stderr] warning: build failed, waiting for other jobs to finish...
[INFO] [stdout] warning: 1 warning emitted
[INFO] [stdout] 
[INFO] [stdout] 
[INFO] running `Command { std: "docker" "inspect" "fcae8aab8de7576071ddaa2151d4e40dccc933d4d26920ec95de26ceca6610c3", kill_on_drop: false }`
[INFO] running `Command { std: "docker" "rm" "-f" "fcae8aab8de7576071ddaa2151d4e40dccc933d4d26920ec95de26ceca6610c3", kill_on_drop: false }`
[INFO] [stdout] fcae8aab8de7576071ddaa2151d4e40dccc933d4d26920ec95de26ceca6610c3
