[INFO] fetching crate miraplex-token-metadata 1.7.4...
[INFO] testing miraplex-token-metadata-1.7.4 against 1.75.0 for beta-1.76-1
[INFO] extracting crate miraplex-token-metadata 1.7.4 into /workspace/builds/worker-0-tc1/source
[INFO] validating manifest of crates.io crate miraplex-token-metadata 1.7.4 on toolchain 1.75.0
[INFO] running `Command { std: CARGO_HOME="/workspace/cargo-home" RUSTUP_HOME="/workspace/rustup-home" "/workspace/cargo-home/bin/cargo" "+1.75.0" "metadata" "--manifest-path" "Cargo.toml" "--no-deps", kill_on_drop: false }`
[INFO] started tweaking crates.io crate miraplex-token-metadata 1.7.4
[INFO] finished tweaking crates.io crate miraplex-token-metadata 1.7.4
[INFO] tweaked toml for crates.io crate miraplex-token-metadata 1.7.4 written to /workspace/builds/worker-0-tc1/source/Cargo.toml
[INFO] running `Command { std: CARGO_HOME="/workspace/cargo-home" RUSTUP_HOME="/workspace/rustup-home" "/workspace/cargo-home/bin/cargo" "+1.75.0" "generate-lockfile" "--manifest-path" "Cargo.toml", kill_on_drop: false }`
[INFO] [stderr]     Updating crates.io index
[INFO] running `Command { std: CARGO_HOME="/workspace/cargo-home" RUSTUP_HOME="/workspace/rustup-home" "/workspace/cargo-home/bin/cargo" "+1.75.0" "fetch" "--manifest-path" "Cargo.toml", kill_on_drop: false }`
[INFO] [stderr]  Downloading crates ...
[INFO] [stderr]   Downloaded miraland-banks-client v1.18.1
[INFO] [stderr]   Downloaded miraland-thin-client v1.18.1
[INFO] [stderr]   Downloaded miraland-streamer v1.18.1
[INFO] [stderr]   Downloaded miraland-rpc-client-nonce-utils v1.18.1
[INFO] [stderr]   Downloaded miraland-remote-wallet v1.18.1
[INFO] [stderr]   Downloaded miraplex-rooster v0.1.6
[INFO] [stderr]   Downloaded miraland-banks-interface v1.18.1
[INFO] [stderr]   Downloaded miraland-quic-client v1.18.1
[INFO] [stderr]   Downloaded shank_macro v0.0.10
[INFO] [stderr]   Downloaded miraland-banks-server v1.18.1
[INFO] [stderr]   Downloaded miraland-udp-client v1.18.1
[INFO] [stderr]   Downloaded miraland-connection-cache v1.18.1
[INFO] [stderr]   Downloaded miraland-pubsub-client v1.18.1
[INFO] [stderr]   Downloaded miraland-rpc-client-api v1.18.1
[INFO] [stderr]   Downloaded miraland-client v1.18.1
[INFO] [stderr]   Downloaded miraland-rpc-client v1.18.1
[INFO] [stderr]   Downloaded webpki-roots v0.24.0
[INFO] [stderr]   Downloaded miraplex-token-metadata v1.7.4
[INFO] [stderr]   Downloaded miraland-program-test v1.18.1
[INFO] [stderr]   Downloaded miraland-tpu-client v1.18.1
[INFO] [stderr]   Downloaded miraland-send-transaction-service v1.18.1
[INFO] [stderr]   Downloaded tarpc v0.29.0
[INFO] [stderr]   Downloaded shank_render v0.0.1
[INFO] [stderr]   Downloaded miraplex-utils v0.0.11
[INFO] [stderr]   Downloaded shank_macro_impl v0.0.12
[INFO] [stderr]   Downloaded solarti-token-2022 v0.6.7
[INFO] [stderr]   Downloaded tarpc-plugins v0.12.0
[INFO] [stderr]   Downloaded tokio-serde v0.8.0
[INFO] [stderr]   Downloaded shank v0.0.10
[INFO] [stderr]   Downloaded miraplex-token-metadata-context-derive v0.2.1
[INFO] [stderr]   Downloaded shank_macro v0.0.12
[INFO] [stderr]   Downloaded solarti-token v3.5.6
[INFO] [stderr]   Downloaded miraland-clap-utils v1.18.1
[INFO] [stderr]   Downloaded shank_macro_impl v0.0.10
[INFO] [stderr]   Downloaded miraland-net-utils v1.18.1
[INFO] [stderr]   Downloaded shank v0.0.12
[INFO] [stderr]   Downloaded solarti-associated-token-account v1.1.8
[INFO] [stderr]   Downloaded solarti-memo v3.0.7
[INFO] [stderr]   Downloaded miraplex-token-auth-rules v1.3.7
[INFO] running `Command { std: "docker" "create" "-v" "/var/lib/crater-agent-workspace/builds/worker-0-tc1/target:/opt/rustwide/target:rw,Z" "-v" "/var/lib/crater-agent-workspace/builds/worker-0-tc1/source:/opt/rustwide/workdir:ro,Z" "-v" "/var/lib/crater-agent-workspace/cargo-home:/opt/rustwide/cargo-home:ro,Z" "-v" "/var/lib/crater-agent-workspace/rustup-home:/opt/rustwide/rustup-home:ro,Z" "-e" "SOURCE_DIR=/opt/rustwide/workdir" "-e" "CARGO_TARGET_DIR=/opt/rustwide/target" "-e" "CARGO_HOME=/opt/rustwide/cargo-home" "-e" "RUSTUP_HOME=/opt/rustwide/rustup-home" "-w" "/opt/rustwide/workdir" "-m" "1610612736" "--user" "0:0" "--network" "none" "ghcr.io/rust-lang/crates-build-env/linux@sha256:2788e3201cd34a07e3172128adcd8b3090168a8e3bcc40d7c032b9dda1df7d1c" "/opt/rustwide/cargo-home/bin/cargo" "+1.75.0" "metadata" "--no-deps" "--format-version=1", kill_on_drop: false }`
[INFO] [stdout] da6e9323518943105e8d8c86c393682d55f8ed3a572906c29301bb9c7c619cb0
[INFO] running `Command { std: "docker" "start" "-a" "da6e9323518943105e8d8c86c393682d55f8ed3a572906c29301bb9c7c619cb0", kill_on_drop: false }`
[INFO] running `Command { std: "docker" "inspect" "da6e9323518943105e8d8c86c393682d55f8ed3a572906c29301bb9c7c619cb0", kill_on_drop: false }`
[INFO] running `Command { std: "docker" "rm" "-f" "da6e9323518943105e8d8c86c393682d55f8ed3a572906c29301bb9c7c619cb0", kill_on_drop: false }`
[INFO] [stdout] da6e9323518943105e8d8c86c393682d55f8ed3a572906c29301bb9c7c619cb0
[INFO] running `Command { std: "docker" "create" "-v" "/var/lib/crater-agent-workspace/builds/worker-0-tc1/target:/opt/rustwide/target:rw,Z" "-v" "/var/lib/crater-agent-workspace/builds/worker-0-tc1/source:/opt/rustwide/workdir:ro,Z" "-v" "/var/lib/crater-agent-workspace/cargo-home:/opt/rustwide/cargo-home:ro,Z" "-v" "/var/lib/crater-agent-workspace/rustup-home:/opt/rustwide/rustup-home:ro,Z" "-e" "SOURCE_DIR=/opt/rustwide/workdir" "-e" "CARGO_TARGET_DIR=/opt/rustwide/target" "-e" "CARGO_INCREMENTAL=0" "-e" "RUST_BACKTRACE=full" "-e" "RUSTFLAGS=--cap-lints=warn" "-e" "RUSTDOCFLAGS=--cap-lints=warn" "-e" "CARGO_HOME=/opt/rustwide/cargo-home" "-e" "RUSTUP_HOME=/opt/rustwide/rustup-home" "-w" "/opt/rustwide/workdir" "-m" "1610612736" "--user" "0:0" "--network" "none" "ghcr.io/rust-lang/crates-build-env/linux@sha256:2788e3201cd34a07e3172128adcd8b3090168a8e3bcc40d7c032b9dda1df7d1c" "/opt/rustwide/cargo-home/bin/cargo" "+1.75.0" "build" "--frozen" "--message-format=json", kill_on_drop: false }`
[INFO] [stdout] 1a22c8d14144b65245c79b9331754e4b5db874ca3d8d1c8d0462faa25c895279
[INFO] running `Command { std: "docker" "start" "-a" "1a22c8d14144b65245c79b9331754e4b5db874ca3d8d1c8d0462faa25c895279", kill_on_drop: false }`
[INFO] [stderr]    Compiling syn v1.0.109
[INFO] [stderr]    Compiling subtle v2.4.1
[INFO] [stderr]    Compiling once_cell v1.19.0
[INFO] [stderr]    Compiling semver v1.0.21
[INFO] [stderr]    Compiling cpufeatures v0.2.12
[INFO] [stderr]    Compiling getrandom v0.1.16
[INFO] [stderr]    Compiling typenum v1.17.0
[INFO] [stderr]    Compiling generic-array v0.14.7
[INFO] [stderr]    Compiling serde v1.0.194
[INFO] [stderr]    Compiling num-traits v0.2.17
[INFO] [stderr]    Compiling num-integer v0.1.45
[INFO] [stderr]    Compiling syn v2.0.48
[INFO] [stderr]    Compiling getrandom v0.2.11
[INFO] [stderr]    Compiling opaque-debug v0.3.0
[INFO] [stderr]    Compiling crunchy v0.2.2
[INFO] [stderr]    Compiling paste v1.0.14
[INFO] [stderr]    Compiling either v1.9.0
[INFO] [stderr]    Compiling libc v0.2.151
[INFO] [stderr]    Compiling rand_core v0.6.4
[INFO] [stderr]    Compiling ahash v0.8.7
[INFO] [stderr]    Compiling num-bigint v0.4.4
[INFO] [stderr]    Compiling crossbeam-utils v0.8.18
[INFO] [stderr]    Compiling block-padding v0.2.1
[INFO] [stderr]    Compiling rand_chacha v0.3.1
[INFO] [stderr]    Compiling rand_core v0.5.1
[INFO] [stderr]    Compiling zerocopy v0.7.32
[INFO] [stderr]    Compiling wasm-bindgen-shared v0.2.89
[INFO] [stderr]    Compiling rustc_version v0.4.0
[INFO] [stderr]    Compiling byteorder v1.5.0
[INFO] [stderr]    Compiling rand_chacha v0.2.2
[INFO] [stderr]    Compiling rand v0.8.5
[INFO] [stderr]    Compiling indexmap v1.9.3
[INFO] [stderr]    Compiling jobserver v0.1.27
[INFO] [stderr]    Compiling hashbrown v0.13.2
[INFO] [stderr]    Compiling itertools v0.10.5
[INFO] [stderr]    Compiling hashbrown v0.12.3
[INFO] [stderr]    Compiling crossbeam-epoch v0.9.17
[INFO] [stderr]    Compiling rayon-core v1.12.0
[INFO] [stderr]    Compiling cc v1.0.83
[INFO] [stderr]    Compiling rand v0.7.3
[INFO] [stderr]    Compiling crossbeam-deque v0.8.4
[INFO] [stderr]    Compiling ahash v0.7.7
[INFO] [stderr]    Compiling feature-probe v0.1.1
[INFO] [stderr]    Compiling log v0.4.20
[INFO] [stderr]    Compiling bumpalo v3.14.0
[INFO] [stderr]    Compiling toml_datetime v0.6.1
[INFO] [stderr]    Compiling bv v0.11.1
[INFO] [stderr]    Compiling digest v0.9.0
[INFO] [stderr]    Compiling bitmaps v2.1.0
[INFO] [stderr]    Compiling miraland-frozen-abi-macro v1.18.1
[INFO] [stderr]    Compiling libsecp256k1-core v0.2.2
[INFO] [stderr]    Compiling im v15.1.0
[INFO] [stderr]    Compiling tinyvec_macros v0.1.1
[INFO] [stderr]    Compiling ark-std v0.4.0
[INFO] [stderr]    Compiling rustversion v1.0.14
[INFO] [stderr]    Compiling keccak v0.1.4
[INFO] [stderr]    Compiling tinyvec v1.6.0
[INFO] [stderr]    Compiling miraland-frozen-abi v1.18.1
[INFO] [stderr]    Compiling toml_edit v0.19.8
[INFO] [stderr]    Compiling sized-chunks v0.6.5
[INFO] [stderr]    Compiling rayon v1.8.0
[INFO] [stderr]    Compiling rand_xoshiro v0.6.0
[INFO] [stderr]    Compiling memoffset v0.9.0
[INFO] [stderr]    Compiling wasm-bindgen v0.2.89
[INFO] [stderr]    Compiling serde_json v1.0.111
[INFO] [stderr]    Compiling arrayref v0.3.7
[INFO] [stderr]    Compiling bs58 v0.4.0
[INFO] [stderr]    Compiling libsecp256k1-gen-ecmult v0.2.1
[INFO] [stderr]    Compiling libsecp256k1-gen-genmult v0.2.1
[INFO] [stderr]    Compiling blake3 v1.3.1
[INFO] [stderr]    Compiling miraland-program v1.18.1
[INFO] [stderr]    Compiling hashbrown v0.11.2
[INFO] [stderr]    Compiling memmap2 v0.5.10
[INFO] [stderr]    Compiling itoa v1.0.10
[INFO] [stderr]    Compiling ryu v1.0.16
[INFO] [stderr]    Compiling libsecp256k1 v0.6.0
[INFO] [stderr]    Compiling ident_case v1.0.1
[INFO] [stderr]    Compiling strsim v0.10.0
[INFO] [stderr]    Compiling unicode-normalization v0.1.22
[INFO] [stderr]    Compiling rustc-hash v1.1.0
[INFO] [stderr]    Compiling base64 v0.12.3
[INFO] [stderr]    Compiling regex-syntax v0.8.2
[INFO] [stderr]    Compiling base64 v0.21.5
[INFO] [stderr]    Compiling signature v1.6.4
[INFO] [stderr]    Compiling ed25519 v1.5.3
[INFO] [stderr]    Compiling atty v0.2.14
[INFO] [stderr]    Compiling termcolor v1.4.0
[INFO] [stderr]    Compiling miraland-sdk v1.18.1
[INFO] [stderr]    Compiling derivation-path v0.2.0
[INFO] [stderr]    Compiling percent-encoding v2.3.1
[INFO] [stderr]    Compiling uriparse v0.6.4
[INFO] [stderr]    Compiling chrono v0.4.31
[INFO] [stderr]    Compiling assert_matches v1.5.0
[INFO] [stderr]    Compiling qstring v0.7.2
[INFO] [stderr]    Compiling rmp v0.8.12
[INFO] [stderr]    Compiling proc-macro-crate v1.3.1
[INFO] [stderr]    Compiling wasm-bindgen-backend v0.2.89
[INFO] [stderr]    Compiling darling_core v0.20.3
[INFO] [stderr]    Compiling regex-automata v0.4.3
[INFO] [stderr]    Compiling borsh-schema-derive-internal v0.9.3
[INFO] [stderr]    Compiling borsh-schema-derive-internal v0.10.3
[INFO] [stderr]    Compiling borsh-derive-internal v0.9.3
[INFO] [stderr]    Compiling borsh-derive-internal v0.10.3
[INFO] [stderr]    Compiling wasm-bindgen-macro-support v0.2.89
[INFO] [stderr]    Compiling serde_derive v1.0.194
[INFO] [stderr]    Compiling zeroize_derive v1.4.2
[INFO] [stderr]    Compiling thiserror-impl v1.0.56
[INFO] [stderr]    Compiling bytemuck_derive v1.5.0
[INFO] [stderr]    Compiling miraland-sdk-macro v1.18.1
[INFO] [stderr]    Compiling num-derive v0.4.1
[INFO] [stderr]    Compiling num_enum_derive v0.7.1
[INFO] [stderr]    Compiling qualifier_attr v0.2.2
[INFO] [stderr]    Compiling ark-serialize-derive v0.4.2
[INFO] [stderr]    Compiling ark-ff-asm v0.4.2
[INFO] [stderr]    Compiling zeroize v1.3.0
[INFO] [stderr]    Compiling ark-ff-macros v0.4.2
[INFO] [stderr]    Compiling derivative v2.2.0
[INFO] [stderr]    Compiling num_enum_derive v0.5.11
[INFO] [stderr]    Compiling wasm-bindgen-macro v0.2.89
[INFO] [stderr]    Compiling num-derive v0.3.3
[INFO] [stderr]    Compiling merlin v3.0.0
[INFO] [stderr]    Compiling darling_macro v0.20.3
[INFO] [stderr]    Compiling regex v1.10.2
[INFO] [stderr]    Compiling miraplex-token-metadata-context-derive v0.2.1
[INFO] [stderr]    Compiling bytemuck v1.14.0
[INFO] [stderr]    Compiling thiserror v1.0.56
[INFO] [stderr]    Compiling env_logger v0.9.3
[INFO] [stderr]    Compiling num_enum v0.7.1
[INFO] [stderr]    Compiling miraland-logger v1.18.1
[INFO] [stderr]    Compiling darling v0.20.3
[INFO] [stderr]    Compiling serde_with_macros v2.3.3
[INFO] [stderr]    Compiling num_enum v0.5.11
[INFO] [stderr]    Compiling toml v0.5.11
[INFO] [stderr]    Compiling shank_macro_impl v0.0.11
[INFO] [stderr]    Compiling shank_macro_impl v0.0.12
[INFO] [stderr]    Compiling serde_bytes v0.11.14
[INFO] [stderr]    Compiling bincode v1.3.3
[INFO] [stderr]    Compiling bitflags v2.4.1
[INFO] [stderr]    Compiling serde_with v2.3.3
[INFO] [stderr]    Compiling rmp-serde v1.1.2
[INFO] [stderr]    Compiling shank_render v0.0.1
[INFO] [stderr]    Compiling crypto-common v0.1.6
[INFO] [stderr]    Compiling block-buffer v0.10.4
[INFO] [stderr]    Compiling block-buffer v0.9.0
[INFO] [stderr]    Compiling crypto-mac v0.8.0
[INFO] [stderr]    Compiling cipher v0.3.0
[INFO] [stderr]    Compiling universal-hash v0.4.1
[INFO] [stderr]    Compiling digest v0.10.7
[INFO] [stderr]    Compiling sha2 v0.9.9
[INFO] [stderr]    Compiling hmac v0.8.1
[INFO] [stderr]    Compiling proc-macro-crate v0.1.5
[INFO] [stderr]    Compiling curve25519-dalek v3.2.1
[INFO] [stderr]    Compiling pbkdf2 v0.4.0
[INFO] [stderr]    Compiling polyval v0.5.3
[INFO] [stderr]    Compiling aes v0.7.5
[INFO] [stderr]    Compiling hmac-drbg v0.3.0
[INFO] [stderr]    Compiling ctr v0.8.0
[INFO] [stderr]    Compiling aead v0.4.3
[INFO] [stderr]    Compiling sha3 v0.9.1
[INFO] [stderr]    Compiling shank_macro v0.0.11
[INFO] [stderr]    Compiling ark-serialize v0.4.2
[INFO] [stderr]    Compiling sha2 v0.10.8
[INFO] [stderr]    Compiling sha3 v0.10.8
[INFO] [stderr]    Compiling hmac v0.12.1
[INFO] [stderr]    Compiling pbkdf2 v0.11.0
[INFO] [stderr]    Compiling tiny-bip39 v0.8.2
[INFO] [stderr]    Compiling shank_macro v0.0.12
[INFO] [stderr]    Compiling ark-ff v0.4.2
[INFO] [stderr]    Compiling aes-gcm-siv v0.10.3
[INFO] [stderr]    Compiling borsh-derive v0.10.3
[INFO] [stderr]    Compiling borsh-derive v0.9.3
[INFO] [stderr]    Compiling ed25519-dalek v1.0.1
[INFO] [stderr]    Compiling ed25519-dalek-bip32 v0.2.0
[INFO] [stderr]    Compiling shank v0.0.11
[INFO] [stderr]    Compiling shank v0.0.12
[INFO] [stderr]    Compiling borsh v0.10.3
[INFO] [stderr]    Compiling borsh v0.9.3
[INFO] [stderr]    Compiling ark-poly v0.4.2
[INFO] [stderr]    Compiling ark-ec v0.4.2
[INFO] [stderr]    Compiling ark-bn254 v0.4.0
[INFO] [stderr]    Compiling light-poseidon v0.2.0
[INFO] [stderr]    Compiling solarti-token v3.5.6
[INFO] [stderr]    Compiling solarti-memo v3.0.7
[INFO] [stderr]    Compiling miraplex-utils v0.0.11
[INFO] [stderr]    Compiling miraland-zk-token-sdk v1.18.1
[INFO] [stderr]    Compiling solarti-token-2022 v0.6.7
[INFO] [stderr]    Compiling miraplex-token-auth-rules v1.3.7
[INFO] [stderr]    Compiling solarti-associated-token-account v1.1.8
[INFO] [stderr]    Compiling miraplex-token-metadata v1.7.4 (/opt/rustwide/workdir)
[INFO] [stdout] warning: unused import: `edition::*`
[INFO] [stdout]   --> src/processor/mod.rs:19:9
[INFO] [stdout]    |
[INFO] [stdout] 19 | pub use edition::*;
[INFO] [stdout]    |         ^^^^^^^^^^
[INFO] [stdout]    |
[INFO] [stdout]    = note: `#[warn(unused_imports)]` on by default
[INFO] [stdout] 
[INFO] [stdout] 
[INFO] [stdout] warning: private item shadows public glob re-export
[INFO] [stdout]   --> src/processor/mod.rs:45:9
[INFO] [stdout]    |
[INFO] [stdout] 45 |         escrow::process_transfer_out_of_escrow,
[INFO] [stdout]    |         ^^^^^^^^^^^^^^^^^^^^^^^^^^^^^^^^^^^^^^
[INFO] [stdout]    |
[INFO] [stdout] note: the name `process_transfer_out_of_escrow` in the value namespace is supposed to be publicly re-exported here
[INFO] [stdout]   --> src/processor/mod.rs:20:9
[INFO] [stdout]    |
[INFO] [stdout] 20 | pub use escrow::*;
[INFO] [stdout]    |         ^^^^^^^^^
[INFO] [stdout] note: but the private item here shadows it
[INFO] [stdout]   --> src/processor/mod.rs:45:9
[INFO] [stdout]    |
[INFO] [stdout] 45 |         escrow::process_transfer_out_of_escrow,
[INFO] [stdout]    |         ^^^^^^^^^^^^^^^^^^^^^^^^^^^^^^^^^^^^^^
[INFO] [stdout]    = note: `#[warn(hidden_glob_reexports)]` on by default
[INFO] [stdout] 
[INFO] [stdout] 
[INFO] [stdout] warning: use of deprecated function `solana_program::borsh::try_from_slice_unchecked`: Please use `borsh0_10::try_from_slice_unchecked` instead
[INFO] [stdout]   --> src/utils/mod.rs:21:39
[INFO] [stdout]    |
[INFO] [stdout] 21 |     account_info::AccountInfo, borsh::try_from_slice_unchecked, entrypoint::ProgramResult, msg,
[INFO] [stdout]    |                                       ^^^^^^^^^^^^^^^^^^^^^^^^
[INFO] [stdout]    |
[INFO] [stdout]    = note: `#[warn(deprecated)]` on by default
[INFO] [stdout] 
[INFO] [stdout] 
[INFO] [stdout] warning: use of deprecated function `solana_program::borsh::try_from_slice_unchecked`: Please use `borsh0_10::try_from_slice_unchecked` instead
[INFO] [stdout]    --> src/utils/mod.rs:172:21
[INFO] [stdout]     |
[INFO] [stdout] 172 |     let result: T = try_from_slice_unchecked(data)?;
[INFO] [stdout]     |                     ^^^^^^^^^^^^^^^^^^^^^^^^
[INFO] [stdout] 
[INFO] [stdout] 
[INFO] [stdout] error[E0277]: the trait bound `mpl_token_auth_rules::payload::Payload: borsh::BorshSerialize` is not satisfied
[INFO] [stdout]   --> src/instruction/mod.rs:41:10
[INFO] [stdout]    |
[INFO] [stdout] 41 | #[derive(BorshSerialize, BorshDeserialize, Clone, ShankInstruction, AccountContext)]
[INFO] [stdout]    |          ^^^^^^^^^^^^^^ the trait `borsh::BorshSerialize` is not implemented for `mpl_token_auth_rules::payload::Payload`
[INFO] [stdout]    |
[INFO] [stdout]    = help: the following other types implement trait `borsh::BorshSerialize`:
[INFO] [stdout]              bool
[INFO] [stdout]              i8
[INFO] [stdout]              i16
[INFO] [stdout]              i32
[INFO] [stdout]              i64
[INFO] [stdout]              i128
[INFO] [stdout]              usize
[INFO] [stdout]              u8
[INFO] [stdout]            and 171 others
[INFO] [stdout] note: required for `AuthorizationData` to implement `borsh::BorshSerialize`
[INFO] [stdout]   --> src/processor/mod.rs:55:10
[INFO] [stdout]    |
[INFO] [stdout] 55 | #[derive(BorshSerialize, BorshDeserialize, PartialEq, Eq, Debug, Clone)]
[INFO] [stdout]    |          ^^^^^^^^^^^^^^ unsatisfied trait bound introduced in this `derive` macro
[INFO] [stdout] 56 | pub struct AuthorizationData {
[INFO] [stdout]    |            ^^^^^^^^^^^^^^^^^
[INFO] [stdout]    = note: 2 redundant requirements hidden
[INFO] [stdout]    = note: required for `instruction::collection::VerifyArgs` to implement `borsh::BorshSerialize`
[INFO] [stdout]    = help: see issue #48214
[INFO] [stdout]    = note: this error originates in the derive macro `BorshSerialize` (in Nightly builds, run with -Z macro-backtrace for more info)
[INFO] [stdout] 
[INFO] [stdout] 
[INFO] [stdout] error[E0277]: the trait bound `mpl_token_auth_rules::payload::Payload: borsh::BorshDeserialize` is not satisfied
[INFO] [stdout]   --> src/instruction/mod.rs:41:26
[INFO] [stdout]    |
[INFO] [stdout] 41 | #[derive(BorshSerialize, BorshDeserialize, Clone, ShankInstruction, AccountContext)]
[INFO] [stdout]    |                          ^^^^^^^^^^^^^^^^ the trait `borsh::BorshDeserialize` is not implemented for `mpl_token_auth_rules::payload::Payload`
[INFO] [stdout]    |
[INFO] [stdout]    = help: the following other types implement trait `borsh::BorshDeserialize`:
[INFO] [stdout]              bool
[INFO] [stdout]              i8
[INFO] [stdout]              i16
[INFO] [stdout]              i32
[INFO] [stdout]              i64
[INFO] [stdout]              i128
[INFO] [stdout]              usize
[INFO] [stdout]              u8
[INFO] [stdout]            and 168 others
[INFO] [stdout] note: required for `AuthorizationData` to implement `borsh::BorshDeserialize`
[INFO] [stdout]   --> src/processor/mod.rs:55:26
[INFO] [stdout]    |
[INFO] [stdout] 55 | #[derive(BorshSerialize, BorshDeserialize, PartialEq, Eq, Debug, Clone)]
[INFO] [stdout]    |                          ^^^^^^^^^^^^^^^^ unsatisfied trait bound introduced in this `derive` macro
[INFO] [stdout] 56 | pub struct AuthorizationData {
[INFO] [stdout]    |            ^^^^^^^^^^^^^^^^^
[INFO] [stdout]    = note: 2 redundant requirements hidden
[INFO] [stdout]    = note: required for `instruction::collection::VerifyArgs` to implement `borsh::BorshDeserialize`
[INFO] [stdout]    = help: see issue #48214
[INFO] [stdout]    = note: this error originates in the derive macro `BorshDeserialize` (in Nightly builds, run with -Z macro-backtrace for more info)
[INFO] [stdout] 
[INFO] [stdout] 
[INFO] [stdout] error[E0277]: the trait bound `mpl_token_auth_rules::payload::Payload: borsh::BorshSerialize` is not satisfied
[INFO] [stdout]    --> src/instruction/burn.rs:103:10
[INFO] [stdout]     |
[INFO] [stdout] 103 | #[derive(BorshSerialize, BorshDeserialize, PartialEq, Eq, Debug, Clone)]
[INFO] [stdout]     |          ^^^^^^^^^^^^^^ the trait `borsh::BorshSerialize` is not implemented for `mpl_token_auth_rules::payload::Payload`
[INFO] [stdout]     |
[INFO] [stdout]     = help: the following other types implement trait `borsh::BorshSerialize`:
[INFO] [stdout]               bool
[INFO] [stdout]               i8
[INFO] [stdout]               i16
[INFO] [stdout]               i32
[INFO] [stdout]               i64
[INFO] [stdout]               i128
[INFO] [stdout]               usize
[INFO] [stdout]               u8
[INFO] [stdout]             and 171 others
[INFO] [stdout] note: required for `AuthorizationData` to implement `borsh::BorshSerialize`
[INFO] [stdout]    --> src/processor/mod.rs:55:10
[INFO] [stdout]     |
[INFO] [stdout] 55  | #[derive(BorshSerialize, BorshDeserialize, PartialEq, Eq, Debug, Clone)]
[INFO] [stdout]     |          ^^^^^^^^^^^^^^ unsatisfied trait bound introduced in this `derive` macro
[INFO] [stdout] 56  | pub struct AuthorizationData {
[INFO] [stdout]     |            ^^^^^^^^^^^^^^^^^
[INFO] [stdout]     = note: 1 redundant requirement hidden
[INFO] [stdout]     = note: required for `Option<AuthorizationData>` to implement `borsh::BorshSerialize`
[INFO] [stdout]     = help: see issue #48214
[INFO] [stdout]     = note: this error originates in the derive macro `BorshSerialize` (in Nightly builds, run with -Z macro-backtrace for more info)
[INFO] [stdout] 
[INFO] [stdout] 
[INFO] [stdout] error[E0277]: the trait bound `mpl_token_auth_rules::payload::Payload: borsh::BorshDeserialize` is not satisfied
[INFO] [stdout]    --> src/instruction/burn.rs:103:26
[INFO] [stdout]     |
[INFO] [stdout] 103 | #[derive(BorshSerialize, BorshDeserialize, PartialEq, Eq, Debug, Clone)]
[INFO] [stdout]     |                          ^^^^^^^^^^^^^^^^ the trait `borsh::BorshDeserialize` is not implemented for `mpl_token_auth_rules::payload::Payload`
[INFO] [stdout]     |
[INFO] [stdout]     = help: the following other types implement trait `borsh::BorshDeserialize`:
[INFO] [stdout]               bool
[INFO] [stdout]               i8
[INFO] [stdout]               i16
[INFO] [stdout]               i32
[INFO] [stdout]               i64
[INFO] [stdout]               i128
[INFO] [stdout]               usize
[INFO] [stdout]               u8
[INFO] [stdout]             and 168 others
[INFO] [stdout] note: required for `AuthorizationData` to implement `borsh::BorshDeserialize`
[INFO] [stdout]    --> src/processor/mod.rs:55:26
[INFO] [stdout]     |
[INFO] [stdout] 55  | #[derive(BorshSerialize, BorshDeserialize, PartialEq, Eq, Debug, Clone)]
[INFO] [stdout]     |                          ^^^^^^^^^^^^^^^^ unsatisfied trait bound introduced in this `derive` macro
[INFO] [stdout] 56  | pub struct AuthorizationData {
[INFO] [stdout]     |            ^^^^^^^^^^^^^^^^^
[INFO] [stdout]     = note: 1 redundant requirement hidden
[INFO] [stdout]     = note: required for `Option<AuthorizationData>` to implement `borsh::BorshDeserialize`
[INFO] [stdout]     = help: see issue #48214
[INFO] [stdout]     = note: this error originates in the derive macro `BorshDeserialize` (in Nightly builds, run with -Z macro-backtrace for more info)
[INFO] [stdout] 
[INFO] [stdout] 
[INFO] [stdout] error[E0277]: the trait bound `mpl_token_auth_rules::payload::Payload: borsh::BorshSerialize` is not satisfied
[INFO] [stdout]    --> src/instruction/collection.rs:412:10
[INFO] [stdout]     |
[INFO] [stdout] 412 | #[derive(BorshSerialize, BorshDeserialize, PartialEq, Eq, Debug, Clone)]
[INFO] [stdout]     |          ^^^^^^^^^^^^^^ the trait `borsh::BorshSerialize` is not implemented for `mpl_token_auth_rules::payload::Payload`
[INFO] [stdout]     |
[INFO] [stdout]     = help: the following other types implement trait `borsh::BorshSerialize`:
[INFO] [stdout]               bool
[INFO] [stdout]               i8
[INFO] [stdout]               i16
[INFO] [stdout]               i32
[INFO] [stdout]               i64
[INFO] [stdout]               i128
[INFO] [stdout]               usize
[INFO] [stdout]               u8
[INFO] [stdout]             and 171 others
[INFO] [stdout] note: required for `AuthorizationData` to implement `borsh::BorshSerialize`
[INFO] [stdout]    --> src/processor/mod.rs:55:10
[INFO] [stdout]     |
[INFO] [stdout] 55  | #[derive(BorshSerialize, BorshDeserialize, PartialEq, Eq, Debug, Clone)]
[INFO] [stdout]     |          ^^^^^^^^^^^^^^ unsatisfied trait bound introduced in this `derive` macro
[INFO] [stdout] 56  | pub struct AuthorizationData {
[INFO] [stdout]     |            ^^^^^^^^^^^^^^^^^
[INFO] [stdout]     = note: 1 redundant requirement hidden
[INFO] [stdout]     = note: required for `Option<AuthorizationData>` to implement `borsh::BorshSerialize`
[INFO] [stdout]     = help: see issue #48214
[INFO] [stdout]     = note: this error originates in the derive macro `BorshSerialize` (in Nightly builds, run with -Z macro-backtrace for more info)
[INFO] [stdout] 
[INFO] [stdout] 
[INFO] [stdout] error[E0277]: the trait bound `mpl_token_auth_rules::payload::Payload: borsh::BorshDeserialize` is not satisfied
[INFO] [stdout]    --> src/instruction/collection.rs:412:26
[INFO] [stdout]     |
[INFO] [stdout] 412 | #[derive(BorshSerialize, BorshDeserialize, PartialEq, Eq, Debug, Clone)]
[INFO] [stdout]     |                          ^^^^^^^^^^^^^^^^ the trait `borsh::BorshDeserialize` is not implemented for `mpl_token_auth_rules::payload::Payload`
[INFO] [stdout]     |
[INFO] [stdout]     = help: the following other types implement trait `borsh::BorshDeserialize`:
[INFO] [stdout]               bool
[INFO] [stdout]               i8
[INFO] [stdout]               i16
[INFO] [stdout]               i32
[INFO] [stdout]               i64
[INFO] [stdout]               i128
[INFO] [stdout]               usize
[INFO] [stdout]               u8
[INFO] [stdout]             and 168 others
[INFO] [stdout] note: required for `AuthorizationData` to implement `borsh::BorshDeserialize`
[INFO] [stdout]    --> src/processor/mod.rs:55:26
[INFO] [stdout]     |
[INFO] [stdout] 55  | #[derive(BorshSerialize, BorshDeserialize, PartialEq, Eq, Debug, Clone)]
[INFO] [stdout]     |                          ^^^^^^^^^^^^^^^^ unsatisfied trait bound introduced in this `derive` macro
[INFO] [stdout] 56  | pub struct AuthorizationData {
[INFO] [stdout]     |            ^^^^^^^^^^^^^^^^^
[INFO] [stdout]     = note: 1 redundant requirement hidden
[INFO] [stdout]     = note: required for `Option<AuthorizationData>` to implement `borsh::BorshDeserialize`
[INFO] [stdout]     = help: see issue #48214
[INFO] [stdout]     = note: this error originates in the derive macro `BorshDeserialize` (in Nightly builds, run with -Z macro-backtrace for more info)
[INFO] [stdout] 
[INFO] [stdout] 
[INFO] [stdout] error[E0277]: the trait bound `mpl_token_auth_rules::payload::Payload: borsh::BorshSerialize` is not satisfied
[INFO] [stdout]   --> src/instruction/delegate.rs:13:10
[INFO] [stdout]    |
[INFO] [stdout] 13 | #[derive(BorshSerialize, BorshDeserialize, PartialEq, Eq, Debug, Clone)]
[INFO] [stdout]    |          ^^^^^^^^^^^^^^ the trait `borsh::BorshSerialize` is not implemented for `mpl_token_auth_rules::payload::Payload`
[INFO] [stdout]    |
[INFO] [stdout]    = help: the following other types implement trait `borsh::BorshSerialize`:
[INFO] [stdout]              bool
[INFO] [stdout]              i8
[INFO] [stdout]              i16
[INFO] [stdout]              i32
[INFO] [stdout]              i64
[INFO] [stdout]              i128
[INFO] [stdout]              usize
[INFO] [stdout]              u8
[INFO] [stdout]            and 171 others
[INFO] [stdout] note: required for `AuthorizationData` to implement `borsh::BorshSerialize`
[INFO] [stdout]   --> src/processor/mod.rs:55:10
[INFO] [stdout]    |
[INFO] [stdout] 55 | #[derive(BorshSerialize, BorshDeserialize, PartialEq, Eq, Debug, Clone)]
[INFO] [stdout]    |          ^^^^^^^^^^^^^^ unsatisfied trait bound introduced in this `derive` macro
[INFO] [stdout] 56 | pub struct AuthorizationData {
[INFO] [stdout]    |            ^^^^^^^^^^^^^^^^^
[INFO] [stdout]    = note: 1 redundant requirement hidden
[INFO] [stdout]    = note: required for `Option<AuthorizationData>` to implement `borsh::BorshSerialize`
[INFO] [stdout]    = help: see issue #48214
[INFO] [stdout]    = note: this error originates in the derive macro `BorshSerialize` (in Nightly builds, run with -Z macro-backtrace for more info)
[INFO] [stdout] 
[INFO] [stdout] 
[INFO] [stdout] error[E0277]: the trait bound `mpl_token_auth_rules::payload::Payload: borsh::BorshDeserialize` is not satisfied
[INFO] [stdout]   --> src/instruction/delegate.rs:13:26
[INFO] [stdout]    |
[INFO] [stdout] 13 | #[derive(BorshSerialize, BorshDeserialize, PartialEq, Eq, Debug, Clone)]
[INFO] [stdout]    |                          ^^^^^^^^^^^^^^^^ the trait `borsh::BorshDeserialize` is not implemented for `mpl_token_auth_rules::payload::Payload`
[INFO] [stdout]    |
[INFO] [stdout]    = help: the following other types implement trait `borsh::BorshDeserialize`:
[INFO] [stdout]              bool
[INFO] [stdout]              i8
[INFO] [stdout]              i16
[INFO] [stdout]              i32
[INFO] [stdout]              i64
[INFO] [stdout]              i128
[INFO] [stdout]              usize
[INFO] [stdout]              u8
[INFO] [stdout]            and 168 others
[INFO] [stdout] note: required for `AuthorizationData` to implement `borsh::BorshDeserialize`
[INFO] [stdout]   --> src/processor/mod.rs:55:26
[INFO] [stdout]    |
[INFO] [stdout] 55 | #[derive(BorshSerialize, BorshDeserialize, PartialEq, Eq, Debug, Clone)]
[INFO] [stdout]    |                          ^^^^^^^^^^^^^^^^ unsatisfied trait bound introduced in this `derive` macro
[INFO] [stdout] 56 | pub struct AuthorizationData {
[INFO] [stdout]    |            ^^^^^^^^^^^^^^^^^
[INFO] [stdout]    = note: 1 redundant requirement hidden
[INFO] [stdout]    = note: required for `Option<AuthorizationData>` to implement `borsh::BorshDeserialize`
[INFO] [stdout]    = help: see issue #48214
[INFO] [stdout]    = note: this error originates in the derive macro `BorshDeserialize` (in Nightly builds, run with -Z macro-backtrace for more info)
[INFO] [stdout] 
[INFO] [stdout] 
[INFO] [stdout] error[E0277]: the trait bound `mpl_token_auth_rules::payload::Payload: borsh::BorshSerialize` is not satisfied
[INFO] [stdout]   --> src/instruction/metadata.rs:52:10
[INFO] [stdout]    |
[INFO] [stdout] 52 | #[derive(BorshSerialize, BorshDeserialize, PartialEq, Eq, Debug, Clone)]
[INFO] [stdout]    |          ^^^^^^^^^^^^^^ the trait `borsh::BorshSerialize` is not implemented for `mpl_token_auth_rules::payload::Payload`
[INFO] [stdout]    |
[INFO] [stdout]    = help: the following other types implement trait `borsh::BorshSerialize`:
[INFO] [stdout]              bool
[INFO] [stdout]              i8
[INFO] [stdout]              i16
[INFO] [stdout]              i32
[INFO] [stdout]              i64
[INFO] [stdout]              i128
[INFO] [stdout]              usize
[INFO] [stdout]              u8
[INFO] [stdout]            and 171 others
[INFO] [stdout] note: required for `AuthorizationData` to implement `borsh::BorshSerialize`
[INFO] [stdout]   --> src/processor/mod.rs:55:10
[INFO] [stdout]    |
[INFO] [stdout] 55 | #[derive(BorshSerialize, BorshDeserialize, PartialEq, Eq, Debug, Clone)]
[INFO] [stdout]    |          ^^^^^^^^^^^^^^ unsatisfied trait bound introduced in this `derive` macro
[INFO] [stdout] 56 | pub struct AuthorizationData {
[INFO] [stdout]    |            ^^^^^^^^^^^^^^^^^
[INFO] [stdout]    = note: 1 redundant requirement hidden
[INFO] [stdout]    = note: required for `Option<AuthorizationData>` to implement `borsh::BorshSerialize`
[INFO] [stdout]    = help: see issue #48214
[INFO] [stdout]    = note: this error originates in the derive macro `BorshSerialize` (in Nightly builds, run with -Z macro-backtrace for more info)
[INFO] [stdout] 
[INFO] [stdout] 
[INFO] [stdout] error[E0277]: the trait bound `mpl_token_auth_rules::payload::Payload: borsh::BorshDeserialize` is not satisfied
[INFO] [stdout]   --> src/instruction/metadata.rs:52:26
[INFO] [stdout]    |
[INFO] [stdout] 52 | #[derive(BorshSerialize, BorshDeserialize, PartialEq, Eq, Debug, Clone)]
[INFO] [stdout]    |                          ^^^^^^^^^^^^^^^^ the trait `borsh::BorshDeserialize` is not implemented for `mpl_token_auth_rules::payload::Payload`
[INFO] [stdout]    |
[INFO] [stdout]    = help: the following other types implement trait `borsh::BorshDeserialize`:
[INFO] [stdout]              bool
[INFO] [stdout]              i8
[INFO] [stdout]              i16
[INFO] [stdout]              i32
[INFO] [stdout]              i64
[INFO] [stdout]              i128
[INFO] [stdout]              usize
[INFO] [stdout]              u8
[INFO] [stdout]            and 168 others
[INFO] [stdout] note: required for `AuthorizationData` to implement `borsh::BorshDeserialize`
[INFO] [stdout]   --> src/processor/mod.rs:55:26
[INFO] [stdout]    |
[INFO] [stdout] 55 | #[derive(BorshSerialize, BorshDeserialize, PartialEq, Eq, Debug, Clone)]
[INFO] [stdout]    |                          ^^^^^^^^^^^^^^^^ unsatisfied trait bound introduced in this `derive` macro
[INFO] [stdout] 56 | pub struct AuthorizationData {
[INFO] [stdout]    |            ^^^^^^^^^^^^^^^^^
[INFO] [stdout]    = note: 1 redundant requirement hidden
[INFO] [stdout]    = note: required for `Option<AuthorizationData>` to implement `borsh::BorshDeserialize`
[INFO] [stdout]    = help: see issue #48214
[INFO] [stdout]    = note: this error originates in the derive macro `BorshDeserialize` (in Nightly builds, run with -Z macro-backtrace for more info)
[INFO] [stdout] 
[INFO] [stdout] 
[INFO] [stdout] error[E0277]: the trait bound `mpl_token_auth_rules::payload::Payload: borsh::BorshSerialize` is not satisfied
[INFO] [stdout]   --> src/instruction/metadata.rs:63:10
[INFO] [stdout]    |
[INFO] [stdout] 63 | #[derive(BorshSerialize, BorshDeserialize, PartialEq, Eq, Debug, Clone)]
[INFO] [stdout]    |          ^^^^^^^^^^^^^^ the trait `borsh::BorshSerialize` is not implemented for `mpl_token_auth_rules::payload::Payload`
[INFO] [stdout]    |
[INFO] [stdout]    = help: the following other types implement trait `borsh::BorshSerialize`:
[INFO] [stdout]              bool
[INFO] [stdout]              i8
[INFO] [stdout]              i16
[INFO] [stdout]              i32
[INFO] [stdout]              i64
[INFO] [stdout]              i128
[INFO] [stdout]              usize
[INFO] [stdout]              u8
[INFO] [stdout]            and 171 others
[INFO] [stdout] note: required for `AuthorizationData` to implement `borsh::BorshSerialize`
[INFO] [stdout]   --> src/processor/mod.rs:55:10
[INFO] [stdout]    |
[INFO] [stdout] 55 | #[derive(BorshSerialize, BorshDeserialize, PartialEq, Eq, Debug, Clone)]
[INFO] [stdout]    |          ^^^^^^^^^^^^^^ unsatisfied trait bound introduced in this `derive` macro
[INFO] [stdout] 56 | pub struct AuthorizationData {
[INFO] [stdout]    |            ^^^^^^^^^^^^^^^^^
[INFO] [stdout]    = note: 1 redundant requirement hidden
[INFO] [stdout]    = note: required for `Option<AuthorizationData>` to implement `borsh::BorshSerialize`
[INFO] [stdout]    = help: see issue #48214
[INFO] [stdout]    = note: this error originates in the derive macro `BorshSerialize` (in Nightly builds, run with -Z macro-backtrace for more info)
[INFO] [stdout] 
[INFO] [stdout] 
[INFO] [stdout] error[E0277]: the trait bound `mpl_token_auth_rules::payload::Payload: borsh::BorshDeserialize` is not satisfied
[INFO] [stdout]   --> src/instruction/metadata.rs:63:26
[INFO] [stdout]    |
[INFO] [stdout] 63 | #[derive(BorshSerialize, BorshDeserialize, PartialEq, Eq, Debug, Clone)]
[INFO] [stdout]    |                          ^^^^^^^^^^^^^^^^ the trait `borsh::BorshDeserialize` is not implemented for `mpl_token_auth_rules::payload::Payload`
[INFO] [stdout]    |
[INFO] [stdout]    = help: the following other types implement trait `borsh::BorshDeserialize`:
[INFO] [stdout]              bool
[INFO] [stdout]              i8
[INFO] [stdout]              i16
[INFO] [stdout]              i32
[INFO] [stdout]              i64
[INFO] [stdout]              i128
[INFO] [stdout]              usize
[INFO] [stdout]              u8
[INFO] [stdout]            and 168 others
[INFO] [stdout] note: required for `AuthorizationData` to implement `borsh::BorshDeserialize`
[INFO] [stdout]   --> src/processor/mod.rs:55:26
[INFO] [stdout]    |
[INFO] [stdout] 55 | #[derive(BorshSerialize, BorshDeserialize, PartialEq, Eq, Debug, Clone)]
[INFO] [stdout]    |                          ^^^^^^^^^^^^^^^^ unsatisfied trait bound introduced in this `derive` macro
[INFO] [stdout] 56 | pub struct AuthorizationData {
[INFO] [stdout]    |            ^^^^^^^^^^^^^^^^^
[INFO] [stdout]    = note: 1 redundant requirement hidden
[INFO] [stdout]    = note: required for `Option<AuthorizationData>` to implement `borsh::BorshDeserialize`
[INFO] [stdout]    = help: see issue #48214
[INFO] [stdout]    = note: this error originates in the derive macro `BorshDeserialize` (in Nightly builds, run with -Z macro-backtrace for more info)
[INFO] [stdout] 
[INFO] [stdout] 
[INFO] [stdout] error[E0277]: the trait bound `mpl_token_auth_rules::payload::Payload: borsh::BorshSerialize` is not satisfied
[INFO] [stdout]   --> src/instruction/metadata.rs:79:10
[INFO] [stdout]    |
[INFO] [stdout] 79 | #[derive(BorshSerialize, BorshDeserialize, PartialEq, Eq, Debug, Clone)]
[INFO] [stdout]    |          ^^^^^^^^^^^^^^ the trait `borsh::BorshSerialize` is not implemented for `mpl_token_auth_rules::payload::Payload`
[INFO] [stdout]    |
[INFO] [stdout]    = help: the following other types implement trait `borsh::BorshSerialize`:
[INFO] [stdout]              bool
[INFO] [stdout]              i8
[INFO] [stdout]              i16
[INFO] [stdout]              i32
[INFO] [stdout]              i64
[INFO] [stdout]              i128
[INFO] [stdout]              usize
[INFO] [stdout]              u8
[INFO] [stdout]            and 171 others
[INFO] [stdout] note: required for `AuthorizationData` to implement `borsh::BorshSerialize`
[INFO] [stdout]   --> src/processor/mod.rs:55:10
[INFO] [stdout]    |
[INFO] [stdout] 55 | #[derive(BorshSerialize, BorshDeserialize, PartialEq, Eq, Debug, Clone)]
[INFO] [stdout]    |          ^^^^^^^^^^^^^^ unsatisfied trait bound introduced in this `derive` macro
[INFO] [stdout] 56 | pub struct AuthorizationData {
[INFO] [stdout]    |            ^^^^^^^^^^^^^^^^^
[INFO] [stdout]    = note: 1 redundant requirement hidden
[INFO] [stdout]    = note: required for `Option<AuthorizationData>` to implement `borsh::BorshSerialize`
[INFO] [stdout]    = help: see issue #48214
[INFO] [stdout]    = note: this error originates in the derive macro `BorshSerialize` (in Nightly builds, run with -Z macro-backtrace for more info)
[INFO] [stdout] 
[INFO] [stdout] 
[INFO] [stdout] error[E0277]: the trait bound `mpl_token_auth_rules::payload::Payload: borsh::BorshDeserialize` is not satisfied
[INFO] [stdout]   --> src/instruction/metadata.rs:79:26
[INFO] [stdout]    |
[INFO] [stdout] 79 | #[derive(BorshSerialize, BorshDeserialize, PartialEq, Eq, Debug, Clone)]
[INFO] [stdout]    |                          ^^^^^^^^^^^^^^^^ the trait `borsh::BorshDeserialize` is not implemented for `mpl_token_auth_rules::payload::Payload`
[INFO] [stdout]    |
[INFO] [stdout]    = help: the following other types implement trait `borsh::BorshDeserialize`:
[INFO] [stdout]              bool
[INFO] [stdout]              i8
[INFO] [stdout]              i16
[INFO] [stdout]              i32
[INFO] [stdout]              i64
[INFO] [stdout]              i128
[INFO] [stdout]              usize
[INFO] [stdout]              u8
[INFO] [stdout]            and 168 others
[INFO] [stdout] note: required for `AuthorizationData` to implement `borsh::BorshDeserialize`
[INFO] [stdout]   --> src/processor/mod.rs:55:26
[INFO] [stdout]    |
[INFO] [stdout] 55 | #[derive(BorshSerialize, BorshDeserialize, PartialEq, Eq, Debug, Clone)]
[INFO] [stdout]    |                          ^^^^^^^^^^^^^^^^ unsatisfied trait bound introduced in this `derive` macro
[INFO] [stdout] 56 | pub struct AuthorizationData {
[INFO] [stdout]    |            ^^^^^^^^^^^^^^^^^
[INFO] [stdout]    = note: 1 redundant requirement hidden
[INFO] [stdout]    = note: required for `Option<AuthorizationData>` to implement `borsh::BorshDeserialize`
[INFO] [stdout]    = help: see issue #48214
[INFO] [stdout]    = note: this error originates in the derive macro `BorshDeserialize` (in Nightly builds, run with -Z macro-backtrace for more info)
[INFO] [stdout] 
[INFO] [stdout] 
[INFO] [stdout] error[E0277]: the trait bound `mpl_token_auth_rules::payload::Payload: borsh::BorshSerialize` is not satisfied
[INFO] [stdout]   --> src/instruction/state.rs:11:10
[INFO] [stdout]    |
[INFO] [stdout] 11 | #[derive(BorshSerialize, BorshDeserialize, PartialEq, Eq, Debug, Clone)]
[INFO] [stdout]    |          ^^^^^^^^^^^^^^ the trait `borsh::BorshSerialize` is not implemented for `mpl_token_auth_rules::payload::Payload`
[INFO] [stdout]    |
[INFO] [stdout]    = help: the following other types implement trait `borsh::BorshSerialize`:
[INFO] [stdout]              bool
[INFO] [stdout]              i8
[INFO] [stdout]              i16
[INFO] [stdout]              i32
[INFO] [stdout]              i64
[INFO] [stdout]              i128
[INFO] [stdout]              usize
[INFO] [stdout]              u8
[INFO] [stdout]            and 171 others
[INFO] [stdout] note: required for `AuthorizationData` to implement `borsh::BorshSerialize`
[INFO] [stdout]   --> src/processor/mod.rs:55:10
[INFO] [stdout]    |
[INFO] [stdout] 55 | #[derive(BorshSerialize, BorshDeserialize, PartialEq, Eq, Debug, Clone)]
[INFO] [stdout]    |          ^^^^^^^^^^^^^^ unsatisfied trait bound introduced in this `derive` macro
[INFO] [stdout] 56 | pub struct AuthorizationData {
[INFO] [stdout]    |            ^^^^^^^^^^^^^^^^^
[INFO] [stdout]    = note: 1 redundant requirement hidden
[INFO] [stdout]    = note: required for `Option<AuthorizationData>` to implement `borsh::BorshSerialize`
[INFO] [stdout]    = help: see issue #48214
[INFO] [stdout]    = note: this error originates in the derive macro `BorshSerialize` (in Nightly builds, run with -Z macro-backtrace for more info)
[INFO] [stdout] 
[INFO] [stdout] 
[INFO] [stdout] error[E0277]: the trait bound `mpl_token_auth_rules::payload::Payload: borsh::BorshDeserialize` is not satisfied
[INFO] [stdout]   --> src/instruction/state.rs:11:26
[INFO] [stdout]    |
[INFO] [stdout] 11 | #[derive(BorshSerialize, BorshDeserialize, PartialEq, Eq, Debug, Clone)]
[INFO] [stdout]    |                          ^^^^^^^^^^^^^^^^ the trait `borsh::BorshDeserialize` is not implemented for `mpl_token_auth_rules::payload::Payload`
[INFO] [stdout]    |
[INFO] [stdout]    = help: the following other types implement trait `borsh::BorshDeserialize`:
[INFO] [stdout]              bool
[INFO] [stdout]              i8
[INFO] [stdout]              i16
[INFO] [stdout]              i32
[INFO] [stdout]              i64
[INFO] [stdout]              i128
[INFO] [stdout]              usize
[INFO] [stdout]              u8
[INFO] [stdout]            and 168 others
[INFO] [stdout] note: required for `AuthorizationData` to implement `borsh::BorshDeserialize`
[INFO] [stdout]   --> src/processor/mod.rs:55:26
[INFO] [stdout]    |
[INFO] [stdout] 55 | #[derive(BorshSerialize, BorshDeserialize, PartialEq, Eq, Debug, Clone)]
[INFO] [stdout]    |                          ^^^^^^^^^^^^^^^^ unsatisfied trait bound introduced in this `derive` macro
[INFO] [stdout] 56 | pub struct AuthorizationData {
[INFO] [stdout]    |            ^^^^^^^^^^^^^^^^^
[INFO] [stdout]    = note: 1 redundant requirement hidden
[INFO] [stdout]    = note: required for `Option<AuthorizationData>` to implement `borsh::BorshDeserialize`
[INFO] [stdout]    = help: see issue #48214
[INFO] [stdout]    = note: this error originates in the derive macro `BorshDeserialize` (in Nightly builds, run with -Z macro-backtrace for more info)
[INFO] [stdout] 
[INFO] [stdout] 
[INFO] [stdout] error[E0277]: the trait bound `mpl_token_auth_rules::payload::Payload: borsh::BorshSerialize` is not satisfied
[INFO] [stdout]   --> src/instruction/state.rs:21:10
[INFO] [stdout]    |
[INFO] [stdout] 21 | #[derive(BorshSerialize, BorshDeserialize, PartialEq, Eq, Debug, Clone)]
[INFO] [stdout]    |          ^^^^^^^^^^^^^^ the trait `borsh::BorshSerialize` is not implemented for `mpl_token_auth_rules::payload::Payload`
[INFO] [stdout]    |
[INFO] [stdout]    = help: the following other types implement trait `borsh::BorshSerialize`:
[INFO] [stdout]              bool
[INFO] [stdout]              i8
[INFO] [stdout]              i16
[INFO] [stdout]              i32
[INFO] [stdout]              i64
[INFO] [stdout]              i128
[INFO] [stdout]              usize
[INFO] [stdout]              u8
[INFO] [stdout]            and 171 others
[INFO] [stdout] note: required for `AuthorizationData` to implement `borsh::BorshSerialize`
[INFO] [stdout]   --> src/processor/mod.rs:55:10
[INFO] [stdout]    |
[INFO] [stdout] 55 | #[derive(BorshSerialize, BorshDeserialize, PartialEq, Eq, Debug, Clone)]
[INFO] [stdout]    |          ^^^^^^^^^^^^^^ unsatisfied trait bound introduced in this `derive` macro
[INFO] [stdout] 56 | pub struct AuthorizationData {
[INFO] [stdout]    |            ^^^^^^^^^^^^^^^^^
[INFO] [stdout]    = note: 1 redundant requirement hidden
[INFO] [stdout]    = note: required for `Option<AuthorizationData>` to implement `borsh::BorshSerialize`
[INFO] [stdout]    = help: see issue #48214
[INFO] [stdout]    = note: this error originates in the derive macro `BorshSerialize` (in Nightly builds, run with -Z macro-backtrace for more info)
[INFO] [stdout] 
[INFO] [stdout] 
[INFO] [stdout] error[E0277]: the trait bound `mpl_token_auth_rules::payload::Payload: borsh::BorshDeserialize` is not satisfied
[INFO] [stdout]   --> src/instruction/state.rs:21:26
[INFO] [stdout]    |
[INFO] [stdout] 21 | #[derive(BorshSerialize, BorshDeserialize, PartialEq, Eq, Debug, Clone)]
[INFO] [stdout]    |                          ^^^^^^^^^^^^^^^^ the trait `borsh::BorshDeserialize` is not implemented for `mpl_token_auth_rules::payload::Payload`
[INFO] [stdout]    |
[INFO] [stdout]    = help: the following other types implement trait `borsh::BorshDeserialize`:
[INFO] [stdout]              bool
[INFO] [stdout]              i8
[INFO] [stdout]              i16
[INFO] [stdout]              i32
[INFO] [stdout]              i64
[INFO] [stdout]              i128
[INFO] [stdout]              usize
[INFO] [stdout]              u8
[INFO] [stdout]            and 168 others
[INFO] [stdout] note: required for `AuthorizationData` to implement `borsh::BorshDeserialize`
[INFO] [stdout]   --> src/processor/mod.rs:55:26
[INFO] [stdout]    |
[INFO] [stdout] 55 | #[derive(BorshSerialize, BorshDeserialize, PartialEq, Eq, Debug, Clone)]
[INFO] [stdout]    |                          ^^^^^^^^^^^^^^^^ unsatisfied trait bound introduced in this `derive` macro
[INFO] [stdout] 56 | pub struct AuthorizationData {
[INFO] [stdout]    |            ^^^^^^^^^^^^^^^^^
[INFO] [stdout]    = note: 1 redundant requirement hidden
[INFO] [stdout]    = note: required for `Option<AuthorizationData>` to implement `borsh::BorshDeserialize`
[INFO] [stdout]    = help: see issue #48214
[INFO] [stdout]    = note: this error originates in the derive macro `BorshDeserialize` (in Nightly builds, run with -Z macro-backtrace for more info)
[INFO] [stdout] 
[INFO] [stdout] 
[INFO] [stdout] error[E0277]: the trait bound `mpl_token_auth_rules::payload::Payload: borsh::BorshSerialize` is not satisfied
[INFO] [stdout]   --> src/instruction/uses.rs:27:10
[INFO] [stdout]    |
[INFO] [stdout] 27 | #[derive(BorshSerialize, BorshDeserialize, PartialEq, Eq, Debug, Clone)]
[INFO] [stdout]    |          ^^^^^^^^^^^^^^ the trait `borsh::BorshSerialize` is not implemented for `mpl_token_auth_rules::payload::Payload`
[INFO] [stdout]    |
[INFO] [stdout]    = help: the following other types implement trait `borsh::BorshSerialize`:
[INFO] [stdout]              bool
[INFO] [stdout]              i8
[INFO] [stdout]              i16
[INFO] [stdout]              i32
[INFO] [stdout]              i64
[INFO] [stdout]              i128
[INFO] [stdout]              usize
[INFO] [stdout]              u8
[INFO] [stdout]            and 171 others
[INFO] [stdout] note: required for `AuthorizationData` to implement `borsh::BorshSerialize`
[INFO] [stdout]   --> src/processor/mod.rs:55:10
[INFO] [stdout]    |
[INFO] [stdout] 55 | #[derive(BorshSerialize, BorshDeserialize, PartialEq, Eq, Debug, Clone)]
[INFO] [stdout]    |          ^^^^^^^^^^^^^^ unsatisfied trait bound introduced in this `derive` macro
[INFO] [stdout] 56 | pub struct AuthorizationData {
[INFO] [stdout]    |            ^^^^^^^^^^^^^^^^^
[INFO] [stdout]    = note: 1 redundant requirement hidden
[INFO] [stdout]    = note: required for `Option<AuthorizationData>` to implement `borsh::BorshSerialize`
[INFO] [stdout]    = help: see issue #48214
[INFO] [stdout]    = note: this error originates in the derive macro `BorshSerialize` (in Nightly builds, run with -Z macro-backtrace for more info)
[INFO] [stdout] 
[INFO] [stdout] 
[INFO] [stdout] error[E0277]: the trait bound `mpl_token_auth_rules::payload::Payload: borsh::BorshDeserialize` is not satisfied
[INFO] [stdout]   --> src/instruction/uses.rs:27:26
[INFO] [stdout]    |
[INFO] [stdout] 27 | #[derive(BorshSerialize, BorshDeserialize, PartialEq, Eq, Debug, Clone)]
[INFO] [stdout]    |                          ^^^^^^^^^^^^^^^^ the trait `borsh::BorshDeserialize` is not implemented for `mpl_token_auth_rules::payload::Payload`
[INFO] [stdout]    |
[INFO] [stdout]    = help: the following other types implement trait `borsh::BorshDeserialize`:
[INFO] [stdout]              bool
[INFO] [stdout]              i8
[INFO] [stdout]              i16
[INFO] [stdout]              i32
[INFO] [stdout]              i64
[INFO] [stdout]              i128
[INFO] [stdout]              usize
[INFO] [stdout]              u8
[INFO] [stdout]            and 168 others
[INFO] [stdout] note: required for `AuthorizationData` to implement `borsh::BorshDeserialize`
[INFO] [stdout]   --> src/processor/mod.rs:55:26
[INFO] [stdout]    |
[INFO] [stdout] 55 | #[derive(BorshSerialize, BorshDeserialize, PartialEq, Eq, Debug, Clone)]
[INFO] [stdout]    |                          ^^^^^^^^^^^^^^^^ unsatisfied trait bound introduced in this `derive` macro
[INFO] [stdout] 56 | pub struct AuthorizationData {
[INFO] [stdout]    |            ^^^^^^^^^^^^^^^^^
[INFO] [stdout]    = note: 1 redundant requirement hidden
[INFO] [stdout]    = note: required for `Option<AuthorizationData>` to implement `borsh::BorshDeserialize`
[INFO] [stdout]    = help: see issue #48214
[INFO] [stdout]    = note: this error originates in the derive macro `BorshDeserialize` (in Nightly builds, run with -Z macro-backtrace for more info)
[INFO] [stdout] 
[INFO] [stdout] 
[INFO] [stdout] error[E0277]: the trait bound `mpl_token_auth_rules::payload::Payload: borsh::BorshSerialize` is not satisfied
[INFO] [stdout]   --> src/processor/mod.rs:55:10
[INFO] [stdout]    |
[INFO] [stdout] 55 | #[derive(BorshSerialize, BorshDeserialize, PartialEq, Eq, Debug, Clone)]
[INFO] [stdout]    |          ^^^^^^^^^^^^^^ the trait `borsh::BorshSerialize` is not implemented for `mpl_token_auth_rules::payload::Payload`
[INFO] [stdout]    |
[INFO] [stdout]    = help: the following other types implement trait `borsh::BorshSerialize`:
[INFO] [stdout]              bool
[INFO] [stdout]              i8
[INFO] [stdout]              i16
[INFO] [stdout]              i32
[INFO] [stdout]              i64
[INFO] [stdout]              i128
[INFO] [stdout]              usize
[INFO] [stdout]              u8
[INFO] [stdout]            and 171 others
[INFO] [stdout]    = help: see issue #48214
[INFO] [stdout]    = note: this error originates in the derive macro `BorshSerialize` (in Nightly builds, run with -Z macro-backtrace for more info)
[INFO] [stdout] 
[INFO] [stdout] 
[INFO] [stdout] error[E0277]: the trait bound `mpl_token_auth_rules::payload::Payload: borsh::BorshDeserialize` is not satisfied
[INFO] [stdout]   --> src/processor/mod.rs:55:26
[INFO] [stdout]    |
[INFO] [stdout] 55 | #[derive(BorshSerialize, BorshDeserialize, PartialEq, Eq, Debug, Clone)]
[INFO] [stdout]    |                          ^^^^^^^^^^^^^^^^ the trait `borsh::BorshDeserialize` is not implemented for `mpl_token_auth_rules::payload::Payload`
[INFO] [stdout]    |
[INFO] [stdout]    = help: the following other types implement trait `borsh::BorshDeserialize`:
[INFO] [stdout]              bool
[INFO] [stdout]              i8
[INFO] [stdout]              i16
[INFO] [stdout]              i32
[INFO] [stdout]              i64
[INFO] [stdout]              i128
[INFO] [stdout]              usize
[INFO] [stdout]              u8
[INFO] [stdout]            and 168 others
[INFO] [stdout]    = help: see issue #48214
[INFO] [stdout]    = note: this error originates in the derive macro `BorshDeserialize` (in Nightly builds, run with -Z macro-backtrace for more info)
[INFO] [stdout] 
[INFO] [stdout] 
[INFO] [stdout] error: aborting due to 22 previous errors; 4 warnings emitted
[INFO] [stdout] 
[INFO] [stdout] 
[INFO] [stdout] For more information about this error, try `rustc --explain E0277`.
[INFO] [stdout] 
[INFO] [stderr] error: could not compile `miraplex-token-metadata` (lib) due to 23 previous errors; 4 warnings emitted
[INFO] running `Command { std: "docker" "inspect" "1a22c8d14144b65245c79b9331754e4b5db874ca3d8d1c8d0462faa25c895279", kill_on_drop: false }`
[INFO] running `Command { std: "docker" "rm" "-f" "1a22c8d14144b65245c79b9331754e4b5db874ca3d8d1c8d0462faa25c895279", kill_on_drop: false }`
[INFO] [stdout] 1a22c8d14144b65245c79b9331754e4b5db874ca3d8d1c8d0462faa25c895279
[INFO] testing miraplex-token-metadata-1.7.4 against beta-2023-12-22 for beta-1.76-1
[INFO] extracting crate miraplex-token-metadata 1.7.4 into /workspace/builds/worker-0-tc2/source
[INFO] validating manifest of crates.io crate miraplex-token-metadata 1.7.4 on toolchain beta-2023-12-22
[INFO] running `Command { std: CARGO_HOME="/workspace/cargo-home" RUSTUP_HOME="/workspace/rustup-home" "/workspace/cargo-home/bin/cargo" "+beta-2023-12-22" "metadata" "--manifest-path" "Cargo.toml" "--no-deps", kill_on_drop: false }`
[INFO] started tweaking crates.io crate miraplex-token-metadata 1.7.4
[INFO] finished tweaking crates.io crate miraplex-token-metadata 1.7.4
[INFO] tweaked toml for crates.io crate miraplex-token-metadata 1.7.4 written to /workspace/builds/worker-0-tc2/source/Cargo.toml
[INFO] running `Command { std: CARGO_HOME="/workspace/cargo-home" RUSTUP_HOME="/workspace/rustup-home" "/workspace/cargo-home/bin/cargo" "+beta-2023-12-22" "generate-lockfile" "--manifest-path" "Cargo.toml", kill_on_drop: false }`
[INFO] [stderr]     Updating crates.io index
[INFO] running `Command { std: CARGO_HOME="/workspace/cargo-home" RUSTUP_HOME="/workspace/rustup-home" "/workspace/cargo-home/bin/cargo" "+beta-2023-12-22" "fetch" "--manifest-path" "Cargo.toml", kill_on_drop: false }`
[INFO] running `Command { std: "docker" "create" "-v" "/var/lib/crater-agent-workspace/builds/worker-0-tc2/target:/opt/rustwide/target:rw,Z" "-v" "/var/lib/crater-agent-workspace/builds/worker-0-tc2/source:/opt/rustwide/workdir:ro,Z" "-v" "/var/lib/crater-agent-workspace/cargo-home:/opt/rustwide/cargo-home:ro,Z" "-v" "/var/lib/crater-agent-workspace/rustup-home:/opt/rustwide/rustup-home:ro,Z" "-e" "SOURCE_DIR=/opt/rustwide/workdir" "-e" "CARGO_TARGET_DIR=/opt/rustwide/target" "-e" "CARGO_HOME=/opt/rustwide/cargo-home" "-e" "RUSTUP_HOME=/opt/rustwide/rustup-home" "-w" "/opt/rustwide/workdir" "-m" "1610612736" "--user" "0:0" "--network" "none" "ghcr.io/rust-lang/crates-build-env/linux@sha256:2788e3201cd34a07e3172128adcd8b3090168a8e3bcc40d7c032b9dda1df7d1c" "/opt/rustwide/cargo-home/bin/cargo" "+beta-2023-12-22" "metadata" "--no-deps" "--format-version=1", kill_on_drop: false }`
[INFO] [stdout] 42d4a9a58657a0d775ccfadc8ca5f50f8966c2df90da03921ba11c887ae10c8d
[INFO] running `Command { std: "docker" "start" "-a" "42d4a9a58657a0d775ccfadc8ca5f50f8966c2df90da03921ba11c887ae10c8d", kill_on_drop: false }`
[INFO] running `Command { std: "docker" "inspect" "42d4a9a58657a0d775ccfadc8ca5f50f8966c2df90da03921ba11c887ae10c8d", kill_on_drop: false }`
[INFO] running `Command { std: "docker" "rm" "-f" "42d4a9a58657a0d775ccfadc8ca5f50f8966c2df90da03921ba11c887ae10c8d", kill_on_drop: false }`
[INFO] [stdout] 42d4a9a58657a0d775ccfadc8ca5f50f8966c2df90da03921ba11c887ae10c8d
[INFO] running `Command { std: "docker" "create" "-v" "/var/lib/crater-agent-workspace/builds/worker-0-tc2/target:/opt/rustwide/target:rw,Z" "-v" "/var/lib/crater-agent-workspace/builds/worker-0-tc2/source:/opt/rustwide/workdir:ro,Z" "-v" "/var/lib/crater-agent-workspace/cargo-home:/opt/rustwide/cargo-home:ro,Z" "-v" "/var/lib/crater-agent-workspace/rustup-home:/opt/rustwide/rustup-home:ro,Z" "-e" "SOURCE_DIR=/opt/rustwide/workdir" "-e" "CARGO_TARGET_DIR=/opt/rustwide/target" "-e" "CARGO_INCREMENTAL=0" "-e" "RUST_BACKTRACE=full" "-e" "RUSTFLAGS=--cap-lints=warn" "-e" "RUSTDOCFLAGS=--cap-lints=warn" "-e" "CARGO_HOME=/opt/rustwide/cargo-home" "-e" "RUSTUP_HOME=/opt/rustwide/rustup-home" "-w" "/opt/rustwide/workdir" "-m" "1610612736" "--user" "0:0" "--network" "none" "ghcr.io/rust-lang/crates-build-env/linux@sha256:2788e3201cd34a07e3172128adcd8b3090168a8e3bcc40d7c032b9dda1df7d1c" "/opt/rustwide/cargo-home/bin/cargo" "+beta-2023-12-22" "build" "--frozen" "--message-format=json", kill_on_drop: false }`
[INFO] [stdout] 18edd642eaeabef5cbbccf36896254e3c67148d8be36dd1bb2f5a90d607e970e
[INFO] running `Command { std: "docker" "start" "-a" "18edd642eaeabef5cbbccf36896254e3c67148d8be36dd1bb2f5a90d607e970e", kill_on_drop: false }`
[INFO] [stderr]    Compiling syn v1.0.109
[INFO] [stderr]    Compiling subtle v2.4.1
[INFO] [stderr]    Compiling once_cell v1.19.0
[INFO] [stderr]    Compiling semver v1.0.21
[INFO] [stderr]    Compiling cpufeatures v0.2.12
[INFO] [stderr]    Compiling typenum v1.17.0
[INFO] [stderr]    Compiling generic-array v0.14.7
[INFO] [stderr]    Compiling serde v1.0.194
[INFO] [stderr]    Compiling num-traits v0.2.17
[INFO] [stderr]    Compiling getrandom v0.1.16
[INFO] [stderr]    Compiling num-integer v0.1.45
[INFO] [stderr]    Compiling syn v2.0.48
[INFO] [stderr]    Compiling getrandom v0.2.11
[INFO] [stderr]    Compiling crunchy v0.2.2
[INFO] [stderr]    Compiling either v1.9.0
[INFO] [stderr]    Compiling opaque-debug v0.3.0
[INFO] [stderr]    Compiling rand_core v0.6.4
[INFO] [stderr]    Compiling paste v1.0.14
[INFO] [stderr]    Compiling libc v0.2.151
[INFO] [stderr]    Compiling num-bigint v0.4.4
[INFO] [stderr]    Compiling ahash v0.8.7
[INFO] [stderr]    Compiling rand_chacha v0.3.1
[INFO] [stderr]    Compiling crossbeam-utils v0.8.18
[INFO] [stderr]    Compiling block-padding v0.2.1
[INFO] [stderr]    Compiling zerocopy v0.7.32
[INFO] [stderr]    Compiling rand v0.8.5
[INFO] [stderr]    Compiling rand_core v0.5.1
[INFO] [stderr]    Compiling wasm-bindgen-shared v0.2.89
[INFO] [stderr]    Compiling rustc_version v0.4.0
[INFO] [stderr]    Compiling byteorder v1.5.0
[INFO] [stderr]    Compiling rand_chacha v0.2.2
[INFO] [stderr]    Compiling hashbrown v0.13.2
[INFO] [stderr]    Compiling indexmap v1.9.3
[INFO] [stderr]    Compiling itertools v0.10.5
[INFO] [stderr]    Compiling rayon-core v1.12.0
[INFO] [stderr]    Compiling hashbrown v0.12.3
[INFO] [stderr]    Compiling crossbeam-epoch v0.9.17
[INFO] [stderr]    Compiling digest v0.9.0
[INFO] [stderr]    Compiling libsecp256k1-core v0.2.2
[INFO] [stderr]    Compiling rand v0.7.3
[INFO] [stderr]    Compiling jobserver v0.1.27
[INFO] [stderr]    Compiling crossbeam-deque v0.8.4
[INFO] [stderr]    Compiling ahash v0.7.7
[INFO] [stderr]    Compiling ark-std v0.4.0
[INFO] [stderr]    Compiling log v0.4.20
[INFO] [stderr]    Compiling bumpalo v3.14.0
[INFO] [stderr]    Compiling toml_datetime v0.6.1
[INFO] [stderr]    Compiling feature-probe v0.1.1
[INFO] [stderr]    Compiling cc v1.0.83
[INFO] [stderr]    Compiling bv v0.11.1
[INFO] [stderr]    Compiling miraland-frozen-abi-macro v1.18.1
[INFO] [stderr]    Compiling bitmaps v2.1.0
[INFO] [stderr]    Compiling im v15.1.0
[INFO] [stderr]    Compiling rustversion v1.0.14
[INFO] [stderr]    Compiling keccak v0.1.4
[INFO] [stderr]    Compiling tinyvec_macros v0.1.1
[INFO] [stderr]    Compiling tinyvec v1.6.0
[INFO] [stderr]    Compiling toml_edit v0.19.8
[INFO] [stderr]    Compiling libsecp256k1-gen-genmult v0.2.1
[INFO] [stderr]    Compiling libsecp256k1-gen-ecmult v0.2.1
[INFO] [stderr]    Compiling sized-chunks v0.6.5
[INFO] [stderr]    Compiling rayon v1.8.0
[INFO] [stderr]    Compiling miraland-frozen-abi v1.18.1
[INFO] [stderr]    Compiling rand_xoshiro v0.6.0
[INFO] [stderr]    Compiling memoffset v0.9.0
[INFO] [stderr]    Compiling wasm-bindgen v0.2.89
[INFO] [stderr]    Compiling serde_json v1.0.111
[INFO] [stderr]    Compiling bs58 v0.4.0
[INFO] [stderr]    Compiling arrayref v0.3.7
[INFO] [stderr]    Compiling unicode-normalization v0.1.22
[INFO] [stderr]    Compiling libsecp256k1 v0.6.0
[INFO] [stderr]    Compiling hashbrown v0.11.2
[INFO] [stderr]    Compiling memmap2 v0.5.10
[INFO] [stderr]    Compiling base64 v0.12.3
[INFO] [stderr]    Compiling rustc-hash v1.1.0
[INFO] [stderr]    Compiling ryu v1.0.16
[INFO] [stderr]    Compiling itoa v1.0.10
[INFO] [stderr]    Compiling ident_case v1.0.1
[INFO] [stderr]    Compiling strsim v0.10.0
[INFO] [stderr]    Compiling base64 v0.21.5
[INFO] [stderr]    Compiling regex-syntax v0.8.2
[INFO] [stderr]    Compiling signature v1.6.4
[INFO] [stderr]    Compiling atty v0.2.14
[INFO] [stderr]    Compiling ed25519 v1.5.3
[INFO] [stderr]    Compiling termcolor v1.4.0
[INFO] [stderr]    Compiling miraland-sdk v1.18.1
[INFO] [stderr]    Compiling derivation-path v0.2.0
[INFO] [stderr]    Compiling percent-encoding v2.3.1
[INFO] [stderr]    Compiling uriparse v0.6.4
[INFO] [stderr]    Compiling qstring v0.7.2
[INFO] [stderr]    Compiling blake3 v1.3.1
[INFO] [stderr]    Compiling miraland-program v1.18.1
[INFO] [stderr]    Compiling chrono v0.4.31
[INFO] [stderr]    Compiling proc-macro-crate v1.3.1
[INFO] [stderr]    Compiling assert_matches v1.5.0
[INFO] [stderr]    Compiling rmp v0.8.12
[INFO] [stderr]    Compiling wasm-bindgen-backend v0.2.89
[INFO] [stderr]    Compiling darling_core v0.20.3
[INFO] [stderr]    Compiling regex-automata v0.4.3
[INFO] [stderr]    Compiling serde_derive v1.0.194
[INFO] [stderr]    Compiling zeroize_derive v1.4.2
[INFO] [stderr]    Compiling thiserror-impl v1.0.56
[INFO] [stderr]    Compiling bytemuck_derive v1.5.0
[INFO] [stderr]    Compiling miraland-sdk-macro v1.18.1
[INFO] [stderr]    Compiling num-derive v0.4.1
[INFO] [stderr]    Compiling num_enum_derive v0.7.1
[INFO] [stderr]    Compiling wasm-bindgen-macro-support v0.2.89
[INFO] [stderr]    Compiling qualifier_attr v0.2.2
[INFO] [stderr]    Compiling borsh-schema-derive-internal v0.10.3
[INFO] [stderr]    Compiling borsh-derive-internal v0.10.3
[INFO] [stderr]    Compiling borsh-schema-derive-internal v0.9.3
[INFO] [stderr]    Compiling borsh-derive-internal v0.9.3
[INFO] [stderr]    Compiling zeroize v1.3.0
[INFO] [stderr]    Compiling merlin v3.0.0
[INFO] [stderr]    Compiling wasm-bindgen-macro v0.2.89
[INFO] [stderr]    Compiling bytemuck v1.14.0
[INFO] [stderr]    Compiling darling_macro v0.20.3
[INFO] [stderr]    Compiling regex v1.10.2
[INFO] [stderr]    Compiling thiserror v1.0.56
[INFO] [stderr]    Compiling ark-serialize-derive v0.4.2
[INFO] [stderr]    Compiling ark-ff-macros v0.4.2
[INFO] [stderr]    Compiling ark-ff-asm v0.4.2
[INFO] [stderr]    Compiling derivative v2.2.0
[INFO] [stderr]    Compiling num_enum_derive v0.5.11
[INFO] [stderr]    Compiling num-derive v0.3.3
[INFO] [stderr]    Compiling miraplex-token-metadata-context-derive v0.2.1
[INFO] [stderr]    Compiling num_enum v0.7.1
[INFO] [stderr]    Compiling env_logger v0.9.3
[INFO] [stderr]    Compiling darling v0.20.3
[INFO] [stderr]    Compiling serde_with_macros v2.3.3
[INFO] [stderr]    Compiling miraland-logger v1.18.1
[INFO] [stderr]    Compiling num_enum v0.5.11
[INFO] [stderr]    Compiling toml v0.5.11
[INFO] [stderr]    Compiling shank_macro_impl v0.0.11
[INFO] [stderr]    Compiling shank_macro_impl v0.0.12
[INFO] [stderr]    Compiling serde_bytes v0.11.14
[INFO] [stderr]    Compiling bitflags v2.4.1
[INFO] [stderr]    Compiling bincode v1.3.3
[INFO] [stderr]    Compiling serde_with v2.3.3
[INFO] [stderr]    Compiling rmp-serde v1.1.2
[INFO] [stderr]    Compiling shank_render v0.0.1
[INFO] [stderr]    Compiling block-buffer v0.10.4
[INFO] [stderr]    Compiling crypto-common v0.1.6
[INFO] [stderr]    Compiling digest v0.10.7
[INFO] [stderr]    Compiling block-buffer v0.9.0
[INFO] [stderr]    Compiling crypto-mac v0.8.0
[INFO] [stderr]    Compiling curve25519-dalek v3.2.1
[INFO] [stderr]    Compiling cipher v0.3.0
[INFO] [stderr]    Compiling proc-macro-crate v0.1.5
[INFO] [stderr]    Compiling sha2 v0.9.9
[INFO] [stderr]    Compiling hmac v0.8.1
[INFO] [stderr]    Compiling pbkdf2 v0.4.0
[INFO] [stderr]    Compiling universal-hash v0.4.1
[INFO] [stderr]    Compiling ctr v0.8.0
[INFO] [stderr]    Compiling ark-serialize v0.4.2
[INFO] [stderr]    Compiling sha2 v0.10.8
[INFO] [stderr]    Compiling hmac-drbg v0.3.0
[INFO] [stderr]    Compiling sha3 v0.10.8
[INFO] [stderr]    Compiling hmac v0.12.1
[INFO] [stderr]    Compiling polyval v0.5.3
[INFO] [stderr]    Compiling pbkdf2 v0.11.0
[INFO] [stderr]    Compiling aes v0.7.5
[INFO] [stderr]    Compiling aead v0.4.3
[INFO] [stderr]    Compiling sha3 v0.9.1
[INFO] [stderr]    Compiling ark-ff v0.4.2
[INFO] [stderr]    Compiling shank_macro v0.0.11
[INFO] [stderr]    Compiling tiny-bip39 v0.8.2
[INFO] [stderr]    Compiling shank_macro v0.0.12
[INFO] [stderr]    Compiling borsh-derive v0.9.3
[INFO] [stderr]    Compiling borsh-derive v0.10.3
[INFO] [stderr]    Compiling aes-gcm-siv v0.10.3
[INFO] [stderr]    Compiling ed25519-dalek v1.0.1
[INFO] [stderr]    Compiling ed25519-dalek-bip32 v0.2.0
[INFO] [stderr]    Compiling shank v0.0.12
[INFO] [stderr]    Compiling shank v0.0.11
[INFO] [stderr]    Compiling borsh v0.10.3
[INFO] [stderr]    Compiling borsh v0.9.3
[INFO] [stderr]    Compiling ark-poly v0.4.2
[INFO] [stderr]    Compiling ark-ec v0.4.2
[INFO] [stderr]    Compiling ark-bn254 v0.4.0
[INFO] [stderr]    Compiling light-poseidon v0.2.0
[INFO] [stderr]    Compiling solarti-token v3.5.6
[INFO] [stderr]    Compiling solarti-memo v3.0.7
[INFO] [stderr]    Compiling miraplex-utils v0.0.11
[INFO] [stderr]    Compiling miraland-zk-token-sdk v1.18.1
[INFO] [stderr]    Compiling solarti-token-2022 v0.6.7
[INFO] [stderr]    Compiling miraplex-token-auth-rules v1.3.7
[INFO] [stderr]    Compiling solarti-associated-token-account v1.1.8
[INFO] [stderr]    Compiling miraplex-token-metadata v1.7.4 (/opt/rustwide/workdir)
[INFO] [stdout] warning: unused import: `edition::*`
[INFO] [stdout]   --> src/processor/mod.rs:19:9
[INFO] [stdout]    |
[INFO] [stdout] 19 | pub use edition::*;
[INFO] [stdout]    |         ^^^^^^^^^^
[INFO] [stdout]    |
[INFO] [stdout]    = note: `#[warn(unused_imports)]` on by default
[INFO] [stdout] 
[INFO] [stdout] 
[INFO] [stdout] warning: private item shadows public glob re-export
[INFO] [stdout]   --> src/processor/mod.rs:45:9
[INFO] [stdout]    |
[INFO] [stdout] 45 |         escrow::process_transfer_out_of_escrow,
[INFO] [stdout]    |         ^^^^^^^^^^^^^^^^^^^^^^^^^^^^^^^^^^^^^^
[INFO] [stdout]    |
[INFO] [stdout] note: the name `process_transfer_out_of_escrow` in the value namespace is supposed to be publicly re-exported here
[INFO] [stdout]   --> src/processor/mod.rs:20:9
[INFO] [stdout]    |
[INFO] [stdout] 20 | pub use escrow::*;
[INFO] [stdout]    |         ^^^^^^^^^
[INFO] [stdout] note: but the private item here shadows it
[INFO] [stdout]   --> src/processor/mod.rs:45:9
[INFO] [stdout]    |
[INFO] [stdout] 45 |         escrow::process_transfer_out_of_escrow,
[INFO] [stdout]    |         ^^^^^^^^^^^^^^^^^^^^^^^^^^^^^^^^^^^^^^
[INFO] [stdout]    = note: `#[warn(hidden_glob_reexports)]` on by default
[INFO] [stdout] 
[INFO] [stdout] 
[INFO] [stdout] warning: use of deprecated function `solana_program::borsh::try_from_slice_unchecked`: Please use `borsh0_10::try_from_slice_unchecked` instead
[INFO] [stdout]   --> src/utils/mod.rs:21:39
[INFO] [stdout]    |
[INFO] [stdout] 21 |     account_info::AccountInfo, borsh::try_from_slice_unchecked, entrypoint::ProgramResult, msg,
[INFO] [stdout]    |                                       ^^^^^^^^^^^^^^^^^^^^^^^^
[INFO] [stdout]    |
[INFO] [stdout]    = note: `#[warn(deprecated)]` on by default
[INFO] [stdout] 
[INFO] [stdout] 
[INFO] [stdout] warning: use of deprecated function `solana_program::borsh::try_from_slice_unchecked`: Please use `borsh0_10::try_from_slice_unchecked` instead
[INFO] [stdout]    --> src/utils/mod.rs:172:21
[INFO] [stdout]     |
[INFO] [stdout] 172 |     let result: T = try_from_slice_unchecked(data)?;
[INFO] [stdout]     |                     ^^^^^^^^^^^^^^^^^^^^^^^^
[INFO] [stdout] 
[INFO] [stdout] 
[INFO] [stdout] error[E0277]: the trait bound `mpl_token_auth_rules::payload::Payload: borsh::BorshSerialize` is not satisfied
[INFO] [stdout]   --> src/instruction/mod.rs:41:10
[INFO] [stdout]    |
[INFO] [stdout] 41 | #[derive(BorshSerialize, BorshDeserialize, Clone, ShankInstruction, AccountContext)]
[INFO] [stdout]    |          ^^^^^^^^^^^^^^ the trait `borsh::BorshSerialize` is not implemented for `mpl_token_auth_rules::payload::Payload`
[INFO] [stdout]    |
[INFO] [stdout]    = help: the following other types implement trait `borsh::BorshSerialize`:
[INFO] [stdout]              bool
[INFO] [stdout]              i8
[INFO] [stdout]              i16
[INFO] [stdout]              i32
[INFO] [stdout]              i64
[INFO] [stdout]              i128
[INFO] [stdout]              usize
[INFO] [stdout]              u8
[INFO] [stdout]            and 171 others
[INFO] [stdout] note: required for `AuthorizationData` to implement `borsh::BorshSerialize`
[INFO] [stdout]   --> src/processor/mod.rs:55:10
[INFO] [stdout]    |
[INFO] [stdout] 55 | #[derive(BorshSerialize, BorshDeserialize, PartialEq, Eq, Debug, Clone)]
[INFO] [stdout]    |          ^^^^^^^^^^^^^^ unsatisfied trait bound introduced in this `derive` macro
[INFO] [stdout] 56 | pub struct AuthorizationData {
[INFO] [stdout]    |            ^^^^^^^^^^^^^^^^^
[INFO] [stdout]    = note: 2 redundant requirements hidden
[INFO] [stdout]    = note: required for `instruction::collection::VerifyArgs` to implement `borsh::BorshSerialize`
[INFO] [stdout]    = help: see issue #48214
[INFO] [stdout]    = note: this error originates in the derive macro `BorshSerialize` (in Nightly builds, run with -Z macro-backtrace for more info)
[INFO] [stdout] 
[INFO] [stdout] 
[INFO] [stdout] error[E0277]: the trait bound `mpl_token_auth_rules::payload::Payload: borsh::BorshDeserialize` is not satisfied
[INFO] [stdout]   --> src/instruction/mod.rs:41:26
[INFO] [stdout]    |
[INFO] [stdout] 41 | #[derive(BorshSerialize, BorshDeserialize, Clone, ShankInstruction, AccountContext)]
[INFO] [stdout]    |                          ^^^^^^^^^^^^^^^^ the trait `borsh::BorshDeserialize` is not implemented for `mpl_token_auth_rules::payload::Payload`
[INFO] [stdout]    |
[INFO] [stdout]    = help: the following other types implement trait `borsh::BorshDeserialize`:
[INFO] [stdout]              bool
[INFO] [stdout]              i8
[INFO] [stdout]              i16
[INFO] [stdout]              i32
[INFO] [stdout]              i64
[INFO] [stdout]              i128
[INFO] [stdout]              usize
[INFO] [stdout]              u8
[INFO] [stdout]            and 168 others
[INFO] [stdout] note: required for `AuthorizationData` to implement `borsh::BorshDeserialize`
[INFO] [stdout]   --> src/processor/mod.rs:55:26
[INFO] [stdout]    |
[INFO] [stdout] 55 | #[derive(BorshSerialize, BorshDeserialize, PartialEq, Eq, Debug, Clone)]
[INFO] [stdout]    |                          ^^^^^^^^^^^^^^^^ unsatisfied trait bound introduced in this `derive` macro
[INFO] [stdout] 56 | pub struct AuthorizationData {
[INFO] [stdout]    |            ^^^^^^^^^^^^^^^^^
[INFO] [stdout]    = note: 2 redundant requirements hidden
[INFO] [stdout]    = note: required for `instruction::collection::VerifyArgs` to implement `borsh::BorshDeserialize`
[INFO] [stdout]    = help: see issue #48214
[INFO] [stdout]    = note: this error originates in the derive macro `BorshDeserialize` (in Nightly builds, run with -Z macro-backtrace for more info)
[INFO] [stdout] 
[INFO] [stdout] 
[INFO] [stdout] error[E0277]: the trait bound `mpl_token_auth_rules::payload::Payload: borsh::BorshSerialize` is not satisfied
[INFO] [stdout]    --> src/instruction/burn.rs:103:10
[INFO] [stdout]     |
[INFO] [stdout] 103 | #[derive(BorshSerialize, BorshDeserialize, PartialEq, Eq, Debug, Clone)]
[INFO] [stdout]     |          ^^^^^^^^^^^^^^ the trait `borsh::BorshSerialize` is not implemented for `mpl_token_auth_rules::payload::Payload`
[INFO] [stdout]     |
[INFO] [stdout]     = help: the following other types implement trait `borsh::BorshSerialize`:
[INFO] [stdout]               bool
[INFO] [stdout]               i8
[INFO] [stdout]               i16
[INFO] [stdout]               i32
[INFO] [stdout]               i64
[INFO] [stdout]               i128
[INFO] [stdout]               usize
[INFO] [stdout]               u8
[INFO] [stdout]             and 171 others
[INFO] [stdout] note: required for `AuthorizationData` to implement `borsh::BorshSerialize`
[INFO] [stdout]    --> src/processor/mod.rs:55:10
[INFO] [stdout]     |
[INFO] [stdout] 55  | #[derive(BorshSerialize, BorshDeserialize, PartialEq, Eq, Debug, Clone)]
[INFO] [stdout]     |          ^^^^^^^^^^^^^^ unsatisfied trait bound introduced in this `derive` macro
[INFO] [stdout] 56  | pub struct AuthorizationData {
[INFO] [stdout]     |            ^^^^^^^^^^^^^^^^^
[INFO] [stdout]     = note: 1 redundant requirement hidden
[INFO] [stdout]     = note: required for `Option<AuthorizationData>` to implement `borsh::BorshSerialize`
[INFO] [stdout]     = help: see issue #48214
[INFO] [stdout]     = note: this error originates in the derive macro `BorshSerialize` (in Nightly builds, run with -Z macro-backtrace for more info)
[INFO] [stdout] 
[INFO] [stdout] 
[INFO] [stdout] error[E0277]: the trait bound `mpl_token_auth_rules::payload::Payload: borsh::BorshDeserialize` is not satisfied
[INFO] [stdout]    --> src/instruction/burn.rs:103:26
[INFO] [stdout]     |
[INFO] [stdout] 103 | #[derive(BorshSerialize, BorshDeserialize, PartialEq, Eq, Debug, Clone)]
[INFO] [stdout]     |                          ^^^^^^^^^^^^^^^^ the trait `borsh::BorshDeserialize` is not implemented for `mpl_token_auth_rules::payload::Payload`
[INFO] [stdout]     |
[INFO] [stdout]     = help: the following other types implement trait `borsh::BorshDeserialize`:
[INFO] [stdout]               bool
[INFO] [stdout]               i8
[INFO] [stdout]               i16
[INFO] [stdout]               i32
[INFO] [stdout]               i64
[INFO] [stdout]               i128
[INFO] [stdout]               usize
[INFO] [stdout]               u8
[INFO] [stdout]             and 168 others
[INFO] [stdout] note: required for `AuthorizationData` to implement `borsh::BorshDeserialize`
[INFO] [stdout]    --> src/processor/mod.rs:55:26
[INFO] [stdout]     |
[INFO] [stdout] 55  | #[derive(BorshSerialize, BorshDeserialize, PartialEq, Eq, Debug, Clone)]
[INFO] [stdout]     |                          ^^^^^^^^^^^^^^^^ unsatisfied trait bound introduced in this `derive` macro
[INFO] [stdout] 56  | pub struct AuthorizationData {
[INFO] [stdout]     |            ^^^^^^^^^^^^^^^^^
[INFO] [stdout]     = note: 1 redundant requirement hidden
[INFO] [stdout]     = note: required for `Option<AuthorizationData>` to implement `borsh::BorshDeserialize`
[INFO] [stdout]     = help: see issue #48214
[INFO] [stdout]     = note: this error originates in the derive macro `BorshDeserialize` (in Nightly builds, run with -Z macro-backtrace for more info)
[INFO] [stdout] 
[INFO] [stdout] 
[INFO] [stdout] error[E0277]: the trait bound `mpl_token_auth_rules::payload::Payload: borsh::BorshSerialize` is not satisfied
[INFO] [stdout]    --> src/instruction/collection.rs:412:10
[INFO] [stdout]     |
[INFO] [stdout] 412 | #[derive(BorshSerialize, BorshDeserialize, PartialEq, Eq, Debug, Clone)]
[INFO] [stdout]     |          ^^^^^^^^^^^^^^ the trait `borsh::BorshSerialize` is not implemented for `mpl_token_auth_rules::payload::Payload`
[INFO] [stdout]     |
[INFO] [stdout]     = help: the following other types implement trait `borsh::BorshSerialize`:
[INFO] [stdout]               bool
[INFO] [stdout]               i8
[INFO] [stdout]               i16
[INFO] [stdout]               i32
[INFO] [stdout]               i64
[INFO] [stdout]               i128
[INFO] [stdout]               usize
[INFO] [stdout]               u8
[INFO] [stdout]             and 171 others
[INFO] [stdout] note: required for `AuthorizationData` to implement `borsh::BorshSerialize`
[INFO] [stdout]    --> src/processor/mod.rs:55:10
[INFO] [stdout]     |
[INFO] [stdout] 55  | #[derive(BorshSerialize, BorshDeserialize, PartialEq, Eq, Debug, Clone)]
[INFO] [stdout]     |          ^^^^^^^^^^^^^^ unsatisfied trait bound introduced in this `derive` macro
[INFO] [stdout] 56  | pub struct AuthorizationData {
[INFO] [stdout]     |            ^^^^^^^^^^^^^^^^^
[INFO] [stdout]     = note: 1 redundant requirement hidden
[INFO] [stdout]     = note: required for `Option<AuthorizationData>` to implement `borsh::BorshSerialize`
[INFO] [stdout]     = help: see issue #48214
[INFO] [stdout]     = note: this error originates in the derive macro `BorshSerialize` (in Nightly builds, run with -Z macro-backtrace for more info)
[INFO] [stdout] 
[INFO] [stdout] 
[INFO] [stdout] error[E0277]: the trait bound `mpl_token_auth_rules::payload::Payload: borsh::BorshDeserialize` is not satisfied
[INFO] [stdout]    --> src/instruction/collection.rs:412:26
[INFO] [stdout]     |
[INFO] [stdout] 412 | #[derive(BorshSerialize, BorshDeserialize, PartialEq, Eq, Debug, Clone)]
[INFO] [stdout]     |                          ^^^^^^^^^^^^^^^^ the trait `borsh::BorshDeserialize` is not implemented for `mpl_token_auth_rules::payload::Payload`
[INFO] [stdout]     |
[INFO] [stdout]     = help: the following other types implement trait `borsh::BorshDeserialize`:
[INFO] [stdout]               bool
[INFO] [stdout]               i8
[INFO] [stdout]               i16
[INFO] [stdout]               i32
[INFO] [stdout]               i64
[INFO] [stdout]               i128
[INFO] [stdout]               usize
[INFO] [stdout]               u8
[INFO] [stdout]             and 168 others
[INFO] [stdout] note: required for `AuthorizationData` to implement `borsh::BorshDeserialize`
[INFO] [stdout]    --> src/processor/mod.rs:55:26
[INFO] [stdout]     |
[INFO] [stdout] 55  | #[derive(BorshSerialize, BorshDeserialize, PartialEq, Eq, Debug, Clone)]
[INFO] [stdout]     |                          ^^^^^^^^^^^^^^^^ unsatisfied trait bound introduced in this `derive` macro
[INFO] [stdout] 56  | pub struct AuthorizationData {
[INFO] [stdout]     |            ^^^^^^^^^^^^^^^^^
[INFO] [stdout]     = note: 1 redundant requirement hidden
[INFO] [stdout]     = note: required for `Option<AuthorizationData>` to implement `borsh::BorshDeserialize`
[INFO] [stdout]     = help: see issue #48214
[INFO] [stdout]     = note: this error originates in the derive macro `BorshDeserialize` (in Nightly builds, run with -Z macro-backtrace for more info)
[INFO] [stdout] 
[INFO] [stdout] 
[INFO] [stdout] error[E0277]: the trait bound `mpl_token_auth_rules::payload::Payload: borsh::BorshSerialize` is not satisfied
[INFO] [stdout]   --> src/instruction/delegate.rs:13:10
[INFO] [stdout]    |
[INFO] [stdout] 13 | #[derive(BorshSerialize, BorshDeserialize, PartialEq, Eq, Debug, Clone)]
[INFO] [stdout]    |          ^^^^^^^^^^^^^^ the trait `borsh::BorshSerialize` is not implemented for `mpl_token_auth_rules::payload::Payload`
[INFO] [stdout]    |
[INFO] [stdout]    = help: the following other types implement trait `borsh::BorshSerialize`:
[INFO] [stdout]              bool
[INFO] [stdout]              i8
[INFO] [stdout]              i16
[INFO] [stdout]              i32
[INFO] [stdout]              i64
[INFO] [stdout]              i128
[INFO] [stdout]              usize
[INFO] [stdout]              u8
[INFO] [stdout]            and 171 others
[INFO] [stdout] note: required for `AuthorizationData` to implement `borsh::BorshSerialize`
[INFO] [stdout]   --> src/processor/mod.rs:55:10
[INFO] [stdout]    |
[INFO] [stdout] 55 | #[derive(BorshSerialize, BorshDeserialize, PartialEq, Eq, Debug, Clone)]
[INFO] [stdout]    |          ^^^^^^^^^^^^^^ unsatisfied trait bound introduced in this `derive` macro
[INFO] [stdout] 56 | pub struct AuthorizationData {
[INFO] [stdout]    |            ^^^^^^^^^^^^^^^^^
[INFO] [stdout]    = note: 1 redundant requirement hidden
[INFO] [stdout]    = note: required for `Option<AuthorizationData>` to implement `borsh::BorshSerialize`
[INFO] [stdout]    = help: see issue #48214
[INFO] [stdout]    = note: this error originates in the derive macro `BorshSerialize` (in Nightly builds, run with -Z macro-backtrace for more info)
[INFO] [stdout] 
[INFO] [stdout] 
[INFO] [stdout] error[E0277]: the trait bound `mpl_token_auth_rules::payload::Payload: borsh::BorshDeserialize` is not satisfied
[INFO] [stdout]   --> src/instruction/delegate.rs:13:26
[INFO] [stdout]    |
[INFO] [stdout] 13 | #[derive(BorshSerialize, BorshDeserialize, PartialEq, Eq, Debug, Clone)]
[INFO] [stdout]    |                          ^^^^^^^^^^^^^^^^ the trait `borsh::BorshDeserialize` is not implemented for `mpl_token_auth_rules::payload::Payload`
[INFO] [stdout]    |
[INFO] [stdout]    = help: the following other types implement trait `borsh::BorshDeserialize`:
[INFO] [stdout]              bool
[INFO] [stdout]              i8
[INFO] [stdout]              i16
[INFO] [stdout]              i32
[INFO] [stdout]              i64
[INFO] [stdout]              i128
[INFO] [stdout]              usize
[INFO] [stdout]              u8
[INFO] [stdout]            and 168 others
[INFO] [stdout] note: required for `AuthorizationData` to implement `borsh::BorshDeserialize`
[INFO] [stdout]   --> src/processor/mod.rs:55:26
[INFO] [stdout]    |
[INFO] [stdout] 55 | #[derive(BorshSerialize, BorshDeserialize, PartialEq, Eq, Debug, Clone)]
[INFO] [stdout]    |                          ^^^^^^^^^^^^^^^^ unsatisfied trait bound introduced in this `derive` macro
[INFO] [stdout] 56 | pub struct AuthorizationData {
[INFO] [stdout]    |            ^^^^^^^^^^^^^^^^^
[INFO] [stdout]    = note: 1 redundant requirement hidden
[INFO] [stdout]    = note: required for `Option<AuthorizationData>` to implement `borsh::BorshDeserialize`
[INFO] [stdout]    = help: see issue #48214
[INFO] [stdout]    = note: this error originates in the derive macro `BorshDeserialize` (in Nightly builds, run with -Z macro-backtrace for more info)
[INFO] [stdout] 
[INFO] [stdout] 
[INFO] [stdout] error[E0277]: the trait bound `mpl_token_auth_rules::payload::Payload: borsh::BorshSerialize` is not satisfied
[INFO] [stdout]   --> src/instruction/metadata.rs:52:10
[INFO] [stdout]    |
[INFO] [stdout] 52 | #[derive(BorshSerialize, BorshDeserialize, PartialEq, Eq, Debug, Clone)]
[INFO] [stdout]    |          ^^^^^^^^^^^^^^ the trait `borsh::BorshSerialize` is not implemented for `mpl_token_auth_rules::payload::Payload`
[INFO] [stdout]    |
[INFO] [stdout]    = help: the following other types implement trait `borsh::BorshSerialize`:
[INFO] [stdout]              bool
[INFO] [stdout]              i8
[INFO] [stdout]              i16
[INFO] [stdout]              i32
[INFO] [stdout]              i64
[INFO] [stdout]              i128
[INFO] [stdout]              usize
[INFO] [stdout]              u8
[INFO] [stdout]            and 171 others
[INFO] [stdout] note: required for `AuthorizationData` to implement `borsh::BorshSerialize`
[INFO] [stdout]   --> src/processor/mod.rs:55:10
[INFO] [stdout]    |
[INFO] [stdout] 55 | #[derive(BorshSerialize, BorshDeserialize, PartialEq, Eq, Debug, Clone)]
[INFO] [stdout]    |          ^^^^^^^^^^^^^^ unsatisfied trait bound introduced in this `derive` macro
[INFO] [stdout] 56 | pub struct AuthorizationData {
[INFO] [stdout]    |            ^^^^^^^^^^^^^^^^^
[INFO] [stdout]    = note: 1 redundant requirement hidden
[INFO] [stdout]    = note: required for `Option<AuthorizationData>` to implement `borsh::BorshSerialize`
[INFO] [stdout]    = help: see issue #48214
[INFO] [stdout]    = note: this error originates in the derive macro `BorshSerialize` (in Nightly builds, run with -Z macro-backtrace for more info)
[INFO] [stdout] 
[INFO] [stdout] 
[INFO] [stdout] error[E0277]: the trait bound `mpl_token_auth_rules::payload::Payload: borsh::BorshDeserialize` is not satisfied
[INFO] [stdout]   --> src/instruction/metadata.rs:52:26
[INFO] [stdout]    |
[INFO] [stdout] 52 | #[derive(BorshSerialize, BorshDeserialize, PartialEq, Eq, Debug, Clone)]
[INFO] [stdout]    |                          ^^^^^^^^^^^^^^^^ the trait `borsh::BorshDeserialize` is not implemented for `mpl_token_auth_rules::payload::Payload`
[INFO] [stdout]    |
[INFO] [stdout]    = help: the following other types implement trait `borsh::BorshDeserialize`:
[INFO] [stdout]              bool
[INFO] [stdout]              i8
[INFO] [stdout]              i16
[INFO] [stdout]              i32
[INFO] [stdout]              i64
[INFO] [stdout]              i128
[INFO] [stdout]              usize
[INFO] [stdout]              u8
[INFO] [stdout]            and 168 others
[INFO] [stdout] note: required for `AuthorizationData` to implement `borsh::BorshDeserialize`
[INFO] [stdout]   --> src/processor/mod.rs:55:26
[INFO] [stdout]    |
[INFO] [stdout] 55 | #[derive(BorshSerialize, BorshDeserialize, PartialEq, Eq, Debug, Clone)]
[INFO] [stdout]    |                          ^^^^^^^^^^^^^^^^ unsatisfied trait bound introduced in this `derive` macro
[INFO] [stdout] 56 | pub struct AuthorizationData {
[INFO] [stdout]    |            ^^^^^^^^^^^^^^^^^
[INFO] [stdout]    = note: 1 redundant requirement hidden
[INFO] [stdout]    = note: required for `Option<AuthorizationData>` to implement `borsh::BorshDeserialize`
[INFO] [stdout]    = help: see issue #48214
[INFO] [stdout]    = note: this error originates in the derive macro `BorshDeserialize` (in Nightly builds, run with -Z macro-backtrace for more info)
[INFO] [stdout] 
[INFO] [stdout] 
[INFO] [stdout] error[E0277]: the trait bound `mpl_token_auth_rules::payload::Payload: borsh::BorshSerialize` is not satisfied
[INFO] [stdout]   --> src/instruction/metadata.rs:63:10
[INFO] [stdout]    |
[INFO] [stdout] 63 | #[derive(BorshSerialize, BorshDeserialize, PartialEq, Eq, Debug, Clone)]
[INFO] [stdout]    |          ^^^^^^^^^^^^^^ the trait `borsh::BorshSerialize` is not implemented for `mpl_token_auth_rules::payload::Payload`
[INFO] [stdout]    |
[INFO] [stdout]    = help: the following other types implement trait `borsh::BorshSerialize`:
[INFO] [stdout]              bool
[INFO] [stdout]              i8
[INFO] [stdout]              i16
[INFO] [stdout]              i32
[INFO] [stdout]              i64
[INFO] [stdout]              i128
[INFO] [stdout]              usize
[INFO] [stdout]              u8
[INFO] [stdout]            and 171 others
[INFO] [stdout] note: required for `AuthorizationData` to implement `borsh::BorshSerialize`
[INFO] [stdout]   --> src/processor/mod.rs:55:10
[INFO] [stdout]    |
[INFO] [stdout] 55 | #[derive(BorshSerialize, BorshDeserialize, PartialEq, Eq, Debug, Clone)]
[INFO] [stdout]    |          ^^^^^^^^^^^^^^ unsatisfied trait bound introduced in this `derive` macro
[INFO] [stdout] 56 | pub struct AuthorizationData {
[INFO] [stdout]    |            ^^^^^^^^^^^^^^^^^
[INFO] [stdout]    = note: 1 redundant requirement hidden
[INFO] [stdout]    = note: required for `Option<AuthorizationData>` to implement `borsh::BorshSerialize`
[INFO] [stdout]    = help: see issue #48214
[INFO] [stdout]    = note: this error originates in the derive macro `BorshSerialize` (in Nightly builds, run with -Z macro-backtrace for more info)
[INFO] [stdout] 
[INFO] [stdout] 
[INFO] [stdout] error[E0277]: the trait bound `mpl_token_auth_rules::payload::Payload: borsh::BorshDeserialize` is not satisfied
[INFO] [stdout]   --> src/instruction/metadata.rs:63:26
[INFO] [stdout]    |
[INFO] [stdout] 63 | #[derive(BorshSerialize, BorshDeserialize, PartialEq, Eq, Debug, Clone)]
[INFO] [stdout]    |                          ^^^^^^^^^^^^^^^^ the trait `borsh::BorshDeserialize` is not implemented for `mpl_token_auth_rules::payload::Payload`
[INFO] [stdout]    |
[INFO] [stdout]    = help: the following other types implement trait `borsh::BorshDeserialize`:
[INFO] [stdout]              bool
[INFO] [stdout]              i8
[INFO] [stdout]              i16
[INFO] [stdout]              i32
[INFO] [stdout]              i64
[INFO] [stdout]              i128
[INFO] [stdout]              usize
[INFO] [stdout]              u8
[INFO] [stdout]            and 168 others
[INFO] [stdout] note: required for `AuthorizationData` to implement `borsh::BorshDeserialize`
[INFO] [stdout]   --> src/processor/mod.rs:55:26
[INFO] [stdout]    |
[INFO] [stdout] 55 | #[derive(BorshSerialize, BorshDeserialize, PartialEq, Eq, Debug, Clone)]
[INFO] [stdout]    |                          ^^^^^^^^^^^^^^^^ unsatisfied trait bound introduced in this `derive` macro
[INFO] [stdout] 56 | pub struct AuthorizationData {
[INFO] [stdout]    |            ^^^^^^^^^^^^^^^^^
[INFO] [stdout]    = note: 1 redundant requirement hidden
[INFO] [stdout]    = note: required for `Option<AuthorizationData>` to implement `borsh::BorshDeserialize`
[INFO] [stdout]    = help: see issue #48214
[INFO] [stdout]    = note: this error originates in the derive macro `BorshDeserialize` (in Nightly builds, run with -Z macro-backtrace for more info)
[INFO] [stdout] 
[INFO] [stdout] 
[INFO] [stdout] error[E0277]: the trait bound `mpl_token_auth_rules::payload::Payload: borsh::BorshSerialize` is not satisfied
[INFO] [stdout]   --> src/instruction/metadata.rs:79:10
[INFO] [stdout]    |
[INFO] [stdout] 79 | #[derive(BorshSerialize, BorshDeserialize, PartialEq, Eq, Debug, Clone)]
[INFO] [stdout]    |          ^^^^^^^^^^^^^^ the trait `borsh::BorshSerialize` is not implemented for `mpl_token_auth_rules::payload::Payload`
[INFO] [stdout]    |
[INFO] [stdout]    = help: the following other types implement trait `borsh::BorshSerialize`:
[INFO] [stdout]              bool
[INFO] [stdout]              i8
[INFO] [stdout]              i16
[INFO] [stdout]              i32
[INFO] [stdout]              i64
[INFO] [stdout]              i128
[INFO] [stdout]              usize
[INFO] [stdout]              u8
[INFO] [stdout]            and 171 others
[INFO] [stdout] note: required for `AuthorizationData` to implement `borsh::BorshSerialize`
[INFO] [stdout]   --> src/processor/mod.rs:55:10
[INFO] [stdout]    |
[INFO] [stdout] 55 | #[derive(BorshSerialize, BorshDeserialize, PartialEq, Eq, Debug, Clone)]
[INFO] [stdout]    |          ^^^^^^^^^^^^^^ unsatisfied trait bound introduced in this `derive` macro
[INFO] [stdout] 56 | pub struct AuthorizationData {
[INFO] [stdout]    |            ^^^^^^^^^^^^^^^^^
[INFO] [stdout]    = note: 1 redundant requirement hidden
[INFO] [stdout]    = note: required for `Option<AuthorizationData>` to implement `borsh::BorshSerialize`
[INFO] [stdout]    = help: see issue #48214
[INFO] [stdout]    = note: this error originates in the derive macro `BorshSerialize` (in Nightly builds, run with -Z macro-backtrace for more info)
[INFO] [stdout] 
[INFO] [stdout] 
[INFO] [stdout] error[E0277]: the trait bound `mpl_token_auth_rules::payload::Payload: borsh::BorshDeserialize` is not satisfied
[INFO] [stdout]   --> src/instruction/metadata.rs:79:26
[INFO] [stdout]    |
[INFO] [stdout] 79 | #[derive(BorshSerialize, BorshDeserialize, PartialEq, Eq, Debug, Clone)]
[INFO] [stdout]    |                          ^^^^^^^^^^^^^^^^ the trait `borsh::BorshDeserialize` is not implemented for `mpl_token_auth_rules::payload::Payload`
[INFO] [stdout]    |
[INFO] [stdout]    = help: the following other types implement trait `borsh::BorshDeserialize`:
[INFO] [stdout]              bool
[INFO] [stdout]              i8
[INFO] [stdout]              i16
[INFO] [stdout]              i32
[INFO] [stdout]              i64
[INFO] [stdout]              i128
[INFO] [stdout]              usize
[INFO] [stdout]              u8
[INFO] [stdout]            and 168 others
[INFO] [stdout] note: required for `AuthorizationData` to implement `borsh::BorshDeserialize`
[INFO] [stdout]   --> src/processor/mod.rs:55:26
[INFO] [stdout]    |
[INFO] [stdout] 55 | #[derive(BorshSerialize, BorshDeserialize, PartialEq, Eq, Debug, Clone)]
[INFO] [stdout]    |                          ^^^^^^^^^^^^^^^^ unsatisfied trait bound introduced in this `derive` macro
[INFO] [stdout] 56 | pub struct AuthorizationData {
[INFO] [stdout]    |            ^^^^^^^^^^^^^^^^^
[INFO] [stdout]    = note: 1 redundant requirement hidden
[INFO] [stdout]    = note: required for `Option<AuthorizationData>` to implement `borsh::BorshDeserialize`
[INFO] [stdout]    = help: see issue #48214
[INFO] [stdout]    = note: this error originates in the derive macro `BorshDeserialize` (in Nightly builds, run with -Z macro-backtrace for more info)
[INFO] [stdout] 
[INFO] [stdout] 
[INFO] [stdout] error[E0277]: the trait bound `mpl_token_auth_rules::payload::Payload: borsh::BorshSerialize` is not satisfied
[INFO] [stdout]   --> src/instruction/state.rs:11:10
[INFO] [stdout]    |
[INFO] [stdout] 11 | #[derive(BorshSerialize, BorshDeserialize, PartialEq, Eq, Debug, Clone)]
[INFO] [stdout]    |          ^^^^^^^^^^^^^^ the trait `borsh::BorshSerialize` is not implemented for `mpl_token_auth_rules::payload::Payload`
[INFO] [stdout]    |
[INFO] [stdout]    = help: the following other types implement trait `borsh::BorshSerialize`:
[INFO] [stdout]              bool
[INFO] [stdout]              i8
[INFO] [stdout]              i16
[INFO] [stdout]              i32
[INFO] [stdout]              i64
[INFO] [stdout]              i128
[INFO] [stdout]              usize
[INFO] [stdout]              u8
[INFO] [stdout]            and 171 others
[INFO] [stdout] note: required for `AuthorizationData` to implement `borsh::BorshSerialize`
[INFO] [stdout]   --> src/processor/mod.rs:55:10
[INFO] [stdout]    |
[INFO] [stdout] 55 | #[derive(BorshSerialize, BorshDeserialize, PartialEq, Eq, Debug, Clone)]
[INFO] [stdout]    |          ^^^^^^^^^^^^^^ unsatisfied trait bound introduced in this `derive` macro
[INFO] [stdout] 56 | pub struct AuthorizationData {
[INFO] [stdout]    |            ^^^^^^^^^^^^^^^^^
[INFO] [stdout]    = note: 1 redundant requirement hidden
[INFO] [stdout]    = note: required for `Option<AuthorizationData>` to implement `borsh::BorshSerialize`
[INFO] [stdout]    = help: see issue #48214
[INFO] [stdout]    = note: this error originates in the derive macro `BorshSerialize` (in Nightly builds, run with -Z macro-backtrace for more info)
[INFO] [stdout] 
[INFO] [stdout] 
[INFO] [stdout] error[E0277]: the trait bound `mpl_token_auth_rules::payload::Payload: borsh::BorshDeserialize` is not satisfied
[INFO] [stdout]   --> src/instruction/state.rs:11:26
[INFO] [stdout]    |
[INFO] [stdout] 11 | #[derive(BorshSerialize, BorshDeserialize, PartialEq, Eq, Debug, Clone)]
[INFO] [stdout]    |                          ^^^^^^^^^^^^^^^^ the trait `borsh::BorshDeserialize` is not implemented for `mpl_token_auth_rules::payload::Payload`
[INFO] [stdout]    |
[INFO] [stdout]    = help: the following other types implement trait `borsh::BorshDeserialize`:
[INFO] [stdout]              bool
[INFO] [stdout]              i8
[INFO] [stdout]              i16
[INFO] [stdout]              i32
[INFO] [stdout]              i64
[INFO] [stdout]              i128
[INFO] [stdout]              usize
[INFO] [stdout]              u8
[INFO] [stdout]            and 168 others
[INFO] [stdout] note: required for `AuthorizationData` to implement `borsh::BorshDeserialize`
[INFO] [stdout]   --> src/processor/mod.rs:55:26
[INFO] [stdout]    |
[INFO] [stdout] 55 | #[derive(BorshSerialize, BorshDeserialize, PartialEq, Eq, Debug, Clone)]
[INFO] [stdout]    |                          ^^^^^^^^^^^^^^^^ unsatisfied trait bound introduced in this `derive` macro
[INFO] [stdout] 56 | pub struct AuthorizationData {
[INFO] [stdout]    |            ^^^^^^^^^^^^^^^^^
[INFO] [stdout]    = note: 1 redundant requirement hidden
[INFO] [stdout]    = note: required for `Option<AuthorizationData>` to implement `borsh::BorshDeserialize`
[INFO] [stdout]    = help: see issue #48214
[INFO] [stdout]    = note: this error originates in the derive macro `BorshDeserialize` (in Nightly builds, run with -Z macro-backtrace for more info)
[INFO] [stdout] 
[INFO] [stdout] 
[INFO] [stdout] error[E0277]: the trait bound `mpl_token_auth_rules::payload::Payload: borsh::BorshSerialize` is not satisfied
[INFO] [stdout]   --> src/instruction/state.rs:21:10
[INFO] [stdout]    |
[INFO] [stdout] 21 | #[derive(BorshSerialize, BorshDeserialize, PartialEq, Eq, Debug, Clone)]
[INFO] [stdout]    |          ^^^^^^^^^^^^^^ the trait `borsh::BorshSerialize` is not implemented for `mpl_token_auth_rules::payload::Payload`
[INFO] [stdout]    |
[INFO] [stdout]    = help: the following other types implement trait `borsh::BorshSerialize`:
[INFO] [stdout]              bool
[INFO] [stdout]              i8
[INFO] [stdout]              i16
[INFO] [stdout]              i32
[INFO] [stdout]              i64
[INFO] [stdout]              i128
[INFO] [stdout]              usize
[INFO] [stdout]              u8
[INFO] [stdout]            and 171 others
[INFO] [stdout] note: required for `AuthorizationData` to implement `borsh::BorshSerialize`
[INFO] [stdout]   --> src/processor/mod.rs:55:10
[INFO] [stdout]    |
[INFO] [stdout] 55 | #[derive(BorshSerialize, BorshDeserialize, PartialEq, Eq, Debug, Clone)]
[INFO] [stdout]    |          ^^^^^^^^^^^^^^ unsatisfied trait bound introduced in this `derive` macro
[INFO] [stdout] 56 | pub struct AuthorizationData {
[INFO] [stdout]    |            ^^^^^^^^^^^^^^^^^
[INFO] [stdout]    = note: 1 redundant requirement hidden
[INFO] [stdout]    = note: required for `Option<AuthorizationData>` to implement `borsh::BorshSerialize`
[INFO] [stdout]    = help: see issue #48214
[INFO] [stdout]    = note: this error originates in the derive macro `BorshSerialize` (in Nightly builds, run with -Z macro-backtrace for more info)
[INFO] [stdout] 
[INFO] [stdout] 
[INFO] [stdout] error[E0277]: the trait bound `mpl_token_auth_rules::payload::Payload: borsh::BorshDeserialize` is not satisfied
[INFO] [stdout]   --> src/instruction/state.rs:21:26
[INFO] [stdout]    |
[INFO] [stdout] 21 | #[derive(BorshSerialize, BorshDeserialize, PartialEq, Eq, Debug, Clone)]
[INFO] [stdout]    |                          ^^^^^^^^^^^^^^^^ the trait `borsh::BorshDeserialize` is not implemented for `mpl_token_auth_rules::payload::Payload`
[INFO] [stdout]    |
[INFO] [stdout]    = help: the following other types implement trait `borsh::BorshDeserialize`:
[INFO] [stdout]              bool
[INFO] [stdout]              i8
[INFO] [stdout]              i16
[INFO] [stdout]              i32
[INFO] [stdout]              i64
[INFO] [stdout]              i128
[INFO] [stdout]              usize
[INFO] [stdout]              u8
[INFO] [stdout]            and 168 others
[INFO] [stdout] note: required for `AuthorizationData` to implement `borsh::BorshDeserialize`
[INFO] [stdout]   --> src/processor/mod.rs:55:26
[INFO] [stdout]    |
[INFO] [stdout] 55 | #[derive(BorshSerialize, BorshDeserialize, PartialEq, Eq, Debug, Clone)]
[INFO] [stdout]    |                          ^^^^^^^^^^^^^^^^ unsatisfied trait bound introduced in this `derive` macro
[INFO] [stdout] 56 | pub struct AuthorizationData {
[INFO] [stdout]    |            ^^^^^^^^^^^^^^^^^
[INFO] [stdout]    = note: 1 redundant requirement hidden
[INFO] [stdout]    = note: required for `Option<AuthorizationData>` to implement `borsh::BorshDeserialize`
[INFO] [stdout]    = help: see issue #48214
[INFO] [stdout]    = note: this error originates in the derive macro `BorshDeserialize` (in Nightly builds, run with -Z macro-backtrace for more info)
[INFO] [stdout] 
[INFO] [stdout] 
[INFO] [stdout] error[E0277]: the trait bound `mpl_token_auth_rules::payload::Payload: borsh::BorshSerialize` is not satisfied
[INFO] [stdout]   --> src/instruction/uses.rs:27:10
[INFO] [stdout]    |
[INFO] [stdout] 27 | #[derive(BorshSerialize, BorshDeserialize, PartialEq, Eq, Debug, Clone)]
[INFO] [stdout]    |          ^^^^^^^^^^^^^^ the trait `borsh::BorshSerialize` is not implemented for `mpl_token_auth_rules::payload::Payload`
[INFO] [stdout]    |
[INFO] [stdout]    = help: the following other types implement trait `borsh::BorshSerialize`:
[INFO] [stdout]              bool
[INFO] [stdout]              i8
[INFO] [stdout]              i16
[INFO] [stdout]              i32
[INFO] [stdout]              i64
[INFO] [stdout]              i128
[INFO] [stdout]              usize
[INFO] [stdout]              u8
[INFO] [stdout]            and 171 others
[INFO] [stdout] note: required for `AuthorizationData` to implement `borsh::BorshSerialize`
[INFO] [stdout]   --> src/processor/mod.rs:55:10
[INFO] [stdout]    |
[INFO] [stdout] 55 | #[derive(BorshSerialize, BorshDeserialize, PartialEq, Eq, Debug, Clone)]
[INFO] [stdout]    |          ^^^^^^^^^^^^^^ unsatisfied trait bound introduced in this `derive` macro
[INFO] [stdout] 56 | pub struct AuthorizationData {
[INFO] [stdout]    |            ^^^^^^^^^^^^^^^^^
[INFO] [stdout]    = note: 1 redundant requirement hidden
[INFO] [stdout]    = note: required for `Option<AuthorizationData>` to implement `borsh::BorshSerialize`
[INFO] [stdout]    = help: see issue #48214
[INFO] [stdout]    = note: this error originates in the derive macro `BorshSerialize` (in Nightly builds, run with -Z macro-backtrace for more info)
[INFO] [stdout] 
[INFO] [stdout] 
[INFO] [stdout] error[E0277]: the trait bound `mpl_token_auth_rules::payload::Payload: borsh::BorshDeserialize` is not satisfied
[INFO] [stdout]   --> src/instruction/uses.rs:27:26
[INFO] [stdout]    |
[INFO] [stdout] 27 | #[derive(BorshSerialize, BorshDeserialize, PartialEq, Eq, Debug, Clone)]
[INFO] [stdout]    |                          ^^^^^^^^^^^^^^^^ the trait `borsh::BorshDeserialize` is not implemented for `mpl_token_auth_rules::payload::Payload`
[INFO] [stdout]    |
[INFO] [stdout]    = help: the following other types implement trait `borsh::BorshDeserialize`:
[INFO] [stdout]              bool
[INFO] [stdout]              i8
[INFO] [stdout]              i16
[INFO] [stdout]              i32
[INFO] [stdout]              i64
[INFO] [stdout]              i128
[INFO] [stdout]              usize
[INFO] [stdout]              u8
[INFO] [stdout]            and 168 others
[INFO] [stdout] note: required for `AuthorizationData` to implement `borsh::BorshDeserialize`
[INFO] [stdout]   --> src/processor/mod.rs:55:26
[INFO] [stdout]    |
[INFO] [stdout] 55 | #[derive(BorshSerialize, BorshDeserialize, PartialEq, Eq, Debug, Clone)]
[INFO] [stdout]    |                          ^^^^^^^^^^^^^^^^ unsatisfied trait bound introduced in this `derive` macro
[INFO] [stdout] 56 | pub struct AuthorizationData {
[INFO] [stdout]    |            ^^^^^^^^^^^^^^^^^
[INFO] [stdout]    = note: 1 redundant requirement hidden
[INFO] [stdout]    = note: required for `Option<AuthorizationData>` to implement `borsh::BorshDeserialize`
[INFO] [stdout]    = help: see issue #48214
[INFO] [stdout]    = note: this error originates in the derive macro `BorshDeserialize` (in Nightly builds, run with -Z macro-backtrace for more info)
[INFO] [stdout] 
[INFO] [stdout] 
[INFO] [stdout] error[E0277]: the trait bound `mpl_token_auth_rules::payload::Payload: borsh::BorshSerialize` is not satisfied
[INFO] [stdout]   --> src/processor/mod.rs:55:10
[INFO] [stdout]    |
[INFO] [stdout] 55 | #[derive(BorshSerialize, BorshDeserialize, PartialEq, Eq, Debug, Clone)]
[INFO] [stdout]    |          ^^^^^^^^^^^^^^ the trait `borsh::BorshSerialize` is not implemented for `mpl_token_auth_rules::payload::Payload`
[INFO] [stdout]    |
[INFO] [stdout]    = help: the following other types implement trait `borsh::BorshSerialize`:
[INFO] [stdout]              bool
[INFO] [stdout]              i8
[INFO] [stdout]              i16
[INFO] [stdout]              i32
[INFO] [stdout]              i64
[INFO] [stdout]              i128
[INFO] [stdout]              usize
[INFO] [stdout]              u8
[INFO] [stdout]            and 171 others
[INFO] [stdout]    = help: see issue #48214
[INFO] [stdout]    = note: this error originates in the derive macro `BorshSerialize` (in Nightly builds, run with -Z macro-backtrace for more info)
[INFO] [stdout] 
[INFO] [stdout] 
[INFO] [stdout] error[E0277]: the trait bound `mpl_token_auth_rules::payload::Payload: borsh::BorshDeserialize` is not satisfied
[INFO] [stdout]   --> src/processor/mod.rs:55:26
[INFO] [stdout]    |
[INFO] [stdout] 55 | #[derive(BorshSerialize, BorshDeserialize, PartialEq, Eq, Debug, Clone)]
[INFO] [stdout]    |                          ^^^^^^^^^^^^^^^^ the trait `borsh::BorshDeserialize` is not implemented for `mpl_token_auth_rules::payload::Payload`
[INFO] [stdout]    |
[INFO] [stdout]    = help: the following other types implement trait `borsh::BorshDeserialize`:
[INFO] [stdout]              bool
[INFO] [stdout]              i8
[INFO] [stdout]              i16
[INFO] [stdout]              i32
[INFO] [stdout]              i64
[INFO] [stdout]              i128
[INFO] [stdout]              usize
[INFO] [stdout]              u8
[INFO] [stdout]            and 168 others
[INFO] [stdout]    = help: see issue #48214
[INFO] [stdout]    = note: this error originates in the derive macro `BorshDeserialize` (in Nightly builds, run with -Z macro-backtrace for more info)
[INFO] [stdout] 
[INFO] [stdout] 
[INFO] [stdout] error: aborting due to 22 previous errors; 4 warnings emitted
[INFO] [stdout] 
[INFO] [stdout] 
[INFO] [stdout] For more information about this error, try `rustc --explain E0277`.
[INFO] [stdout] 
[INFO] [stderr] error: could not compile `miraplex-token-metadata` (lib) due to 23 previous errors; 4 warnings emitted
[INFO] running `Command { std: "docker" "inspect" "18edd642eaeabef5cbbccf36896254e3c67148d8be36dd1bb2f5a90d607e970e", kill_on_drop: false }`
[INFO] running `Command { std: "docker" "rm" "-f" "18edd642eaeabef5cbbccf36896254e3c67148d8be36dd1bb2f5a90d607e970e", kill_on_drop: false }`
[INFO] [stdout] 18edd642eaeabef5cbbccf36896254e3c67148d8be36dd1bb2f5a90d607e970e
