[INFO] fetching crate miraland-ledger-tool 1.18.1...
[INFO] testing miraland-ledger-tool-1.18.1 against 1.75.0 for beta-1.76-1
[INFO] extracting crate miraland-ledger-tool 1.18.1 into /workspace/builds/worker-1-tc1/source
[INFO] validating manifest of crates.io crate miraland-ledger-tool 1.18.1 on toolchain 1.75.0
[INFO] running `Command { std: CARGO_HOME="/workspace/cargo-home" RUSTUP_HOME="/workspace/rustup-home" "/workspace/cargo-home/bin/cargo" "+1.75.0" "metadata" "--manifest-path" "Cargo.toml" "--no-deps", kill_on_drop: false }`
[INFO] started tweaking crates.io crate miraland-ledger-tool 1.18.1
[INFO] finished tweaking crates.io crate miraland-ledger-tool 1.18.1
[INFO] tweaked toml for crates.io crate miraland-ledger-tool 1.18.1 written to /workspace/builds/worker-1-tc1/source/Cargo.toml
[INFO] crate crates.io crate miraland-ledger-tool 1.18.1 already has a lockfile, it will not be regenerated
[INFO] running `Command { std: CARGO_HOME="/workspace/cargo-home" RUSTUP_HOME="/workspace/rustup-home" "/workspace/cargo-home/bin/cargo" "+1.75.0" "fetch" "--manifest-path" "Cargo.toml", kill_on_drop: false }`
[INFO] [stderr]     Updating crates.io index
[INFO] [stderr]  Downloading crates ...
[INFO] [stderr]   Downloaded solarti-program-error v0.3.4
[INFO] [stderr]   Downloaded solarti-memo v4.0.0
[INFO] [stderr]   Downloaded solarti-discriminator v0.1.4
[INFO] [stderr]   Downloaded miraland-cost-model v1.18.1
[INFO] [stderr]   Downloaded miraland-sdk-macro v1.18.1
[INFO] [stderr]   Downloaded miraland-compute-budget-program v1.18.1
[INFO] [stderr]   Downloaded miraland-vote v1.18.1
[INFO] [stderr]   Downloaded miraland-frozen-abi-macro v1.18.1
[INFO] [stderr]   Downloaded miraland-zk-token-proof-program v1.18.1
[INFO] [stderr]   Downloaded miraland-account-decoder v1.18.1
[INFO] [stderr]   Downloaded miraland-rpc-client-api v1.18.1
[INFO] [stderr]   Downloaded miraland-metrics v1.18.1
[INFO] [stderr]   Downloaded core_affinity v0.5.10
[INFO] [stderr]   Downloaded miraland-quic-client v1.18.1
[INFO] [stderr]   Downloaded serde_yaml v0.9.27
[INFO] [stderr]   Downloaded webpki-roots v0.24.0
[INFO] [stderr]   Downloaded tikv-jemalloc-sys v0.4.3+5.2.1-patched.2
[INFO] [stderr]   Downloaded miraland-zk-token-sdk v1.18.1
[INFO] [stderr]   Downloaded solarti-token-2022 v0.9.0
[INFO] [stderr]   Downloaded gdbstub v0.6.6
[INFO] [stderr]   Downloaded protobuf-src v1.1.0+21.5
[INFO] [stderr]   Downloaded rustix v0.38.25
[INFO] [stderr]   Downloaded bstr v1.8.0
[INFO] [stderr]   Downloaded miraland-core v1.18.1
[INFO] [stderr]   Downloaded miraland-rpc v1.18.1
[INFO] [stderr]   Downloaded miraland-accounts-db v1.18.1
[INFO] [stderr]   Downloaded miraland-bpf-loader-program v1.18.1
[INFO] [stderr]   Downloaded miraland-gossip v1.18.1
[INFO] [stderr]   Downloaded miraland-storage-bigtable v1.18.1
[INFO] [stderr]   Downloaded miraland-program v1.18.1
[INFO] [stderr]   Downloaded miraland-rpc-client v1.18.1
[INFO] [stderr]   Downloaded dir-diff v0.3.2
[INFO] [stderr]   Downloaded miraland-runtime v1.18.1
[INFO] [stderr]   Downloaded miraland-ledger v1.18.1
[INFO] [stderr]   Downloaded jsonrpc-derive v18.0.0
[INFO] [stderr]   Downloaded jsonrpc-pubsub v18.0.0
[INFO] [stderr]   Downloaded miraland-net-utils v1.18.1
[INFO] [stderr]   Downloaded miraland-vote-program v1.18.1
[INFO] [stderr]   Downloaded solarti-type-length-value v0.3.3
[INFO] [stderr]   Downloaded solarti-token v4.0.0
[INFO] [stderr]   Downloaded miraland-cli-output v1.18.1
[INFO] [stderr]   Downloaded solarti-tlv-account-resolution v0.4.0
[INFO] [stderr]   Downloaded solarti-discriminator-syn v0.1.4
[INFO] [stderr]   Downloaded solarti-token-metadata-interface v0.2.2
[INFO] [stderr]   Downloaded pkcs8 v0.8.0
[INFO] [stderr]   Downloaded tikv-jemallocator v0.4.3
[INFO] [stderr]   Downloaded miraland-measure v1.18.1
[INFO] [stderr]   Downloaded miraland-bloom v1.18.1
[INFO] [stderr]   Downloaded prio-graph v0.1.0
[INFO] [stderr]   Downloaded rolling-file v0.2.0
[INFO] [stderr]   Downloaded solarti-associated-token-account v2.0.0
[INFO] [stderr]   Downloaded sys-info v0.9.1
[INFO] [stderr]   Downloaded miraland-faucet v1.18.1
[INFO] [stderr]   Downloaded sysctl v0.4.6
[INFO] [stderr]   Downloaded miraland-geyser-plugin-interface v1.18.1
[INFO] [stderr]   Downloaded jsonrpc-client-transports v18.0.0
[INFO] [stderr]   Downloaded predicates v3.0.4
[INFO] [stderr]   Downloaded miraland-remote-wallet v1.18.1
[INFO] [stderr]   Downloaded miraland-frozen-abi v1.18.1
[INFO] [stderr]   Downloaded seqlock v0.2.0
[INFO] [stderr]   Downloaded etcd-client v0.11.1
[INFO] [stderr]   Downloaded miraland-address-lookup-table-program v1.18.1
[INFO] [stderr]   Downloaded miraland-turbine v1.18.1
[INFO] [stderr]   Downloaded miraland-cli-config v1.18.1
[INFO] [stderr]   Downloaded miraland-loader-v4-program v1.18.1
[INFO] [stderr]   Downloaded autotools v0.2.6
[INFO] [stderr]   Downloaded miraland-storage-proto v1.18.1
[INFO] [stderr]   Downloaded caps v0.5.5
[INFO] [stderr]   Downloaded der v0.5.1
[INFO] [stderr]   Downloaded miraland-streamer v1.18.1
[INFO] [stderr]   Downloaded min-max-heap v1.3.0
[INFO] [stderr]   Downloaded miraland-wen-restart v1.18.1
[INFO] [stderr]   Downloaded miraland-poh v1.18.1
[INFO] [stderr]   Downloaded miraland-geyser-plugin-manager v1.18.1
[INFO] [stderr]   Downloaded miraland-tpu-client v1.18.1
[INFO] [stderr]   Downloaded miraland-nohash-hasher v0.2.1
[INFO] [stderr]   Downloaded miraland-system-program v1.18.1
[INFO] [stderr]   Downloaded const-oid v0.7.1
[INFO] [stderr]   Downloaded miraland-clap-utils v1.18.1
[INFO] [stderr]   Downloaded simpl v0.1.0
[INFO] [stderr]   Downloaded miraland-thin-client v1.18.1
[INFO] [stderr]   Downloaded miraland-config-program v1.18.1
[INFO] [stderr]   Downloaded solarti-pod v0.1.3
[INFO] [stderr]   Downloaded solarti-discriminator-derive v0.1.4
[INFO] [stderr]   Downloaded miraland-version v1.18.1
[INFO] [stderr]   Downloaded jsonrpc-core-client v18.0.0
[INFO] [stderr]   Downloaded miraland-logger v1.18.1
[INFO] [stderr]   Downloaded fast-math v0.1.1
[INFO] [stderr]   Downloaded miraland-entry v1.18.1
[INFO] [stderr]   Downloaded histogram v0.6.9
[INFO] [stderr]   Downloaded spki v0.5.4
[INFO] [stderr]   Downloaded solarti-token-group-interface v0.1.0
[INFO] [stderr]   Downloaded miraland-rpc-client-nonce-utils v1.18.1
[INFO] [stderr]   Downloaded miraland-client v1.18.1
[INFO] [stderr]   Downloaded miraland-pubsub-client v1.18.1
[INFO] [stderr]   Downloaded dlopen2 v0.5.0
[INFO] [stderr]   Downloaded miraland-rayon-threadlimit v1.18.1
[INFO] [stderr]   Downloaded dlopen2_derive v0.3.0
[INFO] [stderr]   Downloaded miraland-merkle-tree v1.18.1
[INFO] [stderr]   Downloaded smpl_jwt v0.7.1
[INFO] [stderr]   Downloaded solarti-transfer-hook-interface v0.3.0
[INFO] [stderr]   Downloaded miraland-udp-client v1.18.1
[INFO] [stderr]   Downloaded miraland-send-transaction-service v1.18.1
[INFO] [stderr]   Downloaded miraland-program-runtime v1.18.1
[INFO] [stderr]   Downloaded miraland-stake-program v1.18.1
[INFO] [stderr]   Downloaded backoff v0.4.0
[INFO] [stderr]   Downloaded miraland-sdk v1.18.1
[INFO] [stderr]   Downloaded miraland-bucket-map v1.18.1
[INFO] [stderr]   Downloaded index_list v0.2.11
[INFO] [stderr]   Downloaded miraland-connection-cache v1.18.1
[INFO] [stderr]   Downloaded goauth v0.13.1
[INFO] [stderr]   Downloaded solarti-program-error-derive v0.3.4
[INFO] [stderr]   Downloaded miraland-perf v1.18.1
[INFO] [stderr]   Downloaded miraland-transaction-status v1.18.1
[INFO] running `Command { std: "docker" "create" "-v" "/var/lib/crater-agent-workspace/builds/worker-1-tc1/target:/opt/rustwide/target:rw,Z" "-v" "/var/lib/crater-agent-workspace/builds/worker-1-tc1/source:/opt/rustwide/workdir:ro,Z" "-v" "/var/lib/crater-agent-workspace/cargo-home:/opt/rustwide/cargo-home:ro,Z" "-v" "/var/lib/crater-agent-workspace/rustup-home:/opt/rustwide/rustup-home:ro,Z" "-e" "SOURCE_DIR=/opt/rustwide/workdir" "-e" "CARGO_TARGET_DIR=/opt/rustwide/target" "-e" "CARGO_HOME=/opt/rustwide/cargo-home" "-e" "RUSTUP_HOME=/opt/rustwide/rustup-home" "-w" "/opt/rustwide/workdir" "-m" "1610612736" "--user" "0:0" "--network" "none" "ghcr.io/rust-lang/crates-build-env/linux@sha256:2788e3201cd34a07e3172128adcd8b3090168a8e3bcc40d7c032b9dda1df7d1c" "/opt/rustwide/cargo-home/bin/cargo" "+1.75.0" "metadata" "--no-deps" "--format-version=1", kill_on_drop: false }`
[INFO] [stdout] fa40a6ad5dbe8bdb840ed7b2ad682f45a07f739b89289ad26ecadf6377bf9b8e
[INFO] running `Command { std: "docker" "start" "-a" "fa40a6ad5dbe8bdb840ed7b2ad682f45a07f739b89289ad26ecadf6377bf9b8e", kill_on_drop: false }`
[INFO] running `Command { std: "docker" "inspect" "fa40a6ad5dbe8bdb840ed7b2ad682f45a07f739b89289ad26ecadf6377bf9b8e", kill_on_drop: false }`
[INFO] running `Command { std: "docker" "rm" "-f" "fa40a6ad5dbe8bdb840ed7b2ad682f45a07f739b89289ad26ecadf6377bf9b8e", kill_on_drop: false }`
[INFO] [stdout] fa40a6ad5dbe8bdb840ed7b2ad682f45a07f739b89289ad26ecadf6377bf9b8e
[INFO] running `Command { std: "docker" "create" "-v" "/var/lib/crater-agent-workspace/builds/worker-1-tc1/target:/opt/rustwide/target:rw,Z" "-v" "/var/lib/crater-agent-workspace/builds/worker-1-tc1/source:/opt/rustwide/workdir:ro,Z" "-v" "/var/lib/crater-agent-workspace/cargo-home:/opt/rustwide/cargo-home:ro,Z" "-v" "/var/lib/crater-agent-workspace/rustup-home:/opt/rustwide/rustup-home:ro,Z" "-e" "SOURCE_DIR=/opt/rustwide/workdir" "-e" "CARGO_TARGET_DIR=/opt/rustwide/target" "-e" "CARGO_INCREMENTAL=0" "-e" "RUST_BACKTRACE=full" "-e" "RUSTFLAGS=--cap-lints=warn" "-e" "RUSTDOCFLAGS=--cap-lints=warn" "-e" "CARGO_HOME=/opt/rustwide/cargo-home" "-e" "RUSTUP_HOME=/opt/rustwide/rustup-home" "-w" "/opt/rustwide/workdir" "-m" "1610612736" "--user" "0:0" "--network" "none" "ghcr.io/rust-lang/crates-build-env/linux@sha256:2788e3201cd34a07e3172128adcd8b3090168a8e3bcc40d7c032b9dda1df7d1c" "/opt/rustwide/cargo-home/bin/cargo" "+1.75.0" "build" "--frozen" "--message-format=json", kill_on_drop: false }`
[INFO] [stdout] eca7adb1b613c1f9907eb2874e4b16afc4ad20719833af38901b53ca8df0a350
[INFO] running `Command { std: "docker" "start" "-a" "eca7adb1b613c1f9907eb2874e4b16afc4ad20719833af38901b53ca8df0a350", kill_on_drop: false }`
[INFO] [stderr]    Compiling libc v0.2.150
[INFO] [stderr]    Compiling serde v1.0.193
[INFO] [stderr]    Compiling syn v1.0.109
[INFO] [stderr]    Compiling generic-array v0.14.7
[INFO] [stderr]    Compiling scopeguard v1.2.0
[INFO] [stderr]    Compiling syn v2.0.39
[INFO] [stderr]    Compiling getrandom v0.2.11
[INFO] [stderr]    Compiling semver v1.0.20
[INFO] [stderr]    Compiling memchr v2.6.4
[INFO] [stderr]    Compiling subtle v2.4.1
[INFO] [stderr]    Compiling num-traits v0.2.17
[INFO] [stderr]    Compiling rand_core v0.6.4
[INFO] [stderr]    Compiling itertools v0.10.5
[INFO] [stderr]    Compiling rustc_version v0.4.0
[INFO] [stderr]    Compiling crossbeam-epoch v0.9.15
[INFO] [stderr]    Compiling crossbeam-deque v0.8.3
[INFO] [stderr]    Compiling rand_chacha v0.3.1
[INFO] [stderr]    Compiling jobserver v0.1.27
[INFO] [stderr]    Compiling rayon-core v1.12.0
[INFO] [stderr]    Compiling lock_api v0.4.11
[INFO] [stderr]    Compiling cc v1.0.83
[INFO] [stderr]    Compiling rand v0.8.5
[INFO] [stderr]    Compiling rayon v1.8.0
[INFO] [stderr]    Compiling num-integer v0.1.45
[INFO] [stderr]    Compiling ahash v0.7.7
[INFO] [stderr]    Compiling getrandom v0.1.16
[INFO] [stderr]    Compiling num_cpus v1.16.0
[INFO] [stderr]    Compiling serde_json v1.0.108
[INFO] [stderr]    Compiling futures-core v0.3.29
[INFO] [stderr]    Compiling once_cell v1.18.0
[INFO] [stderr]    Compiling opaque-debug v0.3.0
[INFO] [stderr]    Compiling rand_core v0.5.1
[INFO] [stderr]    Compiling num-bigint v0.4.4
[INFO] [stderr]    Compiling byteorder v1.5.0
[INFO] [stderr]    Compiling hashbrown v0.12.3
[INFO] [stderr]    Compiling indexmap v2.1.0
[INFO] [stderr]    Compiling paste v1.0.14
[INFO] [stderr]    Compiling block-padding v0.2.1
[INFO] [stderr]    Compiling crunchy v0.2.2
[INFO] [stderr]    Compiling rand_chacha v0.2.2
[INFO] [stderr]    Compiling rand v0.7.3
[INFO] [stderr]    Compiling parking_lot v0.12.1
[INFO] [stderr]    Compiling ahash v0.8.6
[INFO] [stderr]    Compiling digest v0.9.0
[INFO] [stderr]    Compiling ark-std v0.4.0
[INFO] [stderr]    Compiling zerocopy v0.7.26
[INFO] [stderr]    Compiling wasm-bindgen-shared v0.2.88
[INFO] [stderr]    Compiling libsecp256k1-core v0.2.2
[INFO] [stderr]    Compiling hashbrown v0.13.2
[INFO] [stderr]    Compiling aho-corasick v1.1.2
[INFO] [stderr]    Compiling socket2 v0.5.5
[INFO] [stderr]    Compiling serde_derive v1.0.193
[INFO] [stderr]    Compiling thiserror-impl v1.0.50
[INFO] [stderr]    Compiling zeroize_derive v1.4.2
[INFO] [stderr]    Compiling signal-hook-registry v1.4.1
[INFO] [stderr]    Compiling regex-syntax v0.8.2
[INFO] [stderr]    Compiling ark-serialize-derive v0.4.2
[INFO] [stderr]    Compiling derivative v2.2.0
[INFO] [stderr]    Compiling toml v0.5.11
[INFO] [stderr]    Compiling zeroize v1.3.0
[INFO] [stderr]    Compiling ark-ff-macros v0.4.2
[INFO] [stderr]    Compiling ark-ff-asm v0.4.2
[INFO] [stderr]    Compiling thiserror v1.0.50
[INFO] [stderr]    Compiling proc-macro-crate v0.1.5
[INFO] [stderr]    Compiling feature-probe v0.1.1
[INFO] [stderr]    Compiling bv v0.11.1
[INFO] [stderr]    Compiling regex-automata v0.4.3
[INFO] [stderr]    Compiling wasm-bindgen-backend v0.2.88
[INFO] [stderr]    Compiling tokio-macros v2.2.0
[INFO] [stderr]    Compiling libsecp256k1-gen-genmult v0.2.1
[INFO] [stderr]    Compiling libsecp256k1-gen-ecmult v0.2.1
[INFO] [stderr]    Compiling miraland-frozen-abi-macro v1.18.1
[INFO] [stderr]    Compiling bitmaps v2.1.0
[INFO] [stderr]    Compiling mio v0.8.9
[INFO] [stderr]    Compiling im v15.1.0
[INFO] [stderr]    Compiling keccak v0.1.4
[INFO] [stderr]    Compiling tokio v1.34.0
[INFO] [stderr]    Compiling sized-chunks v0.6.5
[INFO] [stderr]    Compiling wasm-bindgen-macro-support v0.2.88
[INFO] [stderr]    Compiling libsecp256k1 v0.6.0
[INFO] [stderr]    Compiling borsh-derive-internal v0.9.3
[INFO] [stderr]    Compiling borsh-schema-derive-internal v0.9.3
[INFO] [stderr]    Compiling borsh-derive-internal v0.10.3
[INFO] [stderr]    Compiling borsh-schema-derive-internal v0.10.3
[INFO] [stderr]    Compiling blake3 v1.5.0
[INFO] [stderr]    Compiling miraland-frozen-abi v1.18.1
[INFO] [stderr]    Compiling rand_xoshiro v0.6.0
[INFO] [stderr]    Compiling regex v1.10.2
[INFO] [stderr]    Compiling arrayref v0.3.7
[INFO] [stderr]    Compiling futures-task v0.3.29
[INFO] [stderr]    Compiling bs58 v0.4.0
[INFO] [stderr]    Compiling wasm-bindgen v0.2.88
[INFO] [stderr]    Compiling futures-channel v0.3.29
[INFO] [stderr]    Compiling wasm-bindgen-macro v0.2.88
[INFO] [stderr]    Compiling borsh-derive v0.10.3
[INFO] [stderr]    Compiling borsh-derive v0.9.3
[INFO] [stderr]    Compiling bytemuck_derive v1.5.0
[INFO] [stderr]    Compiling miraland-program v1.18.1
[INFO] [stderr]    Compiling hashbrown v0.11.2
[INFO] [stderr]    Compiling memmap2 v0.5.10
[INFO] [stderr]    Compiling arrayvec v0.7.4
[INFO] [stderr]    Compiling base64 v0.12.3
[INFO] [stderr]    Compiling futures-io v0.3.29
[INFO] [stderr]    Compiling constant_time_eq v0.3.0
[INFO] [stderr]    Compiling futures-util v0.3.29
[INFO] [stderr]    Compiling borsh v0.9.3
[INFO] [stderr]    Compiling borsh v0.10.3
[INFO] [stderr]    Compiling bytemuck v1.14.0
[INFO] [stderr]    Compiling bitflags v2.4.1
[INFO] [stderr]    Compiling serde_bytes v0.11.12
[INFO] [stderr]    Compiling bincode v1.3.3
[INFO] [stderr]    Compiling block-buffer v0.10.4
[INFO] [stderr]    Compiling crypto-common v0.1.6
[INFO] [stderr]    Compiling block-buffer v0.9.0
[INFO] [stderr]    Compiling digest v0.10.7
[INFO] [stderr]    Compiling crypto-mac v0.8.0
[INFO] [stderr]    Compiling sha2 v0.9.9
[INFO] [stderr]    Compiling ark-serialize v0.4.2
[INFO] [stderr]    Compiling hmac v0.8.1
[INFO] [stderr]    Compiling sha2 v0.10.8
[INFO] [stderr]    Compiling curve25519-dalek v3.2.1
[INFO] [stderr]    Compiling ark-ff v0.4.2
[INFO] [stderr]    Compiling hmac-drbg v0.3.0
[INFO] [stderr]    Compiling pbkdf2 v0.4.0
[INFO] [stderr]    Compiling tiny-bip39 v0.8.2
[INFO] [stderr]    Compiling sha3 v0.10.8
[INFO] [stderr]    Compiling miraland-sdk-macro v1.18.1
[INFO] [stderr]    Compiling futures-macro v0.3.29
[INFO] [stderr]    Compiling num-derive v0.4.1
[INFO] [stderr]    Compiling futures v0.1.31
[INFO] [stderr]    Compiling winnow v0.5.19
[INFO] [stderr]    Compiling ident_case v1.0.1
[INFO] [stderr]    Compiling toml_datetime v0.6.5
[INFO] [stderr]    Compiling darling_core v0.20.3
[INFO] [stderr]    Compiling atty v0.2.14
[INFO] [stderr]    Compiling signature v1.6.4
[INFO] [stderr]    Compiling chrono v0.4.31
[INFO] [stderr]    Compiling ed25519 v1.5.3
[INFO] [stderr]    Compiling env_logger v0.9.3
[INFO] [stderr]    Compiling toml_edit v0.19.15
[INFO] [stderr]    Compiling ed25519-dalek v1.0.1
[INFO] [stderr] error: could not compile `libsecp256k1` (lib)
[INFO] [stderr] 
[INFO] [stderr] Caused by:
[INFO] [stderr]   process didn't exit successfully: `/opt/rustwide/rustup-home/toolchains/1.75.0-x86_64-unknown-linux-gnu/bin/rustc --crate-name libsecp256k1 --edition=2018 /opt/rustwide/cargo-home/registry/src/index.crates.io-6f17d22bba15001f/libsecp256k1-0.6.0/src/lib.rs --error-format=json --json=diagnostic-rendered-ansi,artifacts,future-incompat --crate-type lib --emit=dep-info,metadata,link -C embed-bitcode=no -C debuginfo=2 --cfg 'feature="default"' --cfg 'feature="hmac"' --cfg 'feature="hmac-drbg"' --cfg 'feature="sha2"' --cfg 'feature="static-context"' --cfg 'feature="std"' --cfg 'feature="typenum"' -C metadata=fc3a57d07bdce80b -C extra-filename=-fc3a57d07bdce80b --out-dir /opt/rustwide/target/debug/deps -L dependency=/opt/rustwide/target/debug/deps --extern arrayref=/opt/rustwide/target/debug/deps/libarrayref-50afdd1ea8722a59.rmeta --extern base64=/opt/rustwide/target/debug/deps/libbase64-a29b27598b578f1a.rmeta --extern digest=/opt/rustwide/target/debug/deps/libdigest-e4019d235924cc18.rmeta --extern hmac_drbg=/opt/rustwide/target/debug/deps/libhmac_drbg-3a4360a925be4c7e.rmeta --extern libsecp256k1_core=/opt/rustwide/target/debug/deps/liblibsecp256k1_core-2e454b10b7d79078.rmeta --extern rand=/opt/rustwide/target/debug/deps/librand-4245427a5fdc9628.rmeta --extern serde=/opt/rustwide/target/debug/deps/libserde-a3e930a590d722aa.rmeta --extern sha2=/opt/rustwide/target/debug/deps/libsha2-580d4d53236ea0d0.rmeta --extern typenum=/opt/rustwide/target/debug/deps/libtypenum-da95465dc70d2c95.rmeta --cap-lints allow --cap-lints=warn` (signal: 9, SIGKILL: kill)
[INFO] [stderr] warning: build failed, waiting for other jobs to finish...
[INFO] running `Command { std: "docker" "inspect" "eca7adb1b613c1f9907eb2874e4b16afc4ad20719833af38901b53ca8df0a350", kill_on_drop: false }`
[INFO] running `Command { std: "docker" "rm" "-f" "eca7adb1b613c1f9907eb2874e4b16afc4ad20719833af38901b53ca8df0a350", kill_on_drop: false }`
[INFO] [stdout] eca7adb1b613c1f9907eb2874e4b16afc4ad20719833af38901b53ca8df0a350
[INFO] testing miraland-ledger-tool-1.18.1 against beta-2023-12-22 for beta-1.76-1
[INFO] extracting crate miraland-ledger-tool 1.18.1 into /workspace/builds/worker-1-tc2/source
[INFO] validating manifest of crates.io crate miraland-ledger-tool 1.18.1 on toolchain beta-2023-12-22
[INFO] running `Command { std: CARGO_HOME="/workspace/cargo-home" RUSTUP_HOME="/workspace/rustup-home" "/workspace/cargo-home/bin/cargo" "+beta-2023-12-22" "metadata" "--manifest-path" "Cargo.toml" "--no-deps", kill_on_drop: false }`
[INFO] started tweaking crates.io crate miraland-ledger-tool 1.18.1
[INFO] finished tweaking crates.io crate miraland-ledger-tool 1.18.1
[INFO] tweaked toml for crates.io crate miraland-ledger-tool 1.18.1 written to /workspace/builds/worker-1-tc2/source/Cargo.toml
[INFO] crate crates.io crate miraland-ledger-tool 1.18.1 already has a lockfile, it will not be regenerated
[INFO] running `Command { std: CARGO_HOME="/workspace/cargo-home" RUSTUP_HOME="/workspace/rustup-home" "/workspace/cargo-home/bin/cargo" "+beta-2023-12-22" "fetch" "--manifest-path" "Cargo.toml", kill_on_drop: false }`
[INFO] running `Command { std: "docker" "create" "-v" "/var/lib/crater-agent-workspace/builds/worker-1-tc2/target:/opt/rustwide/target:rw,Z" "-v" "/var/lib/crater-agent-workspace/builds/worker-1-tc2/source:/opt/rustwide/workdir:ro,Z" "-v" "/var/lib/crater-agent-workspace/cargo-home:/opt/rustwide/cargo-home:ro,Z" "-v" "/var/lib/crater-agent-workspace/rustup-home:/opt/rustwide/rustup-home:ro,Z" "-e" "SOURCE_DIR=/opt/rustwide/workdir" "-e" "CARGO_TARGET_DIR=/opt/rustwide/target" "-e" "CARGO_HOME=/opt/rustwide/cargo-home" "-e" "RUSTUP_HOME=/opt/rustwide/rustup-home" "-w" "/opt/rustwide/workdir" "-m" "1610612736" "--user" "0:0" "--network" "none" "ghcr.io/rust-lang/crates-build-env/linux@sha256:2788e3201cd34a07e3172128adcd8b3090168a8e3bcc40d7c032b9dda1df7d1c" "/opt/rustwide/cargo-home/bin/cargo" "+beta-2023-12-22" "metadata" "--no-deps" "--format-version=1", kill_on_drop: false }`
[INFO] [stdout] 5ec033d306b4c7f7c14c047c6252c20c77dea8e4e0cff49f7c87379da78b60a6
[INFO] running `Command { std: "docker" "start" "-a" "5ec033d306b4c7f7c14c047c6252c20c77dea8e4e0cff49f7c87379da78b60a6", kill_on_drop: false }`
[INFO] running `Command { std: "docker" "inspect" "5ec033d306b4c7f7c14c047c6252c20c77dea8e4e0cff49f7c87379da78b60a6", kill_on_drop: false }`
[INFO] running `Command { std: "docker" "rm" "-f" "5ec033d306b4c7f7c14c047c6252c20c77dea8e4e0cff49f7c87379da78b60a6", kill_on_drop: false }`
[INFO] [stdout] 5ec033d306b4c7f7c14c047c6252c20c77dea8e4e0cff49f7c87379da78b60a6
[INFO] running `Command { std: "docker" "create" "-v" "/var/lib/crater-agent-workspace/builds/worker-1-tc2/target:/opt/rustwide/target:rw,Z" "-v" "/var/lib/crater-agent-workspace/builds/worker-1-tc2/source:/opt/rustwide/workdir:ro,Z" "-v" "/var/lib/crater-agent-workspace/cargo-home:/opt/rustwide/cargo-home:ro,Z" "-v" "/var/lib/crater-agent-workspace/rustup-home:/opt/rustwide/rustup-home:ro,Z" "-e" "SOURCE_DIR=/opt/rustwide/workdir" "-e" "CARGO_TARGET_DIR=/opt/rustwide/target" "-e" "CARGO_INCREMENTAL=0" "-e" "RUST_BACKTRACE=full" "-e" "RUSTFLAGS=--cap-lints=warn" "-e" "RUSTDOCFLAGS=--cap-lints=warn" "-e" "CARGO_HOME=/opt/rustwide/cargo-home" "-e" "RUSTUP_HOME=/opt/rustwide/rustup-home" "-w" "/opt/rustwide/workdir" "-m" "1610612736" "--user" "0:0" "--network" "none" "ghcr.io/rust-lang/crates-build-env/linux@sha256:2788e3201cd34a07e3172128adcd8b3090168a8e3bcc40d7c032b9dda1df7d1c" "/opt/rustwide/cargo-home/bin/cargo" "+beta-2023-12-22" "build" "--frozen" "--message-format=json", kill_on_drop: false }`
[INFO] [stdout] 9a84c9fc7a061a80a8855b0cb65c1aa40119d916e9fb4ea8b9854a03c732083c
[INFO] running `Command { std: "docker" "start" "-a" "9a84c9fc7a061a80a8855b0cb65c1aa40119d916e9fb4ea8b9854a03c732083c", kill_on_drop: false }`
[INFO] [stderr]    Compiling libc v0.2.150
[INFO] [stderr]    Compiling serde v1.0.193
[INFO] [stderr]    Compiling syn v1.0.109
[INFO] [stderr]    Compiling generic-array v0.14.7
[INFO] [stderr]    Compiling syn v2.0.39
[INFO] [stderr]    Compiling getrandom v0.2.11
[INFO] [stderr]    Compiling scopeguard v1.2.0
[INFO] [stderr]    Compiling semver v1.0.20
[INFO] [stderr]    Compiling memchr v2.6.4
[INFO] [stderr]    Compiling subtle v2.4.1
[INFO] [stderr]    Compiling num-traits v0.2.17
[INFO] [stderr]    Compiling rand_core v0.6.4
[INFO] [stderr]    Compiling itertools v0.10.5
[INFO] [stderr]    Compiling rustc_version v0.4.0
[INFO] [stderr]    Compiling crossbeam-epoch v0.9.15
[INFO] [stderr]    Compiling rand_chacha v0.3.1
[INFO] [stderr]    Compiling crossbeam-deque v0.8.3
[INFO] [stderr]    Compiling rand v0.8.5
[INFO] [stderr]    Compiling jobserver v0.1.27
[INFO] [stderr]    Compiling rayon-core v1.12.0
[INFO] [stderr]    Compiling cc v1.0.83
[INFO] [stderr]    Compiling lock_api v0.4.11
[INFO] [stderr]    Compiling rayon v1.8.0
[INFO] [stderr]    Compiling num-integer v0.1.45
[INFO] [stderr]    Compiling ahash v0.7.7
[INFO] [stderr]    Compiling getrandom v0.1.16
[INFO] [stderr]    Compiling num_cpus v1.16.0
[INFO] [stderr]    Compiling opaque-debug v0.3.0
[INFO] [stderr]    Compiling futures-core v0.3.29
[INFO] [stderr]    Compiling once_cell v1.18.0
[INFO] [stderr]    Compiling serde_json v1.0.108
[INFO] [stderr]    Compiling rand_core v0.5.1
[INFO] [stderr]    Compiling num-bigint v0.4.4
[INFO] [stderr]    Compiling byteorder v1.5.0
[INFO] [stderr]    Compiling hashbrown v0.12.3
[INFO] [stderr]    Compiling indexmap v2.1.0
[INFO] [stderr]    Compiling crunchy v0.2.2
[INFO] [stderr]    Compiling paste v1.0.14
[INFO] [stderr]    Compiling block-padding v0.2.1
[INFO] [stderr]    Compiling rand_chacha v0.2.2
[INFO] [stderr]    Compiling rand v0.7.3
[INFO] [stderr]    Compiling parking_lot v0.12.1
[INFO] [stderr]    Compiling ahash v0.8.6
[INFO] [stderr]    Compiling digest v0.9.0
[INFO] [stderr]    Compiling ark-std v0.4.0
[INFO] [stderr]    Compiling zerocopy v0.7.26
[INFO] [stderr]    Compiling wasm-bindgen-shared v0.2.88
[INFO] [stderr]    Compiling libsecp256k1-core v0.2.2
[INFO] [stderr]    Compiling aho-corasick v1.1.2
[INFO] [stderr]    Compiling hashbrown v0.13.2
[INFO] [stderr]    Compiling signal-hook-registry v1.4.1
[INFO] [stderr]    Compiling socket2 v0.5.5
[INFO] [stderr]    Compiling feature-probe v0.1.1
[INFO] [stderr]    Compiling toml v0.5.11
[INFO] [stderr]    Compiling regex-syntax v0.8.2
[INFO] [stderr]    Compiling wasm-bindgen-backend v0.2.88
[INFO] [stderr]    Compiling bv v0.11.1
[INFO] [stderr]    Compiling libsecp256k1-gen-ecmult v0.2.1
[INFO] [stderr]    Compiling libsecp256k1-gen-genmult v0.2.1
[INFO] [stderr]    Compiling miraland-frozen-abi-macro v1.18.1
[INFO] [stderr]    Compiling bitmaps v2.1.0
[INFO] [stderr]    Compiling serde_derive v1.0.193
[INFO] [stderr]    Compiling thiserror-impl v1.0.50
[INFO] [stderr]    Compiling zeroize_derive v1.4.2
[INFO] [stderr]    Compiling ark-serialize-derive v0.4.2
[INFO] [stderr]    Compiling derivative v2.2.0
[INFO] [stderr]    Compiling ark-ff-macros v0.4.2
[INFO] [stderr]    Compiling zeroize v1.3.0
[INFO] [stderr]    Compiling ark-ff-asm v0.4.2
[INFO] [stderr]    Compiling thiserror v1.0.50
[INFO] [stderr]    Compiling proc-macro-crate v0.1.5
[INFO] [stderr]    Compiling regex-automata v0.4.3
[INFO] [stderr]    Compiling tokio-macros v2.2.0
[INFO] [stderr]    Compiling mio v0.8.9
[INFO] [stderr]    Compiling im v15.1.0
[INFO] [stderr]    Compiling keccak v0.1.4
[INFO] [stderr]    Compiling tokio v1.34.0
[INFO] [stderr]    Compiling sized-chunks v0.6.5
[INFO] [stderr]    Compiling wasm-bindgen-macro-support v0.2.88
[INFO] [stderr]    Compiling libsecp256k1 v0.6.0
[INFO] [stderr]    Compiling borsh-derive-internal v0.10.3
[INFO] [stderr]    Compiling borsh-schema-derive-internal v0.10.3
[INFO] [stderr]    Compiling borsh-schema-derive-internal v0.9.3
[INFO] [stderr]    Compiling borsh-derive-internal v0.9.3
[INFO] [stderr]    Compiling blake3 v1.5.0
[INFO] [stderr]    Compiling miraland-frozen-abi v1.18.1
[INFO] [stderr]    Compiling rand_xoshiro v0.6.0
[INFO] [stderr]    Compiling bs58 v0.4.0
[INFO] [stderr]    Compiling futures-channel v0.3.29
[INFO] [stderr]    Compiling arrayref v0.3.7
[INFO] [stderr]    Compiling futures-task v0.3.29
[INFO] [stderr]    Compiling wasm-bindgen v0.2.88
[INFO] [stderr]    Compiling wasm-bindgen-macro v0.2.88
[INFO] [stderr]    Compiling regex v1.10.2
[INFO] [stderr]    Compiling borsh-derive v0.9.3
[INFO] [stderr]    Compiling borsh-derive v0.10.3
[INFO] [stderr]    Compiling bytemuck_derive v1.5.0
[INFO] [stderr]    Compiling miraland-program v1.18.1
[INFO] [stderr]    Compiling hashbrown v0.11.2
[INFO] [stderr]    Compiling memmap2 v0.5.10
[INFO] [stderr]    Compiling base64 v0.12.3
[INFO] [stderr]    Compiling futures-util v0.3.29
[INFO] [stderr]    Compiling constant_time_eq v0.3.0
[INFO] [stderr]    Compiling futures-io v0.3.29
[INFO] [stderr]    Compiling arrayvec v0.7.4
[INFO] [stderr]    Compiling borsh v0.9.3
[INFO] [stderr]    Compiling borsh v0.10.3
[INFO] [stderr]    Compiling bytemuck v1.14.0
[INFO] [stderr]    Compiling miraland-sdk-macro v1.18.1
[INFO] [stderr]    Compiling num-derive v0.4.1
[INFO] [stderr]    Compiling futures-macro v0.3.29
[INFO] [stderr]    Compiling futures v0.1.31
[INFO] [stderr]    Compiling ident_case v1.0.1
[INFO] [stderr]    Compiling toml_datetime v0.6.5
[INFO] [stderr]    Compiling winnow v0.5.19
[INFO] [stderr]    Compiling darling_core v0.20.3
[INFO] [stderr]    Compiling bitflags v2.4.1
[INFO] [stderr]    Compiling serde_bytes v0.11.12
[INFO] [stderr]    Compiling bincode v1.3.3
[INFO] [stderr]    Compiling crypto-common v0.1.6
[INFO] [stderr]    Compiling block-buffer v0.10.4
[INFO] [stderr]    Compiling digest v0.10.7
[INFO] [stderr]    Compiling block-buffer v0.9.0
[INFO] [stderr]    Compiling crypto-mac v0.8.0
[INFO] [stderr]    Compiling ark-serialize v0.4.2
[INFO] [stderr]    Compiling sha2 v0.9.9
[INFO] [stderr]    Compiling hmac v0.8.1
[INFO] [stderr]    Compiling sha2 v0.10.8
[INFO] [stderr]    Compiling ark-ff v0.4.2
[INFO] [stderr]    Compiling curve25519-dalek v3.2.1
[INFO] [stderr]    Compiling hmac-drbg v0.3.0
[INFO] [stderr]    Compiling pbkdf2 v0.4.0
[INFO] [stderr]    Compiling tiny-bip39 v0.8.2
[INFO] [stderr]    Compiling sha3 v0.10.8
[INFO] [stderr]    Compiling toml_edit v0.19.15
[INFO] [stderr]    Compiling atty v0.2.14
[INFO] [stderr]    Compiling darling_macro v0.20.3
[INFO] [stderr]    Compiling signature v1.6.4
[INFO] [stderr]    Compiling chrono v0.4.31
[INFO] [stderr]    Compiling ed25519 v1.5.3
[INFO] [stderr]    Compiling env_logger v0.9.3
[INFO] [stderr]    Compiling ed25519-dalek v1.0.1
[INFO] [stderr]    Compiling darling v0.20.3
[INFO] [stderr]    Compiling serde_with_macros v2.3.3
[INFO] [stderr]    Compiling proc-macro-crate v1.3.1
[INFO] [stderr]    Compiling hmac v0.12.1
[INFO] [stderr]    Compiling miraland-sdk v1.18.1
[INFO] [stderr]    Compiling derivation-path v0.2.0
[INFO] [stderr]    Compiling miraland-logger v1.18.1
[INFO] [stderr]    Compiling ed25519-dalek-bip32 v0.2.0
[INFO] [stderr]    Compiling pbkdf2 v0.11.0
[INFO] [stderr]    Compiling tracing-attributes v0.1.27
[INFO] [stderr]    Compiling qualifier_attr v0.2.2
[INFO] [stderr]    Compiling serde_with v2.3.3
[INFO] [stderr]    Compiling qstring v0.7.2
[INFO] [stderr]    Compiling http v0.2.11
[INFO] [stderr]    Compiling uriparse v0.6.4
[INFO] [stderr]    Compiling num_enum_derive v0.7.1
[INFO] [stderr]    Compiling tracing-core v0.1.32
[INFO] [stderr]    Compiling assert_matches v1.5.0
[INFO] [stderr]    Compiling ring v0.17.5
[INFO] [stderr]    Compiling tracing v0.1.40
[INFO] [stderr]    Compiling spin v0.9.8
[INFO] [stderr]    Compiling untrusted v0.9.0
[INFO] [stderr]    Compiling tokio-util v0.7.10
[INFO] [stderr]    Compiling openssl-src v300.1.6+3.1.4
[INFO] [stderr]    Compiling http-body v0.4.5
[INFO] [stderr]    Compiling openssl-sys v0.9.95
[INFO] [stderr]    Compiling rustls v0.21.9
[INFO] [stderr]    Compiling socket2 v0.4.10
[INFO] [stderr]    Compiling form_urlencoded v1.2.0
[INFO] [stderr]    Compiling num_enum v0.7.1
[INFO] [stderr]    Compiling h2 v0.3.22
[INFO] [stderr]    Compiling openssl v0.10.59
[INFO] [stderr]    Compiling openssl-probe v0.1.5
[INFO] [stderr]    Compiling foreign-types-shared v0.1.1
[INFO] [stderr]    Compiling foreign-types v0.3.2
[INFO] [stderr]    Compiling idna v0.4.0
[INFO] [stderr]    Compiling openssl-macros v0.1.1
[INFO] [stderr]    Compiling rustls-pemfile v1.0.4
[INFO] [stderr]    Compiling native-tls v0.2.11
[INFO] [stderr]    Compiling alloc-no-stdlib v2.0.4
[INFO] [stderr]    Compiling flate2 v1.0.28
[INFO] [stderr]    Compiling alloc-stdlib v0.2.2
[INFO] [stderr]    Compiling webpki-roots v0.25.2
[INFO] [stderr]    Compiling brotli-decompressor v2.5.1
[INFO] [stderr]    Compiling url v2.4.1
[INFO] [stderr]    Compiling serde_urlencoded v0.7.1
[INFO] [stderr]    Compiling num-bigint v0.2.6
[INFO] [stderr]    Compiling ipnet v2.9.0
[INFO] [stderr]    Compiling crossbeam-channel v0.5.8
[INFO] [stderr]    Compiling num-rational v0.2.4
[INFO] [stderr]    Compiling num-complex v0.2.4
[INFO] [stderr]    Compiling brotli v3.4.0
[INFO] [stderr]    Compiling num-iter v0.1.43
[INFO] [stderr]    Compiling scroll_derive v0.11.1
[INFO] [stderr]    Compiling gethostname v0.2.3
[INFO] [stderr]    Compiling void v1.0.2
[INFO] [stderr]    Compiling unreachable v1.0.0
[INFO] [stderr]    Compiling ascii v0.9.3
[INFO] [stderr]    Compiling ark-poly v0.4.2
[INFO] [stderr]    Compiling plain v0.2.3
[INFO] [stderr]    Compiling managed v0.8.0
[INFO] [stderr]    Compiling combine v3.8.1
[INFO] [stderr]    Compiling scroll v0.11.0
[INFO] [stderr]    Compiling gdbstub v0.6.6
[INFO] [stderr]    Compiling goblin v0.5.4
[INFO] [stderr]    Compiling ark-ec v0.4.2
[INFO] [stderr]    Compiling num v0.2.1
[INFO] [stderr]    Compiling enum-iterator-derive v1.2.1
[INFO] [stderr]    Compiling hyper v0.14.27
[INFO] [stderr]    Compiling async-compression v0.4.5
[INFO] [stderr]    Compiling ark-bn254 v0.4.0
[INFO] [stderr]    Compiling hash32 v0.2.1
[INFO] [stderr]    Compiling miraland-program-runtime v1.18.1
[INFO] [stderr]    Compiling rustc-demangle v0.1.23
[INFO] [stderr]    Compiling light-poseidon v0.2.0
[INFO] [stderr]    Compiling enum-iterator v1.4.1
[INFO] [stderr]    Compiling percentage v0.1.0
[INFO] [stderr]    Compiling eager v0.1.0
[INFO] [stderr]    Compiling cipher v0.3.0
[INFO] [stderr]    Compiling universal-hash v0.4.1
[INFO] [stderr]    Compiling polyval v0.5.3
[INFO] [stderr]    Compiling aes v0.7.5
[INFO] [stderr]    Compiling solana_rbpf v0.8.0
[INFO] [stderr]    Compiling ctr v0.8.0
[INFO] [stderr]    Compiling aead v0.4.3
[INFO] [stderr]    Compiling rustix v0.38.25
[INFO] [stderr]    Compiling aes-gcm-siv v0.10.3
[INFO] [stderr]    Compiling sha3 v0.9.1
[INFO] [stderr]    Compiling merlin v3.0.0
[INFO] [stderr]    Compiling linux-raw-sys v0.4.11
[INFO] [stderr]    Compiling solarti-discriminator-syn v0.1.4
[INFO] [stderr]    Compiling solarti-program-error-derive v0.3.4
[INFO] [stderr]    Compiling futures-executor v0.3.29
[INFO] [stderr]    Compiling zstd-sys v2.0.9+zstd.1.5.5
[INFO] [stderr]    Compiling solarti-discriminator-derive v0.1.4
[INFO] [stderr]    Compiling futures v0.3.29
[INFO] [stderr]    Compiling miraland-vote-program v1.18.1
[INFO] [stderr]    Compiling time-macros v0.2.15
[INFO] [stderr]    Compiling prost-derive v0.11.9
[INFO] [stderr]    Compiling miraland-version v1.18.1
[INFO] [stderr]    Compiling Inflector v0.11.4
[INFO] [stderr]    Compiling base64 v0.13.1
[INFO] [stderr]    Compiling async-trait v0.1.74
[INFO] [stderr]    Compiling unicode-width v0.1.11
[INFO] [stderr]    Compiling time v0.3.30
[INFO] [stderr]    Compiling jsonrpc-core v18.0.0
[INFO] [stderr]    Compiling bytes v1.5.0
[INFO] [stderr]    Compiling prost v0.11.9
[INFO] [stderr]    Compiling memoffset v0.7.1
[INFO] [stderr]    Compiling home v0.5.5
[INFO] [stderr]    Compiling fixedbitset v0.4.2
[INFO] [stderr]    Compiling petgraph v0.6.4
[INFO] [stderr]    Compiling which v4.4.2
[INFO] [stderr]    Compiling tempfile v3.8.1
[INFO] [stderr]    Compiling prost-types v0.11.9
[INFO] [stderr]    Compiling indexmap v1.9.3
[INFO] [stderr]    Compiling prettyplease v0.1.25
[INFO] [stderr]    Compiling console v0.15.7
[INFO] [stderr]    Compiling ring v0.16.20
[INFO] [stderr]    Compiling multimap v0.8.3
[INFO] [stderr]    Compiling spin v0.5.2
[INFO] [stderr]    Compiling untrusted v0.7.1
[INFO] [stderr]    Compiling nix v0.26.4
[INFO] [stderr]    Compiling sha1 v0.10.6
[INFO] [stderr]    Compiling tokio-stream v0.1.14
[INFO] [stderr]    Compiling prost-build v0.11.9
[INFO] [stderr]    Compiling dlopen2_derive v0.3.0
[INFO] [stderr]    Compiling lz4-sys v1.9.4
[INFO] [stderr]    Compiling miraland-rayon-threadlimit v1.18.1
[INFO] [stderr]    Compiling autotools v0.2.6
[INFO] [stderr]    Compiling miraland-perf v1.18.1
[INFO] [stderr]    Compiling glob v0.3.1
[INFO] [stderr]    Compiling unicode-xid v0.2.4
[INFO] [stderr]    Compiling protobuf-src v1.1.0+21.5
[INFO] [stderr]    Compiling synstructure v0.12.6
[INFO] [stderr]    Compiling dlopen2 v0.5.0
[INFO] [stderr]    Compiling clang-sys v1.6.1
[INFO] [stderr]    Compiling nom v7.1.3
[INFO] [stderr]    Compiling caps v0.5.5
[INFO] [stderr]    Compiling data-encoding v2.4.0
[INFO] [stderr]    Compiling prettyplease v0.2.15
[INFO] [stderr]    Compiling portable-atomic v1.5.1
[INFO] [stderr]    Compiling parking_lot_core v0.8.6
[INFO] [stderr]    Compiling asn1-rs-derive v0.4.0
[INFO] [stderr]    Compiling proc-macro-error-attr v1.0.4
[INFO] [stderr]    Compiling rusticata-macros v4.1.0
[INFO] [stderr]    Compiling tonic-build v0.9.2
[INFO] [stderr]    Compiling yasna v0.5.2
[INFO] [stderr]    Compiling pem v1.1.1
[INFO] [stderr]    Compiling bzip2-sys v0.1.11+1.0.8
[INFO] [stderr]    Compiling asn1-rs-impl v0.1.0
[INFO] [stderr]    Compiling displaydoc v0.2.4
[INFO] [stderr]    Compiling pin-project-internal v1.1.3
[INFO] [stderr]    Compiling shell-words v1.1.0
[INFO] [stderr]    Compiling dialoguer v0.10.4
[INFO] [stderr]    Compiling rcgen v0.10.0
[INFO] [stderr]    Compiling asn1-rs v0.5.2
[INFO] [stderr]    Compiling proc-macro-error v1.0.4
[INFO] [stderr]    Compiling pin-project v1.1.3
[INFO] [stderr]    Compiling textwrap v0.11.0
[INFO] [stderr]    Compiling miraland-stake-program v1.18.1
[INFO] [stderr]    Compiling rtoolbox v0.0.2
[INFO] [stderr]    Compiling libloading v0.7.4
[INFO] [stderr]    Compiling bindgen v0.65.1
[INFO] [stderr]    Compiling const-oid v0.7.1
[INFO] [stderr]    Compiling number_prefix v0.4.0
[INFO] [stderr]    Compiling oid-registry v0.6.1
[INFO] [stderr]    Compiling indicatif v0.17.7
[INFO] [stderr]    Compiling clap v2.34.0
[INFO] [stderr]    Compiling cexpr v0.6.0
[INFO] [stderr]    Compiling der v0.5.1
[INFO] [stderr]    Compiling rpassword v7.3.1
[INFO] [stderr]    Compiling parking_lot v0.11.2
[INFO] [stderr]    Compiling rustls-native-certs v0.6.3
[INFO] [stderr]    Compiling modular-bitfield-impl v0.11.2
[INFO] [stderr]    Compiling axum v0.6.20
[INFO] [stderr]    Compiling miraland-address-lookup-table-program v1.18.1
[INFO] [stderr]    Compiling fs-err v2.11.0
[INFO] [stderr]    Compiling shlex v1.2.0
[INFO] [stderr]    Compiling event-listener v2.5.3
[INFO] [stderr]    Compiling os_str_bytes v6.6.1
[INFO] [stderr]    Compiling lazycell v1.3.0
[INFO] [stderr]    Compiling predicates-core v1.0.6
[INFO] [stderr]    Compiling peeking_take_while v0.1.2
[INFO] [stderr]    Compiling base64ct v1.6.0
[INFO] [stderr]    Compiling spki v0.5.4
[INFO] [stderr]    Compiling modular-bitfield v0.11.2
[INFO] [stderr]    Compiling ouroboros_macro v0.15.6
[INFO] [stderr]    Compiling clap_lex v0.2.4
[INFO] [stderr]    Compiling axum-core v0.3.4
[INFO] [stderr]    Compiling tower v0.4.13
[INFO] [stderr]    Compiling der-parser v8.2.0
[INFO] [stderr]    Compiling strum_macros v0.24.3
[INFO] [stderr]    Compiling quinn-udp v0.4.1
[INFO] [stderr]    Compiling tokio-io-timeout v1.2.0
[INFO] [stderr]    Compiling async-stream-impl v0.3.5
[INFO] [stderr]    Compiling dashmap v5.5.3
[INFO] [stderr]    Compiling float-cmp v0.9.0
[INFO] [stderr]    Compiling miraland-accounts-db v1.18.1
[INFO] [stderr]    Compiling miraland-cost-model v1.18.1
[INFO] [stderr]    Compiling miraland-vote v1.18.1
[INFO] [stderr]    Compiling concurrent-queue v2.3.0
[INFO] [stderr]    Compiling filetime v0.2.22
[INFO] [stderr]    Compiling include_dir_macros v0.7.3
[INFO] [stderr]    Compiling xattr v1.0.1
[INFO] [stderr]    Compiling normalize-line-endings v0.3.0
[INFO] [stderr]    Compiling textwrap v0.16.0
[INFO] [stderr]    Compiling fs_extra v1.3.0
[INFO] [stderr]    Compiling utf-8 v0.7.6
[INFO] [stderr]    Compiling termtree v0.4.1
[INFO] [stderr]    Compiling difflib v0.4.0
[INFO] [stderr]    Compiling aliasable v0.1.3
[INFO] [stderr]    Compiling predicates-tree v1.0.9
[INFO] [stderr]    Compiling ouroboros v0.15.6
[INFO] [stderr]    Compiling include_dir v0.7.3
[INFO] [stderr]    Compiling predicates v2.1.5
[INFO] [stderr]    Compiling clap v3.2.25
[INFO] [stderr]    Compiling tar v0.4.40
[INFO] [stderr]    Compiling librocksdb-sys v0.11.0+8.1.1
[INFO] [stderr]    Compiling strum v0.24.1
[INFO] [stderr]    Compiling async-channel v1.9.0
[INFO] [stderr]    Compiling async-stream v0.3.5
[INFO] [stderr]    Compiling hyper-timeout v0.4.1
[INFO] [stderr]    Compiling x509-parser v0.14.0
[INFO] [stderr]    Compiling pkcs8 v0.8.0
[INFO] [stderr]    Compiling headers-core v0.2.0
[INFO] [stderr]    Compiling mockall_derive v0.11.4
[INFO] [stderr]    Compiling seqlock v0.2.0
[INFO] [stderr]    Compiling lru v0.7.8
[INFO] [stderr]    Compiling miraland-runtime v1.18.1
[INFO] [stderr]    Compiling miraland-nohash-hasher v0.2.1
[INFO] [stderr]    Compiling index_list v0.2.11
[INFO] [stderr]    Compiling histogram v0.6.9
[INFO] [stderr]    Compiling ieee754 v0.2.6
[INFO] [stderr]    Compiling downcast v0.11.0
[INFO] [stderr]    Compiling fragile v2.0.0
[INFO] [stderr]    Compiling simpl v0.1.0
[INFO] [stderr]    Compiling fast-math v0.1.1
[INFO] [stderr]    Compiling headers v0.3.9
[INFO] [stderr]    Compiling aquamarine v0.3.2
[INFO] [stderr]    Compiling dir-diff v0.3.2
[INFO] [stderr]    Compiling reed-solomon-erasure v6.0.0
[INFO] [stderr]    Compiling symlink v0.1.0
[INFO] [stderr]    Compiling async-mutex v1.4.0
[INFO] [stderr]    Compiling backoff v0.4.0
[INFO] [stderr]    Compiling miraland-ledger v1.18.1
[INFO] [stderr]    Compiling chrono-humanize v0.2.3
[INFO] [stderr]    Compiling mockall v0.11.4
[INFO] [stderr]    Compiling miraland-bloom v1.18.1
[INFO] [stderr]    Compiling dirs-sys-next v0.1.2
[INFO] [stderr]    Compiling unicase v2.7.0
[INFO] [stderr]    Compiling unsafe-libyaml v0.2.9
[INFO] [stderr]    Compiling ucd-trie v0.1.6
[INFO] [stderr]    Compiling trees v0.4.2
[INFO] [stderr]    Compiling matches v0.1.10
[INFO] [stderr]    Compiling idna v0.1.5
[INFO] [stderr]    Compiling serde_yaml v0.9.27
[INFO] [stderr]    Compiling dirs-next v2.0.0
[INFO] [stderr]    Compiling miraland-gossip v1.18.1
[INFO] [stderr]    Compiling bstr v1.8.0
[INFO] [stderr]    Compiling solarti-program-error v0.3.4
[INFO] [stderr]    Compiling solarti-discriminator v0.1.4
[INFO] [stderr]    Compiling solarti-memo v4.0.0
[INFO] [stderr]    Compiling solarti-token v4.0.0
[INFO] [stderr]    Compiling miraland-merkle-tree v1.18.1
[INFO] [stderr]    Compiling convert_case v0.4.0
[INFO] [stderr]    Compiling percent-encoding v1.0.1
[INFO] [stderr]    Compiling derive_more v0.99.17
[INFO] [stderr]    Compiling url v1.7.2
[INFO] [stderr]    Compiling globset v0.4.13
[INFO] [stderr]    Compiling pest v2.7.5
[INFO] [stderr]    Compiling jsonrpc-pubsub v18.0.0
[INFO] [stderr]    Compiling tokio-util v0.6.10
[INFO] [stderr]    Compiling net2 v0.2.39
[INFO] [stderr]    Compiling jsonrpc-server-utils v18.0.0
[INFO] [stderr]    Compiling pest_meta v2.7.5
[INFO] [stderr]    Compiling sha-1 v0.9.8
[INFO] [stderr]    Compiling core_affinity v0.5.10
[INFO] [stderr]    Compiling soketto v0.7.1
[INFO] [stderr]    Compiling jsonrpc-http-server v18.0.0
[INFO] [stderr]    Compiling stream-cancel v0.8.1
[INFO] [stderr]    Compiling pest_generator v2.7.5
[INFO] [stderr]    Compiling jsonrpc-derive v18.0.0
[INFO] [stderr]    Compiling sys-info v0.9.1
[INFO] [stderr]    Compiling jsonrpc-client-transports v18.0.0
[INFO] [stderr]    Compiling tikv-jemalloc-sys v0.4.3+5.2.1-patched.2
[INFO] [stderr]    Compiling pest_derive v2.7.5
[INFO] [stderr]    Compiling jsonrpc-core-client v18.0.0
[INFO] [stderr]    Compiling etcd-client v0.11.1
[INFO] [stderr]    Compiling json5 v0.4.1
[INFO] [stderr]    Compiling miraland-core v1.18.1
[INFO] [stderr]    Compiling signal-hook v0.3.17
[INFO] [stderr]    Compiling sysctl v0.4.6
[INFO] [stderr]    Compiling miraland-measure v1.18.1
[INFO] [stderr]    Compiling miraland-zk-token-sdk v1.18.1
[INFO] [stderr]    Compiling miraland-remote-wallet v1.18.1
[INFO] [stderr]    Compiling miraland-bucket-map v1.18.1
[INFO] [stderr]    Compiling miraland-net-utils v1.18.1
[INFO] [stderr]    Compiling miraland-clap-utils v1.18.1
[INFO] [stderr]    Compiling miraland-cli-config v1.18.1
[INFO] [stderr]    Compiling rolling-file v0.2.0
[INFO] [stderr]    Compiling csv-core v0.1.11
[INFO] [stderr]    Compiling min-max-heap v1.3.0
[INFO] [stderr]    Compiling prio-graph v0.1.0
[INFO] [stderr]    Compiling pretty-hex v0.3.0
[INFO] [stderr]    Compiling csv v1.3.0
[INFO] [stderr]    Compiling solarti-pod v0.1.3
[INFO] [stderr]    Compiling solarti-type-length-value v0.3.3
[INFO] [stderr]    Compiling solarti-token-group-interface v0.1.0
[INFO] [stderr]    Compiling solarti-tlv-account-resolution v0.4.0
[INFO] [stderr]    Compiling solarti-token-metadata-interface v0.2.2
[INFO] [stderr]    Compiling solarti-transfer-hook-interface v0.3.0
[INFO] [stderr]    Compiling lz4 v1.24.0
[INFO] [stderr]    Compiling solarti-token-2022 v0.9.0
[INFO] [stderr]    Compiling solarti-associated-token-account v2.0.0
[INFO] [stderr]    Compiling bzip2 v0.4.4
[INFO] [stderr] error: failed to run custom build command for `tikv-jemalloc-sys v0.4.3+5.2.1-patched.2`
[INFO] [stderr] note: To improve backtraces for build dependencies, set the CARGO_PROFILE_DEV_BUILD_OVERRIDE_DEBUG=true environment variable to enable debug information generation.
[INFO] [stderr] 
[INFO] [stderr] Caused by:
[INFO] [stderr]   process didn't exit successfully: `/opt/rustwide/target/debug/build/tikv-jemalloc-sys-e0ede7045e401e22/build-script-build` (exit status: 101)
[INFO] [stderr]   --- stdout
[INFO] [stderr]   TARGET=x86_64-unknown-linux-gnu
[INFO] [stderr]   HOST=x86_64-unknown-linux-gnu
[INFO] [stderr]   NUM_JOBS=8
[INFO] [stderr]   OUT_DIR="/opt/rustwide/target/debug/build/tikv-jemalloc-sys-73b4973abda0af61/out"
[INFO] [stderr]   BUILD_DIR="/opt/rustwide/target/debug/build/tikv-jemalloc-sys-73b4973abda0af61/out/build"
[INFO] [stderr]   SRC_DIR="/opt/rustwide/cargo-home/registry/src/index.crates.io-6f17d22bba15001f/tikv-jemalloc-sys-0.4.3+5.2.1-patched.2"
[INFO] [stderr]   OPT_LEVEL = Some("0")
[INFO] [stderr]   TARGET = Some("x86_64-unknown-linux-gnu")
[INFO] [stderr]   HOST = Some("x86_64-unknown-linux-gnu")
[INFO] [stderr]   cargo:rerun-if-env-changed=CC_x86_64-unknown-linux-gnu
[INFO] [stderr]   CC_x86_64-unknown-linux-gnu = None
[INFO] [stderr]   cargo:rerun-if-env-changed=CC_x86_64_unknown_linux_gnu
[INFO] [stderr]   CC_x86_64_unknown_linux_gnu = None
[INFO] [stderr]   cargo:rerun-if-env-changed=HOST_CC
[INFO] [stderr]   HOST_CC = None
[INFO] [stderr]   cargo:rerun-if-env-changed=CC
[INFO] [stderr]   CC = None
[INFO] [stderr]   cargo:rerun-if-env-changed=CRATE_CC_NO_DEFAULTS
[INFO] [stderr]   CRATE_CC_NO_DEFAULTS = None
[INFO] [stderr]   DEBUG = Some("true")
[INFO] [stderr]   CARGO_CFG_TARGET_FEATURE = Some("fxsr,sse,sse2")
[INFO] [stderr]   cargo:rerun-if-env-changed=CFLAGS_x86_64-unknown-linux-gnu
[INFO] [stderr]   CFLAGS_x86_64-unknown-linux-gnu = None
[INFO] [stderr]   cargo:rerun-if-env-changed=CFLAGS_x86_64_unknown_linux_gnu
[INFO] [stderr]   CFLAGS_x86_64_unknown_linux_gnu = None
[INFO] [stderr]   cargo:rerun-if-env-changed=HOST_CFLAGS
[INFO] [stderr]   HOST_CFLAGS = None
[INFO] [stderr]   cargo:rerun-if-env-changed=CFLAGS
[INFO] [stderr]   CFLAGS = None
[INFO] [stderr]   CC="cc"
[INFO] [stderr]   CFLAGS="-O0 -ffunction-sections -fdata-sections -fPIC -gdwarf-4 -fno-omit-frame-pointer -m64 -Wall"
[INFO] [stderr]   JEMALLOC_REPO_DIR="jemalloc"
[INFO] [stderr]   running: cd "/opt/rustwide/target/debug/build/tikv-jemalloc-sys-73b4973abda0af61/out/build" && CC="cc" CFLAGS="-O0 -ffunction-sections -fdata-sections -fPIC -gdwarf-4 -fno-omit-frame-pointer -m64 -Wall" CPPFLAGS="-O0 -ffunction-sections -fdata-sections -fPIC -gdwarf-4 -fno-omit-frame-pointer -m64 -Wall" LDFLAGS="-O0 -ffunction-sections -fdata-sections -fPIC -gdwarf-4 -fno-omit-frame-pointer -m64 -Wall" "sh" "/opt/rustwide/target/debug/build/tikv-jemalloc-sys-73b4973abda0af61/out/build/configure" "--disable-cxx" "--with-private-namespace=_rjem_" "--host=x86_64-unknown-linux-gnu" "--build=x86_64-unknown-linux-gnu" "--prefix=/opt/rustwide/target/debug/build/tikv-jemalloc-sys-73b4973abda0af61/out"
[INFO] [stderr]   checking for xsltproc... false
[INFO] [stderr]   checking for x86_64-unknown-linux-gnu-gcc... cc
[INFO] [stderr]   checking whether the C compiler works... yes
[INFO] [stderr]   checking for C compiler default output file name... a.out
[INFO] [stderr]   checking for suffix of executables... 
[INFO] [stderr]   checking whether we are cross compiling... no
[INFO] [stderr]   checking for suffix of object files... o
[INFO] [stderr]   checking whether we are using the GNU C compiler... yes
[INFO] [stderr]   checking whether cc accepts -g... yes
[INFO] [stderr]   checking for cc option to accept ISO C89... none needed
[INFO] [stderr]   checking whether compiler is cray... no
[INFO] [stderr]   checking whether compiler supports -std=gnu11... yes
[INFO] [stderr]   checking whether compiler supports -Wall... yes
[INFO] [stderr]   checking whether compiler supports -Wextra... yes
[INFO] [stderr]   checking whether compiler supports -Wshorten-64-to-32... no
[INFO] [stderr]   checking whether compiler supports -Wsign-compare... yes
[INFO] [stderr]   checking whether compiler supports -Wundef... yes
[INFO] [stderr]   checking whether compiler supports -Wno-format-zero-length... yes
[INFO] [stderr]   checking whether compiler supports -pipe... yes
[INFO] [stderr]   checking whether compiler supports -g3... yes
[INFO] [stderr]   checking how to run the C preprocessor... cc -E
[INFO] [stderr]   checking for grep that handles long lines and -e... /usr/bin/grep
[INFO] [stderr]   checking for egrep... /usr/bin/grep -E
[INFO] [stderr]   checking for ANSI C header files... yes
[INFO] [stderr]   checking for sys/types.h... yes
[INFO] [stderr]   checking for sys/stat.h... yes
[INFO] [stderr]   checking for stdlib.h... yes
[INFO] [stderr]   checking for string.h... yes
[INFO] [stderr]   checking for memory.h... yes
[INFO] [stderr]   checking for strings.h... yes
[INFO] [stderr]   checking for inttypes.h... yes
[INFO] [stderr]   checking for stdint.h... yes
[INFO] [stderr]   checking for unistd.h... yes
[INFO] [stderr]   checking whether byte ordering is bigendian... no
[INFO] [stderr]   checking size of void *... 8
[INFO] [stderr]   checking size of int... 4
[INFO] [stderr]   checking size of long... 8
[INFO] [stderr]   checking size of long long... 8
[INFO] [stderr]   checking size of intmax_t... 8
[INFO] [stderr]   checking build system type... x86_64-unknown-linux-gnu
[INFO] [stderr]   checking host system type... x86_64-unknown-linux-gnu
[INFO] [stderr]   checking whether pause instruction is compilable... yes
[INFO] [stderr]   checking number of significant virtual address bits... 48
[INFO] [stderr]   checking for x86_64-unknown-linux-gnu-ar... no
[INFO] [stderr]   checking for ar... ar
[INFO] [stderr]   checking for x86_64-unknown-linux-gnu-nm... no
[INFO] [stderr]   checking for nm... nm
[INFO] [stderr]   checking for gawk... no
[INFO] [stderr]   checking for mawk... mawk
[INFO] [stderr]   checking malloc.h usability... yes
[INFO] [stderr]   checking malloc.h presence... yes
[INFO] [stderr]   checking for malloc.h... yes
[INFO] [stderr]   checking whether malloc_usable_size definition can use const argument... no
[INFO] [stderr]   checking for library containing log... -lm
[INFO] [stderr]   checking whether __attribute__ syntax is compilable... yes
[INFO] [stderr]   checking whether compiler supports -fvisibility=hidden... yes
[INFO] [stderr]   checking whether compiler supports -fvisibility=hidden... no
[INFO] [stderr]   checking whether compiler supports -Werror... yes
[INFO] [stderr]   checking whether compiler supports -herror_on_warning... yes
[INFO] [stderr]   checking whether tls_model attribute is compilable... yes
[INFO] [stderr]   checking whether compiler supports -Werror... yes
[INFO] [stderr]   checking whether compiler supports -herror_on_warning... yes
[INFO] [stderr]   checking whether alloc_size attribute is compilable... yes
[INFO] [stderr]   checking whether compiler supports -Werror... yes
[INFO] [stderr]   checking whether compiler supports -herror_on_warning... yes
[INFO] [stderr]   checking whether format(gnu_printf, ...) attribute is compilable... yes
[INFO] [stderr]   checking whether compiler supports -Werror... yes
[INFO] [stderr]   checking whether compiler supports -herror_on_warning... yes
[INFO] [stderr]   checking whether format(printf, ...) attribute is compilable... yes
[INFO] [stderr]   checking whether compiler supports -Werror... yes
[INFO] [stderr]   checking whether compiler supports -herror_on_warning... yes
[INFO] [stderr]   checking whether format(printf, ...) attribute is compilable... yes
[INFO] [stderr]   checking for a BSD-compatible install... /usr/bin/install -c
[INFO] [stderr]   checking for x86_64-unknown-linux-gnu-ranlib... no
[INFO] [stderr]   checking for ranlib... ranlib
[INFO] [stderr]   checking for ld... /usr/bin/ld
[INFO] [stderr]   checking for autoconf... /usr/bin/autoconf
[INFO] [stderr]   checking for memalign... yes
[INFO] [stderr]   checking for valloc... yes
[INFO] [stderr]   checking for __libc_calloc... yes
[INFO] [stderr]   checking for __libc_free... yes
[INFO] [stderr]   checking for __libc_malloc... yes
[INFO] [stderr]   checking for __libc_memalign... yes
[INFO] [stderr]   checking for __libc_realloc... yes
[INFO] [stderr]   checking for __libc_valloc... yes
[INFO] [stderr]   checking for __posix_memalign... no
[INFO] [stderr]   checking whether compiler supports -O3... yes
[INFO] [stderr]   checking whether compiler supports -O3... no
[INFO] [stderr]   checking whether compiler supports -funroll-loops... yes
[INFO] [stderr]   checking configured backtracing method... N/A
[INFO] [stderr]   checking for sbrk... yes
[INFO] [stderr]   checking whether utrace(2) is compilable... no
[INFO] [stderr]   checking whether a program using __builtin_unreachable is compilable... yes
[INFO] [stderr]   checking whether a program using __builtin_ffsl is compilable... yes
[INFO] [stderr]   checking whether a program using __builtin_popcountl is compilable... yes
[INFO] [stderr]   checking LG_PAGE... 12
[INFO] [stderr]   checking pthread.h usability... yes
[INFO] [stderr]   checking pthread.h presence... yes
[INFO] [stderr]   checking for pthread.h... yes
[INFO] [stderr]   checking for pthread_create in -lpthread... yes
[INFO] [stderr]   checking dlfcn.h usability... yes
[INFO] [stderr]   checking dlfcn.h presence... yes
[INFO] [stderr]   checking for dlfcn.h... yes
[INFO] [stderr]   checking for dlsym... yes
[INFO] [stderr]   checking whether pthread_atfork(3) is compilable... yes
[INFO] [stderr]   checking whether pthread_setname_np(3) is compilable... yes
[INFO] [stderr]   checking for library containing clock_gettime... none required
[INFO] [stderr]   checking whether clock_gettime(CLOCK_MONOTONIC_COARSE, ...) is compilable... yes
[INFO] [stderr]   checking whether clock_gettime(CLOCK_MONOTONIC, ...) is compilable... yes
[INFO] [stderr]   checking whether mach_absolute_time() is compilable... no
[INFO] [stderr]   checking whether compiler supports -Werror... yes
[INFO] [stderr]   checking whether syscall(2) is compilable... yes
[INFO] [stderr]   checking for secure_getenv... yes
[INFO] [stderr]   checking for sched_getcpu... yes
[INFO] [stderr]   checking for sched_setaffinity... yes
[INFO] [stderr]   checking for issetugid... no
[INFO] [stderr]   checking for _malloc_thread_cleanup... no
[INFO] [stderr]   checking for _pthread_mutex_init_calloc_cb... no
[INFO] [stderr]   checking for TLS... yes
[INFO] [stderr]   checking whether C11 atomics is compilable... yes
[INFO] [stderr]   checking whether GCC __atomic atomics is compilable... yes
[INFO] [stderr]   checking whether GCC 8-bit __atomic atomics is compilable... yes
[INFO] [stderr]   checking whether GCC __sync atomics is compilable... yes
[INFO] [stderr]   checking whether GCC 8-bit __sync atomics is compilable... yes
[INFO] [stderr]   checking whether Darwin OSAtomic*() is compilable... no
[INFO] [stderr]   checking whether madvise(2) is compilable... yes
[INFO] [stderr]   checking whether madvise(..., MADV_FREE) is compilable... yes
[INFO] [stderr]   checking whether madvise(..., MADV_DONTNEED) is compilable... yes
[INFO] [stderr]   checking whether madvise(..., MADV_DO[NT]DUMP) is compilable... yes
[INFO] [stderr]   checking whether madvise(..., MADV_[NO]HUGEPAGE) is compilable... yes
[INFO] [stderr]   checking for __builtin_clz... yes
[INFO] [stderr]   checking whether Darwin os_unfair_lock_*() is compilable... no
[INFO] [stderr]   checking whether glibc malloc hook is compilable... no
[INFO] [stderr]   checking whether glibc memalign hook is compilable... no
[INFO] [stderr]   checking whether pthreads adaptive mutexes is compilable... yes
[INFO] [stderr]   checking whether compiler supports -D_GNU_SOURCE... yes
[INFO] [stderr]   checking whether compiler supports -Werror... yes
[INFO] [stderr]   checking whether compiler supports -herror_on_warning... yes
[INFO] [stderr]   checking whether strerror_r returns char with gnu source is compilable... yes
[INFO] [stderr]   checking for stdbool.h that conforms to C99... yes
[INFO] [stderr]   checking for _Bool... yes
[INFO] [stderr]   configure: creating ./config.status
[INFO] [stderr]   config.status: creating Makefile
[INFO] [stderr]   config.status: creating jemalloc.pc
[INFO] [stderr]   config.status: creating doc/html.xsl
[INFO] [stderr]   config.status: creating doc/manpages.xsl
[INFO] [stderr]   config.status: creating doc/jemalloc.xml
[INFO] [stderr]   config.status: creating include/jemalloc/jemalloc_macros.h
[INFO] [stderr]   config.status: creating include/jemalloc/jemalloc_protos.h
[INFO] [stderr]   config.status: creating include/jemalloc/jemalloc_typedefs.h
[INFO] [stderr]   config.status: creating include/jemalloc/internal/jemalloc_preamble.h
[INFO] [stderr]   config.status: creating test/test.sh
[INFO] [stderr]   config.status: creating test/include/test/jemalloc_test.h
[INFO] [stderr]   config.status: creating config.stamp
[INFO] [stderr]   config.status: creating bin/jemalloc-config
[INFO] [stderr]   config.status: creating bin/jemalloc.sh
[INFO] [stderr]   config.status: creating bin/jeprof
[INFO] [stderr]   config.status: creating include/jemalloc/jemalloc_defs.h
[INFO] [stderr]   config.status: creating include/jemalloc/internal/jemalloc_internal_defs.h
[INFO] [stderr]   config.status: creating test/include/test/jemalloc_test_defs.h
[INFO] [stderr]   config.status: executing include/jemalloc/internal/public_symbols.txt commands
[INFO] [stderr]   config.status: executing include/jemalloc/internal/private_symbols.awk commands
[INFO] [stderr]   config.status: executing include/jemalloc/internal/private_symbols_jet.awk commands
[INFO] [stderr]   config.status: executing include/jemalloc/internal/public_namespace.h commands
[INFO] [stderr]   config.status: executing include/jemalloc/internal/public_unnamespace.h commands
[INFO] [stderr]   config.status: executing include/jemalloc/jemalloc_protos_jet.h commands
[INFO] [stderr]   config.status: executing include/jemalloc/jemalloc_rename.h commands
[INFO] [stderr]   config.status: executing include/jemalloc/jemalloc_mangle.h commands
[INFO] [stderr]   config.status: executing include/jemalloc/jemalloc_mangle_jet.h commands
[INFO] [stderr]   config.status: executing include/jemalloc/jemalloc.h commands
[INFO] [stderr]   ===============================================================================
[INFO] [stderr]   jemalloc version   : 5.2.1-2-g172143a2979d9d948035423ce347e35cd1388fc3
[INFO] [stderr]   library revision   : 2
[INFO] [stderr] 
[INFO] [stderr]   CONFIG             : --disable-cxx --with-private-namespace=_rjem_ --host=x86_64-unknown-linux-gnu --build=x86_64-unknown-linux-gnu --prefix=/opt/rustwide/target/debug/build/tikv-jemalloc-sys-73b4973abda0af61/out build_alias=x86_64-unknown-linux-gnu host_alias=x86_64-unknown-linux-gnu CC=cc 'CFLAGS=-O0 -ffunction-sections -fdata-sections -fPIC -gdwarf-4 -fno-omit-frame-pointer -m64 -Wall' 'LDFLAGS=-O0 -ffunction-sections -fdata-sections -fPIC -gdwarf-4 -fno-omit-frame-pointer -m64 -Wall' 'CPPFLAGS=-O0 -ffunction-sections -fdata-sections -fPIC -gdwarf-4 -fno-omit-frame-pointer -m64 -Wall'
[INFO] [stderr]   CC                 : cc
[INFO] [stderr]   CONFIGURE_CFLAGS   : -std=gnu11 -Wall -Wextra -Wsign-compare -Wundef -Wno-format-zero-length -pipe -g3 -fvisibility=hidden -O3 -funroll-loops
[INFO] [stderr]   SPECIFIED_CFLAGS   : -O0 -ffunction-sections -fdata-sections -fPIC -gdwarf-4 -fno-omit-frame-pointer -m64 -Wall
[INFO] [stderr]   EXTRA_CFLAGS       : 
[INFO] [stderr]   CPPFLAGS           : -O0 -ffunction-sections -fdata-sections -fPIC -gdwarf-4 -fno-omit-frame-pointer -m64 -Wall -D_GNU_SOURCE -D_REENTRANT
[INFO] [stderr]   CXX                : 
[INFO] [stderr]   CONFIGURE_CXXFLAGS : 
[INFO] [stderr]   SPECIFIED_CXXFLAGS : 
[INFO] [stderr]   EXTRA_CXXFLAGS     : 
[INFO] [stderr]   LDFLAGS            : -O0 -ffunction-sections -fdata-sections -fPIC -gdwarf-4 -fno-omit-frame-pointer -m64 -Wall
[INFO] [stderr]   EXTRA_LDFLAGS      : 
[INFO] [stderr]   DSO_LDFLAGS        : -shared -Wl,-soname,$(@F)
[INFO] [stderr]   LIBS               : -lm  -pthread
[INFO] [stderr]   RPATH_EXTRA        : 
[INFO] [stderr] 
[INFO] [stderr]   XSLTPROC           : false
[INFO] [stderr]   XSLROOT            : 
[INFO] [stderr] 
[INFO] [stderr]   PREFIX             : /opt/rustwide/target/debug/build/tikv-jemalloc-sys-73b4973abda0af61/out
[INFO] [stderr]   BINDIR             : /opt/rustwide/target/debug/build/tikv-jemalloc-sys-73b4973abda0af61/out/bin
[INFO] [stderr]   DATADIR            : /opt/rustwide/target/debug/build/tikv-jemalloc-sys-73b4973abda0af61/out/share
[INFO] [stderr]   INCLUDEDIR         : /opt/rustwide/target/debug/build/tikv-jemalloc-sys-73b4973abda0af61/out/include
[INFO] [stderr]   LIBDIR             : /opt/rustwide/target/debug/build/tikv-jemalloc-sys-73b4973abda0af61/out/lib
[INFO] [stderr]   MANDIR             : /opt/rustwide/target/debug/build/tikv-jemalloc-sys-73b4973abda0af61/out/share/man
[INFO] [stderr] 
[INFO] [stderr]   srcroot            : 
[INFO] [stderr]   abs_srcroot        : /opt/rustwide/target/debug/build/tikv-jemalloc-sys-73b4973abda0af61/out/build/
[INFO] [stderr]   objroot            : 
[INFO] [stderr]   abs_objroot        : /opt/rustwide/target/debug/build/tikv-jemalloc-sys-73b4973abda0af61/out/build/
[INFO] [stderr] 
[INFO] [stderr]   JEMALLOC_PREFIX    : 
[INFO] [stderr]   JEMALLOC_PRIVATE_NAMESPACE
[INFO] [stderr]                      : _rjem_je_
[INFO] [stderr]   install_suffix     : 
[INFO] [stderr]   malloc_conf        : 
[INFO] [stderr]   documentation      : 1
[INFO] [stderr]   shared libs        : 1
[INFO] [stderr]   static libs        : 1
[INFO] [stderr]   autogen            : 0
[INFO] [stderr]   debug              : 0
[INFO] [stderr]   stats              : 1
[INFO] [stderr]   experimetal_smallocx : 0
[INFO] [stderr]   prof               : 0
[INFO] [stderr]   prof-libunwind     : 0
[INFO] [stderr]   prof-libgcc        : 0
[INFO] [stderr]   prof-gcc           : 0
[INFO] [stderr]   fill               : 1
[INFO] [stderr]   utrace             : 0
[INFO] [stderr]   xmalloc            : 0
[INFO] [stderr]   log                : 0
[INFO] [stderr]   lazy_lock          : 0
[INFO] [stderr]   cache-oblivious    : 1
[INFO] [stderr]   cxx                : 0
[INFO] [stderr]   ===============================================================================
[INFO] [stderr]   running: cd "/opt/rustwide/target/debug/build/tikv-jemalloc-sys-73b4973abda0af61/out/build" && "make" "-j" "8"
[INFO] [stderr]   cc -std=gnu11 -Wall -Wextra -Wsign-compare -Wundef -Wno-format-zero-length -pipe -g3 -fvisibility=hidden -O3 -funroll-loops -O0 -ffunction-sections -fdata-sections -fPIC -gdwarf-4 -fno-omit-frame-pointer -m64 -Wall -fPIC -DPIC -c -O0 -ffunction-sections -fdata-sections -fPIC -gdwarf-4 -fno-omit-frame-pointer -m64 -Wall -D_GNU_SOURCE -D_REENTRANT -Iinclude -Iinclude -DJEMALLOC_NO_PRIVATE_NAMESPACE -o src/jemalloc.sym.o src/jemalloc.c
[INFO] [stderr]   cc -std=gnu11 -Wall -Wextra -Wsign-compare -Wundef -Wno-format-zero-length -pipe -g3 -fvisibility=hidden -O3 -funroll-loops -O0 -ffunction-sections -fdata-sections -fPIC -gdwarf-4 -fno-omit-frame-pointer -m64 -Wall -fPIC -DPIC -c -O0 -ffunction-sections -fdata-sections -fPIC -gdwarf-4 -fno-omit-frame-pointer -m64 -Wall -D_GNU_SOURCE -D_REENTRANT -Iinclude -Iinclude -DJEMALLOC_NO_PRIVATE_NAMESPACE -o src/arena.sym.o src/arena.c
[INFO] [stderr]   cc -std=gnu11 -Wall -Wextra -Wsign-compare -Wundef -Wno-format-zero-length -pipe -g3 -fvisibility=hidden -O3 -funroll-loops -O0 -ffunction-sections -fdata-sections -fPIC -gdwarf-4 -fno-omit-frame-pointer -m64 -Wall -fPIC -DPIC -c -O0 -ffunction-sections -fdata-sections -fPIC -gdwarf-4 -fno-omit-frame-pointer -m64 -Wall -D_GNU_SOURCE -D_REENTRANT -Iinclude -Iinclude -DJEMALLOC_NO_PRIVATE_NAMESPACE -o src/background_thread.sym.o src/background_thread.c
[INFO] [stderr]   cc -std=gnu11 -Wall -Wextra -Wsign-compare -Wundef -Wno-format-zero-length -pipe -g3 -fvisibility=hidden -O3 -funroll-loops -O0 -ffunction-sections -fdata-sections -fPIC -gdwarf-4 -fno-omit-frame-pointer -m64 -Wall -fPIC -DPIC -c -O0 -ffunction-sections -fdata-sections -fPIC -gdwarf-4 -fno-omit-frame-pointer -m64 -Wall -D_GNU_SOURCE -D_REENTRANT -Iinclude -Iinclude -DJEMALLOC_NO_PRIVATE_NAMESPACE -o src/base.sym.o src/base.c
[INFO] [stderr]   cc -std=gnu11 -Wall -Wextra -Wsign-compare -Wundef -Wno-format-zero-length -pipe -g3 -fvisibility=hidden -O3 -funroll-loops -O0 -ffunction-sections -fdata-sections -fPIC -gdwarf-4 -fno-omit-frame-pointer -m64 -Wall -fPIC -DPIC -c -O0 -ffunction-sections -fdata-sections -fPIC -gdwarf-4 -fno-omit-frame-pointer -m64 -Wall -D_GNU_SOURCE -D_REENTRANT -Iinclude -Iinclude -DJEMALLOC_NO_PRIVATE_NAMESPACE -o src/bin.sym.o src/bin.c
[INFO] [stderr]   cc -std=gnu11 -Wall -Wextra -Wsign-compare -Wundef -Wno-format-zero-length -pipe -g3 -fvisibility=hidden -O3 -funroll-loops -O0 -ffunction-sections -fdata-sections -fPIC -gdwarf-4 -fno-omit-frame-pointer -m64 -Wall -fPIC -DPIC -c -O0 -ffunction-sections -fdata-sections -fPIC -gdwarf-4 -fno-omit-frame-pointer -m64 -Wall -D_GNU_SOURCE -D_REENTRANT -Iinclude -Iinclude -DJEMALLOC_NO_PRIVATE_NAMESPACE -o src/bitmap.sym.o src/bitmap.c
[INFO] [stderr]   cc -std=gnu11 -Wall -Wextra -Wsign-compare -Wundef -Wno-format-zero-length -pipe -g3 -fvisibility=hidden -O3 -funroll-loops -O0 -ffunction-sections -fdata-sections -fPIC -gdwarf-4 -fno-omit-frame-pointer -m64 -Wall -fPIC -DPIC -c -O0 -ffunction-sections -fdata-sections -fPIC -gdwarf-4 -fno-omit-frame-pointer -m64 -Wall -D_GNU_SOURCE -D_REENTRANT -Iinclude -Iinclude -DJEMALLOC_NO_PRIVATE_NAMESPACE -o src/ckh.sym.o src/ckh.c
[INFO] [stderr]   cc -std=gnu11 -Wall -Wextra -Wsign-compare -Wundef -Wno-format-zero-length -pipe -g3 -fvisibility=hidden -O3 -funroll-loops -O0 -ffunction-sections -fdata-sections -fPIC -gdwarf-4 -fno-omit-frame-pointer -m64 -Wall -fPIC -DPIC -c -O0 -ffunction-sections -fdata-sections -fPIC -gdwarf-4 -fno-omit-frame-pointer -m64 -Wall -D_GNU_SOURCE -D_REENTRANT -Iinclude -Iinclude -DJEMALLOC_NO_PRIVATE_NAMESPACE -o src/ctl.sym.o src/ctl.c
[INFO] [stderr]   cc -std=gnu11 -Wall -Wextra -Wsign-compare -Wundef -Wno-format-zero-length -pipe -g3 -fvisibility=hidden -O3 -funroll-loops -O0 -ffunction-sections -fdata-sections -fPIC -gdwarf-4 -fno-omit-frame-pointer -m64 -Wall -fPIC -DPIC -c -O0 -ffunction-sections -fdata-sections -fPIC -gdwarf-4 -fno-omit-frame-pointer -m64 -Wall -D_GNU_SOURCE -D_REENTRANT -Iinclude -Iinclude -DJEMALLOC_NO_PRIVATE_NAMESPACE -o src/div.sym.o src/div.c
[INFO] [stderr]   cc -std=gnu11 -Wall -Wextra -Wsign-compare -Wundef -Wno-format-zero-length -pipe -g3 -fvisibility=hidden -O3 -funroll-loops -O0 -ffunction-sections -fdata-sections -fPIC -gdwarf-4 -fno-omit-frame-pointer -m64 -Wall -fPIC -DPIC -c -O0 -ffunction-sections -fdata-sections -fPIC -gdwarf-4 -fno-omit-frame-pointer -m64 -Wall -D_GNU_SOURCE -D_REENTRANT -Iinclude -Iinclude -DJEMALLOC_NO_PRIVATE_NAMESPACE -o src/extent.sym.o src/extent.c
[INFO] [stderr]   cc -std=gnu11 -Wall -Wextra -Wsign-compare -Wundef -Wno-format-zero-length -pipe -g3 -fvisibility=hidden -O3 -funroll-loops -O0 -ffunction-sections -fdata-sections -fPIC -gdwarf-4 -fno-omit-frame-pointer -m64 -Wall -fPIC -DPIC -c -O0 -ffunction-sections -fdata-sections -fPIC -gdwarf-4 -fno-omit-frame-pointer -m64 -Wall -D_GNU_SOURCE -D_REENTRANT -Iinclude -Iinclude -DJEMALLOC_NO_PRIVATE_NAMESPACE -o src/extent_dss.sym.o src/extent_dss.c
[INFO] [stderr]   cc -std=gnu11 -Wall -Wextra -Wsign-compare -Wundef -Wno-format-zero-length -pipe -g3 -fvisibility=hidden -O3 -funroll-loops -O0 -ffunction-sections -fdata-sections -fPIC -gdwarf-4 -fno-omit-frame-pointer -m64 -Wall -fPIC -DPIC -c -O0 -ffunction-sections -fdata-sections -fPIC -gdwarf-4 -fno-omit-frame-pointer -m64 -Wall -D_GNU_SOURCE -D_REENTRANT -Iinclude -Iinclude -DJEMALLOC_NO_PRIVATE_NAMESPACE -o src/extent_mmap.sym.o src/extent_mmap.c
[INFO] [stderr]   cc -std=gnu11 -Wall -Wextra -Wsign-compare -Wundef -Wno-format-zero-length -pipe -g3 -fvisibility=hidden -O3 -funroll-loops -O0 -ffunction-sections -fdata-sections -fPIC -gdwarf-4 -fno-omit-frame-pointer -m64 -Wall -fPIC -DPIC -c -O0 -ffunction-sections -fdata-sections -fPIC -gdwarf-4 -fno-omit-frame-pointer -m64 -Wall -D_GNU_SOURCE -D_REENTRANT -Iinclude -Iinclude -DJEMALLOC_NO_PRIVATE_NAMESPACE -o src/hash.sym.o src/hash.c
[INFO] [stderr]   cc -std=gnu11 -Wall -Wextra -Wsign-compare -Wundef -Wno-format-zero-length -pipe -g3 -fvisibility=hidden -O3 -funroll-loops -O0 -ffunction-sections -fdata-sections -fPIC -gdwarf-4 -fno-omit-frame-pointer -m64 -Wall -fPIC -DPIC -c -O0 -ffunction-sections -fdata-sections -fPIC -gdwarf-4 -fno-omit-frame-pointer -m64 -Wall -D_GNU_SOURCE -D_REENTRANT -Iinclude -Iinclude -DJEMALLOC_NO_PRIVATE_NAMESPACE -o src/hook.sym.o src/hook.c
[INFO] [stderr]   cc -std=gnu11 -Wall -Wextra -Wsign-compare -Wundef -Wno-format-zero-length -pipe -g3 -fvisibility=hidden -O3 -funroll-loops -O0 -ffunction-sections -fdata-sections -fPIC -gdwarf-4 -fno-omit-frame-pointer -m64 -Wall -fPIC -DPIC -c -O0 -ffunction-sections -fdata-sections -fPIC -gdwarf-4 -fno-omit-frame-pointer -m64 -Wall -D_GNU_SOURCE -D_REENTRANT -Iinclude -Iinclude -DJEMALLOC_NO_PRIVATE_NAMESPACE -o src/large.sym.o src/large.c
[INFO] [stderr]   cc -std=gnu11 -Wall -Wextra -Wsign-compare -Wundef -Wno-format-zero-length -pipe -g3 -fvisibility=hidden -O3 -funroll-loops -O0 -ffunction-sections -fdata-sections -fPIC -gdwarf-4 -fno-omit-frame-pointer -m64 -Wall -fPIC -DPIC -c -O0 -ffunction-sections -fdata-sections -fPIC -gdwarf-4 -fno-omit-frame-pointer -m64 -Wall -D_GNU_SOURCE -D_REENTRANT -Iinclude -Iinclude -DJEMALLOC_NO_PRIVATE_NAMESPACE -o src/log.sym.o src/log.c
[INFO] [stderr]   cc -std=gnu11 -Wall -Wextra -Wsign-compare -Wundef -Wno-format-zero-length -pipe -g3 -fvisibility=hidden -O3 -funroll-loops -O0 -ffunction-sections -fdata-sections -fPIC -gdwarf-4 -fno-omit-frame-pointer -m64 -Wall -fPIC -DPIC -c -O0 -ffunction-sections -fdata-sections -fPIC -gdwarf-4 -fno-omit-frame-pointer -m64 -Wall -D_GNU_SOURCE -D_REENTRANT -Iinclude -Iinclude -DJEMALLOC_NO_PRIVATE_NAMESPACE -o src/malloc_io.sym.o src/malloc_io.c
[INFO] [stderr]   cc -std=gnu11 -Wall -Wextra -Wsign-compare -Wundef -Wno-format-zero-length -pipe -g3 -fvisibility=hidden -O3 -funroll-loops -O0 -ffunction-sections -fdata-sections -fPIC -gdwarf-4 -fno-omit-frame-pointer -m64 -Wall -fPIC -DPIC -c -O0 -ffunction-sections -fdata-sections -fPIC -gdwarf-4 -fno-omit-frame-pointer -m64 -Wall -D_GNU_SOURCE -D_REENTRANT -Iinclude -Iinclude -DJEMALLOC_NO_PRIVATE_NAMESPACE -o src/mutex.sym.o src/mutex.c
[INFO] [stderr]   cc -std=gnu11 -Wall -Wextra -Wsign-compare -Wundef -Wno-format-zero-length -pipe -g3 -fvisibility=hidden -O3 -funroll-loops -O0 -ffunction-sections -fdata-sections -fPIC -gdwarf-4 -fno-omit-frame-pointer -m64 -Wall -fPIC -DPIC -c -O0 -ffunction-sections -fdata-sections -fPIC -gdwarf-4 -fno-omit-frame-pointer -m64 -Wall -D_GNU_SOURCE -D_REENTRANT -Iinclude -Iinclude -DJEMALLOC_NO_PRIVATE_NAMESPACE -o src/mutex_pool.sym.o src/mutex_pool.c
[INFO] [stderr]   cc -std=gnu11 -Wall -Wextra -Wsign-compare -Wundef -Wno-format-zero-length -pipe -g3 -fvisibility=hidden -O3 -funroll-loops -O0 -ffunction-sections -fdata-sections -fPIC -gdwarf-4 -fno-omit-frame-pointer -m64 -Wall -fPIC -DPIC -c -O0 -ffunction-sections -fdata-sections -fPIC -gdwarf-4 -fno-omit-frame-pointer -m64 -Wall -D_GNU_SOURCE -D_REENTRANT -Iinclude -Iinclude -DJEMALLOC_NO_PRIVATE_NAMESPACE -o src/nstime.sym.o src/nstime.c
[INFO] [stderr]   cc -std=gnu11 -Wall -Wextra -Wsign-compare -Wundef -Wno-format-zero-length -pipe -g3 -fvisibility=hidden -O3 -funroll-loops -O0 -ffunction-sections -fdata-sections -fPIC -gdwarf-4 -fno-omit-frame-pointer -m64 -Wall -fPIC -DPIC -c -O0 -ffunction-sections -fdata-sections -fPIC -gdwarf-4 -fno-omit-frame-pointer -m64 -Wall -D_GNU_SOURCE -D_REENTRANT -Iinclude -Iinclude -DJEMALLOC_NO_PRIVATE_NAMESPACE -o src/pages.sym.o src/pages.c
[INFO] [stderr]   cc -std=gnu11 -Wall -Wextra -Wsign-compare -Wundef -Wno-format-zero-length -pipe -g3 -fvisibility=hidden -O3 -funroll-loops -O0 -ffunction-sections -fdata-sections -fPIC -gdwarf-4 -fno-omit-frame-pointer -m64 -Wall -fPIC -DPIC -c -O0 -ffunction-sections -fdata-sections -fPIC -gdwarf-4 -fno-omit-frame-pointer -m64 -Wall -D_GNU_SOURCE -D_REENTRANT -Iinclude -Iinclude -DJEMALLOC_NO_PRIVATE_NAMESPACE -o src/prng.sym.o src/prng.c
[INFO] [stderr]   cc -std=gnu11 -Wall -Wextra -Wsign-compare -Wundef -Wno-format-zero-length -pipe -g3 -fvisibility=hidden -O3 -funroll-loops -O0 -ffunction-sections -fdata-sections -fPIC -gdwarf-4 -fno-omit-frame-pointer -m64 -Wall -fPIC -DPIC -c -O0 -ffunction-sections -fdata-sections -fPIC -gdwarf-4 -fno-omit-frame-pointer -m64 -Wall -D_GNU_SOURCE -D_REENTRANT -Iinclude -Iinclude -DJEMALLOC_NO_PRIVATE_NAMESPACE -o src/prof.sym.o src/prof.c
[INFO] [stderr]   cc -std=gnu11 -Wall -Wextra -Wsign-compare -Wundef -Wno-format-zero-length -pipe -g3 -fvisibility=hidden -O3 -funroll-loops -O0 -ffunction-sections -fdata-sections -fPIC -gdwarf-4 -fno-omit-frame-pointer -m64 -Wall -fPIC -DPIC -c -O0 -ffunction-sections -fdata-sections -fPIC -gdwarf-4 -fno-omit-frame-pointer -m64 -Wall -D_GNU_SOURCE -D_REENTRANT -Iinclude -Iinclude -DJEMALLOC_NO_PRIVATE_NAMESPACE -o src/rtree.sym.o src/rtree.c
[INFO] [stderr]   cc -std=gnu11 -Wall -Wextra -Wsign-compare -Wundef -Wno-format-zero-length -pipe -g3 -fvisibility=hidden -O3 -funroll-loops -O0 -ffunction-sections -fdata-sections -fPIC -gdwarf-4 -fno-omit-frame-pointer -m64 -Wall -fPIC -DPIC -c -O0 -ffunction-sections -fdata-sections -fPIC -gdwarf-4 -fno-omit-frame-pointer -m64 -Wall -D_GNU_SOURCE -D_REENTRANT -Iinclude -Iinclude -DJEMALLOC_NO_PRIVATE_NAMESPACE -o src/safety_check.sym.o src/safety_check.c
[INFO] [stderr]   cc -std=gnu11 -Wall -Wextra -Wsign-compare -Wundef -Wno-format-zero-length -pipe -g3 -fvisibility=hidden -O3 -funroll-loops -O0 -ffunction-sections -fdata-sections -fPIC -gdwarf-4 -fno-omit-frame-pointer -m64 -Wall -fPIC -DPIC -c -O0 -ffunction-sections -fdata-sections -fPIC -gdwarf-4 -fno-omit-frame-pointer -m64 -Wall -D_GNU_SOURCE -D_REENTRANT -Iinclude -Iinclude -DJEMALLOC_NO_PRIVATE_NAMESPACE -o src/stats.sym.o src/stats.c
[INFO] [stderr]   cc -std=gnu11 -Wall -Wextra -Wsign-compare -Wundef -Wno-format-zero-length -pipe -g3 -fvisibility=hidden -O3 -funroll-loops -O0 -ffunction-sections -fdata-sections -fPIC -gdwarf-4 -fno-omit-frame-pointer -m64 -Wall -fPIC -DPIC -c -O0 -ffunction-sections -fdata-sections -fPIC -gdwarf-4 -fno-omit-frame-pointer -m64 -Wall -D_GNU_SOURCE -D_REENTRANT -Iinclude -Iinclude -DJEMALLOC_NO_PRIVATE_NAMESPACE -o src/sc.sym.o src/sc.c
[INFO] [stderr]   cc -std=gnu11 -Wall -Wextra -Wsign-compare -Wundef -Wno-format-zero-length -pipe -g3 -fvisibility=hidden -O3 -funroll-loops -O0 -ffunction-sections -fdata-sections -fPIC -gdwarf-4 -fno-omit-frame-pointer -m64 -Wall -fPIC -DPIC -c -O0 -ffunction-sections -fdata-sections -fPIC -gdwarf-4 -fno-omit-frame-pointer -m64 -Wall -D_GNU_SOURCE -D_REENTRANT -Iinclude -Iinclude -DJEMALLOC_NO_PRIVATE_NAMESPACE -o src/sz.sym.o src/sz.c
[INFO] [stderr]   cc -std=gnu11 -Wall -Wextra -Wsign-compare -Wundef -Wno-format-zero-length -pipe -g3 -fvisibility=hidden -O3 -funroll-loops -O0 -ffunction-sections -fdata-sections -fPIC -gdwarf-4 -fno-omit-frame-pointer -m64 -Wall -fPIC -DPIC -c -O0 -ffunction-sections -fdata-sections -fPIC -gdwarf-4 -fno-omit-frame-pointer -m64 -Wall -D_GNU_SOURCE -D_REENTRANT -Iinclude -Iinclude -DJEMALLOC_NO_PRIVATE_NAMESPACE -o src/tcache.sym.o src/tcache.c
[INFO] [stderr]   cc -std=gnu11 -Wall -Wextra -Wsign-compare -Wundef -Wno-format-zero-length -pipe -g3 -fvisibility=hidden -O3 -funroll-loops -O0 -ffunction-sections -fdata-sections -fPIC -gdwarf-4 -fno-omit-frame-pointer -m64 -Wall -fPIC -DPIC -c -O0 -ffunction-sections -fdata-sections -fPIC -gdwarf-4 -fno-omit-frame-pointer -m64 -Wall -D_GNU_SOURCE -D_REENTRANT -Iinclude -Iinclude -DJEMALLOC_NO_PRIVATE_NAMESPACE -o src/test_hooks.sym.o src/test_hooks.c
[INFO] [stderr]   cc -std=gnu11 -Wall -Wextra -Wsign-compare -Wundef -Wno-format-zero-length -pipe -g3 -fvisibility=hidden -O3 -funroll-loops -O0 -ffunction-sections -fdata-sections -fPIC -gdwarf-4 -fno-omit-frame-pointer -m64 -Wall -fPIC -DPIC -c -O0 -ffunction-sections -fdata-sections -fPIC -gdwarf-4 -fno-omit-frame-pointer -m64 -Wall -D_GNU_SOURCE -D_REENTRANT -Iinclude -Iinclude -DJEMALLOC_NO_PRIVATE_NAMESPACE -o src/ticker.sym.o src/ticker.c
[INFO] [stderr]   cc -std=gnu11 -Wall -Wextra -Wsign-compare -Wundef -Wno-format-zero-length -pipe -g3 -fvisibility=hidden -O3 -funroll-loops -O0 -ffunction-sections -fdata-sections -fPIC -gdwarf-4 -fno-omit-frame-pointer -m64 -Wall -fPIC -DPIC -c -O0 -ffunction-sections -fdata-sections -fPIC -gdwarf-4 -fno-omit-frame-pointer -m64 -Wall -D_GNU_SOURCE -D_REENTRANT -Iinclude -Iinclude -DJEMALLOC_NO_PRIVATE_NAMESPACE -o src/tsd.sym.o src/tsd.c
[INFO] [stderr]   cc -std=gnu11 -Wall -Wextra -Wsign-compare -Wundef -Wno-format-zero-length -pipe -g3 -fvisibility=hidden -O3 -funroll-loops -O0 -ffunction-sections -fdata-sections -fPIC -gdwarf-4 -fno-omit-frame-pointer -m64 -Wall -fPIC -DPIC -c -O0 -ffunction-sections -fdata-sections -fPIC -gdwarf-4 -fno-omit-frame-pointer -m64 -Wall -D_GNU_SOURCE -D_REENTRANT -Iinclude -Iinclude -DJEMALLOC_NO_PRIVATE_NAMESPACE -o src/witness.sym.o src/witness.c
[INFO] [stderr]   nm -a src/arena.sym.o | mawk -f include/jemalloc/internal/private_symbols.awk > src/arena.sym
[INFO] [stderr]   nm -a src/background_thread.sym.o | mawk -f include/jemalloc/internal/private_symbols.awk > src/background_thread.sym
[INFO] [stderr]   nm -a src/base.sym.o | mawk -f include/jemalloc/internal/private_symbols.awk > src/base.sym
[INFO] [stderr]   nm -a src/bin.sym.o | mawk -f include/jemalloc/internal/private_symbols.awk > src/bin.sym
[INFO] [stderr]   nm -a src/bitmap.sym.o | mawk -f include/jemalloc/internal/private_symbols.awk > src/bitmap.sym
[INFO] [stderr]   nm -a src/ckh.sym.o | mawk -f include/jemalloc/internal/private_symbols.awk > src/ckh.sym
[INFO] [stderr]   nm -a src/ctl.sym.o | mawk -f include/jemalloc/internal/private_symbols.awk > src/ctl.sym
[INFO] [stderr]   nm -a src/div.sym.o | mawk -f include/jemalloc/internal/private_symbols.awk > src/div.sym
[INFO] [stderr]   nm -a src/extent.sym.o | mawk -f include/jemalloc/internal/private_symbols.awk > src/extent.sym
[INFO] [stderr]   nm -a src/extent_dss.sym.o | mawk -f include/jemalloc/internal/private_symbols.awk > src/extent_dss.sym
[INFO] [stderr]   nm -a src/extent_mmap.sym.o | mawk -f include/jemalloc/internal/private_symbols.awk > src/extent_mmap.sym
[INFO] [stderr]   nm -a src/hash.sym.o | mawk -f include/jemalloc/internal/private_symbols.awk > src/hash.sym
[INFO] [stderr]   nm -a src/hook.sym.o | mawk -f include/jemalloc/internal/private_symbols.awk > src/hook.sym
[INFO] [stderr]   nm -a src/large.sym.o | mawk -f include/jemalloc/internal/private_symbols.awk > src/large.sym
[INFO] [stderr]   nm -a src/log.sym.o | mawk -f include/jemalloc/internal/private_symbols.awk > src/log.sym
[INFO] [stderr]   nm -a src/malloc_io.sym.o | mawk -f include/jemalloc/internal/private_symbols.awk > src/malloc_io.sym
[INFO] [stderr]   nm -a src/mutex.sym.o | mawk -f include/jemalloc/internal/private_symbols.awk > src/mutex.sym
[INFO] [stderr]   nm -a src/mutex_pool.sym.o | mawk -f include/jemalloc/internal/private_symbols.awk > src/mutex_pool.sym
[INFO] [stderr]   nm -a src/nstime.sym.o | mawk -f include/jemalloc/internal/private_symbols.awk > src/nstime.sym
[INFO] [stderr]   nm -a src/pages.sym.o | mawk -f include/jemalloc/internal/private_symbols.awk > src/pages.sym
[INFO] [stderr]   nm -a src/prng.sym.o | mawk -f include/jemalloc/internal/private_symbols.awk > src/prng.sym
[INFO] [stderr]   nm -a src/rtree.sym.o | mawk -f include/jemalloc/internal/private_symbols.awk > src/rtree.sym
[INFO] [stderr]   nm -a src/safety_check.sym.o | mawk -f include/jemalloc/internal/private_symbols.awk > src/safety_check.sym
[INFO] [stderr]   nm -a src/stats.sym.o | mawk -f include/jemalloc/internal/private_symbols.awk > src/stats.sym
[INFO] [stderr]   nm -a src/sc.sym.o | mawk -f include/jemalloc/internal/private_symbols.awk > src/sc.sym
[INFO] [stderr]   nm -a src/sz.sym.o | mawk -f include/jemalloc/internal/private_symbols.awk > src/sz.sym
[INFO] [stderr]   nm -a src/test_hooks.sym.o | mawk -f include/jemalloc/internal/private_symbols.awk > src/test_hooks.sym
[INFO] [stderr]   nm -a src/ticker.sym.o | mawk -f include/jemalloc/internal/private_symbols.awk > src/ticker.sym
[INFO] [stderr]   nm -a src/tsd.sym.o | mawk -f include/jemalloc/internal/private_symbols.awk > src/tsd.sym
[INFO] [stderr]   nm -a src/witness.sym.o | mawk -f include/jemalloc/internal/private_symbols.awk > src/witness.sym
[INFO] [stderr]   nm -a src/tcache.sym.o | mawk -f include/jemalloc/internal/private_symbols.awk > src/tcache.sym
[INFO] [stderr]   nm -a src/prof.sym.o | mawk -f include/jemalloc/internal/private_symbols.awk > src/prof.sym
[INFO] [stderr] 
[INFO] [stderr]   --- stderr
[INFO] [stderr]   {standard input}: Assembler messages:
[INFO] [stderr]   {standard input}:433642: Warning: end of file not at end of a line; newline inserted
[INFO] [stderr]   {standard input}:435348: Error: unknown pseudo-op: `.s'
[INFO] [stderr]   cc: fatal error: Killed signal terminated program cc1
[INFO] [stderr]   compilation terminated.
[INFO] [stderr]   make: *** [Makefile:388: src/jemalloc.sym.o] Error 1
[INFO] [stderr]   thread 'main' panicked at /opt/rustwide/cargo-home/registry/src/index.crates.io-6f17d22bba15001f/tikv-jemalloc-sys-0.4.3+5.2.1-patched.2/build.rs:338:9:
[INFO] [stderr]   command did not execute successfully: cd "/opt/rustwide/target/debug/build/tikv-jemalloc-sys-73b4973abda0af61/out/build" && "make" "-j" "8"
[INFO] [stderr]   expected success, got: exit status: 2
[INFO] [stderr]   stack backtrace:
[INFO] [stderr]      0:     0x564d9909e8f6 - std::backtrace_rs::backtrace::libunwind::trace::h261606ad26a499c1
[INFO] [stderr]                                  at /rustc/0e09125c6c3c2fd70d7de961bcf0e51575235fad/library/std/src/../../backtrace/src/backtrace/libunwind.rs:104:5
[INFO] [stderr]      1:     0x564d9909e8f6 - std::backtrace_rs::backtrace::trace_unsynchronized::hd183f0625477fb28
[INFO] [stderr]                                  at /rustc/0e09125c6c3c2fd70d7de961bcf0e51575235fad/library/std/src/../../backtrace/src/backtrace/mod.rs:66:5
[INFO] [stderr]      2:     0x564d9909e8f6 - std::sys_common::backtrace::_print_fmt::hd7f8fef21b4eda67
[INFO] [stderr]                                  at /rustc/0e09125c6c3c2fd70d7de961bcf0e51575235fad/library/std/src/sys_common/backtrace.rs:68:5
[INFO] [stderr]      3:     0x564d9909e8f6 - <std::sys_common::backtrace::_print::DisplayBacktrace as core::fmt::Display>::fmt::h623d9b51f2f453f1
[INFO] [stderr]                                  at /rustc/0e09125c6c3c2fd70d7de961bcf0e51575235fad/library/std/src/sys_common/backtrace.rs:44:22
[INFO] [stderr]      4:     0x564d990c4690 - core::fmt::rt::Argument::fmt::h9f417ac76a86f368
[INFO] [stderr]                                  at /rustc/0e09125c6c3c2fd70d7de961bcf0e51575235fad/library/core/src/fmt/rt.rs:142:9
[INFO] [stderr]      5:     0x564d990c4690 - core::fmt::write::hc9b6faf4ac2aeff7
[INFO] [stderr]                                  at /rustc/0e09125c6c3c2fd70d7de961bcf0e51575235fad/library/core/src/fmt/mod.rs:1120:17
[INFO] [stderr]      6:     0x564d9909c09f - std::io::Write::write_fmt::hfead1eee52c2e65e
[INFO] [stderr]                                  at /rustc/0e09125c6c3c2fd70d7de961bcf0e51575235fad/library/std/src/io/mod.rs:1810:15
[INFO] [stderr]      7:     0x564d9909e6d4 - std::sys_common::backtrace::_print::hd5d66399c7df88a2
[INFO] [stderr]                                  at /rustc/0e09125c6c3c2fd70d7de961bcf0e51575235fad/library/std/src/sys_common/backtrace.rs:47:5
[INFO] [stderr]      8:     0x564d9909e6d4 - std::sys_common::backtrace::print::he81ed2da642d37e5
[INFO] [stderr]                                  at /rustc/0e09125c6c3c2fd70d7de961bcf0e51575235fad/library/std/src/sys_common/backtrace.rs:34:9
[INFO] [stderr]      9:     0x564d9909ffb7 - std::panicking::default_hook::{{closure}}::h85773f4fa117163d
[INFO] [stderr]     10:     0x564d9909fd19 - std::panicking::default_hook::h6a1694a91d09b278
[INFO] [stderr]                                  at /rustc/0e09125c6c3c2fd70d7de961bcf0e51575235fad/library/std/src/panicking.rs:292:9
[INFO] [stderr]     11:     0x564d990a0448 - std::panicking::rust_panic_with_hook::h0a7ad96e90f7145b
[INFO] [stderr]                                  at /rustc/0e09125c6c3c2fd70d7de961bcf0e51575235fad/library/std/src/panicking.rs:779:13
[INFO] [stderr]     12:     0x564d990a0322 - std::panicking::begin_panic_handler::{{closure}}::h7919090525c6485e
[INFO] [stderr]                                  at /rustc/0e09125c6c3c2fd70d7de961bcf0e51575235fad/library/std/src/panicking.rs:657:13
[INFO] [stderr]     13:     0x564d9909edf6 - std::sys_common::backtrace::__rust_end_short_backtrace::hf3289479464f7dfe
[INFO] [stderr]                                  at /rustc/0e09125c6c3c2fd70d7de961bcf0e51575235fad/library/std/src/sys_common/backtrace.rs:171:18
[INFO] [stderr]     14:     0x564d990a0080 - rust_begin_unwind
[INFO] [stderr]                                  at /rustc/0e09125c6c3c2fd70d7de961bcf0e51575235fad/library/std/src/panicking.rs:645:5
[INFO] [stderr]     15:     0x564d990246d5 - core::panicking::panic_fmt::hcc9f77c5c132af55
[INFO] [stderr]                                  at /rustc/0e09125c6c3c2fd70d7de961bcf0e51575235fad/library/core/src/panicking.rs:72:14
[INFO] [stderr]     16:     0x564d9903143a - build_script_build::execute::hc59984fe1d31d141
[INFO] [stderr]     17:     0x564d99030e76 - build_script_build::run::h4659ec27f8005174
[INFO] [stderr]     18:     0x564d990301d6 - build_script_build::main::h5f89c016f4fafa8c
[INFO] [stderr]     19:     0x564d9902b2e3 - core::ops::function::FnOnce::call_once::h705e1d824c43c755
[INFO] [stderr]     20:     0x564d99031c96 - std::sys_common::backtrace::__rust_begin_short_backtrace::hb77a66034f35912b
[INFO] [stderr]     21:     0x564d9902ace9 - std::rt::lang_start::{{closure}}::h98fae3a4ae5b4bd2
[INFO] [stderr]     22:     0x564d99097ca1 - core::ops::function::impls::<impl core::ops::function::FnOnce<A> for &F>::call_once::h4eb4c5e1620f29b0
[INFO] [stderr]                                  at /rustc/0e09125c6c3c2fd70d7de961bcf0e51575235fad/library/core/src/ops/function.rs:284:13
[INFO] [stderr]     23:     0x564d99097ca1 - std::panicking::try::do_call::h73fd26535faffcdf
[INFO] [stderr]                                  at /rustc/0e09125c6c3c2fd70d7de961bcf0e51575235fad/library/std/src/panicking.rs:552:40
[INFO] [stderr]     24:     0x564d99097ca1 - std::panicking::try::h77ff1d98f0fb9f39
[INFO] [stderr]                                  at /rustc/0e09125c6c3c2fd70d7de961bcf0e51575235fad/library/std/src/panicking.rs:516:19
[INFO] [stderr]     25:     0x564d99097ca1 - std::panic::catch_unwind::hab3caf2448b95e37
[INFO] [stderr]                                  at /rustc/0e09125c6c3c2fd70d7de961bcf0e51575235fad/library/std/src/panic.rs:142:14
[INFO] [stderr]     26:     0x564d99097ca1 - std::rt::lang_start_internal::{{closure}}::h8086711f9c783f78
[INFO] [stderr]                                  at /rustc/0e09125c6c3c2fd70d7de961bcf0e51575235fad/library/std/src/rt.rs:148:48
[INFO] [stderr]     27:     0x564d99097ca1 - std::panicking::try::do_call::hf920d4dc291cd6ca
[INFO] [stderr]                                  at /rustc/0e09125c6c3c2fd70d7de961bcf0e51575235fad/library/std/src/panicking.rs:552:40
[INFO] [stderr]     28:     0x564d99097ca1 - std::panicking::try::h2b806ccc0a85db74
[INFO] [stderr]                                  at /rustc/0e09125c6c3c2fd70d7de961bcf0e51575235fad/library/std/src/panicking.rs:516:19
[INFO] [stderr]     29:     0x564d99097ca1 - std::panic::catch_unwind::h038489539c507df2
[INFO] [stderr]                                  at /rustc/0e09125c6c3c2fd70d7de961bcf0e51575235fad/library/std/src/panic.rs:142:14
[INFO] [stderr]     30:     0x564d99097ca1 - std::rt::lang_start_internal::h28503b88912e8a5c
[INFO] [stderr]                                  at /rustc/0e09125c6c3c2fd70d7de961bcf0e51575235fad/library/std/src/rt.rs:148:20
[INFO] [stderr]     31:     0x564d9902acc7 - std::rt::lang_start::hc35ef0777ce89568
[INFO] [stderr]     32:     0x564d99031965 - main
[INFO] [stderr]     33:     0x7fc542720d90 - <unknown>
[INFO] [stderr]     34:     0x7fc542720e40 - __libc_start_main
[INFO] [stderr]     35:     0x564d99024e05 - _start
[INFO] [stderr]     36:                0x0 - <unknown>
[INFO] [stderr] warning: build failed, waiting for other jobs to finish...
[ERROR] error running command: command timed out after 900 seconds
[INFO] running `Command { std: "docker" "inspect" "9a84c9fc7a061a80a8855b0cb65c1aa40119d916e9fb4ea8b9854a03c732083c", kill_on_drop: false }`
[INFO] running `Command { std: "docker" "rm" "-f" "9a84c9fc7a061a80a8855b0cb65c1aa40119d916e9fb4ea8b9854a03c732083c", kill_on_drop: false }`
[INFO] [stdout] 9a84c9fc7a061a80a8855b0cb65c1aa40119d916e9fb4ea8b9854a03c732083c
