[INFO] fetching crate minitrace 0.6.2...
[INFO] testing minitrace-0.6.2 against 1.75.0 for beta-1.76-1
[INFO] extracting crate minitrace 0.6.2 into /workspace/builds/worker-4-tc1/source
[INFO] validating manifest of crates.io crate minitrace 0.6.2 on toolchain 1.75.0
[INFO] running `Command { std: CARGO_HOME="/workspace/cargo-home" RUSTUP_HOME="/workspace/rustup-home" "/workspace/cargo-home/bin/cargo" "+1.75.0" "metadata" "--manifest-path" "Cargo.toml" "--no-deps", kill_on_drop: false }`
[INFO] started tweaking crates.io crate minitrace 0.6.2
[INFO] finished tweaking crates.io crate minitrace 0.6.2
[INFO] tweaked toml for crates.io crate minitrace 0.6.2 written to /workspace/builds/worker-4-tc1/source/Cargo.toml
[INFO] crate crates.io crate minitrace 0.6.2 already has a lockfile, it will not be regenerated
[INFO] running `Command { std: CARGO_HOME="/workspace/cargo-home" RUSTUP_HOME="/workspace/rustup-home" "/workspace/cargo-home/bin/cargo" "+1.75.0" "fetch" "--manifest-path" "Cargo.toml", kill_on_drop: false }`
[INFO] [stderr]     Updating crates.io index
[INFO] [stderr]  Downloading crates ...
[INFO] [stderr]   Downloaded logcall v0.1.5
[INFO] [stderr]   Downloaded opentelemetry_api v0.20.0
[INFO] [stderr]   Downloaded trackable_derive v1.0.0
[INFO] [stderr]   Downloaded minitrace-macro v0.6.2
[INFO] [stderr]   Downloaded trackable v1.3.0
[INFO] [stderr]   Downloaded rtrb v0.2.3
[INFO] [stderr]   Downloaded opentelemetry v0.20.0
[INFO] [stderr]   Downloaded dashmap v5.5.0
[INFO] [stderr]   Downloaded minstant v0.1.2
[INFO] [stderr]   Downloaded opentelemetry-proto v0.3.0
[INFO] [stderr]   Downloaded opentelemetry-semantic-conventions v0.12.0
[INFO] [stderr]   Downloaded opentelemetry-otlp v0.13.0
[INFO] [stderr]   Downloaded opentelemetry_sdk v0.20.0
[INFO] [stderr]   Downloaded test-harness v0.1.1
[INFO] [stderr]   Downloaded rustracing v0.6.0
[INFO] running `Command { std: "docker" "create" "-v" "/var/lib/crater-agent-workspace/builds/worker-4-tc1/target:/opt/rustwide/target:rw,Z" "-v" "/var/lib/crater-agent-workspace/builds/worker-4-tc1/source:/opt/rustwide/workdir:ro,Z" "-v" "/var/lib/crater-agent-workspace/cargo-home:/opt/rustwide/cargo-home:ro,Z" "-v" "/var/lib/crater-agent-workspace/rustup-home:/opt/rustwide/rustup-home:ro,Z" "-e" "SOURCE_DIR=/opt/rustwide/workdir" "-e" "CARGO_TARGET_DIR=/opt/rustwide/target" "-e" "CARGO_HOME=/opt/rustwide/cargo-home" "-e" "RUSTUP_HOME=/opt/rustwide/rustup-home" "-w" "/opt/rustwide/workdir" "-m" "1610612736" "--user" "0:0" "--network" "none" "ghcr.io/rust-lang/crates-build-env/linux@sha256:2788e3201cd34a07e3172128adcd8b3090168a8e3bcc40d7c032b9dda1df7d1c" "/opt/rustwide/cargo-home/bin/cargo" "+1.75.0" "metadata" "--no-deps" "--format-version=1", kill_on_drop: false }`
[INFO] [stdout] d884ef3427d4bd3711872a9bdb6011a754ee768000f4a5ba2df8a271949be991
[INFO] running `Command { std: "docker" "start" "-a" "d884ef3427d4bd3711872a9bdb6011a754ee768000f4a5ba2df8a271949be991", kill_on_drop: false }`
[INFO] running `Command { std: "docker" "inspect" "d884ef3427d4bd3711872a9bdb6011a754ee768000f4a5ba2df8a271949be991", kill_on_drop: false }`
[INFO] running `Command { std: "docker" "rm" "-f" "d884ef3427d4bd3711872a9bdb6011a754ee768000f4a5ba2df8a271949be991", kill_on_drop: false }`
[INFO] [stdout] d884ef3427d4bd3711872a9bdb6011a754ee768000f4a5ba2df8a271949be991
[INFO] running `Command { std: "docker" "create" "-v" "/var/lib/crater-agent-workspace/builds/worker-4-tc1/target:/opt/rustwide/target:rw,Z" "-v" "/var/lib/crater-agent-workspace/builds/worker-4-tc1/source:/opt/rustwide/workdir:ro,Z" "-v" "/var/lib/crater-agent-workspace/cargo-home:/opt/rustwide/cargo-home:ro,Z" "-v" "/var/lib/crater-agent-workspace/rustup-home:/opt/rustwide/rustup-home:ro,Z" "-e" "SOURCE_DIR=/opt/rustwide/workdir" "-e" "CARGO_TARGET_DIR=/opt/rustwide/target" "-e" "CARGO_INCREMENTAL=0" "-e" "RUST_BACKTRACE=full" "-e" "RUSTFLAGS=--cap-lints=warn" "-e" "RUSTDOCFLAGS=--cap-lints=warn" "-e" "CARGO_HOME=/opt/rustwide/cargo-home" "-e" "RUSTUP_HOME=/opt/rustwide/rustup-home" "-w" "/opt/rustwide/workdir" "-m" "1610612736" "--user" "0:0" "--network" "none" "ghcr.io/rust-lang/crates-build-env/linux@sha256:2788e3201cd34a07e3172128adcd8b3090168a8e3bcc40d7c032b9dda1df7d1c" "/opt/rustwide/cargo-home/bin/cargo" "+1.75.0" "build" "--frozen" "--message-format=json", kill_on_drop: false }`
[INFO] [stdout] cc0057f602381841b9fbb47e6622bc13a8189bd157076ec6cd7ddfff5e2c3b53
[INFO] running `Command { std: "docker" "start" "-a" "cc0057f602381841b9fbb47e6622bc13a8189bd157076ec6cd7ddfff5e2c3b53", kill_on_drop: false }`
[INFO] [stderr]    Compiling proc-macro2 v1.0.66
[INFO] [stderr]    Compiling unicode-ident v1.0.11
[INFO] [stderr]    Compiling libc v0.2.147
[INFO] [stderr]    Compiling futures-core v0.3.28
[INFO] [stderr]    Compiling syn v1.0.109
[INFO] [stderr]    Compiling futures-channel v0.3.28
[INFO] [stderr]    Compiling futures-sink v0.3.28
[INFO] [stderr]    Compiling futures-util v0.3.28
[INFO] [stderr]    Compiling pin-project-lite v0.2.12
[INFO] [stderr]    Compiling futures-io v0.3.28
[INFO] [stderr]    Compiling slab v0.4.8
[INFO] [stderr]    Compiling lock_api v0.4.10
[INFO] [stderr]    Compiling parking_lot_core v0.9.8
[INFO] [stderr]    Compiling smallvec v1.11.0
[INFO] [stderr]    Compiling cache-padded v1.3.0
[INFO] [stderr]    Compiling rtrb v0.2.3
[INFO] [stderr]    Compiling quote v1.0.33
[INFO] [stderr]    Compiling getrandom v0.2.10
[INFO] [stderr]    Compiling syn v2.0.29
[INFO] [stderr]    Compiling proc-macro-error-attr v1.0.4
[INFO] [stderr]    Compiling rand_core v0.6.4
[INFO] [stderr]    Compiling parking_lot v0.12.1
[INFO] [stderr]    Compiling rand_chacha v0.3.1
[INFO] [stderr]    Compiling rand v0.8.5
[INFO] [stderr]    Compiling futures-macro v0.3.28
[INFO] [stderr]    Compiling pin-project-internal v1.1.3
[INFO] [stderr]    Compiling proc-macro-error v1.0.4
[INFO] [stderr]    Compiling ctor v0.1.26
[INFO] [stderr]    Compiling minitrace-macro v0.6.2
[INFO] [stderr]    Compiling pin-project v1.1.3
[INFO] [stderr]    Compiling minstant v0.1.2
[INFO] [stderr]    Compiling futures-executor v0.3.28
[INFO] [stderr]    Compiling futures v0.3.28
[INFO] [stderr]    Compiling minitrace v0.6.2 (/opt/rustwide/workdir)
[INFO] [stderr]     Finished dev [unoptimized + debuginfo] target(s) in 5.56s
[INFO] running `Command { std: "docker" "inspect" "cc0057f602381841b9fbb47e6622bc13a8189bd157076ec6cd7ddfff5e2c3b53", kill_on_drop: false }`
[INFO] running `Command { std: "docker" "rm" "-f" "cc0057f602381841b9fbb47e6622bc13a8189bd157076ec6cd7ddfff5e2c3b53", kill_on_drop: false }`
[INFO] [stdout] cc0057f602381841b9fbb47e6622bc13a8189bd157076ec6cd7ddfff5e2c3b53
[INFO] running `Command { std: "docker" "create" "-v" "/var/lib/crater-agent-workspace/builds/worker-4-tc1/target:/opt/rustwide/target:rw,Z" "-v" "/var/lib/crater-agent-workspace/builds/worker-4-tc1/source:/opt/rustwide/workdir:ro,Z" "-v" "/var/lib/crater-agent-workspace/cargo-home:/opt/rustwide/cargo-home:ro,Z" "-v" "/var/lib/crater-agent-workspace/rustup-home:/opt/rustwide/rustup-home:ro,Z" "-e" "SOURCE_DIR=/opt/rustwide/workdir" "-e" "CARGO_TARGET_DIR=/opt/rustwide/target" "-e" "CARGO_INCREMENTAL=0" "-e" "RUST_BACKTRACE=full" "-e" "RUSTFLAGS=--cap-lints=warn" "-e" "RUSTDOCFLAGS=--cap-lints=warn" "-e" "CARGO_HOME=/opt/rustwide/cargo-home" "-e" "RUSTUP_HOME=/opt/rustwide/rustup-home" "-w" "/opt/rustwide/workdir" "-m" "1610612736" "--user" "0:0" "--network" "none" "ghcr.io/rust-lang/crates-build-env/linux@sha256:2788e3201cd34a07e3172128adcd8b3090168a8e3bcc40d7c032b9dda1df7d1c" "/opt/rustwide/cargo-home/bin/cargo" "+1.75.0" "test" "--frozen" "--no-run" "--message-format=json", kill_on_drop: false }`
[INFO] [stdout] 9d57b9a59a63d0f1ff62267d8058b6d0379457434436b55bd03405187210ea06
[INFO] running `Command { std: "docker" "start" "-a" "9d57b9a59a63d0f1ff62267d8058b6d0379457434436b55bd03405187210ea06", kill_on_drop: false }`
[INFO] [stderr]    Compiling crossbeam-utils v0.8.16
[INFO] [stderr]    Compiling bytes v1.4.0
[INFO] [stderr]    Compiling tracing-core v0.1.31
[INFO] [stderr]    Compiling num-traits v0.2.16
[INFO] [stderr]    Compiling async-trait v0.1.73
[INFO] [stderr]    Compiling serde v1.0.183
[INFO] [stderr]    Compiling thiserror v1.0.47
[INFO] [stderr]    Compiling serde_derive v1.0.183
[INFO] [stderr]    Compiling syn v2.0.29
[INFO] [stderr]    Compiling socket2 v0.5.3
[INFO] [stderr]    Compiling mio v0.8.8
[INFO] [stderr]    Compiling aho-corasick v1.0.4
[INFO] [stderr]    Compiling regex-syntax v0.7.4
[INFO] [stderr]    Compiling rand v0.8.5
[INFO] [stderr]    Compiling serde_json v1.0.105
[INFO] [stderr]    Compiling crossbeam-epoch v0.9.15
[INFO] [stderr]    Compiling anyhow v1.0.75
[INFO] [stderr]    Compiling axum-core v0.3.4
[INFO] [stderr]    Compiling socket2 v0.4.9
[INFO] [stderr]    Compiling either v1.9.0
[INFO] [stderr]    Compiling tower-layer v0.3.2
[INFO] [stderr]    Compiling urlencoding v2.1.3
[INFO] [stderr]    Compiling http v0.2.9
[INFO] [stderr]    Compiling axum v0.6.20
[INFO] [stderr]    Compiling crossbeam-channel v0.5.8
[INFO] [stderr]    Compiling itertools v0.10.5
[INFO] [stderr]    Compiling hashbrown v0.14.0
[INFO] [stderr]    Compiling cc v1.0.82
[INFO] [stderr]    Compiling rayon-core v1.11.0
[INFO] [stderr]    Compiling rustix v0.38.8
[INFO] [stderr]    Compiling matchit v0.7.2
[INFO] [stderr]    Compiling crossbeam-deque v0.8.3
[INFO] [stderr]    Compiling sync_wrapper v0.1.2
[INFO] [stderr]    Compiling num_cpus v1.16.0
[INFO] [stderr]    Compiling os_str_bytes v6.5.1
[INFO] [stderr]    Compiling linux-raw-sys v0.4.5
[INFO] [stderr]    Compiling crossbeam-queue v0.3.8
[INFO] [stderr]    Compiling overload v0.1.1
[INFO] [stderr]    Compiling http-body v0.4.5
[INFO] [stderr]    Compiling dashmap v5.5.0
[INFO] [stderr]    Compiling plotters-backend v0.3.5
[INFO] [stderr]    Compiling ordered-float v3.9.2
[INFO] [stderr]    Compiling base64 v0.21.2
[INFO] [stderr]    Compiling predicates-core v1.0.6
[INFO] [stderr]    Compiling gimli v0.27.3
[INFO] [stderr]    Compiling half v1.8.2
[INFO] [stderr]    Compiling bitflags v2.4.0
[INFO] [stderr]    Compiling adler v1.0.2
[INFO] [stderr]    Compiling ciborium-io v0.2.1
[INFO] [stderr]    Compiling miniz_oxide v0.7.1
[INFO] [stderr]    Compiling plotters-svg v0.3.5
[INFO] [stderr]    Compiling float-cmp v0.9.0
[INFO] [stderr]    Compiling clap_lex v0.2.4
[INFO] [stderr]    Compiling ciborium-ll v0.2.1
[INFO] [stderr]    Compiling prost-derive v0.11.9
[INFO] [stderr]    Compiling nu-ansi-term v0.46.0
[INFO] [stderr]    Compiling tracing-log v0.1.3
[INFO] [stderr]    Compiling regex-automata v0.3.6
[INFO] [stderr]    Compiling sharded-slab v0.1.4
[INFO] [stderr]    Compiling backtrace v0.3.68
[INFO] [stderr]    Compiling trackable_derive v1.0.0
[INFO] [stderr]    Compiling object v0.31.1
[INFO] [stderr]    Compiling termtree v0.4.1
[INFO] [stderr]    Compiling cast v0.3.0
[INFO] [stderr]    Compiling rustc-demangle v0.1.23
[INFO] [stderr]    Compiling textwrap v0.16.0
[INFO] [stderr]    Compiling criterion-plot v0.5.0
[INFO] [stderr]    Compiling is-terminal v0.4.9
[INFO] [stderr]    Compiling rayon v1.7.0
[INFO] [stderr]    Compiling tracing-subscriber v0.3.17
[INFO] [stderr]    Compiling clap v3.2.25
[INFO] [stderr]    Compiling predicates-tree v1.0.9
[INFO] [stderr]    Compiling walkdir v2.3.3
[INFO] [stderr]    Compiling trackable v1.3.0
[INFO] [stderr]    Compiling plotters v0.3.5
[INFO] [stderr]    Compiling mockall_derive v0.11.4
[INFO] [stderr]    Compiling atty v0.2.14
[INFO] [stderr]    Compiling downcast v0.11.0
[INFO] [stderr]    Compiling fragile v2.0.0
[INFO] [stderr]    Compiling oorandom v11.1.3
[INFO] [stderr]    Compiling anes v0.1.6
[INFO] [stderr]    Compiling crossbeam v0.8.2
[INFO] [stderr]    Compiling logcall v0.1.5
[INFO] [stderr]    Compiling futures-timer v3.0.2
[INFO] [stderr]    Compiling addr2line v0.20.0
[INFO] [stderr]    Compiling ciborium v0.2.1
[INFO] [stderr]    Compiling prost v0.11.9
[INFO] [stderr]    Compiling regex v1.9.3
[INFO] [stderr]    Compiling tinytemplate v1.2.1
[INFO] [stderr]    Compiling predicates v2.1.5
[INFO] [stderr]    Compiling env_logger v0.10.0
[INFO] [stderr]    Compiling futures-macro v0.3.28
[INFO] [stderr]    Compiling tokio-macros v2.1.0
[INFO] [stderr]    Compiling tracing-attributes v0.1.26
[INFO] [stderr]    Compiling thiserror-impl v1.0.47
[INFO] [stderr]    Compiling pin-project-internal v1.1.3
[INFO] [stderr]    Compiling serial_test_derive v2.0.0
[INFO] [stderr]    Compiling test-harness v0.1.1
[INFO] [stderr]    Compiling criterion v0.4.0
[INFO] [stderr]    Compiling rustracing v0.6.0
[INFO] [stderr]    Compiling tokio v1.32.0
[INFO] [stderr]    Compiling futures-util v0.3.28
[INFO] [stderr]    Compiling mockall v0.11.4
[INFO] [stderr]    Compiling pin-project v1.1.3
[INFO] [stderr]    Compiling tracing v0.1.37
[INFO] [stderr]    Compiling futures-executor v0.3.28
[INFO] [stderr]    Compiling opentelemetry_api v0.20.0
[INFO] [stderr]    Compiling opentelemetry_api v0.18.0
[INFO] [stderr]    Compiling futures v0.3.28
[INFO] [stderr]    Compiling serial_test v2.0.0
[INFO] [stderr]    Compiling minitrace v0.6.2 (/opt/rustwide/workdir)
[INFO] [stderr]    Compiling opentelemetry_sdk v0.18.0
[INFO] [stderr]    Compiling opentelemetry_sdk v0.20.0
[INFO] [stderr]    Compiling tokio-util v0.7.8
[INFO] [stderr]    Compiling tokio-io-timeout v1.2.0
[INFO] [stderr]    Compiling tokio-stream v0.1.14
[INFO] [stderr]    Compiling h2 v0.3.20
[INFO] [stderr]    Compiling tower v0.4.13
[INFO] [stderr]    Compiling opentelemetry v0.18.0
[INFO] [stderr]    Compiling tracing-opentelemetry v0.18.0
[INFO] [stderr]    Compiling opentelemetry v0.20.0
[INFO] [stderr]    Compiling opentelemetry-semantic-conventions v0.12.0
[INFO] [stderr]    Compiling hyper v0.14.27
[INFO] [stderr]    Compiling hyper-timeout v0.4.1
[INFO] [stderr]    Compiling tonic v0.9.2
[INFO] [stderr]    Compiling opentelemetry-proto v0.3.0
[INFO] [stderr]    Compiling opentelemetry-otlp v0.13.0
[INFO] [stdout] error: The default runtime flavor is `multi_thread`, but the `rt-multi-thread` feature is disabled.
[INFO] [stdout]   --> examples/asynchronous.rs:38:1
[INFO] [stdout]    |
[INFO] [stdout] 38 | #[tokio::main]
[INFO] [stdout]    | ^^^^^^^^^^^^^^
[INFO] [stdout]    |
[INFO] [stdout]    = note: this error originates in the attribute macro `tokio::main` (in Nightly builds, run with -Z macro-backtrace for more info)
[INFO] [stdout] 
[INFO] [stdout] 
[INFO] [stdout] error: The default runtime flavor is `multi_thread`, but the `rt-multi-thread` feature is disabled.
[INFO] [stdout]   --> examples/synchronous.rs:23:1
[INFO] [stdout]    |
[INFO] [stdout] 23 | #[tokio::main]
[INFO] [stdout]    | ^^^^^^^^^^^^^^
[INFO] [stdout]    |
[INFO] [stdout]    = note: this error originates in the attribute macro `tokio::main` (in Nightly builds, run with -Z macro-backtrace for more info)
[INFO] [stdout] 
[INFO] [stdout] 
[INFO] [stdout] error[E0433]: failed to resolve: use of undeclared crate or module `minitrace_jaeger`
[INFO] [stdout]   --> examples/asynchronous.rs:76:21
[INFO] [stdout]    |
[INFO] [stdout] 76 |             jaeger: minitrace_jaeger::JaegerReporter::new(
[INFO] [stdout]    |                     ^^^^^^^^^^^^^^^^ use of undeclared crate or module `minitrace_jaeger`
[INFO] [stdout]    |
[INFO] [stdout] help: there is a crate or module with a similar name
[INFO] [stdout]    |
[INFO] [stdout] 76 |             jaeger: minitrace_macro::JaegerReporter::new(
[INFO] [stdout]    |                     ~~~~~~~~~~~~~~~
[INFO] [stdout] 
[INFO] [stdout] 
[INFO] [stdout] error[E0433]: failed to resolve: use of undeclared crate or module `minitrace_datadog`
[INFO] [stdout]   --> examples/asynchronous.rs:81:22
[INFO] [stdout]    |
[INFO] [stdout] 81 |             datadog: minitrace_datadog::DatadogReporter::new(
[INFO] [stdout]    |                      ^^^^^^^^^^^^^^^^^ use of undeclared crate or module `minitrace_datadog`
[INFO] [stdout]    |
[INFO] [stdout] help: there is a crate or module with a similar name
[INFO] [stdout]    |
[INFO] [stdout] 81 |             datadog: minitrace_macro::DatadogReporter::new(
[INFO] [stdout]    |                      ~~~~~~~~~~~~~~~
[INFO] [stdout] 
[INFO] [stdout] 
[INFO] [stdout] error[E0433]: failed to resolve: use of undeclared crate or module `minitrace_opentelemetry`
[INFO] [stdout]   --> examples/asynchronous.rs:87:28
[INFO] [stdout]    |
[INFO] [stdout] 87 |             opentelemetry: minitrace_opentelemetry::OpenTelemetryReporter::new(
[INFO] [stdout]    |                            ^^^^^^^^^^^^^^^^^^^^^^^ use of undeclared crate or module `minitrace_opentelemetry`
[INFO] [stdout]    |
[INFO] [stdout] help: there is a crate or module with a similar name
[INFO] [stdout]    |
[INFO] [stdout] 87 |             opentelemetry: tracing_opentelemetry::OpenTelemetryReporter::new(
[INFO] [stdout]    |                            ~~~~~~~~~~~~~~~~~~~~~
[INFO] [stdout] 
[INFO] [stdout] 
[INFO] [stdout] error[E0433]: failed to resolve: use of undeclared crate or module `minitrace_jaeger`
[INFO] [stdout]   --> examples/synchronous.rs:52:21
[INFO] [stdout]    |
[INFO] [stdout] 52 |             jaeger: minitrace_jaeger::JaegerReporter::new(
[INFO] [stdout]    |                     ^^^^^^^^^^^^^^^^ use of undeclared crate or module `minitrace_jaeger`
[INFO] [stdout]    |
[INFO] [stdout] help: there is a crate or module with a similar name
[INFO] [stdout]    |
[INFO] [stdout] 52 |             jaeger: minitrace_macro::JaegerReporter::new(
[INFO] [stdout]    |                     ~~~~~~~~~~~~~~~
[INFO] [stdout] 
[INFO] [stdout] 
[INFO] [stdout] error[E0433]: failed to resolve: use of undeclared crate or module `minitrace_datadog`
[INFO] [stdout]   --> examples/synchronous.rs:57:22
[INFO] [stdout]    |
[INFO] [stdout] 57 |             datadog: minitrace_datadog::DatadogReporter::new(
[INFO] [stdout]    |                      ^^^^^^^^^^^^^^^^^ use of undeclared crate or module `minitrace_datadog`
[INFO] [stdout]    |
[INFO] [stdout] help: there is a crate or module with a similar name
[INFO] [stdout]    |
[INFO] [stdout] 57 |             datadog: minitrace_macro::DatadogReporter::new(
[INFO] [stdout]    |                      ~~~~~~~~~~~~~~~
[INFO] [stdout] 
[INFO] [stdout] 
[INFO] [stdout] error[E0433]: failed to resolve: use of undeclared crate or module `minitrace_opentelemetry`
[INFO] [stdout]   --> examples/synchronous.rs:63:28
[INFO] [stdout]    |
[INFO] [stdout] 63 |             opentelemetry: minitrace_opentelemetry::OpenTelemetryReporter::new(
[INFO] [stdout]    |                            ^^^^^^^^^^^^^^^^^^^^^^^ use of undeclared crate or module `minitrace_opentelemetry`
[INFO] [stdout]    |
[INFO] [stdout] help: there is a crate or module with a similar name
[INFO] [stdout]    |
[INFO] [stdout] 63 |             opentelemetry: tracing_opentelemetry::OpenTelemetryReporter::new(
[INFO] [stdout]    |                            ~~~~~~~~~~~~~~~~~~~~~
[INFO] [stdout] 
[INFO] [stdout] 
[INFO] [stdout] error[E0599]: no function or associated item named `new_multi_thread` found for struct `tokio::runtime::Builder` in the current scope
[INFO] [stdout]    --> tests/lib.rs:431:32
[INFO] [stdout]     |
[INFO] [stdout] 431 |         let runtime = Builder::new_multi_thread()
[INFO] [stdout]     |                                ^^^^^^^^^^^^^^^^
[INFO] [stdout]     |                                |
[INFO] [stdout]     |                                function or associated item not found in `Builder`
[INFO] [stdout]     |                                help: there is an associated function with a similar name: `new_current_thread`
[INFO] [stdout]     |
[INFO] [stdout] note: if you're trying to build a new `tokio::runtime::Builder` consider using one of the following associated functions:
[INFO] [stdout]       tokio::runtime::Builder::new_current_thread
[INFO] [stdout]       tokio::runtime::Builder::new
[INFO] [stdout]    --> /opt/rustwide/cargo-home/registry/src/index.crates.io-6f17d22bba15001f/tokio-1.32.0/src/runtime/builder.rs:217:5
[INFO] [stdout]     |
[INFO] [stdout] 217 |     pub fn new_current_thread() -> Builder {
[INFO] [stdout]     |     ^^^^^^^^^^^^^^^^^^^^^^^^^^^^^^^^^^^^^^
[INFO] [stdout] ...
[INFO] [stdout] 263 |     pub(crate) fn new(kind: Kind, event_interval: u32) -> Builder {
[INFO] [stdout]     |     ^^^^^^^^^^^^^^^^^^^^^^^^^^^^^^^^^^^^^^^^^^^^^^^^^^^^^^^^^^^^^
[INFO] [stdout] 
[INFO] [stdout] 
[INFO] [stdout] error[E0433]: failed to resolve: use of undeclared crate or module `minitrace_jaeger`
[INFO] [stdout]   --> examples/synchronous.rs:44:13
[INFO] [stdout]    |
[INFO] [stdout] 44 |     jaeger: minitrace_jaeger::JaegerReporter,
[INFO] [stdout]    |             ^^^^^^^^^^^^^^^^ use of undeclared crate or module `minitrace_jaeger`
[INFO] [stdout]    |
[INFO] [stdout] help: there is a crate or module with a similar name
[INFO] [stdout]    |
[INFO] [stdout] 44 |     jaeger: minitrace_macro::JaegerReporter,
[INFO] [stdout]    |             ~~~~~~~~~~~~~~~
[INFO] [stdout] 
[INFO] [stdout] 
[INFO] [stdout] error[E0433]: failed to resolve: use of undeclared crate or module `minitrace_datadog`
[INFO] [stdout]   --> examples/synchronous.rs:45:14
[INFO] [stdout]    |
[INFO] [stdout] 45 |     datadog: minitrace_datadog::DatadogReporter,
[INFO] [stdout]    |              ^^^^^^^^^^^^^^^^^ use of undeclared crate or module `minitrace_datadog`
[INFO] [stdout]    |
[INFO] [stdout] help: there is a crate or module with a similar name
[INFO] [stdout]    |
[INFO] [stdout] 45 |     datadog: minitrace_macro::DatadogReporter,
[INFO] [stdout]    |              ~~~~~~~~~~~~~~~
[INFO] [stdout] 
[INFO] [stdout] 
[INFO] [stdout] error[E0433]: failed to resolve: use of undeclared crate or module `minitrace_opentelemetry`
[INFO] [stdout]   --> examples/synchronous.rs:46:20
[INFO] [stdout]    |
[INFO] [stdout] 46 |     opentelemetry: minitrace_opentelemetry::OpenTelemetryReporter,
[INFO] [stdout]    |                    ^^^^^^^^^^^^^^^^^^^^^^^ use of undeclared crate or module `minitrace_opentelemetry`
[INFO] [stdout]    |
[INFO] [stdout] help: there is a crate or module with a similar name
[INFO] [stdout]    |
[INFO] [stdout] 46 |     opentelemetry: tracing_opentelemetry::OpenTelemetryReporter,
[INFO] [stdout]    |                    ~~~~~~~~~~~~~~~~~~~~~
[INFO] [stdout] 
[INFO] [stdout] 
[INFO] [stdout] error: aborting due to 7 previous errors
[INFO] [stdout] 
[INFO] [stdout] 
[INFO] [stdout] For more information about this error, try `rustc --explain E0433`.
[INFO] [stdout] 
[INFO] [stderr] error: could not compile `minitrace` (example "synchronous") due to 8 previous errors
[INFO] [stderr] warning: build failed, waiting for other jobs to finish...
[INFO] [stdout] error: aborting due to previous error
[INFO] [stdout] 
[INFO] [stdout] 
[INFO] [stdout] For more information about this error, try `rustc --explain E0599`.
[INFO] [stdout] 
[INFO] [stdout] error[E0433]: failed to resolve: use of undeclared crate or module `minitrace_jaeger`
[INFO] [stdout]   --> examples/asynchronous.rs:68:13
[INFO] [stdout]    |
[INFO] [stdout] 68 |     jaeger: minitrace_jaeger::JaegerReporter,
[INFO] [stdout]    |             ^^^^^^^^^^^^^^^^ use of undeclared crate or module `minitrace_jaeger`
[INFO] [stdout]    |
[INFO] [stdout] help: there is a crate or module with a similar name
[INFO] [stdout]    |
[INFO] [stdout] 68 |     jaeger: minitrace_macro::JaegerReporter,
[INFO] [stdout]    |             ~~~~~~~~~~~~~~~
[INFO] [stdout] 
[INFO] [stdout] 
[INFO] [stdout] error[E0433]: failed to resolve: use of undeclared crate or module `minitrace_datadog`
[INFO] [stdout]   --> examples/asynchronous.rs:69:14
[INFO] [stdout]    |
[INFO] [stdout] 69 |     datadog: minitrace_datadog::DatadogReporter,
[INFO] [stdout]    |              ^^^^^^^^^^^^^^^^^ use of undeclared crate or module `minitrace_datadog`
[INFO] [stdout]    |
[INFO] [stdout] help: there is a crate or module with a similar name
[INFO] [stdout]    |
[INFO] [stdout] 69 |     datadog: minitrace_macro::DatadogReporter,
[INFO] [stdout]    |              ~~~~~~~~~~~~~~~
[INFO] [stdout] 
[INFO] [stdout] 
[INFO] [stdout] error[E0433]: failed to resolve: use of undeclared crate or module `minitrace_opentelemetry`
[INFO] [stdout]   --> examples/asynchronous.rs:70:20
[INFO] [stdout]    |
[INFO] [stdout] 70 |     opentelemetry: minitrace_opentelemetry::OpenTelemetryReporter,
[INFO] [stdout]    |                    ^^^^^^^^^^^^^^^^^^^^^^^ use of undeclared crate or module `minitrace_opentelemetry`
[INFO] [stdout]    |
[INFO] [stdout] help: there is a crate or module with a similar name
[INFO] [stdout]    |
[INFO] [stdout] 70 |     opentelemetry: tracing_opentelemetry::OpenTelemetryReporter,
[INFO] [stdout]    |                    ~~~~~~~~~~~~~~~~~~~~~
[INFO] [stdout] 
[INFO] [stdout] 
[INFO] [stdout] error: aborting due to 7 previous errors
[INFO] [stdout] 
[INFO] [stdout] 
[INFO] [stdout] For more information about this error, try `rustc --explain E0433`.
[INFO] [stdout] 
[INFO] [stderr] error: could not compile `minitrace` (test "lib") due to 2 previous errors
[INFO] [stderr] error: could not compile `minitrace` (example "asynchronous") due to 8 previous errors
[INFO] [stdout] error[E0599]: no function or associated item named `new` found for struct `local_collector::LocalCollector` in the current scope
[INFO] [stdout]    --> src/local/local_collector.rs:197:42
[INFO] [stdout]     |
[INFO] [stdout] 44  | pub struct LocalCollector {
[INFO] [stdout]     | ------------------------- function or associated item `new` not found for this struct
[INFO] [stdout] ...
[INFO] [stdout] 197 |         let collector1 = LocalCollector::new(None, stack.clone());
[INFO] [stdout]     |                                          ^^^ function or associated item not found in `LocalCollector`
[INFO] [stdout]     |
[INFO] [stdout] note: if you're trying to build a new `local_collector::LocalCollector`, consider using `local_collector::LocalCollector::start` which returns `local_collector::LocalCollector`
[INFO] [stdout]    --> src/local/local_collector.rs:99:5
[INFO] [stdout]     |
[INFO] [stdout] 99  |     pub fn start() -> Self {
[INFO] [stdout]     |     ^^^^^^^^^^^^^^^^^^^^^^
[INFO] [stdout]     = help: items from traits can only be used if the trait is implemented and in scope
[INFO] [stdout]     = note: the following traits define an item `new`, perhaps you need to implement one of them:
[INFO] [stdout]             candidate #1: `parking_lot_core::thread_parker::ThreadParkerT`
[INFO] [stdout]             candidate #2: `UniformSampler`
[INFO] [stdout] 
[INFO] [stdout] 
[INFO] [stdout] error[E0599]: no function or associated item named `new` found for struct `local_collector::LocalCollector` in the current scope
[INFO] [stdout]    --> src/local/local_collector.rs:207:46
[INFO] [stdout]     |
[INFO] [stdout] 44  | pub struct LocalCollector {
[INFO] [stdout]     | ------------------------- function or associated item `new` not found for this struct
[INFO] [stdout] ...
[INFO] [stdout] 207 |             let collector2 = LocalCollector::new(Some(token2.into()), stack.clone());
[INFO] [stdout]     |                                              ^^^ function or associated item not found in `LocalCollector`
[INFO] [stdout]     |
[INFO] [stdout] note: if you're trying to build a new `local_collector::LocalCollector`, consider using `local_collector::LocalCollector::start` which returns `local_collector::LocalCollector`
[INFO] [stdout]    --> src/local/local_collector.rs:99:5
[INFO] [stdout]     |
[INFO] [stdout] 99  |     pub fn start() -> Self {
[INFO] [stdout]     |     ^^^^^^^^^^^^^^^^^^^^^^
[INFO] [stdout]     = help: items from traits can only be used if the trait is implemented and in scope
[INFO] [stdout]     = note: the following traits define an item `new`, perhaps you need to implement one of them:
[INFO] [stdout]             candidate #1: `parking_lot_core::thread_parker::ThreadParkerT`
[INFO] [stdout]             candidate #2: `UniformSampler`
[INFO] [stdout] 
[INFO] [stdout] 
[INFO] [stdout] error[E0599]: no function or associated item named `new` found for struct `local_collector::LocalCollector` in the current scope
[INFO] [stdout]    --> src/local/local_collector.rs:236:42
[INFO] [stdout]     |
[INFO] [stdout] 44  | pub struct LocalCollector {
[INFO] [stdout]     | ------------------------- function or associated item `new` not found for this struct
[INFO] [stdout] ...
[INFO] [stdout] 236 |         let collector1 = LocalCollector::new(None, stack.clone());
[INFO] [stdout]     |                                          ^^^ function or associated item not found in `LocalCollector`
[INFO] [stdout]     |
[INFO] [stdout] note: if you're trying to build a new `local_collector::LocalCollector`, consider using `local_collector::LocalCollector::start` which returns `local_collector::LocalCollector`
[INFO] [stdout]    --> src/local/local_collector.rs:99:5
[INFO] [stdout]     |
[INFO] [stdout] 99  |     pub fn start() -> Self {
[INFO] [stdout]     |     ^^^^^^^^^^^^^^^^^^^^^^
[INFO] [stdout]     = help: items from traits can only be used if the trait is implemented and in scope
[INFO] [stdout]     = note: the following traits define an item `new`, perhaps you need to implement one of them:
[INFO] [stdout]             candidate #1: `parking_lot_core::thread_parker::ThreadParkerT`
[INFO] [stdout]             candidate #2: `UniformSampler`
[INFO] [stdout] 
[INFO] [stdout] 
[INFO] [stdout] error[E0599]: no function or associated item named `new` found for struct `local_collector::LocalCollector` in the current scope
[INFO] [stdout]    --> src/local/local_collector.rs:246:46
[INFO] [stdout]     |
[INFO] [stdout] 44  | pub struct LocalCollector {
[INFO] [stdout]     | ------------------------- function or associated item `new` not found for this struct
[INFO] [stdout] ...
[INFO] [stdout] 246 |             let collector2 = LocalCollector::new(Some(token2.into()), stack.clone());
[INFO] [stdout]     |                                              ^^^ function or associated item not found in `LocalCollector`
[INFO] [stdout]     |
[INFO] [stdout] note: if you're trying to build a new `local_collector::LocalCollector`, consider using `local_collector::LocalCollector::start` which returns `local_collector::LocalCollector`
[INFO] [stdout]    --> src/local/local_collector.rs:99:5
[INFO] [stdout]     |
[INFO] [stdout] 99  |     pub fn start() -> Self {
[INFO] [stdout]     |     ^^^^^^^^^^^^^^^^^^^^^^
[INFO] [stdout]     = help: items from traits can only be used if the trait is implemented and in scope
[INFO] [stdout]     = note: the following traits define an item `new`, perhaps you need to implement one of them:
[INFO] [stdout]             candidate #1: `parking_lot_core::thread_parker::ThreadParkerT`
[INFO] [stdout]             candidate #2: `UniformSampler`
[INFO] [stdout] 
[INFO] [stdout] 
[INFO] [stdout] error[E0599]: no function or associated item named `new` found for struct `local_collector::LocalCollector` in the current scope
[INFO] [stdout]    --> src/local/local_span.rs:159:41
[INFO] [stdout]     |
[INFO] [stdout] 159 |         let collector = LocalCollector::new(Some(token.into()), stack.clone());
[INFO] [stdout]     |                                         ^^^ function or associated item not found in `LocalCollector`
[INFO] [stdout]     |
[INFO] [stdout]    ::: src/local/local_collector.rs:44:1
[INFO] [stdout]     |
[INFO] [stdout] 44  | pub struct LocalCollector {
[INFO] [stdout]     | ------------------------- function or associated item `new` not found for this struct
[INFO] [stdout]     |
[INFO] [stdout] note: if you're trying to build a new `local_collector::LocalCollector`, consider using `local_collector::LocalCollector::start` which returns `local_collector::LocalCollector`
[INFO] [stdout]    --> src/local/local_collector.rs:99:5
[INFO] [stdout]     |
[INFO] [stdout] 99  |     pub fn start() -> Self {
[INFO] [stdout]     |     ^^^^^^^^^^^^^^^^^^^^^^
[INFO] [stdout]     = help: items from traits can only be used if the trait is implemented and in scope
[INFO] [stdout]     = note: the following traits define an item `new`, perhaps you need to implement one of them:
[INFO] [stdout]             candidate #1: `parking_lot_core::thread_parker::ThreadParkerT`
[INFO] [stdout]             candidate #2: `UniformSampler`
[INFO] [stdout] 
[INFO] [stdout] 
[INFO] [stdout] error[E0599]: no function or associated item named `enter_with_stack` found for struct `local_span::LocalSpan` in the current scope
[INFO] [stdout]    --> src/local/local_span.rs:162:33
[INFO] [stdout]     |
[INFO] [stdout] 16  | pub struct LocalSpan {
[INFO] [stdout]     | -------------------- function or associated item `enter_with_stack` not found for this struct
[INFO] [stdout] ...
[INFO] [stdout] 162 |             let _g = LocalSpan::enter_with_stack("span1", stack.clone());
[INFO] [stdout]     |                                 ^^^^^^^^^^^^^^^^ function or associated item not found in `LocalSpan`
[INFO] [stdout]     |
[INFO] [stdout] note: if you're trying to build a new `local_span::LocalSpan`, consider using `local_span::LocalSpan::enter_with_local_parent` which returns `local_span::LocalSpan`
[INFO] [stdout]    --> src/local/local_span.rs:43:5
[INFO] [stdout]     |
[INFO] [stdout] 43  |     pub fn enter_with_local_parent(name: impl Into<Cow<'static, str>>) -> Self {
[INFO] [stdout]     |     ^^^^^^^^^^^^^^^^^^^^^^^^^^^^^^^^^^^^^^^^^^^^^^^^^^^^^^^^^^^^^^^^^^^^^^^^^^
[INFO] [stdout] 
[INFO] [stdout] 
[INFO] [stdout] error[E0599]: no function or associated item named `enter_with_stack` found for struct `local_span::LocalSpan` in the current scope
[INFO] [stdout]    --> src/local/local_span.rs:165:32
[INFO] [stdout]     |
[INFO] [stdout] 16  | pub struct LocalSpan {
[INFO] [stdout]     | -------------------- function or associated item `enter_with_stack` not found for this struct
[INFO] [stdout] ...
[INFO] [stdout] 165 |                     LocalSpan::enter_with_stack("span2", stack).with_property(|| ("k1", "v1"));
[INFO] [stdout]     |                                ^^^^^^^^^^^^^^^^ function or associated item not found in `LocalSpan`
[INFO] [stdout]     |
[INFO] [stdout] note: if you're trying to build a new `local_span::LocalSpan`, consider using `local_span::LocalSpan::enter_with_local_parent` which returns `local_span::LocalSpan`
[INFO] [stdout]    --> src/local/local_span.rs:43:5
[INFO] [stdout]     |
[INFO] [stdout] 43  |     pub fn enter_with_local_parent(name: impl Into<Cow<'static, str>>) -> Self {
[INFO] [stdout]     |     ^^^^^^^^^^^^^^^^^^^^^^^^^^^^^^^^^^^^^^^^^^^^^^^^^^^^^^^^^^^^^^^^^^^^^^^^^^
[INFO] [stdout] 
[INFO] [stdout] 
[INFO] [stdout] error[E0599]: no function or associated item named `new` found for struct `local_collector::LocalCollector` in the current scope
[INFO] [stdout]    --> src/local/local_span.rs:196:41
[INFO] [stdout]     |
[INFO] [stdout] 196 |         let collector = LocalCollector::new(Some(token.into()), stack.clone());
[INFO] [stdout]     |                                         ^^^ function or associated item not found in `LocalCollector`
[INFO] [stdout]     |
[INFO] [stdout]    ::: src/local/local_collector.rs:44:1
[INFO] [stdout]     |
[INFO] [stdout] 44  | pub struct LocalCollector {
[INFO] [stdout]     | ------------------------- function or associated item `new` not found for this struct
[INFO] [stdout]     |
[INFO] [stdout] note: if you're trying to build a new `local_collector::LocalCollector`, consider using `local_collector::LocalCollector::start` which returns `local_collector::LocalCollector`
[INFO] [stdout]    --> src/local/local_collector.rs:99:5
[INFO] [stdout]     |
[INFO] [stdout] 99  |     pub fn start() -> Self {
[INFO] [stdout]     |     ^^^^^^^^^^^^^^^^^^^^^^
[INFO] [stdout]     = help: items from traits can only be used if the trait is implemented and in scope
[INFO] [stdout]     = note: the following traits define an item `new`, perhaps you need to implement one of them:
[INFO] [stdout]             candidate #1: `parking_lot_core::thread_parker::ThreadParkerT`
[INFO] [stdout]             candidate #2: `UniformSampler`
[INFO] [stdout] 
[INFO] [stdout] 
[INFO] [stdout] error[E0599]: no function or associated item named `enter_with_stack` found for struct `local_span::LocalSpan` in the current scope
[INFO] [stdout]    --> src/local/local_span.rs:199:36
[INFO] [stdout]     |
[INFO] [stdout] 16  | pub struct LocalSpan {
[INFO] [stdout]     | -------------------- function or associated item `enter_with_stack` not found for this struct
[INFO] [stdout] ...
[INFO] [stdout] 199 |             let span1 = LocalSpan::enter_with_stack("span1", stack.clone());
[INFO] [stdout]     |                                    ^^^^^^^^^^^^^^^^ function or associated item not found in `LocalSpan`
[INFO] [stdout]     |
[INFO] [stdout] note: if you're trying to build a new `local_span::LocalSpan`, consider using `local_span::LocalSpan::enter_with_local_parent` which returns `local_span::LocalSpan`
[INFO] [stdout]    --> src/local/local_span.rs:43:5
[INFO] [stdout]     |
[INFO] [stdout] 43  |     pub fn enter_with_local_parent(name: impl Into<Cow<'static, str>>) -> Self {
[INFO] [stdout]     |     ^^^^^^^^^^^^^^^^^^^^^^^^^^^^^^^^^^^^^^^^^^^^^^^^^^^^^^^^^^^^^^^^^^^^^^^^^^
[INFO] [stdout] 
[INFO] [stdout] 
[INFO] [stdout] error[E0599]: no function or associated item named `enter_with_stack` found for struct `local_span::LocalSpan` in the current scope
[INFO] [stdout]    --> src/local/local_span.rs:202:32
[INFO] [stdout]     |
[INFO] [stdout] 16  | pub struct LocalSpan {
[INFO] [stdout]     | -------------------- function or associated item `enter_with_stack` not found for this struct
[INFO] [stdout] ...
[INFO] [stdout] 202 |                     LocalSpan::enter_with_stack("span2", stack).with_property(|| ("k1", "v1"));
[INFO] [stdout]     |                                ^^^^^^^^^^^^^^^^ function or associated item not found in `LocalSpan`
[INFO] [stdout]     |
[INFO] [stdout] note: if you're trying to build a new `local_span::LocalSpan`, consider using `local_span::LocalSpan::enter_with_local_parent` which returns `local_span::LocalSpan`
[INFO] [stdout]    --> src/local/local_span.rs:43:5
[INFO] [stdout]     |
[INFO] [stdout] 43  |     pub fn enter_with_local_parent(name: impl Into<Cow<'static, str>>) -> Self {
[INFO] [stdout]     |     ^^^^^^^^^^^^^^^^^^^^^^^^^^^^^^^^^^^^^^^^^^^^^^^^^^^^^^^^^^^^^^^^^^^^^^^^^^
[INFO] [stdout] 
[INFO] [stdout] 
[INFO] [stdout] error[E0599]: no method named `attach_into_stack` found for struct `span::Span` in the current scope
[INFO] [stdout]    --> src/span.rs:571:22
[INFO] [stdout]     |
[INFO] [stdout] 28  | pub struct Span {
[INFO] [stdout]     | --------------- method `attach_into_stack` not found for this struct
[INFO] [stdout] ...
[INFO] [stdout] 571 |         assert!(span.attach_into_stack(&stack).inner.is_none());
[INFO] [stdout]     |                      ^^^^^^^^^^^^^^^^^ method not found in `span::Span`
[INFO] [stdout] 
[INFO] [stdout] 
[INFO] [stdout] error[E0599]: no function or associated item named `new` found for struct `local_collector::LocalCollector` in the current scope
[INFO] [stdout]    --> src/span.rs:803:45
[INFO] [stdout]     |
[INFO] [stdout] 803 |             let collector = LocalCollector::new(None, stack.clone());
[INFO] [stdout]     |                                             ^^^ function or associated item not found in `LocalCollector`
[INFO] [stdout]     |
[INFO] [stdout]    ::: src/local/local_collector.rs:44:1
[INFO] [stdout]     |
[INFO] [stdout] 44  | pub struct LocalCollector {
[INFO] [stdout]     | ------------------------- function or associated item `new` not found for this struct
[INFO] [stdout]     |
[INFO] [stdout] note: if you're trying to build a new `local_collector::LocalCollector`, consider using `local_collector::LocalCollector::start` which returns `local_collector::LocalCollector`
[INFO] [stdout]    --> src/local/local_collector.rs:99:5
[INFO] [stdout]     |
[INFO] [stdout] 99  |     pub fn start() -> Self {
[INFO] [stdout]     |     ^^^^^^^^^^^^^^^^^^^^^^
[INFO] [stdout]     = help: items from traits can only be used if the trait is implemented and in scope
[INFO] [stdout]     = note: the following traits define an item `new`, perhaps you need to implement one of them:
[INFO] [stdout]             candidate #1: `parking_lot_core::thread_parker::ThreadParkerT`
[INFO] [stdout]             candidate #2: `UniformSampler`
[INFO] [stdout] 
[INFO] [stdout] 
[INFO] [stdout] error[E0599]: no function or associated item named `enter_with_stack` found for struct `local_span::LocalSpan` in the current scope
[INFO] [stdout]    --> src/span.rs:805:37
[INFO] [stdout]     |
[INFO] [stdout] 805 |                 let _s = LocalSpan::enter_with_stack("child", stack);
[INFO] [stdout]     |                                     ^^^^^^^^^^^^^^^^ function or associated item not found in `LocalSpan`
[INFO] [stdout]     |
[INFO] [stdout]    ::: src/local/local_span.rs:16:1
[INFO] [stdout]     |
[INFO] [stdout] 16  | pub struct LocalSpan {
[INFO] [stdout]     | -------------------- function or associated item `enter_with_stack` not found for this struct
[INFO] [stdout]     |
[INFO] [stdout] note: if you're trying to build a new `local_span::LocalSpan`, consider using `local_span::LocalSpan::enter_with_local_parent` which returns `local_span::LocalSpan`
[INFO] [stdout]    --> src/local/local_span.rs:43:5
[INFO] [stdout]     |
[INFO] [stdout] 43  |     pub fn enter_with_local_parent(name: impl Into<Cow<'static, str>>) -> Self {
[INFO] [stdout]     |     ^^^^^^^^^^^^^^^^^^^^^^^^^^^^^^^^^^^^^^^^^^^^^^^^^^^^^^^^^^^^^^^^^^^^^^^^^^
[INFO] [stdout] 
[INFO] [stdout] 
[INFO] [stdout] error[E0599]: no method named `attach_into_stack` found for struct `span::Span` in the current scope
[INFO] [stdout]    --> src/span.rs:885:31
[INFO] [stdout]     |
[INFO] [stdout] 28  | pub struct Span {
[INFO] [stdout]     | --------------- method `attach_into_stack` not found for this struct
[INFO] [stdout] ...
[INFO] [stdout] 885 |                 let _g = root.attach_into_stack(&stack);
[INFO] [stdout]     |                               ^^^^^^^^^^^^^^^^^ method not found in `span::Span`
[INFO] [stdout] 
[INFO] [stdout] 
[INFO] [stdout] error[E0599]: no function or associated item named `enter_with_stack` found for struct `span::Span` in the current scope
[INFO] [stdout]    --> src/span.rs:887:27
[INFO] [stdout]     |
[INFO] [stdout] 28  | pub struct Span {
[INFO] [stdout]     | --------------- function or associated item `enter_with_stack` not found for this struct
[INFO] [stdout] ...
[INFO] [stdout] 887 |                     Span::enter_with_stack("child", &mut stack.borrow_mut(), collect.clone());
[INFO] [stdout]     |                           ^^^^^^^^^^^^^^^^ function or associated item not found in `span::Span`
[INFO] [stdout]     |
[INFO] [stdout] note: if you're trying to build a new `span::Span` consider using one of the following associated functions:
[INFO] [stdout]       span::Span::noop
[INFO] [stdout]       span::Span::root
[INFO] [stdout]       span::Span::enter_with_parent
[INFO] [stdout]       span::Span::enter_with_parents
[INFO] [stdout]       span::Span::enter_with_local_parent
[INFO] [stdout]    --> src/span.rs:52:5
[INFO] [stdout]     |
[INFO] [stdout] 52  |       pub fn noop() -> Self {
[INFO] [stdout]     |       ^^^^^^^^^^^^^^^^^^^^^
[INFO] [stdout] ...
[INFO] [stdout] 71  | /     pub fn root(
[INFO] [stdout] 72  | |         name: impl Into<Cow<'static, str>>,
[INFO] [stdout] 73  | |         parent: SpanContext,
[INFO] [stdout] 74  | |         #[cfg(test)] collect: GlobalCollect,
[INFO] [stdout] 75  | |     ) -> Self {
[INFO] [stdout]     | |_____________^
[INFO] [stdout] ...
[INFO] [stdout] 112 |       pub fn enter_with_parent(name: impl Into<Cow<'static, str>>, parent: &Span) -> Self {
[INFO] [stdout]     |       ^^^^^^^^^^^^^^^^^^^^^^^^^^^^^^^^^^^^^^^^^^^^^^^^^^^^^^^^^^^^^^^^^^^^^^^^^^^^^^^^^^^
[INFO] [stdout] ...
[INFO] [stdout] 150 | /     pub fn enter_with_parents<'a>(
[INFO] [stdout] 151 | |         name: impl Into<Cow<'static, str>>,
[INFO] [stdout] 152 | |         parents: impl IntoIterator<Item = &'a Span>,
[INFO] [stdout] 153 | |         #[cfg(test)] collect: GlobalCollect,
[INFO] [stdout] 154 | |     ) -> Self {
[INFO] [stdout]     | |_____________^
[INFO] [stdout] ...
[INFO] [stdout] 188 | /     pub fn enter_with_local_parent(
[INFO] [stdout] 189 | |         name: impl Into<Cow<'static, str>>,
[INFO] [stdout] 190 | |         #[cfg(test)] collect: GlobalCollect,
[INFO] [stdout] 191 | |     ) -> Self {
[INFO] [stdout]     | |_____________^
[INFO] [stdout] 
[INFO] [stdout] 
[INFO] [stdout] error[E0599]: no function or associated item named `enter_with_stack` found for struct `span::Span` in the current scope
[INFO] [stdout]    --> src/span.rs:890:36
[INFO] [stdout]     |
[INFO] [stdout] 28  | pub struct Span {
[INFO] [stdout]     | --------------- function or associated item `enter_with_stack` not found for this struct
[INFO] [stdout] ...
[INFO] [stdout] 890 |                     let _s = Span::enter_with_stack("grandchild", &mut stack.borrow_mut(), collect);
[INFO] [stdout]     |                                    ^^^^^^^^^^^^^^^^ function or associated item not found in `span::Span`
[INFO] [stdout]     |
[INFO] [stdout] note: if you're trying to build a new `span::Span` consider using one of the following associated functions:
[INFO] [stdout]       span::Span::noop
[INFO] [stdout]       span::Span::root
[INFO] [stdout]       span::Span::enter_with_parent
[INFO] [stdout]       span::Span::enter_with_parents
[INFO] [stdout]       span::Span::enter_with_local_parent
[INFO] [stdout]    --> src/span.rs:52:5
[INFO] [stdout]     |
[INFO] [stdout] 52  |       pub fn noop() -> Self {
[INFO] [stdout]     |       ^^^^^^^^^^^^^^^^^^^^^
[INFO] [stdout] ...
[INFO] [stdout] 71  | /     pub fn root(
[INFO] [stdout] 72  | |         name: impl Into<Cow<'static, str>>,
[INFO] [stdout] 73  | |         parent: SpanContext,
[INFO] [stdout] 74  | |         #[cfg(test)] collect: GlobalCollect,
[INFO] [stdout] 75  | |     ) -> Self {
[INFO] [stdout]     | |_____________^
[INFO] [stdout] ...
[INFO] [stdout] 112 |       pub fn enter_with_parent(name: impl Into<Cow<'static, str>>, parent: &Span) -> Self {
[INFO] [stdout]     |       ^^^^^^^^^^^^^^^^^^^^^^^^^^^^^^^^^^^^^^^^^^^^^^^^^^^^^^^^^^^^^^^^^^^^^^^^^^^^^^^^^^^
[INFO] [stdout] ...
[INFO] [stdout] 150 | /     pub fn enter_with_parents<'a>(
[INFO] [stdout] 151 | |         name: impl Into<Cow<'static, str>>,
[INFO] [stdout] 152 | |         parents: impl IntoIterator<Item = &'a Span>,
[INFO] [stdout] 153 | |         #[cfg(test)] collect: GlobalCollect,
[INFO] [stdout] 154 | |     ) -> Self {
[INFO] [stdout]     | |_____________^
[INFO] [stdout] ...
[INFO] [stdout] 188 | /     pub fn enter_with_local_parent(
[INFO] [stdout] 189 | |         name: impl Into<Cow<'static, str>>,
[INFO] [stdout] 190 | |         #[cfg(test)] collect: GlobalCollect,
[INFO] [stdout] 191 | |     ) -> Self {
[INFO] [stdout]     | |_____________^
[INFO] [stdout] 
[INFO] [stdout] 
[INFO] [stdout] error[E0599]: no function or associated item named `enter_with_stack` found for struct `local_span::LocalSpan` in the current scope
[INFO] [stdout]    --> src/span.rs:892:37
[INFO] [stdout]     |
[INFO] [stdout] 892 |                 let _s = LocalSpan::enter_with_stack("local", stack);
[INFO] [stdout]     |                                     ^^^^^^^^^^^^^^^^ function or associated item not found in `LocalSpan`
[INFO] [stdout]     |
[INFO] [stdout]    ::: src/local/local_span.rs:16:1
[INFO] [stdout]     |
[INFO] [stdout] 16  | pub struct LocalSpan {
[INFO] [stdout]     | -------------------- function or associated item `enter_with_stack` not found for this struct
[INFO] [stdout]     |
[INFO] [stdout] note: if you're trying to build a new `local_span::LocalSpan`, consider using `local_span::LocalSpan::enter_with_local_parent` which returns `local_span::LocalSpan`
[INFO] [stdout]    --> src/local/local_span.rs:43:5
[INFO] [stdout]     |
[INFO] [stdout] 43  |     pub fn enter_with_local_parent(name: impl Into<Cow<'static, str>>) -> Self {
[INFO] [stdout]     |     ^^^^^^^^^^^^^^^^^^^^^^^^^^^^^^^^^^^^^^^^^^^^^^^^^^^^^^^^^^^^^^^^^^^^^^^^^^
[INFO] [stdout] 
[INFO] [stdout] 
[INFO] [stdout] error: aborting due to 17 previous errors
[INFO] [stdout] 
[INFO] [stdout] 
[INFO] [stdout] For more information about this error, try `rustc --explain E0599`.
[INFO] [stdout] 
[INFO] [stderr] error: could not compile `minitrace` (lib test) due to 18 previous errors
[INFO] running `Command { std: "docker" "inspect" "9d57b9a59a63d0f1ff62267d8058b6d0379457434436b55bd03405187210ea06", kill_on_drop: false }`
[INFO] running `Command { std: "docker" "rm" "-f" "9d57b9a59a63d0f1ff62267d8058b6d0379457434436b55bd03405187210ea06", kill_on_drop: false }`
[INFO] [stdout] 9d57b9a59a63d0f1ff62267d8058b6d0379457434436b55bd03405187210ea06
[INFO] testing minitrace-0.6.2 against beta-2023-12-22 for beta-1.76-1
[INFO] extracting crate minitrace 0.6.2 into /workspace/builds/worker-4-tc2/source
[INFO] validating manifest of crates.io crate minitrace 0.6.2 on toolchain beta-2023-12-22
[INFO] running `Command { std: CARGO_HOME="/workspace/cargo-home" RUSTUP_HOME="/workspace/rustup-home" "/workspace/cargo-home/bin/cargo" "+beta-2023-12-22" "metadata" "--manifest-path" "Cargo.toml" "--no-deps", kill_on_drop: false }`
[INFO] started tweaking crates.io crate minitrace 0.6.2
[INFO] finished tweaking crates.io crate minitrace 0.6.2
[INFO] tweaked toml for crates.io crate minitrace 0.6.2 written to /workspace/builds/worker-4-tc2/source/Cargo.toml
[INFO] crate crates.io crate minitrace 0.6.2 already has a lockfile, it will not be regenerated
[INFO] running `Command { std: CARGO_HOME="/workspace/cargo-home" RUSTUP_HOME="/workspace/rustup-home" "/workspace/cargo-home/bin/cargo" "+beta-2023-12-22" "fetch" "--manifest-path" "Cargo.toml", kill_on_drop: false }`
[INFO] running `Command { std: "docker" "create" "-v" "/var/lib/crater-agent-workspace/builds/worker-4-tc2/target:/opt/rustwide/target:rw,Z" "-v" "/var/lib/crater-agent-workspace/builds/worker-4-tc2/source:/opt/rustwide/workdir:ro,Z" "-v" "/var/lib/crater-agent-workspace/cargo-home:/opt/rustwide/cargo-home:ro,Z" "-v" "/var/lib/crater-agent-workspace/rustup-home:/opt/rustwide/rustup-home:ro,Z" "-e" "SOURCE_DIR=/opt/rustwide/workdir" "-e" "CARGO_TARGET_DIR=/opt/rustwide/target" "-e" "CARGO_HOME=/opt/rustwide/cargo-home" "-e" "RUSTUP_HOME=/opt/rustwide/rustup-home" "-w" "/opt/rustwide/workdir" "-m" "1610612736" "--user" "0:0" "--network" "none" "ghcr.io/rust-lang/crates-build-env/linux@sha256:2788e3201cd34a07e3172128adcd8b3090168a8e3bcc40d7c032b9dda1df7d1c" "/opt/rustwide/cargo-home/bin/cargo" "+beta-2023-12-22" "metadata" "--no-deps" "--format-version=1", kill_on_drop: false }`
[INFO] [stdout] fac6f08d2a02f7d0008d612a61722cc11c1dc8fb5c5e01106b6f8a582cb3324b
[INFO] running `Command { std: "docker" "start" "-a" "fac6f08d2a02f7d0008d612a61722cc11c1dc8fb5c5e01106b6f8a582cb3324b", kill_on_drop: false }`
[INFO] running `Command { std: "docker" "inspect" "fac6f08d2a02f7d0008d612a61722cc11c1dc8fb5c5e01106b6f8a582cb3324b", kill_on_drop: false }`
[INFO] running `Command { std: "docker" "rm" "-f" "fac6f08d2a02f7d0008d612a61722cc11c1dc8fb5c5e01106b6f8a582cb3324b", kill_on_drop: false }`
[INFO] [stdout] fac6f08d2a02f7d0008d612a61722cc11c1dc8fb5c5e01106b6f8a582cb3324b
[INFO] running `Command { std: "docker" "create" "-v" "/var/lib/crater-agent-workspace/builds/worker-4-tc2/target:/opt/rustwide/target:rw,Z" "-v" "/var/lib/crater-agent-workspace/builds/worker-4-tc2/source:/opt/rustwide/workdir:ro,Z" "-v" "/var/lib/crater-agent-workspace/cargo-home:/opt/rustwide/cargo-home:ro,Z" "-v" "/var/lib/crater-agent-workspace/rustup-home:/opt/rustwide/rustup-home:ro,Z" "-e" "SOURCE_DIR=/opt/rustwide/workdir" "-e" "CARGO_TARGET_DIR=/opt/rustwide/target" "-e" "CARGO_INCREMENTAL=0" "-e" "RUST_BACKTRACE=full" "-e" "RUSTFLAGS=--cap-lints=warn" "-e" "RUSTDOCFLAGS=--cap-lints=warn" "-e" "CARGO_HOME=/opt/rustwide/cargo-home" "-e" "RUSTUP_HOME=/opt/rustwide/rustup-home" "-w" "/opt/rustwide/workdir" "-m" "1610612736" "--user" "0:0" "--network" "none" "ghcr.io/rust-lang/crates-build-env/linux@sha256:2788e3201cd34a07e3172128adcd8b3090168a8e3bcc40d7c032b9dda1df7d1c" "/opt/rustwide/cargo-home/bin/cargo" "+beta-2023-12-22" "build" "--frozen" "--message-format=json", kill_on_drop: false }`
[INFO] [stdout] 1366b7223f2a19feadca93e8c9734c469deb9ae5b2af83a657a6344966f1b72b
[INFO] running `Command { std: "docker" "start" "-a" "1366b7223f2a19feadca93e8c9734c469deb9ae5b2af83a657a6344966f1b72b", kill_on_drop: false }`
[INFO] [stderr]    Compiling proc-macro2 v1.0.66
[INFO] [stderr]    Compiling unicode-ident v1.0.11
[INFO] [stderr]    Compiling libc v0.2.147
[INFO] [stderr]    Compiling syn v1.0.109
[INFO] [stderr]    Compiling futures-core v0.3.28
[INFO] [stderr]    Compiling futures-channel v0.3.28
[INFO] [stderr]    Compiling futures-sink v0.3.28
[INFO] [stderr]    Compiling futures-util v0.3.28
[INFO] [stderr]    Compiling futures-io v0.3.28
[INFO] [stderr]    Compiling pin-project-lite v0.2.12
[INFO] [stderr]    Compiling slab v0.4.8
[INFO] [stderr]    Compiling lock_api v0.4.10
[INFO] [stderr]    Compiling parking_lot_core v0.9.8
[INFO] [stderr]    Compiling smallvec v1.11.0
[INFO] [stderr]    Compiling cache-padded v1.3.0
[INFO] [stderr]    Compiling rtrb v0.2.3
[INFO] [stderr]    Compiling quote v1.0.33
[INFO] [stderr]    Compiling getrandom v0.2.10
[INFO] [stderr]    Compiling syn v2.0.29
[INFO] [stderr]    Compiling rand_core v0.6.4
[INFO] [stderr]    Compiling proc-macro-error-attr v1.0.4
[INFO] [stderr]    Compiling parking_lot v0.12.1
[INFO] [stderr]    Compiling rand_chacha v0.3.1
[INFO] [stderr]    Compiling rand v0.8.5
[INFO] [stderr]    Compiling futures-macro v0.3.28
[INFO] [stderr]    Compiling pin-project-internal v1.1.3
[INFO] [stderr]    Compiling proc-macro-error v1.0.4
[INFO] [stderr]    Compiling ctor v0.1.26
[INFO] [stderr]    Compiling minitrace-macro v0.6.2
[INFO] [stderr]    Compiling pin-project v1.1.3
[INFO] [stderr]    Compiling minstant v0.1.2
[INFO] [stderr]    Compiling futures-executor v0.3.28
[INFO] [stderr]    Compiling futures v0.3.28
[INFO] [stderr]    Compiling minitrace v0.6.2 (/opt/rustwide/workdir)
[INFO] [stderr]     Finished dev [unoptimized + debuginfo] target(s) in 5.79s
[INFO] running `Command { std: "docker" "inspect" "1366b7223f2a19feadca93e8c9734c469deb9ae5b2af83a657a6344966f1b72b", kill_on_drop: false }`
[INFO] running `Command { std: "docker" "rm" "-f" "1366b7223f2a19feadca93e8c9734c469deb9ae5b2af83a657a6344966f1b72b", kill_on_drop: false }`
[INFO] [stdout] 1366b7223f2a19feadca93e8c9734c469deb9ae5b2af83a657a6344966f1b72b
[INFO] running `Command { std: "docker" "create" "-v" "/var/lib/crater-agent-workspace/builds/worker-4-tc2/target:/opt/rustwide/target:rw,Z" "-v" "/var/lib/crater-agent-workspace/builds/worker-4-tc2/source:/opt/rustwide/workdir:ro,Z" "-v" "/var/lib/crater-agent-workspace/cargo-home:/opt/rustwide/cargo-home:ro,Z" "-v" "/var/lib/crater-agent-workspace/rustup-home:/opt/rustwide/rustup-home:ro,Z" "-e" "SOURCE_DIR=/opt/rustwide/workdir" "-e" "CARGO_TARGET_DIR=/opt/rustwide/target" "-e" "CARGO_INCREMENTAL=0" "-e" "RUST_BACKTRACE=full" "-e" "RUSTFLAGS=--cap-lints=warn" "-e" "RUSTDOCFLAGS=--cap-lints=warn" "-e" "CARGO_HOME=/opt/rustwide/cargo-home" "-e" "RUSTUP_HOME=/opt/rustwide/rustup-home" "-w" "/opt/rustwide/workdir" "-m" "1610612736" "--user" "0:0" "--network" "none" "ghcr.io/rust-lang/crates-build-env/linux@sha256:2788e3201cd34a07e3172128adcd8b3090168a8e3bcc40d7c032b9dda1df7d1c" "/opt/rustwide/cargo-home/bin/cargo" "+beta-2023-12-22" "test" "--frozen" "--no-run" "--message-format=json", kill_on_drop: false }`
[INFO] [stdout] 55601e8275b9defaa7cb0fd48eda3ff5509ffe4f574bb2e9f75e2ffae191fd3f
[INFO] running `Command { std: "docker" "start" "-a" "55601e8275b9defaa7cb0fd48eda3ff5509ffe4f574bb2e9f75e2ffae191fd3f", kill_on_drop: false }`
[INFO] [stderr]    Compiling crossbeam-utils v0.8.16
[INFO] [stderr]    Compiling bytes v1.4.0
[INFO] [stderr]    Compiling num-traits v0.2.16
[INFO] [stderr]    Compiling tracing-core v0.1.31
[INFO] [stderr]    Compiling async-trait v0.1.73
[INFO] [stderr]    Compiling serde v1.0.183
[INFO] [stderr]    Compiling thiserror v1.0.47
[INFO] [stderr]    Compiling syn v2.0.29
[INFO] [stderr]    Compiling socket2 v0.5.3
[INFO] [stderr]    Compiling mio v0.8.8
[INFO] [stderr]    Compiling serde_derive v1.0.183
[INFO] [stderr]    Compiling aho-corasick v1.0.4
[INFO] [stderr]    Compiling regex-syntax v0.7.4
[INFO] [stderr]    Compiling rand v0.8.5
[INFO] [stderr]    Compiling serde_json v1.0.105
[INFO] [stderr]    Compiling crossbeam-epoch v0.9.15
[INFO] [stderr]    Compiling anyhow v1.0.75
[INFO] [stderr]    Compiling axum-core v0.3.4
[INFO] [stderr]    Compiling socket2 v0.4.9
[INFO] [stderr]    Compiling tower-layer v0.3.2
[INFO] [stderr]    Compiling urlencoding v2.1.3
[INFO] [stderr]    Compiling either v1.9.0
[INFO] [stderr]    Compiling http v0.2.9
[INFO] [stderr]    Compiling axum v0.6.20
[INFO] [stderr]    Compiling crossbeam-channel v0.5.8
[INFO] [stderr]    Compiling itertools v0.10.5
[INFO] [stderr]    Compiling hashbrown v0.14.0
[INFO] [stderr]    Compiling cc v1.0.82
[INFO] [stderr]    Compiling rayon-core v1.11.0
[INFO] [stderr]    Compiling matchit v0.7.2
[INFO] [stderr]    Compiling rustix v0.38.8
[INFO] [stderr]    Compiling sync_wrapper v0.1.2
[INFO] [stderr]    Compiling crossbeam-deque v0.8.3
[INFO] [stderr]    Compiling num_cpus v1.16.0
[INFO] [stderr]    Compiling overload v0.1.1
[INFO] [stderr]    Compiling base64 v0.21.2
[INFO] [stderr]    Compiling adler v1.0.2
[INFO] [stderr]    Compiling plotters-backend v0.3.5
[INFO] [stderr]    Compiling ciborium-io v0.2.1
[INFO] [stderr]    Compiling http-body v0.4.5
[INFO] [stderr]    Compiling half v1.8.2
[INFO] [stderr]    Compiling dashmap v5.5.0
[INFO] [stderr]    Compiling predicates-core v1.0.6
[INFO] [stderr]    Compiling ordered-float v3.9.2
[INFO] [stderr]    Compiling os_str_bytes v6.5.1
[INFO] [stderr]    Compiling bitflags v2.4.0
[INFO] [stderr]    Compiling crossbeam-queue v0.3.8
[INFO] [stderr]    Compiling linux-raw-sys v0.4.5
[INFO] [stderr]    Compiling gimli v0.27.3
[INFO] [stderr]    Compiling float-cmp v0.9.0
[INFO] [stderr]    Compiling ciborium-ll v0.2.1
[INFO] [stderr]    Compiling clap_lex v0.2.4
[INFO] [stderr]    Compiling plotters-svg v0.3.5
[INFO] [stderr]    Compiling miniz_oxide v0.7.1
[INFO] [stderr]    Compiling nu-ansi-term v0.46.0
[INFO] [stderr]    Compiling tracing-log v0.1.3
[INFO] [stderr]    Compiling prost-derive v0.11.9
[INFO] [stderr]    Compiling sharded-slab v0.1.4
[INFO] [stderr]    Compiling trackable_derive v1.0.0
[INFO] [stderr]    Compiling regex-automata v0.3.6
[INFO] [stderr]    Compiling object v0.31.1
[INFO] [stderr]    Compiling rustc-demangle v0.1.23
[INFO] [stderr]    Compiling cast v0.3.0
[INFO] [stderr]    Compiling textwrap v0.16.0
[INFO] [stderr]    Compiling backtrace v0.3.68
[INFO] [stderr]    Compiling termtree v0.4.1
[INFO] [stderr]    Compiling rayon v1.7.0
[INFO] [stderr]    Compiling tracing-subscriber v0.3.17
[INFO] [stderr]    Compiling predicates-tree v1.0.9
[INFO] [stderr]    Compiling trackable v1.3.0
[INFO] [stderr]    Compiling is-terminal v0.4.9
[INFO] [stderr]    Compiling clap v3.2.25
[INFO] [stderr]    Compiling criterion-plot v0.5.0
[INFO] [stderr]    Compiling walkdir v2.3.3
[INFO] [stderr]    Compiling plotters v0.3.5
[INFO] [stderr]    Compiling mockall_derive v0.11.4
[INFO] [stderr]    Compiling atty v0.2.14
[INFO] [stderr]    Compiling downcast v0.11.0
[INFO] [stderr]    Compiling oorandom v11.1.3
[INFO] [stderr]    Compiling fragile v2.0.0
[INFO] [stderr]    Compiling anes v0.1.6
[INFO] [stderr]    Compiling crossbeam v0.8.2
[INFO] [stderr]    Compiling logcall v0.1.5
[INFO] [stderr]    Compiling futures-timer v3.0.2
[INFO] [stderr]    Compiling ciborium v0.2.1
[INFO] [stderr]    Compiling addr2line v0.20.0
[INFO] [stderr]    Compiling prost v0.11.9
[INFO] [stderr]    Compiling regex v1.9.3
[INFO] [stderr]    Compiling tinytemplate v1.2.1
[INFO] [stderr]    Compiling predicates v2.1.5
[INFO] [stderr]    Compiling env_logger v0.10.0
[INFO] [stderr]    Compiling futures-macro v0.3.28
[INFO] [stderr]    Compiling tokio-macros v2.1.0
[INFO] [stderr]    Compiling thiserror-impl v1.0.47
[INFO] [stderr]    Compiling tracing-attributes v0.1.26
[INFO] [stderr]    Compiling pin-project-internal v1.1.3
[INFO] [stderr]    Compiling serial_test_derive v2.0.0
[INFO] [stderr]    Compiling test-harness v0.1.1
[INFO] [stderr]    Compiling criterion v0.4.0
[INFO] [stderr]    Compiling mockall v0.11.4
[INFO] [stderr]    Compiling rustracing v0.6.0
[INFO] [stderr]    Compiling tokio v1.32.0
[INFO] [stderr]    Compiling futures-util v0.3.28
[INFO] [stderr]    Compiling pin-project v1.1.3
[INFO] [stderr]    Compiling tracing v0.1.37
[INFO] [stderr]    Compiling futures-executor v0.3.28
[INFO] [stderr]    Compiling opentelemetry_api v0.20.0
[INFO] [stderr]    Compiling opentelemetry_api v0.18.0
[INFO] [stderr]    Compiling futures v0.3.28
[INFO] [stderr]    Compiling serial_test v2.0.0
[INFO] [stderr]    Compiling minitrace v0.6.2 (/opt/rustwide/workdir)
[INFO] [stderr]    Compiling tokio-util v0.7.8
[INFO] [stderr]    Compiling tokio-io-timeout v1.2.0
[INFO] [stderr]    Compiling tokio-stream v0.1.14
[INFO] [stderr]    Compiling opentelemetry_sdk v0.20.0
[INFO] [stderr]    Compiling opentelemetry_sdk v0.18.0
[INFO] [stderr]    Compiling h2 v0.3.20
[INFO] [stderr]    Compiling tower v0.4.13
[INFO] [stderr]    Compiling opentelemetry v0.18.0
[INFO] [stderr]    Compiling tracing-opentelemetry v0.18.0
[INFO] [stderr]    Compiling opentelemetry v0.20.0
[INFO] [stderr]    Compiling opentelemetry-semantic-conventions v0.12.0
[INFO] [stderr]    Compiling hyper v0.14.27
[INFO] [stderr]    Compiling hyper-timeout v0.4.1
[INFO] [stderr]    Compiling tonic v0.9.2
[INFO] [stderr]    Compiling opentelemetry-proto v0.3.0
[INFO] [stderr]    Compiling opentelemetry-otlp v0.13.0
[INFO] [stdout] error: The default runtime flavor is `multi_thread`, but the `rt-multi-thread` feature is disabled.
[INFO] [stdout]   --> examples/asynchronous.rs:38:1
[INFO] [stdout]    |
[INFO] [stdout] 38 | #[tokio::main]
[INFO] [stdout]    | ^^^^^^^^^^^^^^
[INFO] [stdout]    |
[INFO] [stdout]    = note: this error originates in the attribute macro `tokio::main` (in Nightly builds, run with -Z macro-backtrace for more info)
[INFO] [stdout] 
[INFO] [stdout] 
[INFO] [stdout] error: The default runtime flavor is `multi_thread`, but the `rt-multi-thread` feature is disabled.
[INFO] [stdout]   --> examples/synchronous.rs:23:1
[INFO] [stdout]    |
[INFO] [stdout] 23 | #[tokio::main]
[INFO] [stdout]    | ^^^^^^^^^^^^^^
[INFO] [stdout]    |
[INFO] [stdout]    = note: this error originates in the attribute macro `tokio::main` (in Nightly builds, run with -Z macro-backtrace for more info)
[INFO] [stdout] 
[INFO] [stdout] 
[INFO] [stdout] error[E0433]: failed to resolve: use of undeclared crate or module `minitrace_jaeger`
[INFO] [stdout]   --> examples/asynchronous.rs:76:21
[INFO] [stdout]    |
[INFO] [stdout] 76 |             jaeger: minitrace_jaeger::JaegerReporter::new(
[INFO] [stdout]    |                     ^^^^^^^^^^^^^^^^ use of undeclared crate or module `minitrace_jaeger`
[INFO] [stdout]    |
[INFO] [stdout] help: there is a crate or module with a similar name
[INFO] [stdout]    |
[INFO] [stdout] 76 |             jaeger: minitrace_macro::JaegerReporter::new(
[INFO] [stdout]    |                     ~~~~~~~~~~~~~~~
[INFO] [stdout] 
[INFO] [stdout] 
[INFO] [stdout] error[E0433]: failed to resolve: use of undeclared crate or module `minitrace_datadog`
[INFO] [stdout]   --> examples/asynchronous.rs:81:22
[INFO] [stdout]    |
[INFO] [stdout] 81 |             datadog: minitrace_datadog::DatadogReporter::new(
[INFO] [stdout]    |                      ^^^^^^^^^^^^^^^^^ use of undeclared crate or module `minitrace_datadog`
[INFO] [stdout]    |
[INFO] [stdout] help: there is a crate or module with a similar name
[INFO] [stdout]    |
[INFO] [stdout] 81 |             datadog: minitrace_macro::DatadogReporter::new(
[INFO] [stdout]    |                      ~~~~~~~~~~~~~~~
[INFO] [stdout] 
[INFO] [stdout] 
[INFO] [stdout] error[E0433]: failed to resolve: use of undeclared crate or module `minitrace_opentelemetry`
[INFO] [stdout]   --> examples/asynchronous.rs:87:28
[INFO] [stdout]    |
[INFO] [stdout] 87 |             opentelemetry: minitrace_opentelemetry::OpenTelemetryReporter::new(
[INFO] [stdout]    |                            ^^^^^^^^^^^^^^^^^^^^^^^ use of undeclared crate or module `minitrace_opentelemetry`
[INFO] [stdout]    |
[INFO] [stdout] help: there is a crate or module with a similar name
[INFO] [stdout]    |
[INFO] [stdout] 87 |             opentelemetry: tracing_opentelemetry::OpenTelemetryReporter::new(
[INFO] [stdout]    |                            ~~~~~~~~~~~~~~~~~~~~~
[INFO] [stdout] 
[INFO] [stdout] 
[INFO] [stdout] error[E0433]: failed to resolve: use of undeclared crate or module `minitrace_jaeger`
[INFO] [stdout]   --> examples/synchronous.rs:52:21
[INFO] [stdout]    |
[INFO] [stdout] 52 |             jaeger: minitrace_jaeger::JaegerReporter::new(
[INFO] [stdout]    |                     ^^^^^^^^^^^^^^^^ use of undeclared crate or module `minitrace_jaeger`
[INFO] [stdout]    |
[INFO] [stdout] help: there is a crate or module with a similar name
[INFO] [stdout]    |
[INFO] [stdout] 52 |             jaeger: minitrace_macro::JaegerReporter::new(
[INFO] [stdout]    |                     ~~~~~~~~~~~~~~~
[INFO] [stdout] 
[INFO] [stdout] 
[INFO] [stdout] error[E0433]: failed to resolve: use of undeclared crate or module `minitrace_datadog`
[INFO] [stdout]   --> examples/synchronous.rs:57:22
[INFO] [stdout]    |
[INFO] [stdout] 57 |             datadog: minitrace_datadog::DatadogReporter::new(
[INFO] [stdout]    |                      ^^^^^^^^^^^^^^^^^ use of undeclared crate or module `minitrace_datadog`
[INFO] [stdout]    |
[INFO] [stdout] help: there is a crate or module with a similar name
[INFO] [stdout]    |
[INFO] [stdout] 57 |             datadog: minitrace_macro::DatadogReporter::new(
[INFO] [stdout]    |                      ~~~~~~~~~~~~~~~
[INFO] [stdout] 
[INFO] [stdout] 
[INFO] [stdout] error[E0433]: failed to resolve: use of undeclared crate or module `minitrace_opentelemetry`
[INFO] [stdout]   --> examples/synchronous.rs:63:28
[INFO] [stdout]    |
[INFO] [stdout] 63 |             opentelemetry: minitrace_opentelemetry::OpenTelemetryReporter::new(
[INFO] [stdout]    |                            ^^^^^^^^^^^^^^^^^^^^^^^ use of undeclared crate or module `minitrace_opentelemetry`
[INFO] [stdout]    |
[INFO] [stdout] help: there is a crate or module with a similar name
[INFO] [stdout]    |
[INFO] [stdout] 63 |             opentelemetry: tracing_opentelemetry::OpenTelemetryReporter::new(
[INFO] [stdout]    |                            ~~~~~~~~~~~~~~~~~~~~~
[INFO] [stdout] 
[INFO] [stdout] 
[INFO] [stdout] error[E0599]: no function or associated item named `new_multi_thread` found for struct `tokio::runtime::Builder` in the current scope
[INFO] [stdout]    --> tests/lib.rs:431:32
[INFO] [stdout]     |
[INFO] [stdout] 431 |         let runtime = Builder::new_multi_thread()
[INFO] [stdout]     |                                ^^^^^^^^^^^^^^^^
[INFO] [stdout]     |                                |
[INFO] [stdout]     |                                function or associated item not found in `Builder`
[INFO] [stdout]     |                                help: there is an associated function with a similar name: `new_current_thread`
[INFO] [stdout]     |
[INFO] [stdout] note: if you're trying to build a new `tokio::runtime::Builder` consider using one of the following associated functions:
[INFO] [stdout]       tokio::runtime::Builder::new_current_thread
[INFO] [stdout]       tokio::runtime::Builder::new
[INFO] [stdout]    --> /opt/rustwide/cargo-home/registry/src/index.crates.io-6f17d22bba15001f/tokio-1.32.0/src/runtime/builder.rs:217:5
[INFO] [stdout]     |
[INFO] [stdout] 217 |     pub fn new_current_thread() -> Builder {
[INFO] [stdout]     |     ^^^^^^^^^^^^^^^^^^^^^^^^^^^^^^^^^^^^^^
[INFO] [stdout] ...
[INFO] [stdout] 263 |     pub(crate) fn new(kind: Kind, event_interval: u32) -> Builder {
[INFO] [stdout]     |     ^^^^^^^^^^^^^^^^^^^^^^^^^^^^^^^^^^^^^^^^^^^^^^^^^^^^^^^^^^^^^
[INFO] [stdout] 
[INFO] [stdout] 
[INFO] [stdout] error[E0433]: failed to resolve: use of undeclared crate or module `minitrace_jaeger`
[INFO] [stdout]   --> examples/synchronous.rs:44:13
[INFO] [stdout]    |
[INFO] [stdout] 44 |     jaeger: minitrace_jaeger::JaegerReporter,
[INFO] [stdout]    |             ^^^^^^^^^^^^^^^^ use of undeclared crate or module `minitrace_jaeger`
[INFO] [stdout]    |
[INFO] [stdout] help: there is a crate or module with a similar name
[INFO] [stdout]    |
[INFO] [stdout] 44 |     jaeger: minitrace_macro::JaegerReporter,
[INFO] [stdout]    |             ~~~~~~~~~~~~~~~
[INFO] [stdout] 
[INFO] [stdout] 
[INFO] [stdout] error[E0433]: failed to resolve: use of undeclared crate or module `minitrace_datadog`
[INFO] [stdout]   --> examples/synchronous.rs:45:14
[INFO] [stdout]    |
[INFO] [stdout] 45 |     datadog: minitrace_datadog::DatadogReporter,
[INFO] [stdout]    |              ^^^^^^^^^^^^^^^^^ use of undeclared crate or module `minitrace_datadog`
[INFO] [stdout]    |
[INFO] [stdout] help: there is a crate or module with a similar name
[INFO] [stdout]    |
[INFO] [stdout] 45 |     datadog: minitrace_macro::DatadogReporter,
[INFO] [stdout]    |              ~~~~~~~~~~~~~~~
[INFO] [stdout] 
[INFO] [stdout] 
[INFO] [stdout] error[E0433]: failed to resolve: use of undeclared crate or module `minitrace_opentelemetry`
[INFO] [stdout]   --> examples/synchronous.rs:46:20
[INFO] [stdout]    |
[INFO] [stdout] 46 |     opentelemetry: minitrace_opentelemetry::OpenTelemetryReporter,
[INFO] [stdout]    |                    ^^^^^^^^^^^^^^^^^^^^^^^ use of undeclared crate or module `minitrace_opentelemetry`
[INFO] [stdout]    |
[INFO] [stdout] help: there is a crate or module with a similar name
[INFO] [stdout]    |
[INFO] [stdout] 46 |     opentelemetry: tracing_opentelemetry::OpenTelemetryReporter,
[INFO] [stdout]    |                    ~~~~~~~~~~~~~~~~~~~~~
[INFO] [stdout] 
[INFO] [stdout] 
[INFO] [stdout] error: aborting due to 7 previous errors
[INFO] [stdout] 
[INFO] [stdout] 
[INFO] [stdout] For more information about this error, try `rustc --explain E0433`.
[INFO] [stdout] 
[INFO] [stderr] error: could not compile `minitrace` (example "synchronous") due to 8 previous errors
[INFO] [stderr] warning: build failed, waiting for other jobs to finish...
[INFO] [stdout] error: aborting due to 1 previous error
[INFO] [stdout] 
[INFO] [stdout] 
[INFO] [stdout] For more information about this error, try `rustc --explain E0599`.
[INFO] [stdout] 
[INFO] [stderr] error: could not compile `minitrace` (test "lib") due to 2 previous errors
[INFO] [stdout] error[E0433]: failed to resolve: use of undeclared crate or module `minitrace_jaeger`
[INFO] [stdout]   --> examples/asynchronous.rs:68:13
[INFO] [stdout]    |
[INFO] [stdout] 68 |     jaeger: minitrace_jaeger::JaegerReporter,
[INFO] [stdout]    |             ^^^^^^^^^^^^^^^^ use of undeclared crate or module `minitrace_jaeger`
[INFO] [stdout]    |
[INFO] [stdout] help: there is a crate or module with a similar name
[INFO] [stdout]    |
[INFO] [stdout] 68 |     jaeger: minitrace_macro::JaegerReporter,
[INFO] [stdout]    |             ~~~~~~~~~~~~~~~
[INFO] [stdout] 
[INFO] [stdout] 
[INFO] [stdout] error[E0433]: failed to resolve: use of undeclared crate or module `minitrace_datadog`
[INFO] [stdout]   --> examples/asynchronous.rs:69:14
[INFO] [stdout]    |
[INFO] [stdout] 69 |     datadog: minitrace_datadog::DatadogReporter,
[INFO] [stdout]    |              ^^^^^^^^^^^^^^^^^ use of undeclared crate or module `minitrace_datadog`
[INFO] [stdout]    |
[INFO] [stdout] help: there is a crate or module with a similar name
[INFO] [stdout]    |
[INFO] [stdout] 69 |     datadog: minitrace_macro::DatadogReporter,
[INFO] [stdout]    |              ~~~~~~~~~~~~~~~
[INFO] [stdout] 
[INFO] [stdout] 
[INFO] [stdout] error[E0433]: failed to resolve: use of undeclared crate or module `minitrace_opentelemetry`
[INFO] [stdout]   --> examples/asynchronous.rs:70:20
[INFO] [stdout]    |
[INFO] [stdout] 70 |     opentelemetry: minitrace_opentelemetry::OpenTelemetryReporter,
[INFO] [stdout]    |                    ^^^^^^^^^^^^^^^^^^^^^^^ use of undeclared crate or module `minitrace_opentelemetry`
[INFO] [stdout]    |
[INFO] [stdout] help: there is a crate or module with a similar name
[INFO] [stdout]    |
[INFO] [stdout] 70 |     opentelemetry: tracing_opentelemetry::OpenTelemetryReporter,
[INFO] [stdout]    |                    ~~~~~~~~~~~~~~~~~~~~~
[INFO] [stdout] 
[INFO] [stdout] 
[INFO] [stdout] error: aborting due to 7 previous errors
[INFO] [stdout] 
[INFO] [stdout] 
[INFO] [stdout] For more information about this error, try `rustc --explain E0433`.
[INFO] [stdout] 
[INFO] [stderr] error: could not compile `minitrace` (example "asynchronous") due to 8 previous errors
[INFO] [stdout] error[E0599]: no function or associated item named `new` found for struct `local_collector::LocalCollector` in the current scope
[INFO] [stdout]    --> src/local/local_collector.rs:197:42
[INFO] [stdout]     |
[INFO] [stdout] 44  | pub struct LocalCollector {
[INFO] [stdout]     | ------------------------- function or associated item `new` not found for this struct
[INFO] [stdout] ...
[INFO] [stdout] 197 |         let collector1 = LocalCollector::new(None, stack.clone());
[INFO] [stdout]     |                                          ^^^ function or associated item not found in `LocalCollector`
[INFO] [stdout]     |
[INFO] [stdout] note: if you're trying to build a new `local_collector::LocalCollector`, consider using `local_collector::LocalCollector::start` which returns `local_collector::LocalCollector`
[INFO] [stdout]    --> src/local/local_collector.rs:99:5
[INFO] [stdout]     |
[INFO] [stdout] 99  |     pub fn start() -> Self {
[INFO] [stdout]     |     ^^^^^^^^^^^^^^^^^^^^^^
[INFO] [stdout]     = help: items from traits can only be used if the trait is implemented and in scope
[INFO] [stdout]     = note: the following traits define an item `new`, perhaps you need to implement one of them:
[INFO] [stdout]             candidate #1: `parking_lot_core::thread_parker::ThreadParkerT`
[INFO] [stdout]             candidate #2: `UniformSampler`
[INFO] [stdout] 
[INFO] [stdout] 
[INFO] [stdout] error[E0599]: no function or associated item named `new` found for struct `local_collector::LocalCollector` in the current scope
[INFO] [stdout]    --> src/local/local_collector.rs:207:46
[INFO] [stdout]     |
[INFO] [stdout] 44  | pub struct LocalCollector {
[INFO] [stdout]     | ------------------------- function or associated item `new` not found for this struct
[INFO] [stdout] ...
[INFO] [stdout] 207 |             let collector2 = LocalCollector::new(Some(token2.into()), stack.clone());
[INFO] [stdout]     |                                              ^^^ function or associated item not found in `LocalCollector`
[INFO] [stdout]     |
[INFO] [stdout] note: if you're trying to build a new `local_collector::LocalCollector`, consider using `local_collector::LocalCollector::start` which returns `local_collector::LocalCollector`
[INFO] [stdout]    --> src/local/local_collector.rs:99:5
[INFO] [stdout]     |
[INFO] [stdout] 99  |     pub fn start() -> Self {
[INFO] [stdout]     |     ^^^^^^^^^^^^^^^^^^^^^^
[INFO] [stdout]     = help: items from traits can only be used if the trait is implemented and in scope
[INFO] [stdout]     = note: the following traits define an item `new`, perhaps you need to implement one of them:
[INFO] [stdout]             candidate #1: `parking_lot_core::thread_parker::ThreadParkerT`
[INFO] [stdout]             candidate #2: `UniformSampler`
[INFO] [stdout] 
[INFO] [stdout] 
[INFO] [stdout] error[E0599]: no function or associated item named `new` found for struct `local_collector::LocalCollector` in the current scope
[INFO] [stdout]    --> src/local/local_collector.rs:236:42
[INFO] [stdout]     |
[INFO] [stdout] 44  | pub struct LocalCollector {
[INFO] [stdout]     | ------------------------- function or associated item `new` not found for this struct
[INFO] [stdout] ...
[INFO] [stdout] 236 |         let collector1 = LocalCollector::new(None, stack.clone());
[INFO] [stdout]     |                                          ^^^ function or associated item not found in `LocalCollector`
[INFO] [stdout]     |
[INFO] [stdout] note: if you're trying to build a new `local_collector::LocalCollector`, consider using `local_collector::LocalCollector::start` which returns `local_collector::LocalCollector`
[INFO] [stdout]    --> src/local/local_collector.rs:99:5
[INFO] [stdout]     |
[INFO] [stdout] 99  |     pub fn start() -> Self {
[INFO] [stdout]     |     ^^^^^^^^^^^^^^^^^^^^^^
[INFO] [stdout]     = help: items from traits can only be used if the trait is implemented and in scope
[INFO] [stdout]     = note: the following traits define an item `new`, perhaps you need to implement one of them:
[INFO] [stdout]             candidate #1: `parking_lot_core::thread_parker::ThreadParkerT`
[INFO] [stdout]             candidate #2: `UniformSampler`
[INFO] [stdout] 
[INFO] [stdout] 
[INFO] [stdout] error[E0599]: no function or associated item named `new` found for struct `local_collector::LocalCollector` in the current scope
[INFO] [stdout]    --> src/local/local_collector.rs:246:46
[INFO] [stdout]     |
[INFO] [stdout] 44  | pub struct LocalCollector {
[INFO] [stdout]     | ------------------------- function or associated item `new` not found for this struct
[INFO] [stdout] ...
[INFO] [stdout] 246 |             let collector2 = LocalCollector::new(Some(token2.into()), stack.clone());
[INFO] [stdout]     |                                              ^^^ function or associated item not found in `LocalCollector`
[INFO] [stdout]     |
[INFO] [stdout] note: if you're trying to build a new `local_collector::LocalCollector`, consider using `local_collector::LocalCollector::start` which returns `local_collector::LocalCollector`
[INFO] [stdout]    --> src/local/local_collector.rs:99:5
[INFO] [stdout]     |
[INFO] [stdout] 99  |     pub fn start() -> Self {
[INFO] [stdout]     |     ^^^^^^^^^^^^^^^^^^^^^^
[INFO] [stdout]     = help: items from traits can only be used if the trait is implemented and in scope
[INFO] [stdout]     = note: the following traits define an item `new`, perhaps you need to implement one of them:
[INFO] [stdout]             candidate #1: `parking_lot_core::thread_parker::ThreadParkerT`
[INFO] [stdout]             candidate #2: `UniformSampler`
[INFO] [stdout] 
[INFO] [stdout] 
[INFO] [stdout] error[E0599]: no function or associated item named `new` found for struct `local_collector::LocalCollector` in the current scope
[INFO] [stdout]    --> src/local/local_span.rs:159:41
[INFO] [stdout]     |
[INFO] [stdout] 159 |         let collector = LocalCollector::new(Some(token.into()), stack.clone());
[INFO] [stdout]     |                                         ^^^ function or associated item not found in `LocalCollector`
[INFO] [stdout]     |
[INFO] [stdout]    ::: src/local/local_collector.rs:44:1
[INFO] [stdout]     |
[INFO] [stdout] 44  | pub struct LocalCollector {
[INFO] [stdout]     | ------------------------- function or associated item `new` not found for this struct
[INFO] [stdout]     |
[INFO] [stdout] note: if you're trying to build a new `local_collector::LocalCollector`, consider using `local_collector::LocalCollector::start` which returns `local_collector::LocalCollector`
[INFO] [stdout]    --> src/local/local_collector.rs:99:5
[INFO] [stdout]     |
[INFO] [stdout] 99  |     pub fn start() -> Self {
[INFO] [stdout]     |     ^^^^^^^^^^^^^^^^^^^^^^
[INFO] [stdout]     = help: items from traits can only be used if the trait is implemented and in scope
[INFO] [stdout]     = note: the following traits define an item `new`, perhaps you need to implement one of them:
[INFO] [stdout]             candidate #1: `parking_lot_core::thread_parker::ThreadParkerT`
[INFO] [stdout]             candidate #2: `UniformSampler`
[INFO] [stdout] 
[INFO] [stdout] 
[INFO] [stdout] error[E0599]: no function or associated item named `enter_with_stack` found for struct `local_span::LocalSpan` in the current scope
[INFO] [stdout]    --> src/local/local_span.rs:162:33
[INFO] [stdout]     |
[INFO] [stdout] 16  | pub struct LocalSpan {
[INFO] [stdout]     | -------------------- function or associated item `enter_with_stack` not found for this struct
[INFO] [stdout] ...
[INFO] [stdout] 162 |             let _g = LocalSpan::enter_with_stack("span1", stack.clone());
[INFO] [stdout]     |                                 ^^^^^^^^^^^^^^^^ function or associated item not found in `LocalSpan`
[INFO] [stdout]     |
[INFO] [stdout] note: if you're trying to build a new `local_span::LocalSpan`, consider using `local_span::LocalSpan::enter_with_local_parent` which returns `local_span::LocalSpan`
[INFO] [stdout]    --> src/local/local_span.rs:43:5
[INFO] [stdout]     |
[INFO] [stdout] 43  |     pub fn enter_with_local_parent(name: impl Into<Cow<'static, str>>) -> Self {
[INFO] [stdout]     |     ^^^^^^^^^^^^^^^^^^^^^^^^^^^^^^^^^^^^^^^^^^^^^^^^^^^^^^^^^^^^^^^^^^^^^^^^^^
[INFO] [stdout] 
[INFO] [stdout] 
[INFO] [stdout] error[E0599]: no function or associated item named `enter_with_stack` found for struct `local_span::LocalSpan` in the current scope
[INFO] [stdout]    --> src/local/local_span.rs:165:32
[INFO] [stdout]     |
[INFO] [stdout] 16  | pub struct LocalSpan {
[INFO] [stdout]     | -------------------- function or associated item `enter_with_stack` not found for this struct
[INFO] [stdout] ...
[INFO] [stdout] 165 |                     LocalSpan::enter_with_stack("span2", stack).with_property(|| ("k1", "v1"));
[INFO] [stdout]     |                                ^^^^^^^^^^^^^^^^ function or associated item not found in `LocalSpan`
[INFO] [stdout]     |
[INFO] [stdout] note: if you're trying to build a new `local_span::LocalSpan`, consider using `local_span::LocalSpan::enter_with_local_parent` which returns `local_span::LocalSpan`
[INFO] [stdout]    --> src/local/local_span.rs:43:5
[INFO] [stdout]     |
[INFO] [stdout] 43  |     pub fn enter_with_local_parent(name: impl Into<Cow<'static, str>>) -> Self {
[INFO] [stdout]     |     ^^^^^^^^^^^^^^^^^^^^^^^^^^^^^^^^^^^^^^^^^^^^^^^^^^^^^^^^^^^^^^^^^^^^^^^^^^
[INFO] [stdout] 
[INFO] [stdout] 
[INFO] [stdout] error[E0599]: no function or associated item named `new` found for struct `local_collector::LocalCollector` in the current scope
[INFO] [stdout]    --> src/local/local_span.rs:196:41
[INFO] [stdout]     |
[INFO] [stdout] 196 |         let collector = LocalCollector::new(Some(token.into()), stack.clone());
[INFO] [stdout]     |                                         ^^^ function or associated item not found in `LocalCollector`
[INFO] [stdout]     |
[INFO] [stdout]    ::: src/local/local_collector.rs:44:1
[INFO] [stdout]     |
[INFO] [stdout] 44  | pub struct LocalCollector {
[INFO] [stdout]     | ------------------------- function or associated item `new` not found for this struct
[INFO] [stdout]     |
[INFO] [stdout] note: if you're trying to build a new `local_collector::LocalCollector`, consider using `local_collector::LocalCollector::start` which returns `local_collector::LocalCollector`
[INFO] [stdout]    --> src/local/local_collector.rs:99:5
[INFO] [stdout]     |
[INFO] [stdout] 99  |     pub fn start() -> Self {
[INFO] [stdout]     |     ^^^^^^^^^^^^^^^^^^^^^^
[INFO] [stdout]     = help: items from traits can only be used if the trait is implemented and in scope
[INFO] [stdout]     = note: the following traits define an item `new`, perhaps you need to implement one of them:
[INFO] [stdout]             candidate #1: `parking_lot_core::thread_parker::ThreadParkerT`
[INFO] [stdout]             candidate #2: `UniformSampler`
[INFO] [stdout] 
[INFO] [stdout] 
[INFO] [stdout] error[E0599]: no function or associated item named `enter_with_stack` found for struct `local_span::LocalSpan` in the current scope
[INFO] [stdout]    --> src/local/local_span.rs:199:36
[INFO] [stdout]     |
[INFO] [stdout] 16  | pub struct LocalSpan {
[INFO] [stdout]     | -------------------- function or associated item `enter_with_stack` not found for this struct
[INFO] [stdout] ...
[INFO] [stdout] 199 |             let span1 = LocalSpan::enter_with_stack("span1", stack.clone());
[INFO] [stdout]     |                                    ^^^^^^^^^^^^^^^^ function or associated item not found in `LocalSpan`
[INFO] [stdout]     |
[INFO] [stdout] note: if you're trying to build a new `local_span::LocalSpan`, consider using `local_span::LocalSpan::enter_with_local_parent` which returns `local_span::LocalSpan`
[INFO] [stdout]    --> src/local/local_span.rs:43:5
[INFO] [stdout]     |
[INFO] [stdout] 43  |     pub fn enter_with_local_parent(name: impl Into<Cow<'static, str>>) -> Self {
[INFO] [stdout]     |     ^^^^^^^^^^^^^^^^^^^^^^^^^^^^^^^^^^^^^^^^^^^^^^^^^^^^^^^^^^^^^^^^^^^^^^^^^^
[INFO] [stdout] 
[INFO] [stdout] 
[INFO] [stdout] error[E0599]: no function or associated item named `enter_with_stack` found for struct `local_span::LocalSpan` in the current scope
[INFO] [stdout]    --> src/local/local_span.rs:202:32
[INFO] [stdout]     |
[INFO] [stdout] 16  | pub struct LocalSpan {
[INFO] [stdout]     | -------------------- function or associated item `enter_with_stack` not found for this struct
[INFO] [stdout] ...
[INFO] [stdout] 202 |                     LocalSpan::enter_with_stack("span2", stack).with_property(|| ("k1", "v1"));
[INFO] [stdout]     |                                ^^^^^^^^^^^^^^^^ function or associated item not found in `LocalSpan`
[INFO] [stdout]     |
[INFO] [stdout] note: if you're trying to build a new `local_span::LocalSpan`, consider using `local_span::LocalSpan::enter_with_local_parent` which returns `local_span::LocalSpan`
[INFO] [stdout]    --> src/local/local_span.rs:43:5
[INFO] [stdout]     |
[INFO] [stdout] 43  |     pub fn enter_with_local_parent(name: impl Into<Cow<'static, str>>) -> Self {
[INFO] [stdout]     |     ^^^^^^^^^^^^^^^^^^^^^^^^^^^^^^^^^^^^^^^^^^^^^^^^^^^^^^^^^^^^^^^^^^^^^^^^^^
[INFO] [stdout] 
[INFO] [stdout] 
[INFO] [stdout] error[E0599]: no method named `attach_into_stack` found for struct `span::Span` in the current scope
[INFO] [stdout]    --> src/span.rs:571:22
[INFO] [stdout]     |
[INFO] [stdout] 28  | pub struct Span {
[INFO] [stdout]     | --------------- method `attach_into_stack` not found for this struct
[INFO] [stdout] ...
[INFO] [stdout] 571 |         assert!(span.attach_into_stack(&stack).inner.is_none());
[INFO] [stdout]     |                      ^^^^^^^^^^^^^^^^^ method not found in `span::Span`
[INFO] [stdout] 
[INFO] [stdout] 
[INFO] [stderr] error: could not compile `minitrace` (lib test) due to 18 previous errors
[INFO] [stdout] error[E0599]: no function or associated item named `new` found for struct `local_collector::LocalCollector` in the current scope
[INFO] [stdout]    --> src/span.rs:803:45
[INFO] [stdout]     |
[INFO] [stdout] 803 |             let collector = LocalCollector::new(None, stack.clone());
[INFO] [stdout]     |                                             ^^^ function or associated item not found in `LocalCollector`
[INFO] [stdout]     |
[INFO] [stdout]    ::: src/local/local_collector.rs:44:1
[INFO] [stdout]     |
[INFO] [stdout] 44  | pub struct LocalCollector {
[INFO] [stdout]     | ------------------------- function or associated item `new` not found for this struct
[INFO] [stdout]     |
[INFO] [stdout] note: if you're trying to build a new `local_collector::LocalCollector`, consider using `local_collector::LocalCollector::start` which returns `local_collector::LocalCollector`
[INFO] [stdout]    --> src/local/local_collector.rs:99:5
[INFO] [stdout]     |
[INFO] [stdout] 99  |     pub fn start() -> Self {
[INFO] [stdout]     |     ^^^^^^^^^^^^^^^^^^^^^^
[INFO] [stdout]     = help: items from traits can only be used if the trait is implemented and in scope
[INFO] [stdout]     = note: the following traits define an item `new`, perhaps you need to implement one of them:
[INFO] [stdout]             candidate #1: `parking_lot_core::thread_parker::ThreadParkerT`
[INFO] [stdout]             candidate #2: `UniformSampler`
[INFO] [stdout] 
[INFO] [stdout] 
[INFO] [stdout] error[E0599]: no function or associated item named `enter_with_stack` found for struct `local_span::LocalSpan` in the current scope
[INFO] [stdout]    --> src/span.rs:805:37
[INFO] [stdout]     |
[INFO] [stdout] 805 |                 let _s = LocalSpan::enter_with_stack("child", stack);
[INFO] [stdout]     |                                     ^^^^^^^^^^^^^^^^ function or associated item not found in `LocalSpan`
[INFO] [stdout]     |
[INFO] [stdout]    ::: src/local/local_span.rs:16:1
[INFO] [stdout]     |
[INFO] [stdout] 16  | pub struct LocalSpan {
[INFO] [stdout]     | -------------------- function or associated item `enter_with_stack` not found for this struct
[INFO] [stdout]     |
[INFO] [stdout] note: if you're trying to build a new `local_span::LocalSpan`, consider using `local_span::LocalSpan::enter_with_local_parent` which returns `local_span::LocalSpan`
[INFO] [stdout]    --> src/local/local_span.rs:43:5
[INFO] [stdout]     |
[INFO] [stdout] 43  |     pub fn enter_with_local_parent(name: impl Into<Cow<'static, str>>) -> Self {
[INFO] [stdout]     |     ^^^^^^^^^^^^^^^^^^^^^^^^^^^^^^^^^^^^^^^^^^^^^^^^^^^^^^^^^^^^^^^^^^^^^^^^^^
[INFO] [stdout] 
[INFO] [stdout] 
[INFO] [stdout] error[E0599]: no method named `attach_into_stack` found for struct `span::Span` in the current scope
[INFO] [stdout]    --> src/span.rs:885:31
[INFO] [stdout]     |
[INFO] [stdout] 28  | pub struct Span {
[INFO] [stdout]     | --------------- method `attach_into_stack` not found for this struct
[INFO] [stdout] ...
[INFO] [stdout] 885 |                 let _g = root.attach_into_stack(&stack);
[INFO] [stdout]     |                               ^^^^^^^^^^^^^^^^^ method not found in `span::Span`
[INFO] [stdout] 
[INFO] [stdout] 
[INFO] [stdout] error[E0599]: no function or associated item named `enter_with_stack` found for struct `span::Span` in the current scope
[INFO] [stdout]    --> src/span.rs:887:27
[INFO] [stdout]     |
[INFO] [stdout] 28  | pub struct Span {
[INFO] [stdout]     | --------------- function or associated item `enter_with_stack` not found for this struct
[INFO] [stdout] ...
[INFO] [stdout] 887 |                     Span::enter_with_stack("child", &mut stack.borrow_mut(), collect.clone());
[INFO] [stdout]     |                           ^^^^^^^^^^^^^^^^ function or associated item not found in `span::Span`
[INFO] [stdout]     |
[INFO] [stdout] note: if you're trying to build a new `span::Span` consider using one of the following associated functions:
[INFO] [stdout]       span::Span::noop
[INFO] [stdout]       span::Span::root
[INFO] [stdout]       span::Span::enter_with_parent
[INFO] [stdout]       span::Span::enter_with_parents
[INFO] [stdout]       span::Span::enter_with_local_parent
[INFO] [stdout]    --> src/span.rs:52:5
[INFO] [stdout]     |
[INFO] [stdout] 52  |       pub fn noop() -> Self {
[INFO] [stdout]     |       ^^^^^^^^^^^^^^^^^^^^^
[INFO] [stdout] ...
[INFO] [stdout] 71  | /     pub fn root(
[INFO] [stdout] 72  | |         name: impl Into<Cow<'static, str>>,
[INFO] [stdout] 73  | |         parent: SpanContext,
[INFO] [stdout] 74  | |         #[cfg(test)] collect: GlobalCollect,
[INFO] [stdout] 75  | |     ) -> Self {
[INFO] [stdout]     | |_____________^
[INFO] [stdout] ...
[INFO] [stdout] 112 |       pub fn enter_with_parent(name: impl Into<Cow<'static, str>>, parent: &Span) -> Self {
[INFO] [stdout]     |       ^^^^^^^^^^^^^^^^^^^^^^^^^^^^^^^^^^^^^^^^^^^^^^^^^^^^^^^^^^^^^^^^^^^^^^^^^^^^^^^^^^^
[INFO] [stdout] ...
[INFO] [stdout] 150 | /     pub fn enter_with_parents<'a>(
[INFO] [stdout] 151 | |         name: impl Into<Cow<'static, str>>,
[INFO] [stdout] 152 | |         parents: impl IntoIterator<Item = &'a Span>,
[INFO] [stdout] 153 | |         #[cfg(test)] collect: GlobalCollect,
[INFO] [stdout] 154 | |     ) -> Self {
[INFO] [stdout]     | |_____________^
[INFO] [stdout] ...
[INFO] [stdout] 188 | /     pub fn enter_with_local_parent(
[INFO] [stdout] 189 | |         name: impl Into<Cow<'static, str>>,
[INFO] [stdout] 190 | |         #[cfg(test)] collect: GlobalCollect,
[INFO] [stdout] 191 | |     ) -> Self {
[INFO] [stdout]     | |_____________^
[INFO] [stdout] 
[INFO] [stdout] 
[INFO] [stdout] error[E0599]: no function or associated item named `enter_with_stack` found for struct `span::Span` in the current scope
[INFO] [stdout]    --> src/span.rs:890:36
[INFO] [stdout]     |
[INFO] [stdout] 28  | pub struct Span {
[INFO] [stdout]     | --------------- function or associated item `enter_with_stack` not found for this struct
[INFO] [stdout] ...
[INFO] [stdout] 890 |                     let _s = Span::enter_with_stack("grandchild", &mut stack.borrow_mut(), collect);
[INFO] [stdout]     |                                    ^^^^^^^^^^^^^^^^ function or associated item not found in `span::Span`
[INFO] [stdout]     |
[INFO] [stdout] note: if you're trying to build a new `span::Span` consider using one of the following associated functions:
[INFO] [stdout]       span::Span::noop
[INFO] [stdout]       span::Span::root
[INFO] [stdout]       span::Span::enter_with_parent
[INFO] [stdout]       span::Span::enter_with_parents
[INFO] [stdout]       span::Span::enter_with_local_parent
[INFO] [stdout]    --> src/span.rs:52:5
[INFO] [stdout]     |
[INFO] [stdout] 52  |       pub fn noop() -> Self {
[INFO] [stdout]     |       ^^^^^^^^^^^^^^^^^^^^^
[INFO] [stdout] ...
[INFO] [stdout] 71  | /     pub fn root(
[INFO] [stdout] 72  | |         name: impl Into<Cow<'static, str>>,
[INFO] [stdout] 73  | |         parent: SpanContext,
[INFO] [stdout] 74  | |         #[cfg(test)] collect: GlobalCollect,
[INFO] [stdout] 75  | |     ) -> Self {
[INFO] [stdout]     | |_____________^
[INFO] [stdout] ...
[INFO] [stdout] 112 |       pub fn enter_with_parent(name: impl Into<Cow<'static, str>>, parent: &Span) -> Self {
[INFO] [stdout]     |       ^^^^^^^^^^^^^^^^^^^^^^^^^^^^^^^^^^^^^^^^^^^^^^^^^^^^^^^^^^^^^^^^^^^^^^^^^^^^^^^^^^^
[INFO] [stdout] ...
[INFO] [stdout] 150 | /     pub fn enter_with_parents<'a>(
[INFO] [stdout] 151 | |         name: impl Into<Cow<'static, str>>,
[INFO] [stdout] 152 | |         parents: impl IntoIterator<Item = &'a Span>,
[INFO] [stdout] 153 | |         #[cfg(test)] collect: GlobalCollect,
[INFO] [stdout] 154 | |     ) -> Self {
[INFO] [stdout]     | |_____________^
[INFO] [stdout] ...
[INFO] [stdout] 188 | /     pub fn enter_with_local_parent(
[INFO] [stdout] 189 | |         name: impl Into<Cow<'static, str>>,
[INFO] [stdout] 190 | |         #[cfg(test)] collect: GlobalCollect,
[INFO] [stdout] 191 | |     ) -> Self {
[INFO] [stdout]     | |_____________^
[INFO] [stdout] 
[INFO] [stdout] 
[INFO] [stdout] error[E0599]: no function or associated item named `enter_with_stack` found for struct `local_span::LocalSpan` in the current scope
[INFO] [stdout]    --> src/span.rs:892:37
[INFO] [stdout]     |
[INFO] [stdout] 892 |                 let _s = LocalSpan::enter_with_stack("local", stack);
[INFO] [stdout]     |                                     ^^^^^^^^^^^^^^^^ function or associated item not found in `LocalSpan`
[INFO] [stdout]     |
[INFO] [stdout]    ::: src/local/local_span.rs:16:1
[INFO] [stdout]     |
[INFO] [stdout] 16  | pub struct LocalSpan {
[INFO] [stdout]     | -------------------- function or associated item `enter_with_stack` not found for this struct
[INFO] [stdout]     |
[INFO] [stdout] note: if you're trying to build a new `local_span::LocalSpan`, consider using `local_span::LocalSpan::enter_with_local_parent` which returns `local_span::LocalSpan`
[INFO] [stdout]    --> src/local/local_span.rs:43:5
[INFO] [stdout]     |
[INFO] [stdout] 43  |     pub fn enter_with_local_parent(name: impl Into<Cow<'static, str>>) -> Self {
[INFO] [stdout]     |     ^^^^^^^^^^^^^^^^^^^^^^^^^^^^^^^^^^^^^^^^^^^^^^^^^^^^^^^^^^^^^^^^^^^^^^^^^^
[INFO] [stdout] 
[INFO] [stdout] 
[INFO] [stdout] error: aborting due to 17 previous errors
[INFO] [stdout] 
[INFO] [stdout] 
[INFO] [stdout] For more information about this error, try `rustc --explain E0599`.
[INFO] [stdout] 
[INFO] running `Command { std: "docker" "inspect" "55601e8275b9defaa7cb0fd48eda3ff5509ffe4f574bb2e9f75e2ffae191fd3f", kill_on_drop: false }`
[INFO] running `Command { std: "docker" "rm" "-f" "55601e8275b9defaa7cb0fd48eda3ff5509ffe4f574bb2e9f75e2ffae191fd3f", kill_on_drop: false }`
[INFO] [stdout] 55601e8275b9defaa7cb0fd48eda3ff5509ffe4f574bb2e9f75e2ffae191fd3f
